{"id":4047,"date":"2023-10-02T15:01:23","date_gmt":"2023-10-02T15:01:23","guid":{"rendered":"https:\/\/abaa.mx\/tienda\/?post_type=product&#038;p=4047"},"modified":"2023-10-02T15:01:24","modified_gmt":"2023-10-02T15:01:24","slug":"mitutoyo-1003ab-series-1-indicador-de-dial-compacto-de-diametro-pequeno-4-mm-graduacion-de-001-mm","status":"publish","type":"product","link":"https:\/\/abaa.mx\/tienda\/mitutoyo-1003ab-series-1-indicador-de-dial-compacto-de-diametro-pequeno-4-mm-graduacion-de-001-mm\/","title":{"rendered":"Mitutoyo 1003ab series 1 indicador de dial compacto de di\u00e1metro peque\u00f1o, 4 mm, graduaci\u00f3n de 0,01 mm"},"content":{"rendered":"<h4>Mitutoyo 1003AB<\/h4>\n<p>Si tiene un espacio restringido pero a\u00fan necesita lecturas precisas, consulte el indicador de dial compacto de di\u00e1metro peque\u00f1o Mitutoyo 1003TB Series 1. Este indicador de esfera compacto presenta un di\u00e1metro peque\u00f1o para caber en \u00e1reas estrechas y ofrece lecturas de 0 a 50 a 0.<\/p>\n<h5><strong>Funciones<\/strong><\/h5>\n<ul>\n<li>El di\u00e1metro peque\u00f1o crea un dise\u00f1o compacto<\/li>\n<li>Di\u00e1metro del v\u00e1stago est\u00e1ndar ISO\/JIS de 0,31&#8243; (8 mm)<\/li>\n<\/ul>\n<h4>Especificaciones<\/h4>\n<table class=\"table table-striped\">\n<tbody>\n<tr>\n<td>Unidad(es) de medici\u00f3n admitida(s)<\/td>\n<td>mil\u00edmetro<\/td>\n<\/tr>\n<tr>\n<td>Rango de medici\u00f3n<\/td>\n<td>Rango\/Por revoluci\u00f3n: 4 mm\/1 mm<\/td>\n<\/tr>\n<tr>\n<td>Exactitud<\/td>\n<td>0,01 mm primeras 2,5 revoluciones; 0,013 mm en total<\/td>\n<\/tr>\n<tr>\n<td>Lectura de marcaci\u00f3n<\/td>\n<td>0 a 50 a 0<\/td>\n<\/tr>\n<tr>\n<td>Mediciones de graduaci\u00f3n<\/td>\n<td>Mil\u00edmetros<\/td>\n<\/tr>\n<tr>\n<td>Fuerza de medici\u00f3n<\/td>\n<td>1,5 N o menos<\/td>\n<\/tr>\n<tr>\n<td>Longitud del producto<\/td>\n<td>Di\u00e1metro del v\u00e1stago de 0,31&#8243; (8 mm)<\/td>\n<\/tr>\n<\/tbody>\n<\/table>\n","protected":false},"excerpt":{"rendered":"<p class=\"short-description mhide ipad-view-setting\">El peque\u00f1o indicador de marcaci\u00f3n ofrece lecturas de 0 a 50 a 0. Su peque\u00f1o di\u00e1metro permite su uso en \u00e1reas compactas.<\/p>\n<p class=\"comment-tag-product\">\n<div class=\"row-fluid\">\n<div class=\"span12 mobile-pricing-box-padding\">\n<form id=\"139930\" accept-charset=\"utf-8\" action=\"https:\/\/www.globaltestsupply.com\/shop\/add\" method=\"post\" name=\"addTocartFunction\">\n<div><\/div>\n<\/form>\n<\/div>\n<\/div>\n","protected":false},"featured_media":4052,"comment_status":"open","ping_status":"closed","template":"","meta":{"_joinchat":[]},"product_brand":[],"product_cat":[15],"product_tag":[],"class_list":{"0":"post-4047","1":"product","2":"type-product","3":"status-publish","4":"has-post-thumbnail","6":"product_cat-sin-categorizar","8":"first","9":"instock","10":"shipping-taxable","11":"product-type-simple"},"yoast_head":"<!-- This site is optimized with the Yoast SEO plugin v26.4 - https:\/\/yoast.com\/wordpress\/plugins\/seo\/ -->\n<title>Mitutoyo 1003ab series 1 indicador de dial compacto de di\u00e1metro peque\u00f1o, 4 mm, graduaci\u00f3n de 0,01 mm - Abaa tienda online<\/title>\n<meta name=\"robots\" content=\"index, follow, max-snippet:-1, max-image-preview:large, max-video-preview:-1\" \/>\n<link rel=\"canonical\" href=\"https:\/\/abaa.mx\/tienda\/mitutoyo-1003ab-series-1-indicador-de-dial-compacto-de-diametro-pequeno-4-mm-graduacion-de-001-mm\/\" \/>\n<meta property=\"og:locale\" content=\"es_MX\" \/>\n<meta property=\"og:type\" content=\"article\" \/>\n<meta property=\"og:title\" content=\"Mitutoyo 1003ab series 1 indicador de dial compacto de di\u00e1metro peque\u00f1o, 4 mm, graduaci\u00f3n de 0,01 mm - Abaa tienda online\" \/>\n<meta property=\"og:description\" content=\"El peque\u00f1o indicador de marcaci\u00f3n ofrece lecturas de 0 a 50 a 0. Su peque\u00f1o di\u00e1metro permite su uso en \u00e1reas compactas.\" \/>\n<meta property=\"og:url\" content=\"https:\/\/abaa.mx\/tienda\/mitutoyo-1003ab-series-1-indicador-de-dial-compacto-de-diametro-pequeno-4-mm-graduacion-de-001-mm\/\" \/>\n<meta property=\"og:site_name\" content=\"Abaa tienda online\" \/>\n<meta property=\"article:modified_time\" content=\"2023-10-02T15:01:24+00:00\" \/>\n<meta property=\"og:image\" content=\"https:\/\/abaa.mx\/tienda\/wp-content\/uploads\/2023\/10\/1003AB.jpg\" \/>\n\t<meta property=\"og:image:width\" content=\"350\" \/>\n\t<meta property=\"og:image:height\" content=\"350\" \/>\n\t<meta property=\"og:image:type\" content=\"image\/jpeg\" \/>\n<meta name=\"twitter:card\" content=\"summary_large_image\" \/>\n<meta name=\"twitter:label1\" content=\"Tiempo de lectura\" \/>\n\t<meta name=\"twitter:data1\" content=\"1 minuto\" \/>\n<script type=\"application\/ld+json\" class=\"yoast-schema-graph\">{\"@context\":\"https:\/\/schema.org\",\"@graph\":[{\"@type\":\"WebPage\",\"@id\":\"https:\/\/abaa.mx\/tienda\/mitutoyo-1003ab-series-1-indicador-de-dial-compacto-de-diametro-pequeno-4-mm-graduacion-de-001-mm\/\",\"url\":\"https:\/\/abaa.mx\/tienda\/mitutoyo-1003ab-series-1-indicador-de-dial-compacto-de-diametro-pequeno-4-mm-graduacion-de-001-mm\/\",\"name\":\"Mitutoyo 1003ab series 1 indicador de dial compacto de di\u00e1metro peque\u00f1o, 4 mm, graduaci\u00f3n de 0,01 mm - Abaa tienda online\",\"isPartOf\":{\"@id\":\"https:\/\/abaa.mx\/tienda\/#website\"},\"primaryImageOfPage\":{\"@id\":\"https:\/\/abaa.mx\/tienda\/mitutoyo-1003ab-series-1-indicador-de-dial-compacto-de-diametro-pequeno-4-mm-graduacion-de-001-mm\/#primaryimage\"},\"image\":{\"@id\":\"https:\/\/abaa.mx\/tienda\/mitutoyo-1003ab-series-1-indicador-de-dial-compacto-de-diametro-pequeno-4-mm-graduacion-de-001-mm\/#primaryimage\"},\"thumbnailUrl\":\"https:\/\/abaa.mx\/tienda\/wp-content\/uploads\/2023\/10\/1003AB.jpg\",\"datePublished\":\"2023-10-02T15:01:23+00:00\",\"dateModified\":\"2023-10-02T15:01:24+00:00\",\"breadcrumb\":{\"@id\":\"https:\/\/abaa.mx\/tienda\/mitutoyo-1003ab-series-1-indicador-de-dial-compacto-de-diametro-pequeno-4-mm-graduacion-de-001-mm\/#breadcrumb\"},\"inLanguage\":\"es\",\"potentialAction\":[{\"@type\":\"ReadAction\",\"target\":[\"https:\/\/abaa.mx\/tienda\/mitutoyo-1003ab-series-1-indicador-de-dial-compacto-de-diametro-pequeno-4-mm-graduacion-de-001-mm\/\"]}]},{\"@type\":\"ImageObject\",\"inLanguage\":\"es\",\"@id\":\"https:\/\/abaa.mx\/tienda\/mitutoyo-1003ab-series-1-indicador-de-dial-compacto-de-diametro-pequeno-4-mm-graduacion-de-001-mm\/#primaryimage\",\"url\":\"https:\/\/abaa.mx\/tienda\/wp-content\/uploads\/2023\/10\/1003AB.jpg\",\"contentUrl\":\"https:\/\/abaa.mx\/tienda\/wp-content\/uploads\/2023\/10\/1003AB.jpg\",\"width\":350,\"height\":350,\"caption\":\"mitutoyo-1003ab-series-1-indicador-de-dial-compacto-de-diametro-pequeno-4-mm-graduacion-de-001-mm\"},{\"@type\":\"BreadcrumbList\",\"@id\":\"https:\/\/abaa.mx\/tienda\/mitutoyo-1003ab-series-1-indicador-de-dial-compacto-de-diametro-pequeno-4-mm-graduacion-de-001-mm\/#breadcrumb\",\"itemListElement\":[{\"@type\":\"ListItem\",\"position\":1,\"name\":\"Inicio\",\"item\":\"https:\/\/abaa.mx\/tienda\/\"},{\"@type\":\"ListItem\",\"position\":2,\"name\":\"Tienda\",\"item\":\"https:\/\/abaa.mx\/tienda\/\"},{\"@type\":\"ListItem\",\"position\":3,\"name\":\"Mitutoyo 1003ab series 1 indicador de dial compacto de di\u00e1metro peque\u00f1o, 4 mm, graduaci\u00f3n de 0,01 mm\"}]},{\"@type\":\"WebSite\",\"@id\":\"https:\/\/abaa.mx\/tienda\/#website\",\"url\":\"https:\/\/abaa.mx\/tienda\/\",\"name\":\"Abaa tienda online\",\"description\":\"Instrumentos de medici\u00f3n\",\"publisher\":{\"@id\":\"https:\/\/abaa.mx\/tienda\/#organization\"},\"potentialAction\":[{\"@type\":\"SearchAction\",\"target\":{\"@type\":\"EntryPoint\",\"urlTemplate\":\"https:\/\/abaa.mx\/tienda\/?s={search_term_string}\"},\"query-input\":{\"@type\":\"PropertyValueSpecification\",\"valueRequired\":true,\"valueName\":\"search_term_string\"}}],\"inLanguage\":\"es\"},{\"@type\":\"Organization\",\"@id\":\"https:\/\/abaa.mx\/tienda\/#organization\",\"name\":\"Abaa tienda online\",\"url\":\"https:\/\/abaa.mx\/tienda\/\",\"logo\":{\"@type\":\"ImageObject\",\"inLanguage\":\"es\",\"@id\":\"https:\/\/abaa.mx\/tienda\/#\/schema\/logo\/image\/\",\"url\":\"https:\/\/abaa.mx\/tienda\/wp-content\/uploads\/2024\/01\/abaa-metrologia-tienda.png\",\"contentUrl\":\"https:\/\/abaa.mx\/tienda\/wp-content\/uploads\/2024\/01\/abaa-metrologia-tienda.png\",\"width\":300,\"height\":141,\"caption\":\"Abaa tienda online\"},\"image\":{\"@id\":\"https:\/\/abaa.mx\/tienda\/#\/schema\/logo\/image\/\"}}]}<\/script>\n<!-- \/ Yoast SEO plugin. -->","yoast_head_json":{"title":"Mitutoyo 1003ab series 1 indicador de dial compacto de di\u00e1metro peque\u00f1o, 4 mm, graduaci\u00f3n de 0,01 mm - Abaa tienda online","robots":{"index":"index","follow":"follow","max-snippet":"max-snippet:-1","max-image-preview":"max-image-preview:large","max-video-preview":"max-video-preview:-1"},"canonical":"https:\/\/abaa.mx\/tienda\/mitutoyo-1003ab-series-1-indicador-de-dial-compacto-de-diametro-pequeno-4-mm-graduacion-de-001-mm\/","og_locale":"es_MX","og_type":"article","og_title":"Mitutoyo 1003ab series 1 indicador de dial compacto de di\u00e1metro peque\u00f1o, 4 mm, graduaci\u00f3n de 0,01 mm - Abaa tienda online","og_description":"El peque\u00f1o indicador de marcaci\u00f3n ofrece lecturas de 0 a 50 a 0. Su peque\u00f1o di\u00e1metro permite su uso en \u00e1reas compactas.","og_url":"https:\/\/abaa.mx\/tienda\/mitutoyo-1003ab-series-1-indicador-de-dial-compacto-de-diametro-pequeno-4-mm-graduacion-de-001-mm\/","og_site_name":"Abaa tienda online","article_modified_time":"2023-10-02T15:01:24+00:00","og_image":[{"width":350,"height":350,"url":"https:\/\/abaa.mx\/tienda\/wp-content\/uploads\/2023\/10\/1003AB.jpg","type":"image\/jpeg"}],"twitter_card":"summary_large_image","twitter_misc":{"Tiempo de lectura":"1 minuto"},"schema":{"@context":"https:\/\/schema.org","@graph":[{"@type":"WebPage","@id":"https:\/\/abaa.mx\/tienda\/mitutoyo-1003ab-series-1-indicador-de-dial-compacto-de-diametro-pequeno-4-mm-graduacion-de-001-mm\/","url":"https:\/\/abaa.mx\/tienda\/mitutoyo-1003ab-series-1-indicador-de-dial-compacto-de-diametro-pequeno-4-mm-graduacion-de-001-mm\/","name":"Mitutoyo 1003ab series 1 indicador de dial compacto de di\u00e1metro peque\u00f1o, 4 mm, graduaci\u00f3n de 0,01 mm - Abaa tienda online","isPartOf":{"@id":"https:\/\/abaa.mx\/tienda\/#website"},"primaryImageOfPage":{"@id":"https:\/\/abaa.mx\/tienda\/mitutoyo-1003ab-series-1-indicador-de-dial-compacto-de-diametro-pequeno-4-mm-graduacion-de-001-mm\/#primaryimage"},"image":{"@id":"https:\/\/abaa.mx\/tienda\/mitutoyo-1003ab-series-1-indicador-de-dial-compacto-de-diametro-pequeno-4-mm-graduacion-de-001-mm\/#primaryimage"},"thumbnailUrl":"https:\/\/abaa.mx\/tienda\/wp-content\/uploads\/2023\/10\/1003AB.jpg","datePublished":"2023-10-02T15:01:23+00:00","dateModified":"2023-10-02T15:01:24+00:00","breadcrumb":{"@id":"https:\/\/abaa.mx\/tienda\/mitutoyo-1003ab-series-1-indicador-de-dial-compacto-de-diametro-pequeno-4-mm-graduacion-de-001-mm\/#breadcrumb"},"inLanguage":"es","potentialAction":[{"@type":"ReadAction","target":["https:\/\/abaa.mx\/tienda\/mitutoyo-1003ab-series-1-indicador-de-dial-compacto-de-diametro-pequeno-4-mm-graduacion-de-001-mm\/"]}]},{"@type":"ImageObject","inLanguage":"es","@id":"https:\/\/abaa.mx\/tienda\/mitutoyo-1003ab-series-1-indicador-de-dial-compacto-de-diametro-pequeno-4-mm-graduacion-de-001-mm\/#primaryimage","url":"https:\/\/abaa.mx\/tienda\/wp-content\/uploads\/2023\/10\/1003AB.jpg","contentUrl":"https:\/\/abaa.mx\/tienda\/wp-content\/uploads\/2023\/10\/1003AB.jpg","width":350,"height":350,"caption":"mitutoyo-1003ab-series-1-indicador-de-dial-compacto-de-diametro-pequeno-4-mm-graduacion-de-001-mm"},{"@type":"BreadcrumbList","@id":"https:\/\/abaa.mx\/tienda\/mitutoyo-1003ab-series-1-indicador-de-dial-compacto-de-diametro-pequeno-4-mm-graduacion-de-001-mm\/#breadcrumb","itemListElement":[{"@type":"ListItem","position":1,"name":"Inicio","item":"https:\/\/abaa.mx\/tienda\/"},{"@type":"ListItem","position":2,"name":"Tienda","item":"https:\/\/abaa.mx\/tienda\/"},{"@type":"ListItem","position":3,"name":"Mitutoyo 1003ab series 1 indicador de dial compacto de di\u00e1metro peque\u00f1o, 4 mm, graduaci\u00f3n de 0,01 mm"}]},{"@type":"WebSite","@id":"https:\/\/abaa.mx\/tienda\/#website","url":"https:\/\/abaa.mx\/tienda\/","name":"Abaa tienda online","description":"Instrumentos de medici\u00f3n","publisher":{"@id":"https:\/\/abaa.mx\/tienda\/#organization"},"potentialAction":[{"@type":"SearchAction","target":{"@type":"EntryPoint","urlTemplate":"https:\/\/abaa.mx\/tienda\/?s={search_term_string}"},"query-input":{"@type":"PropertyValueSpecification","valueRequired":true,"valueName":"search_term_string"}}],"inLanguage":"es"},{"@type":"Organization","@id":"https:\/\/abaa.mx\/tienda\/#organization","name":"Abaa tienda online","url":"https:\/\/abaa.mx\/tienda\/","logo":{"@type":"ImageObject","inLanguage":"es","@id":"https:\/\/abaa.mx\/tienda\/#\/schema\/logo\/image\/","url":"https:\/\/abaa.mx\/tienda\/wp-content\/uploads\/2024\/01\/abaa-metrologia-tienda.png","contentUrl":"https:\/\/abaa.mx\/tienda\/wp-content\/uploads\/2024\/01\/abaa-metrologia-tienda.png","width":300,"height":141,"caption":"Abaa tienda online"},"image":{"@id":"https:\/\/abaa.mx\/tienda\/#\/schema\/logo\/image\/"}}]}},"_links":{"self":[{"href":"https:\/\/abaa.mx\/tienda\/wp-json\/wp\/v2\/product\/4047","targetHints":{"allow":["GET"]}}],"collection":[{"href":"https:\/\/abaa.mx\/tienda\/wp-json\/wp\/v2\/product"}],"about":[{"href":"https:\/\/abaa.mx\/tienda\/wp-json\/wp\/v2\/types\/product"}],"replies":[{"embeddable":true,"href":"https:\/\/abaa.mx\/tienda\/wp-json\/wp\/v2\/comments?post=4047"}],"wp:featuredmedia":[{"embeddable":true,"href":"https:\/\/abaa.mx\/tienda\/wp-json\/wp\/v2\/media\/4052"}],"wp:attachment":[{"href":"https:\/\/abaa.mx\/tienda\/wp-json\/wp\/v2\/media?parent=4047"}],"wp:term":[{"taxonomy":"product_brand","embeddable":true,"href":"https:\/\/abaa.mx\/tienda\/wp-json\/wp\/v2\/product_brand?post=4047"},{"taxonomy":"product_cat","embeddable":true,"href":"https:\/\/abaa.mx\/tienda\/wp-json\/wp\/v2\/product_cat?post=4047"},{"taxonomy":"product_tag","embeddable":true,"href":"https:\/\/abaa.mx\/tienda\/wp-json\/wp\/v2\/product_tag?post=4047"}],"curies":[{"name":"wp","href":"https:\/\/api.w.org\/{rel}","templated":true}]}}