{"id":3952,"date":"2023-09-29T21:15:09","date_gmt":"2023-09-29T21:15:09","guid":{"rendered":"https:\/\/abaa.mx\/tienda\/?post_type=product&#038;p=3952"},"modified":"2023-09-29T21:15:10","modified_gmt":"2023-09-29T21:15:10","slug":"mitutoyo-340-351-30-series-340-digimatic-micrometro-exterior-con-yunques-intercambiables-0-a-6","status":"publish","type":"product","link":"https:\/\/abaa.mx\/tienda\/mitutoyo-340-351-30-series-340-digimatic-micrometro-exterior-con-yunques-intercambiables-0-a-6\/","title":{"rendered":"Mitutoyo 340-351-30 series 340 digimatic micr\u00f3metro exterior con yunques intercambiables, 0 a 6&#8243;"},"content":{"rendered":"<h4>Mitutoyo 340-351-30<\/h4>\n<p>Con el micr\u00f3metro exterior digim\u00e1tico Mitutoyo 340-351-30 Series 340 con yunques intercambiables, puede verificar los grosores exteriores de los objetivos. Adem\u00e1s, gracias a los yunques intercambiables suministrados, puede medir una amplia gama de valores con esta herramienta altamente vers\u00e1til. Con una barra de est\u00e1ndares de ajuste de cero incluida, tendr\u00e1 todo lo que necesita para comenzar a usar este micr\u00f3metro digital. Viene con una caja de madera equipada y un juego de yunque intercambiable de 6 piezas.<\/p>\n<h5><strong>Funciones<\/strong><\/h5>\n<ul>\n<li>La pantalla LCD le permite ver r\u00e1pidamente los resultados<\/li>\n<li>Cuenta con un amplio rango de medici\u00f3n gracias a su dise\u00f1o de yunque intercambiable<\/li>\n<li>El tope de trinquete aplica una fuerza constante mientras se mide<\/li>\n<li>Incluye yunques intercambiables de 0&#8243;, 1&#8243;, 2&#8243;, 3&#8243;, 4&#8243; y 5&#8243;<\/li>\n<li>Ofrece varias funciones f\u00e1ciles de usar, como salida de datos SPC, retenci\u00f3n de datos, ajustes preestablecidos y m\u00e1s<\/li>\n<li>2 alarmas mantienen a los usuarios informados de los errores de baja tensi\u00f3n y composici\u00f3n de valores de conteo<\/li>\n<li>La carcasa resistente con clasificaci\u00f3n IP65 y la caja de madera equipada maximizan la vida \u00fatil<\/li>\n<li>Caras de medici\u00f3n con punta de carburo y barra de est\u00e1ndares de ajuste a cero<\/li>\n<li>Planitud: 0.6 \u03bcm<\/li>\n<li>Paralelismo: 3 \u03bcm<\/li>\n<li>Algunos accesorios Mitutoyo (se venden por separado) proporcionan funciones adicionales<\/li>\n<\/ul>\n<h4>Especificaciones<\/h4>\n<table class=\"table table-striped\">\n<tbody>\n<tr>\n<td>Unidad(es) de medici\u00f3n admitida(s)<\/td>\n<td>M\u00e9trico e Imperial<\/td>\n<\/tr>\n<tr>\n<td>Rango de medici\u00f3n<\/td>\n<td>0 a 6&#8243; (0 a 152,4 mm)<\/td>\n<\/tr>\n<tr>\n<td>Resoluci\u00f3n<\/td>\n<td>0,0005&#8243; (0,001 mm)<\/td>\n<\/tr>\n<tr>\n<td>Fuente de alimentaci\u00f3n<\/td>\n<td>Alimentado por bater\u00eda<\/td>\n<\/tr>\n<tr>\n<td>Tipo de bater\u00eda<\/td>\n<td>SR44<\/td>\n<\/tr>\n<tr>\n<td>Duraci\u00f3n de la bater\u00eda<\/td>\n<td>1,2 a\u00f1os<\/td>\n<\/tr>\n<tr>\n<td>N\u00famero de bater\u00edas requeridas<\/td>\n<td>1<\/td>\n<\/tr>\n<tr>\n<td>Peso del producto<\/td>\n<td>34 onzas (0,96 kg)<\/td>\n<\/tr>\n<\/tbody>\n<\/table>\n","protected":false},"excerpt":{"rendered":"<p class=\"short-description mhide ipad-view-setting\">Utilice este micr\u00f3metro externo digital para recopilar datos de forma r\u00e1pida y precisa. Viene con yunques intercambiables, una barra est\u00e1ndar y una caja ajustada.<\/p>\n<p class=\"comment-tag-product\">\n<div class=\"row-fluid\">\n<div class=\"span12 mobile-pricing-box-padding\">\n<form id=\"140246\" accept-charset=\"utf-8\" action=\"https:\/\/www.globaltestsupply.com\/shop\/add\" method=\"post\" name=\"addTocartFunction\">\n<div><\/div>\n<\/form>\n<\/div>\n<\/div>\n","protected":false},"featured_media":3980,"comment_status":"open","ping_status":"closed","template":"","meta":{"_joinchat":[]},"product_brand":[],"product_cat":[15],"product_tag":[],"class_list":{"0":"post-3952","1":"product","2":"type-product","3":"status-publish","4":"has-post-thumbnail","6":"product_cat-sin-categorizar","8":"first","9":"instock","10":"shipping-taxable","11":"product-type-simple"},"yoast_head":"<!-- This site is optimized with the Yoast SEO plugin v26.4 - https:\/\/yoast.com\/wordpress\/plugins\/seo\/ -->\n<title>Mitutoyo 340-351-30 series 340 digimatic micr\u00f3metro exterior con yunques intercambiables, 0 a 6&quot; - Abaa tienda online<\/title>\n<meta name=\"robots\" content=\"index, follow, max-snippet:-1, max-image-preview:large, max-video-preview:-1\" \/>\n<link rel=\"canonical\" href=\"https:\/\/abaa.mx\/tienda\/mitutoyo-340-351-30-series-340-digimatic-micrometro-exterior-con-yunques-intercambiables-0-a-6\/\" \/>\n<meta property=\"og:locale\" content=\"es_MX\" \/>\n<meta property=\"og:type\" content=\"article\" \/>\n<meta property=\"og:title\" content=\"Mitutoyo 340-351-30 series 340 digimatic micr\u00f3metro exterior con yunques intercambiables, 0 a 6&quot; - Abaa tienda online\" \/>\n<meta property=\"og:description\" content=\"Utilice este micr\u00f3metro externo digital para recopilar datos de forma r\u00e1pida y precisa. Viene con yunques intercambiables, una barra est\u00e1ndar y una caja ajustada.\" \/>\n<meta property=\"og:url\" content=\"https:\/\/abaa.mx\/tienda\/mitutoyo-340-351-30-series-340-digimatic-micrometro-exterior-con-yunques-intercambiables-0-a-6\/\" \/>\n<meta property=\"og:site_name\" content=\"Abaa tienda online\" \/>\n<meta property=\"article:modified_time\" content=\"2023-09-29T21:15:10+00:00\" \/>\n<meta property=\"og:image\" content=\"https:\/\/abaa.mx\/tienda\/wp-content\/uploads\/2023\/09\/340-351-30.jpg\" \/>\n\t<meta property=\"og:image:width\" content=\"474\" \/>\n\t<meta property=\"og:image:height\" content=\"474\" \/>\n\t<meta property=\"og:image:type\" content=\"image\/jpeg\" \/>\n<meta name=\"twitter:card\" content=\"summary_large_image\" \/>\n<meta name=\"twitter:label1\" content=\"Tiempo de lectura\" \/>\n\t<meta name=\"twitter:data1\" content=\"2 minutos\" \/>\n<script type=\"application\/ld+json\" class=\"yoast-schema-graph\">{\"@context\":\"https:\/\/schema.org\",\"@graph\":[{\"@type\":\"WebPage\",\"@id\":\"https:\/\/abaa.mx\/tienda\/mitutoyo-340-351-30-series-340-digimatic-micrometro-exterior-con-yunques-intercambiables-0-a-6\/\",\"url\":\"https:\/\/abaa.mx\/tienda\/mitutoyo-340-351-30-series-340-digimatic-micrometro-exterior-con-yunques-intercambiables-0-a-6\/\",\"name\":\"Mitutoyo 340-351-30 series 340 digimatic micr\u00f3metro exterior con yunques intercambiables, 0 a 6\\\" - Abaa tienda online\",\"isPartOf\":{\"@id\":\"https:\/\/abaa.mx\/tienda\/#website\"},\"primaryImageOfPage\":{\"@id\":\"https:\/\/abaa.mx\/tienda\/mitutoyo-340-351-30-series-340-digimatic-micrometro-exterior-con-yunques-intercambiables-0-a-6\/#primaryimage\"},\"image\":{\"@id\":\"https:\/\/abaa.mx\/tienda\/mitutoyo-340-351-30-series-340-digimatic-micrometro-exterior-con-yunques-intercambiables-0-a-6\/#primaryimage\"},\"thumbnailUrl\":\"https:\/\/abaa.mx\/tienda\/wp-content\/uploads\/2023\/09\/340-351-30.jpg\",\"datePublished\":\"2023-09-29T21:15:09+00:00\",\"dateModified\":\"2023-09-29T21:15:10+00:00\",\"breadcrumb\":{\"@id\":\"https:\/\/abaa.mx\/tienda\/mitutoyo-340-351-30-series-340-digimatic-micrometro-exterior-con-yunques-intercambiables-0-a-6\/#breadcrumb\"},\"inLanguage\":\"es\",\"potentialAction\":[{\"@type\":\"ReadAction\",\"target\":[\"https:\/\/abaa.mx\/tienda\/mitutoyo-340-351-30-series-340-digimatic-micrometro-exterior-con-yunques-intercambiables-0-a-6\/\"]}]},{\"@type\":\"ImageObject\",\"inLanguage\":\"es\",\"@id\":\"https:\/\/abaa.mx\/tienda\/mitutoyo-340-351-30-series-340-digimatic-micrometro-exterior-con-yunques-intercambiables-0-a-6\/#primaryimage\",\"url\":\"https:\/\/abaa.mx\/tienda\/wp-content\/uploads\/2023\/09\/340-351-30.jpg\",\"contentUrl\":\"https:\/\/abaa.mx\/tienda\/wp-content\/uploads\/2023\/09\/340-351-30.jpg\",\"width\":474,\"height\":474,\"caption\":\"mitutoyo-340-351-30-series-340-digimatic-micrometro-exterior-con-yunques-intercambiables-0-a-6\"},{\"@type\":\"BreadcrumbList\",\"@id\":\"https:\/\/abaa.mx\/tienda\/mitutoyo-340-351-30-series-340-digimatic-micrometro-exterior-con-yunques-intercambiables-0-a-6\/#breadcrumb\",\"itemListElement\":[{\"@type\":\"ListItem\",\"position\":1,\"name\":\"Inicio\",\"item\":\"https:\/\/abaa.mx\/tienda\/\"},{\"@type\":\"ListItem\",\"position\":2,\"name\":\"Tienda\",\"item\":\"https:\/\/abaa.mx\/tienda\/\"},{\"@type\":\"ListItem\",\"position\":3,\"name\":\"Mitutoyo 340-351-30 series 340 digimatic micr\u00f3metro exterior con yunques intercambiables, 0 a 6&#8243;\"}]},{\"@type\":\"WebSite\",\"@id\":\"https:\/\/abaa.mx\/tienda\/#website\",\"url\":\"https:\/\/abaa.mx\/tienda\/\",\"name\":\"Abaa tienda online\",\"description\":\"Instrumentos de medici\u00f3n\",\"publisher\":{\"@id\":\"https:\/\/abaa.mx\/tienda\/#organization\"},\"potentialAction\":[{\"@type\":\"SearchAction\",\"target\":{\"@type\":\"EntryPoint\",\"urlTemplate\":\"https:\/\/abaa.mx\/tienda\/?s={search_term_string}\"},\"query-input\":{\"@type\":\"PropertyValueSpecification\",\"valueRequired\":true,\"valueName\":\"search_term_string\"}}],\"inLanguage\":\"es\"},{\"@type\":\"Organization\",\"@id\":\"https:\/\/abaa.mx\/tienda\/#organization\",\"name\":\"Abaa tienda online\",\"url\":\"https:\/\/abaa.mx\/tienda\/\",\"logo\":{\"@type\":\"ImageObject\",\"inLanguage\":\"es\",\"@id\":\"https:\/\/abaa.mx\/tienda\/#\/schema\/logo\/image\/\",\"url\":\"https:\/\/abaa.mx\/tienda\/wp-content\/uploads\/2024\/01\/abaa-metrologia-tienda.png\",\"contentUrl\":\"https:\/\/abaa.mx\/tienda\/wp-content\/uploads\/2024\/01\/abaa-metrologia-tienda.png\",\"width\":300,\"height\":141,\"caption\":\"Abaa tienda online\"},\"image\":{\"@id\":\"https:\/\/abaa.mx\/tienda\/#\/schema\/logo\/image\/\"}}]}<\/script>\n<!-- \/ Yoast SEO plugin. -->","yoast_head_json":{"title":"Mitutoyo 340-351-30 series 340 digimatic micr\u00f3metro exterior con yunques intercambiables, 0 a 6\" - Abaa tienda online","robots":{"index":"index","follow":"follow","max-snippet":"max-snippet:-1","max-image-preview":"max-image-preview:large","max-video-preview":"max-video-preview:-1"},"canonical":"https:\/\/abaa.mx\/tienda\/mitutoyo-340-351-30-series-340-digimatic-micrometro-exterior-con-yunques-intercambiables-0-a-6\/","og_locale":"es_MX","og_type":"article","og_title":"Mitutoyo 340-351-30 series 340 digimatic micr\u00f3metro exterior con yunques intercambiables, 0 a 6\" - Abaa tienda online","og_description":"Utilice este micr\u00f3metro externo digital para recopilar datos de forma r\u00e1pida y precisa. Viene con yunques intercambiables, una barra est\u00e1ndar y una caja ajustada.","og_url":"https:\/\/abaa.mx\/tienda\/mitutoyo-340-351-30-series-340-digimatic-micrometro-exterior-con-yunques-intercambiables-0-a-6\/","og_site_name":"Abaa tienda online","article_modified_time":"2023-09-29T21:15:10+00:00","og_image":[{"width":474,"height":474,"url":"https:\/\/abaa.mx\/tienda\/wp-content\/uploads\/2023\/09\/340-351-30.jpg","type":"image\/jpeg"}],"twitter_card":"summary_large_image","twitter_misc":{"Tiempo de lectura":"2 minutos"},"schema":{"@context":"https:\/\/schema.org","@graph":[{"@type":"WebPage","@id":"https:\/\/abaa.mx\/tienda\/mitutoyo-340-351-30-series-340-digimatic-micrometro-exterior-con-yunques-intercambiables-0-a-6\/","url":"https:\/\/abaa.mx\/tienda\/mitutoyo-340-351-30-series-340-digimatic-micrometro-exterior-con-yunques-intercambiables-0-a-6\/","name":"Mitutoyo 340-351-30 series 340 digimatic micr\u00f3metro exterior con yunques intercambiables, 0 a 6\" - Abaa tienda online","isPartOf":{"@id":"https:\/\/abaa.mx\/tienda\/#website"},"primaryImageOfPage":{"@id":"https:\/\/abaa.mx\/tienda\/mitutoyo-340-351-30-series-340-digimatic-micrometro-exterior-con-yunques-intercambiables-0-a-6\/#primaryimage"},"image":{"@id":"https:\/\/abaa.mx\/tienda\/mitutoyo-340-351-30-series-340-digimatic-micrometro-exterior-con-yunques-intercambiables-0-a-6\/#primaryimage"},"thumbnailUrl":"https:\/\/abaa.mx\/tienda\/wp-content\/uploads\/2023\/09\/340-351-30.jpg","datePublished":"2023-09-29T21:15:09+00:00","dateModified":"2023-09-29T21:15:10+00:00","breadcrumb":{"@id":"https:\/\/abaa.mx\/tienda\/mitutoyo-340-351-30-series-340-digimatic-micrometro-exterior-con-yunques-intercambiables-0-a-6\/#breadcrumb"},"inLanguage":"es","potentialAction":[{"@type":"ReadAction","target":["https:\/\/abaa.mx\/tienda\/mitutoyo-340-351-30-series-340-digimatic-micrometro-exterior-con-yunques-intercambiables-0-a-6\/"]}]},{"@type":"ImageObject","inLanguage":"es","@id":"https:\/\/abaa.mx\/tienda\/mitutoyo-340-351-30-series-340-digimatic-micrometro-exterior-con-yunques-intercambiables-0-a-6\/#primaryimage","url":"https:\/\/abaa.mx\/tienda\/wp-content\/uploads\/2023\/09\/340-351-30.jpg","contentUrl":"https:\/\/abaa.mx\/tienda\/wp-content\/uploads\/2023\/09\/340-351-30.jpg","width":474,"height":474,"caption":"mitutoyo-340-351-30-series-340-digimatic-micrometro-exterior-con-yunques-intercambiables-0-a-6"},{"@type":"BreadcrumbList","@id":"https:\/\/abaa.mx\/tienda\/mitutoyo-340-351-30-series-340-digimatic-micrometro-exterior-con-yunques-intercambiables-0-a-6\/#breadcrumb","itemListElement":[{"@type":"ListItem","position":1,"name":"Inicio","item":"https:\/\/abaa.mx\/tienda\/"},{"@type":"ListItem","position":2,"name":"Tienda","item":"https:\/\/abaa.mx\/tienda\/"},{"@type":"ListItem","position":3,"name":"Mitutoyo 340-351-30 series 340 digimatic micr\u00f3metro exterior con yunques intercambiables, 0 a 6&#8243;"}]},{"@type":"WebSite","@id":"https:\/\/abaa.mx\/tienda\/#website","url":"https:\/\/abaa.mx\/tienda\/","name":"Abaa tienda online","description":"Instrumentos de medici\u00f3n","publisher":{"@id":"https:\/\/abaa.mx\/tienda\/#organization"},"potentialAction":[{"@type":"SearchAction","target":{"@type":"EntryPoint","urlTemplate":"https:\/\/abaa.mx\/tienda\/?s={search_term_string}"},"query-input":{"@type":"PropertyValueSpecification","valueRequired":true,"valueName":"search_term_string"}}],"inLanguage":"es"},{"@type":"Organization","@id":"https:\/\/abaa.mx\/tienda\/#organization","name":"Abaa tienda online","url":"https:\/\/abaa.mx\/tienda\/","logo":{"@type":"ImageObject","inLanguage":"es","@id":"https:\/\/abaa.mx\/tienda\/#\/schema\/logo\/image\/","url":"https:\/\/abaa.mx\/tienda\/wp-content\/uploads\/2024\/01\/abaa-metrologia-tienda.png","contentUrl":"https:\/\/abaa.mx\/tienda\/wp-content\/uploads\/2024\/01\/abaa-metrologia-tienda.png","width":300,"height":141,"caption":"Abaa tienda online"},"image":{"@id":"https:\/\/abaa.mx\/tienda\/#\/schema\/logo\/image\/"}}]}},"_links":{"self":[{"href":"https:\/\/abaa.mx\/tienda\/wp-json\/wp\/v2\/product\/3952","targetHints":{"allow":["GET"]}}],"collection":[{"href":"https:\/\/abaa.mx\/tienda\/wp-json\/wp\/v2\/product"}],"about":[{"href":"https:\/\/abaa.mx\/tienda\/wp-json\/wp\/v2\/types\/product"}],"replies":[{"embeddable":true,"href":"https:\/\/abaa.mx\/tienda\/wp-json\/wp\/v2\/comments?post=3952"}],"wp:featuredmedia":[{"embeddable":true,"href":"https:\/\/abaa.mx\/tienda\/wp-json\/wp\/v2\/media\/3980"}],"wp:attachment":[{"href":"https:\/\/abaa.mx\/tienda\/wp-json\/wp\/v2\/media?parent=3952"}],"wp:term":[{"taxonomy":"product_brand","embeddable":true,"href":"https:\/\/abaa.mx\/tienda\/wp-json\/wp\/v2\/product_brand?post=3952"},{"taxonomy":"product_cat","embeddable":true,"href":"https:\/\/abaa.mx\/tienda\/wp-json\/wp\/v2\/product_cat?post=3952"},{"taxonomy":"product_tag","embeddable":true,"href":"https:\/\/abaa.mx\/tienda\/wp-json\/wp\/v2\/product_tag?post=3952"}],"curies":[{"name":"wp","href":"https:\/\/api.w.org\/{rel}","templated":true}]}}