{"id":3885,"date":"2023-09-29T19:47:25","date_gmt":"2023-09-29T19:47:25","guid":{"rendered":"https:\/\/abaa.mx\/tienda\/?post_type=product&#038;p=3885"},"modified":"2023-09-29T19:47:25","modified_gmt":"2023-09-29T19:47:25","slug":"manometro-de-plastico-moldeado-dwyer-mm-80-mark-ii-0-a-80mmh%e2%82%82o","status":"publish","type":"product","link":"https:\/\/abaa.mx\/tienda\/manometro-de-plastico-moldeado-dwyer-mm-80-mark-ii-0-a-80mmh%e2%82%82o\/","title":{"rendered":"man\u00f3metro de pl\u00e1stico moldeado dwyer mm-80 mark ii, 0 a 80mmh\u2082o"},"content":{"rendered":"<h4>Dwyer MM-80 Ofertas<\/h4>\n<p>&nbsp;<\/p>\n<p>Controle la velocidad del aire y los filtros de aire con este man\u00f3metro de pl\u00e1stico moldeado Dwyer MM-80 Mark II. El rango del medidor de 0 a 80 mmH2O y el dise\u00f1o inclinado-vertical curvo permiten un rango de medici\u00f3n m\u00e1s alto y una f\u00e1cil lectura de resultados m\u00e1s bajos.<\/p>\n<p><strong>Funciones<\/strong><\/p>\n<ul>\n<li>Ideal para medir la velocidad del aire y medir filtros de aire<\/li>\n<li>El dise\u00f1o compacto ofrece una excelente portabilidad<\/li>\n<li>El medidor inclinado-vertical ofrece un rango m\u00e1s alto con incrementos f\u00e1ciles de leer a niveles bajos<\/li>\n<li>Ofrece un rango de medici\u00f3n de 0 a 80 mmH2O (0,826 SG)<\/li>\n<\/ul>\n<p><strong>Aplicaciones<\/strong><\/p>\n<ul>\n<li>Cabinas de pintura<\/li>\n<\/ul>\n<h4>Dwyer MM-80 Especificaciones<\/h4>\n<p>&nbsp;<\/p>\n<table class=\"table table-striped\">\n<tbody>\n<tr>\n<td>Rango de medici\u00f3n<\/td>\n<td>0 a 80 mmH2O, 0,826 SG<\/td>\n<\/tr>\n<tr>\n<td>Exactitud<\/td>\n<td>\u00b13% de escala completa<\/td>\n<\/tr>\n<tr>\n<td>L\u00edmites de temperatura<\/td>\n<td>140\u00b0F (60\u00b0C)<\/td>\n<\/tr>\n<tr>\n<td>L\u00edmites de presi\u00f3n<\/td>\n<td>10 psi (70 kPa)<\/td>\n<\/tr>\n<tr>\n<td>Cumple con RoHS<\/td>\n<td>S\u00ed<\/td>\n<\/tr>\n<tr>\n<td>Longitud del producto<\/td>\n<td>2,25&#8243; (57,15 mm)<\/td>\n<\/tr>\n<tr>\n<td>Ancho del producto<\/td>\n<td>7,41&#8243; (188,12 mm)<\/td>\n<\/tr>\n<tr>\n<td>Altura del producto<\/td>\n<td>5,91&#8243; (150,02 mm)<\/td>\n<\/tr>\n<tr>\n<td>Peso del producto<\/td>\n<td>1,04 libras (472 g)<\/td>\n<\/tr>\n<\/tbody>\n<\/table>\n","protected":false},"excerpt":{"rendered":"<p>Controle la velocidad del aire y medique los filtros de aire con este man\u00f3metro. El medidor ofrece un rango de 0 a 80mmH\u2082O con una gravedad espec\u00edfica de 0.826.<\/p>\n","protected":false},"featured_media":3914,"comment_status":"open","ping_status":"closed","template":"","meta":{"_joinchat":[]},"product_brand":[],"product_cat":[15],"product_tag":[],"class_list":{"0":"post-3885","1":"product","2":"type-product","3":"status-publish","4":"has-post-thumbnail","6":"product_cat-sin-categorizar","8":"first","9":"instock","10":"shipping-taxable","11":"product-type-simple"},"yoast_head":"<!-- This site is optimized with the Yoast SEO plugin v26.4 - https:\/\/yoast.com\/wordpress\/plugins\/seo\/ -->\n<title>man\u00f3metro de pl\u00e1stico moldeado dwyer mm-80 mark ii, 0 a 80mmh\u2082o - Abaa tienda online<\/title>\n<meta name=\"robots\" content=\"index, follow, max-snippet:-1, max-image-preview:large, max-video-preview:-1\" \/>\n<link rel=\"canonical\" href=\"https:\/\/abaa.mx\/tienda\/manometro-de-plastico-moldeado-dwyer-mm-80-mark-ii-0-a-80mmh\u2082o\/\" \/>\n<meta property=\"og:locale\" content=\"es_MX\" \/>\n<meta property=\"og:type\" content=\"article\" \/>\n<meta property=\"og:title\" content=\"man\u00f3metro de pl\u00e1stico moldeado dwyer mm-80 mark ii, 0 a 80mmh\u2082o - Abaa tienda online\" \/>\n<meta property=\"og:description\" content=\"Controle la velocidad del aire y medique los filtros de aire con este man\u00f3metro. El medidor ofrece un rango de 0 a 80mmH\u2082O con una gravedad espec\u00edfica de 0.826.\" \/>\n<meta property=\"og:url\" content=\"https:\/\/abaa.mx\/tienda\/manometro-de-plastico-moldeado-dwyer-mm-80-mark-ii-0-a-80mmh\u2082o\/\" \/>\n<meta property=\"og:site_name\" content=\"Abaa tienda online\" \/>\n<meta property=\"og:image\" content=\"https:\/\/abaa.mx\/tienda\/wp-content\/uploads\/2023\/09\/MM-80.jpg\" \/>\n\t<meta property=\"og:image:width\" content=\"270\" \/>\n\t<meta property=\"og:image:height\" content=\"270\" \/>\n\t<meta property=\"og:image:type\" content=\"image\/jpeg\" \/>\n<meta name=\"twitter:card\" content=\"summary_large_image\" \/>\n<meta name=\"twitter:label1\" content=\"Tiempo de lectura\" \/>\n\t<meta name=\"twitter:data1\" content=\"1 minuto\" \/>\n<script type=\"application\/ld+json\" class=\"yoast-schema-graph\">{\"@context\":\"https:\/\/schema.org\",\"@graph\":[{\"@type\":\"WebPage\",\"@id\":\"https:\/\/abaa.mx\/tienda\/manometro-de-plastico-moldeado-dwyer-mm-80-mark-ii-0-a-80mmh%e2%82%82o\/\",\"url\":\"https:\/\/abaa.mx\/tienda\/manometro-de-plastico-moldeado-dwyer-mm-80-mark-ii-0-a-80mmh%e2%82%82o\/\",\"name\":\"man\u00f3metro de pl\u00e1stico moldeado dwyer mm-80 mark ii, 0 a 80mmh\u2082o - Abaa tienda online\",\"isPartOf\":{\"@id\":\"https:\/\/abaa.mx\/tienda\/#website\"},\"primaryImageOfPage\":{\"@id\":\"https:\/\/abaa.mx\/tienda\/manometro-de-plastico-moldeado-dwyer-mm-80-mark-ii-0-a-80mmh%e2%82%82o\/#primaryimage\"},\"image\":{\"@id\":\"https:\/\/abaa.mx\/tienda\/manometro-de-plastico-moldeado-dwyer-mm-80-mark-ii-0-a-80mmh%e2%82%82o\/#primaryimage\"},\"thumbnailUrl\":\"https:\/\/abaa.mx\/tienda\/wp-content\/uploads\/2023\/09\/MM-80.jpg\",\"datePublished\":\"2023-09-29T19:47:25+00:00\",\"breadcrumb\":{\"@id\":\"https:\/\/abaa.mx\/tienda\/manometro-de-plastico-moldeado-dwyer-mm-80-mark-ii-0-a-80mmh%e2%82%82o\/#breadcrumb\"},\"inLanguage\":\"es\",\"potentialAction\":[{\"@type\":\"ReadAction\",\"target\":[\"https:\/\/abaa.mx\/tienda\/manometro-de-plastico-moldeado-dwyer-mm-80-mark-ii-0-a-80mmh%e2%82%82o\/\"]}]},{\"@type\":\"ImageObject\",\"inLanguage\":\"es\",\"@id\":\"https:\/\/abaa.mx\/tienda\/manometro-de-plastico-moldeado-dwyer-mm-80-mark-ii-0-a-80mmh%e2%82%82o\/#primaryimage\",\"url\":\"https:\/\/abaa.mx\/tienda\/wp-content\/uploads\/2023\/09\/MM-80.jpg\",\"contentUrl\":\"https:\/\/abaa.mx\/tienda\/wp-content\/uploads\/2023\/09\/MM-80.jpg\",\"width\":270,\"height\":270,\"caption\":\"MM-80\"},{\"@type\":\"BreadcrumbList\",\"@id\":\"https:\/\/abaa.mx\/tienda\/manometro-de-plastico-moldeado-dwyer-mm-80-mark-ii-0-a-80mmh%e2%82%82o\/#breadcrumb\",\"itemListElement\":[{\"@type\":\"ListItem\",\"position\":1,\"name\":\"Inicio\",\"item\":\"https:\/\/abaa.mx\/tienda\/\"},{\"@type\":\"ListItem\",\"position\":2,\"name\":\"Tienda\",\"item\":\"https:\/\/abaa.mx\/tienda\/\"},{\"@type\":\"ListItem\",\"position\":3,\"name\":\"man\u00f3metro de pl\u00e1stico moldeado dwyer mm-80 mark ii, 0 a 80mmh\u2082o\"}]},{\"@type\":\"WebSite\",\"@id\":\"https:\/\/abaa.mx\/tienda\/#website\",\"url\":\"https:\/\/abaa.mx\/tienda\/\",\"name\":\"Abaa tienda online\",\"description\":\"Instrumentos de medici\u00f3n\",\"publisher\":{\"@id\":\"https:\/\/abaa.mx\/tienda\/#organization\"},\"potentialAction\":[{\"@type\":\"SearchAction\",\"target\":{\"@type\":\"EntryPoint\",\"urlTemplate\":\"https:\/\/abaa.mx\/tienda\/?s={search_term_string}\"},\"query-input\":{\"@type\":\"PropertyValueSpecification\",\"valueRequired\":true,\"valueName\":\"search_term_string\"}}],\"inLanguage\":\"es\"},{\"@type\":\"Organization\",\"@id\":\"https:\/\/abaa.mx\/tienda\/#organization\",\"name\":\"Abaa tienda online\",\"url\":\"https:\/\/abaa.mx\/tienda\/\",\"logo\":{\"@type\":\"ImageObject\",\"inLanguage\":\"es\",\"@id\":\"https:\/\/abaa.mx\/tienda\/#\/schema\/logo\/image\/\",\"url\":\"https:\/\/abaa.mx\/tienda\/wp-content\/uploads\/2024\/01\/abaa-metrologia-tienda.png\",\"contentUrl\":\"https:\/\/abaa.mx\/tienda\/wp-content\/uploads\/2024\/01\/abaa-metrologia-tienda.png\",\"width\":300,\"height\":141,\"caption\":\"Abaa tienda online\"},\"image\":{\"@id\":\"https:\/\/abaa.mx\/tienda\/#\/schema\/logo\/image\/\"}}]}<\/script>\n<!-- \/ Yoast SEO plugin. -->","yoast_head_json":{"title":"man\u00f3metro de pl\u00e1stico moldeado dwyer mm-80 mark ii, 0 a 80mmh\u2082o - Abaa tienda online","robots":{"index":"index","follow":"follow","max-snippet":"max-snippet:-1","max-image-preview":"max-image-preview:large","max-video-preview":"max-video-preview:-1"},"canonical":"https:\/\/abaa.mx\/tienda\/manometro-de-plastico-moldeado-dwyer-mm-80-mark-ii-0-a-80mmh\u2082o\/","og_locale":"es_MX","og_type":"article","og_title":"man\u00f3metro de pl\u00e1stico moldeado dwyer mm-80 mark ii, 0 a 80mmh\u2082o - Abaa tienda online","og_description":"Controle la velocidad del aire y medique los filtros de aire con este man\u00f3metro. El medidor ofrece un rango de 0 a 80mmH\u2082O con una gravedad espec\u00edfica de 0.826.","og_url":"https:\/\/abaa.mx\/tienda\/manometro-de-plastico-moldeado-dwyer-mm-80-mark-ii-0-a-80mmh\u2082o\/","og_site_name":"Abaa tienda online","og_image":[{"width":270,"height":270,"url":"https:\/\/abaa.mx\/tienda\/wp-content\/uploads\/2023\/09\/MM-80.jpg","type":"image\/jpeg"}],"twitter_card":"summary_large_image","twitter_misc":{"Tiempo de lectura":"1 minuto"},"schema":{"@context":"https:\/\/schema.org","@graph":[{"@type":"WebPage","@id":"https:\/\/abaa.mx\/tienda\/manometro-de-plastico-moldeado-dwyer-mm-80-mark-ii-0-a-80mmh%e2%82%82o\/","url":"https:\/\/abaa.mx\/tienda\/manometro-de-plastico-moldeado-dwyer-mm-80-mark-ii-0-a-80mmh%e2%82%82o\/","name":"man\u00f3metro de pl\u00e1stico moldeado dwyer mm-80 mark ii, 0 a 80mmh\u2082o - Abaa tienda online","isPartOf":{"@id":"https:\/\/abaa.mx\/tienda\/#website"},"primaryImageOfPage":{"@id":"https:\/\/abaa.mx\/tienda\/manometro-de-plastico-moldeado-dwyer-mm-80-mark-ii-0-a-80mmh%e2%82%82o\/#primaryimage"},"image":{"@id":"https:\/\/abaa.mx\/tienda\/manometro-de-plastico-moldeado-dwyer-mm-80-mark-ii-0-a-80mmh%e2%82%82o\/#primaryimage"},"thumbnailUrl":"https:\/\/abaa.mx\/tienda\/wp-content\/uploads\/2023\/09\/MM-80.jpg","datePublished":"2023-09-29T19:47:25+00:00","breadcrumb":{"@id":"https:\/\/abaa.mx\/tienda\/manometro-de-plastico-moldeado-dwyer-mm-80-mark-ii-0-a-80mmh%e2%82%82o\/#breadcrumb"},"inLanguage":"es","potentialAction":[{"@type":"ReadAction","target":["https:\/\/abaa.mx\/tienda\/manometro-de-plastico-moldeado-dwyer-mm-80-mark-ii-0-a-80mmh%e2%82%82o\/"]}]},{"@type":"ImageObject","inLanguage":"es","@id":"https:\/\/abaa.mx\/tienda\/manometro-de-plastico-moldeado-dwyer-mm-80-mark-ii-0-a-80mmh%e2%82%82o\/#primaryimage","url":"https:\/\/abaa.mx\/tienda\/wp-content\/uploads\/2023\/09\/MM-80.jpg","contentUrl":"https:\/\/abaa.mx\/tienda\/wp-content\/uploads\/2023\/09\/MM-80.jpg","width":270,"height":270,"caption":"MM-80"},{"@type":"BreadcrumbList","@id":"https:\/\/abaa.mx\/tienda\/manometro-de-plastico-moldeado-dwyer-mm-80-mark-ii-0-a-80mmh%e2%82%82o\/#breadcrumb","itemListElement":[{"@type":"ListItem","position":1,"name":"Inicio","item":"https:\/\/abaa.mx\/tienda\/"},{"@type":"ListItem","position":2,"name":"Tienda","item":"https:\/\/abaa.mx\/tienda\/"},{"@type":"ListItem","position":3,"name":"man\u00f3metro de pl\u00e1stico moldeado dwyer mm-80 mark ii, 0 a 80mmh\u2082o"}]},{"@type":"WebSite","@id":"https:\/\/abaa.mx\/tienda\/#website","url":"https:\/\/abaa.mx\/tienda\/","name":"Abaa tienda online","description":"Instrumentos de medici\u00f3n","publisher":{"@id":"https:\/\/abaa.mx\/tienda\/#organization"},"potentialAction":[{"@type":"SearchAction","target":{"@type":"EntryPoint","urlTemplate":"https:\/\/abaa.mx\/tienda\/?s={search_term_string}"},"query-input":{"@type":"PropertyValueSpecification","valueRequired":true,"valueName":"search_term_string"}}],"inLanguage":"es"},{"@type":"Organization","@id":"https:\/\/abaa.mx\/tienda\/#organization","name":"Abaa tienda online","url":"https:\/\/abaa.mx\/tienda\/","logo":{"@type":"ImageObject","inLanguage":"es","@id":"https:\/\/abaa.mx\/tienda\/#\/schema\/logo\/image\/","url":"https:\/\/abaa.mx\/tienda\/wp-content\/uploads\/2024\/01\/abaa-metrologia-tienda.png","contentUrl":"https:\/\/abaa.mx\/tienda\/wp-content\/uploads\/2024\/01\/abaa-metrologia-tienda.png","width":300,"height":141,"caption":"Abaa tienda online"},"image":{"@id":"https:\/\/abaa.mx\/tienda\/#\/schema\/logo\/image\/"}}]}},"_links":{"self":[{"href":"https:\/\/abaa.mx\/tienda\/wp-json\/wp\/v2\/product\/3885","targetHints":{"allow":["GET"]}}],"collection":[{"href":"https:\/\/abaa.mx\/tienda\/wp-json\/wp\/v2\/product"}],"about":[{"href":"https:\/\/abaa.mx\/tienda\/wp-json\/wp\/v2\/types\/product"}],"replies":[{"embeddable":true,"href":"https:\/\/abaa.mx\/tienda\/wp-json\/wp\/v2\/comments?post=3885"}],"wp:featuredmedia":[{"embeddable":true,"href":"https:\/\/abaa.mx\/tienda\/wp-json\/wp\/v2\/media\/3914"}],"wp:attachment":[{"href":"https:\/\/abaa.mx\/tienda\/wp-json\/wp\/v2\/media?parent=3885"}],"wp:term":[{"taxonomy":"product_brand","embeddable":true,"href":"https:\/\/abaa.mx\/tienda\/wp-json\/wp\/v2\/product_brand?post=3885"},{"taxonomy":"product_cat","embeddable":true,"href":"https:\/\/abaa.mx\/tienda\/wp-json\/wp\/v2\/product_cat?post=3885"},{"taxonomy":"product_tag","embeddable":true,"href":"https:\/\/abaa.mx\/tienda\/wp-json\/wp\/v2\/product_tag?post=3885"}],"curies":[{"name":"wp","href":"https:\/\/api.w.org\/{rel}","templated":true}]}}