{"id":3764,"date":"2023-09-29T16:21:46","date_gmt":"2023-09-29T16:21:46","guid":{"rendered":"https:\/\/abaa.mx\/tienda\/?post_type=product&#038;p=3764"},"modified":"2023-12-06T17:16:10","modified_gmt":"2023-12-06T17:16:10","slug":"manometro-inclinado-dwyer-100-5-durablock-10-0-1-0w-c-con-escala-de-8-1-4","status":"publish","type":"product","link":"https:\/\/abaa.mx\/tienda\/manometro-inclinado-dwyer-100-5-durablock-10-0-1-0w-c-con-escala-de-8-1-4\/","title":{"rendered":"man\u00f3metro inclinado dwyer 100.5 durablock (.10-0-1.0&#8243;w.c.) con escala de 8-1-4&#8243;"},"content":{"rendered":"<h4>Man\u00f3metro Dwyer 100.5, pl\u00e1stico, port\u00e1til, .10-0-1<\/h4>\n<ul>\n<li>Estilos inclinados y verticales (tipo pozo) para la medici\u00f3n de presi\u00f3n est\u00e1tica, vac\u00edo o presi\u00f3n diferencial.<\/li>\n<li>Para garantizar la precisi\u00f3n requerida en instrumentos de este tipo, todo el mecanizado de orificios y pozos cumple con los m\u00e1s altos est\u00e1ndares de precisi\u00f3n.<\/li>\n<li>El aceite de calibre seleccionado con caracter\u00edsticas de alta humectabilidad forma un menisco consistente y bien formado para facilitar la lectura.<\/li>\n<li>B\u00e1sculas ajustables de acabado cromado reflectante con bloqueo de tornillo de mariposa para facilitar la puesta a cero.<\/li>\n<li>La lectura sin paralaje para obtener la m\u00e1xima precisi\u00f3n y consistencia se logra simplemente alineando el menisco con su imagen reflejada en la escala de aluminio pulido.<\/li>\n<li>El ajuste de nivelaci\u00f3n de tipo de tornillo para medidores de estilo inclinado proporciona una nivelaci\u00f3n r\u00e1pida y precisa con referencia al nivel de burbuja de vidrio esmerilado ensitivo integral.<\/li>\n<li>Amueblado completo con accesorios y malet\u00edn de pl\u00e1stico.<\/li>\n<\/ul>\n<p>&nbsp;<\/p>\n","protected":false},"excerpt":{"rendered":"<p>El cuerpo de pl\u00e1stico acr\u00edlico grueso de 1 &#8220;es un bloque s\u00f3lido, pr\u00e1cticamente irrompible, estable y libre del peligro de distorsi\u00f3n. El orificio perforado con una precisi\u00f3n de \u00b1.0002&#8221; est\u00e1 permanentemente libre de curvas o torceduras, no requerir\u00e1 recalibraci\u00f3n debido a la distorsi\u00f3n.<\/p>\n","protected":false},"featured_media":3769,"comment_status":"open","ping_status":"closed","template":"","meta":{"_joinchat":[]},"product_brand":[],"product_cat":[15],"product_tag":[],"class_list":{"0":"post-3764","1":"product","2":"type-product","3":"status-publish","4":"has-post-thumbnail","6":"product_cat-sin-categorizar","8":"first","9":"instock","10":"shipping-taxable","11":"product-type-simple"},"yoast_head":"<!-- This site is optimized with the Yoast SEO plugin v26.4 - https:\/\/yoast.com\/wordpress\/plugins\/seo\/ -->\n<title>man\u00f3metro inclinado dwyer 100.5 durablock (.10-0-1.0&quot;w.c.) con escala de 8-1-4&quot; - Abaa tienda online<\/title>\n<meta name=\"robots\" content=\"index, follow, max-snippet:-1, max-image-preview:large, max-video-preview:-1\" \/>\n<link rel=\"canonical\" href=\"https:\/\/abaa.mx\/tienda\/manometro-inclinado-dwyer-100-5-durablock-10-0-1-0w-c-con-escala-de-8-1-4\/\" \/>\n<meta property=\"og:locale\" content=\"es_MX\" \/>\n<meta property=\"og:type\" content=\"article\" \/>\n<meta property=\"og:title\" content=\"man\u00f3metro inclinado dwyer 100.5 durablock (.10-0-1.0&quot;w.c.) con escala de 8-1-4&quot; - Abaa tienda online\" \/>\n<meta property=\"og:description\" content=\"El cuerpo de pl\u00e1stico acr\u00edlico grueso de 1 &quot;es un bloque s\u00f3lido, pr\u00e1cticamente irrompible, estable y libre del peligro de distorsi\u00f3n. El orificio perforado con una precisi\u00f3n de \u00b1.0002&quot; est\u00e1 permanentemente libre de curvas o torceduras, no requerir\u00e1 recalibraci\u00f3n debido a la distorsi\u00f3n.\" \/>\n<meta property=\"og:url\" content=\"https:\/\/abaa.mx\/tienda\/manometro-inclinado-dwyer-100-5-durablock-10-0-1-0w-c-con-escala-de-8-1-4\/\" \/>\n<meta property=\"og:site_name\" content=\"Abaa tienda online\" \/>\n<meta property=\"article:modified_time\" content=\"2023-12-06T17:16:10+00:00\" \/>\n<meta property=\"og:image\" content=\"https:\/\/abaa.mx\/tienda\/wp-content\/uploads\/2023\/09\/101.jpg\" \/>\n\t<meta property=\"og:image:width\" content=\"270\" \/>\n\t<meta property=\"og:image:height\" content=\"247\" \/>\n\t<meta property=\"og:image:type\" content=\"image\/jpeg\" \/>\n<meta name=\"twitter:card\" content=\"summary_large_image\" \/>\n<meta name=\"twitter:label1\" content=\"Tiempo de lectura\" \/>\n\t<meta name=\"twitter:data1\" content=\"1 minuto\" \/>\n<script type=\"application\/ld+json\" class=\"yoast-schema-graph\">{\"@context\":\"https:\/\/schema.org\",\"@graph\":[{\"@type\":\"WebPage\",\"@id\":\"https:\/\/abaa.mx\/tienda\/manometro-inclinado-dwyer-100-5-durablock-10-0-1-0w-c-con-escala-de-8-1-4\/\",\"url\":\"https:\/\/abaa.mx\/tienda\/manometro-inclinado-dwyer-100-5-durablock-10-0-1-0w-c-con-escala-de-8-1-4\/\",\"name\":\"man\u00f3metro inclinado dwyer 100.5 durablock (.10-0-1.0\\\"w.c.) con escala de 8-1-4\\\" - Abaa tienda online\",\"isPartOf\":{\"@id\":\"https:\/\/abaa.mx\/tienda\/#website\"},\"primaryImageOfPage\":{\"@id\":\"https:\/\/abaa.mx\/tienda\/manometro-inclinado-dwyer-100-5-durablock-10-0-1-0w-c-con-escala-de-8-1-4\/#primaryimage\"},\"image\":{\"@id\":\"https:\/\/abaa.mx\/tienda\/manometro-inclinado-dwyer-100-5-durablock-10-0-1-0w-c-con-escala-de-8-1-4\/#primaryimage\"},\"thumbnailUrl\":\"https:\/\/abaa.mx\/tienda\/wp-content\/uploads\/2023\/09\/101.jpg\",\"datePublished\":\"2023-09-29T16:21:46+00:00\",\"dateModified\":\"2023-12-06T17:16:10+00:00\",\"breadcrumb\":{\"@id\":\"https:\/\/abaa.mx\/tienda\/manometro-inclinado-dwyer-100-5-durablock-10-0-1-0w-c-con-escala-de-8-1-4\/#breadcrumb\"},\"inLanguage\":\"es\",\"potentialAction\":[{\"@type\":\"ReadAction\",\"target\":[\"https:\/\/abaa.mx\/tienda\/manometro-inclinado-dwyer-100-5-durablock-10-0-1-0w-c-con-escala-de-8-1-4\/\"]}]},{\"@type\":\"ImageObject\",\"inLanguage\":\"es\",\"@id\":\"https:\/\/abaa.mx\/tienda\/manometro-inclinado-dwyer-100-5-durablock-10-0-1-0w-c-con-escala-de-8-1-4\/#primaryimage\",\"url\":\"https:\/\/abaa.mx\/tienda\/wp-content\/uploads\/2023\/09\/101.jpg\",\"contentUrl\":\"https:\/\/abaa.mx\/tienda\/wp-content\/uploads\/2023\/09\/101.jpg\",\"width\":270,\"height\":247,\"caption\":\"101\"},{\"@type\":\"BreadcrumbList\",\"@id\":\"https:\/\/abaa.mx\/tienda\/manometro-inclinado-dwyer-100-5-durablock-10-0-1-0w-c-con-escala-de-8-1-4\/#breadcrumb\",\"itemListElement\":[{\"@type\":\"ListItem\",\"position\":1,\"name\":\"Inicio\",\"item\":\"https:\/\/abaa.mx\/tienda\/\"},{\"@type\":\"ListItem\",\"position\":2,\"name\":\"Tienda\",\"item\":\"https:\/\/abaa.mx\/tienda\/\"},{\"@type\":\"ListItem\",\"position\":3,\"name\":\"man\u00f3metro inclinado dwyer 100.5 durablock (.10-0-1.0&#8243;w.c.) con escala de 8-1-4&#8243;\"}]},{\"@type\":\"WebSite\",\"@id\":\"https:\/\/abaa.mx\/tienda\/#website\",\"url\":\"https:\/\/abaa.mx\/tienda\/\",\"name\":\"Abaa tienda online\",\"description\":\"Instrumentos de medici\u00f3n\",\"publisher\":{\"@id\":\"https:\/\/abaa.mx\/tienda\/#organization\"},\"potentialAction\":[{\"@type\":\"SearchAction\",\"target\":{\"@type\":\"EntryPoint\",\"urlTemplate\":\"https:\/\/abaa.mx\/tienda\/?s={search_term_string}\"},\"query-input\":{\"@type\":\"PropertyValueSpecification\",\"valueRequired\":true,\"valueName\":\"search_term_string\"}}],\"inLanguage\":\"es\"},{\"@type\":\"Organization\",\"@id\":\"https:\/\/abaa.mx\/tienda\/#organization\",\"name\":\"Abaa tienda online\",\"url\":\"https:\/\/abaa.mx\/tienda\/\",\"logo\":{\"@type\":\"ImageObject\",\"inLanguage\":\"es\",\"@id\":\"https:\/\/abaa.mx\/tienda\/#\/schema\/logo\/image\/\",\"url\":\"https:\/\/abaa.mx\/tienda\/wp-content\/uploads\/2024\/01\/abaa-metrologia-tienda.png\",\"contentUrl\":\"https:\/\/abaa.mx\/tienda\/wp-content\/uploads\/2024\/01\/abaa-metrologia-tienda.png\",\"width\":300,\"height\":141,\"caption\":\"Abaa tienda online\"},\"image\":{\"@id\":\"https:\/\/abaa.mx\/tienda\/#\/schema\/logo\/image\/\"}}]}<\/script>\n<!-- \/ Yoast SEO plugin. -->","yoast_head_json":{"title":"man\u00f3metro inclinado dwyer 100.5 durablock (.10-0-1.0\"w.c.) con escala de 8-1-4\" - Abaa tienda online","robots":{"index":"index","follow":"follow","max-snippet":"max-snippet:-1","max-image-preview":"max-image-preview:large","max-video-preview":"max-video-preview:-1"},"canonical":"https:\/\/abaa.mx\/tienda\/manometro-inclinado-dwyer-100-5-durablock-10-0-1-0w-c-con-escala-de-8-1-4\/","og_locale":"es_MX","og_type":"article","og_title":"man\u00f3metro inclinado dwyer 100.5 durablock (.10-0-1.0\"w.c.) con escala de 8-1-4\" - Abaa tienda online","og_description":"El cuerpo de pl\u00e1stico acr\u00edlico grueso de 1 \"es un bloque s\u00f3lido, pr\u00e1cticamente irrompible, estable y libre del peligro de distorsi\u00f3n. El orificio perforado con una precisi\u00f3n de \u00b1.0002\" est\u00e1 permanentemente libre de curvas o torceduras, no requerir\u00e1 recalibraci\u00f3n debido a la distorsi\u00f3n.","og_url":"https:\/\/abaa.mx\/tienda\/manometro-inclinado-dwyer-100-5-durablock-10-0-1-0w-c-con-escala-de-8-1-4\/","og_site_name":"Abaa tienda online","article_modified_time":"2023-12-06T17:16:10+00:00","og_image":[{"width":270,"height":247,"url":"https:\/\/abaa.mx\/tienda\/wp-content\/uploads\/2023\/09\/101.jpg","type":"image\/jpeg"}],"twitter_card":"summary_large_image","twitter_misc":{"Tiempo de lectura":"1 minuto"},"schema":{"@context":"https:\/\/schema.org","@graph":[{"@type":"WebPage","@id":"https:\/\/abaa.mx\/tienda\/manometro-inclinado-dwyer-100-5-durablock-10-0-1-0w-c-con-escala-de-8-1-4\/","url":"https:\/\/abaa.mx\/tienda\/manometro-inclinado-dwyer-100-5-durablock-10-0-1-0w-c-con-escala-de-8-1-4\/","name":"man\u00f3metro inclinado dwyer 100.5 durablock (.10-0-1.0\"w.c.) con escala de 8-1-4\" - Abaa tienda online","isPartOf":{"@id":"https:\/\/abaa.mx\/tienda\/#website"},"primaryImageOfPage":{"@id":"https:\/\/abaa.mx\/tienda\/manometro-inclinado-dwyer-100-5-durablock-10-0-1-0w-c-con-escala-de-8-1-4\/#primaryimage"},"image":{"@id":"https:\/\/abaa.mx\/tienda\/manometro-inclinado-dwyer-100-5-durablock-10-0-1-0w-c-con-escala-de-8-1-4\/#primaryimage"},"thumbnailUrl":"https:\/\/abaa.mx\/tienda\/wp-content\/uploads\/2023\/09\/101.jpg","datePublished":"2023-09-29T16:21:46+00:00","dateModified":"2023-12-06T17:16:10+00:00","breadcrumb":{"@id":"https:\/\/abaa.mx\/tienda\/manometro-inclinado-dwyer-100-5-durablock-10-0-1-0w-c-con-escala-de-8-1-4\/#breadcrumb"},"inLanguage":"es","potentialAction":[{"@type":"ReadAction","target":["https:\/\/abaa.mx\/tienda\/manometro-inclinado-dwyer-100-5-durablock-10-0-1-0w-c-con-escala-de-8-1-4\/"]}]},{"@type":"ImageObject","inLanguage":"es","@id":"https:\/\/abaa.mx\/tienda\/manometro-inclinado-dwyer-100-5-durablock-10-0-1-0w-c-con-escala-de-8-1-4\/#primaryimage","url":"https:\/\/abaa.mx\/tienda\/wp-content\/uploads\/2023\/09\/101.jpg","contentUrl":"https:\/\/abaa.mx\/tienda\/wp-content\/uploads\/2023\/09\/101.jpg","width":270,"height":247,"caption":"101"},{"@type":"BreadcrumbList","@id":"https:\/\/abaa.mx\/tienda\/manometro-inclinado-dwyer-100-5-durablock-10-0-1-0w-c-con-escala-de-8-1-4\/#breadcrumb","itemListElement":[{"@type":"ListItem","position":1,"name":"Inicio","item":"https:\/\/abaa.mx\/tienda\/"},{"@type":"ListItem","position":2,"name":"Tienda","item":"https:\/\/abaa.mx\/tienda\/"},{"@type":"ListItem","position":3,"name":"man\u00f3metro inclinado dwyer 100.5 durablock (.10-0-1.0&#8243;w.c.) con escala de 8-1-4&#8243;"}]},{"@type":"WebSite","@id":"https:\/\/abaa.mx\/tienda\/#website","url":"https:\/\/abaa.mx\/tienda\/","name":"Abaa tienda online","description":"Instrumentos de medici\u00f3n","publisher":{"@id":"https:\/\/abaa.mx\/tienda\/#organization"},"potentialAction":[{"@type":"SearchAction","target":{"@type":"EntryPoint","urlTemplate":"https:\/\/abaa.mx\/tienda\/?s={search_term_string}"},"query-input":{"@type":"PropertyValueSpecification","valueRequired":true,"valueName":"search_term_string"}}],"inLanguage":"es"},{"@type":"Organization","@id":"https:\/\/abaa.mx\/tienda\/#organization","name":"Abaa tienda online","url":"https:\/\/abaa.mx\/tienda\/","logo":{"@type":"ImageObject","inLanguage":"es","@id":"https:\/\/abaa.mx\/tienda\/#\/schema\/logo\/image\/","url":"https:\/\/abaa.mx\/tienda\/wp-content\/uploads\/2024\/01\/abaa-metrologia-tienda.png","contentUrl":"https:\/\/abaa.mx\/tienda\/wp-content\/uploads\/2024\/01\/abaa-metrologia-tienda.png","width":300,"height":141,"caption":"Abaa tienda online"},"image":{"@id":"https:\/\/abaa.mx\/tienda\/#\/schema\/logo\/image\/"}}]}},"_links":{"self":[{"href":"https:\/\/abaa.mx\/tienda\/wp-json\/wp\/v2\/product\/3764","targetHints":{"allow":["GET"]}}],"collection":[{"href":"https:\/\/abaa.mx\/tienda\/wp-json\/wp\/v2\/product"}],"about":[{"href":"https:\/\/abaa.mx\/tienda\/wp-json\/wp\/v2\/types\/product"}],"replies":[{"embeddable":true,"href":"https:\/\/abaa.mx\/tienda\/wp-json\/wp\/v2\/comments?post=3764"}],"wp:featuredmedia":[{"embeddable":true,"href":"https:\/\/abaa.mx\/tienda\/wp-json\/wp\/v2\/media\/3769"}],"wp:attachment":[{"href":"https:\/\/abaa.mx\/tienda\/wp-json\/wp\/v2\/media?parent=3764"}],"wp:term":[{"taxonomy":"product_brand","embeddable":true,"href":"https:\/\/abaa.mx\/tienda\/wp-json\/wp\/v2\/product_brand?post=3764"},{"taxonomy":"product_cat","embeddable":true,"href":"https:\/\/abaa.mx\/tienda\/wp-json\/wp\/v2\/product_cat?post=3764"},{"taxonomy":"product_tag","embeddable":true,"href":"https:\/\/abaa.mx\/tienda\/wp-json\/wp\/v2\/product_tag?post=3764"}],"curies":[{"name":"wp","href":"https:\/\/api.w.org\/{rel}","templated":true}]}}