{"id":3761,"date":"2023-09-29T16:35:13","date_gmt":"2023-09-29T16:35:13","guid":{"rendered":"https:\/\/abaa.mx\/tienda\/?post_type=product&#038;p=3761"},"modified":"2023-12-01T19:38:14","modified_gmt":"2023-12-01T19:38:14","slug":"mitutoyo-293-342-30-micrometro-a-prueba-de-refrigerante-2-3-50-8-76-2mm-con-tope-de-trinquete-sin-spc","status":"publish","type":"product","link":"https:\/\/abaa.mx\/tienda\/mitutoyo-293-342-30-micrometro-a-prueba-de-refrigerante-2-3-50-8-76-2mm-con-tope-de-trinquete-sin-spc\/","title":{"rendered":"Mitutoyo 293-342-30 micr\u00f3metro a prueba de refrigerante, 2-3&#8243;-50.8-76.2mm, con tope de trinquete sin spc"},"content":{"rendered":"<h5><strong>Funciones<\/strong><\/h5>\n<ul>\n<li>A prueba de refrigerante<\/li>\n<li>Bater\u00eda dos veces m\u00e1s larga que antes y mejora dr\u00e1stica en la eficiencia de medici\u00f3n<\/li>\n<li>Nivel de protecci\u00f3n IP65, que permite su uso en entornos expuestos al aceite de corte, etc. (se requiere tratamiento anticorrosi\u00f3n despu\u00e9s del uso)<\/li>\n<li>La funci\u00f3n de salida de datos de medici\u00f3n est\u00e1 disponible con un cable de conexi\u00f3n resistente al agua<\/li>\n<li>Funci\u00f3n de encendido\/apagado autom\u00e1tico<\/li>\n<li>Pantalla LCD<\/li>\n<li>Caras de medici\u00f3n con punta de carburo<\/li>\n<\/ul>\n<h5><strong>Aplicaciones<\/strong><\/h5>\n<p>Ideal para las siguientes aplicaciones: Industrial, Sala de Inspecci\u00f3n, Fabricaci\u00f3n, Control de Calidad, Metalurgia<\/p>\n<h4>Especificaciones<\/h4>\n<table class=\"table table-striped\">\n<tbody>\n<tr>\n<td>Tipo<\/td>\n<td>Est\u00e1ndar<\/td>\n<\/tr>\n<tr>\n<td>Medida m\u00ednima (pulgada decimal)<\/td>\n<td>1.0000<\/td>\n<\/tr>\n<tr>\n<td>Medida m\u00ednima (mm)<\/td>\n<td>25.40<\/td>\n<\/tr>\n<tr>\n<td>Medida m\u00e1xima (mm)<\/td>\n<td>50.80<\/td>\n<\/tr>\n<tr>\n<td>Medici\u00f3n m\u00e1xima (pulgada decimal)<\/td>\n<td>2.0000<\/td>\n<\/tr>\n<tr>\n<td>Tipo de dedal<\/td>\n<td>Parada de trinquete<\/td>\n<\/tr>\n<tr>\n<td>Resoluci\u00f3n (mm)<\/td>\n<td>0.0010<\/td>\n<\/tr>\n<tr>\n<td>Resoluci\u00f3n (pulgada decimal)<\/td>\n<td>0.000050<\/td>\n<\/tr>\n<tr>\n<td>Precisi\u00f3n m\u00e1s\/menos (pulgada decimal)<\/td>\n<td>0.000050<\/td>\n<\/tr>\n<tr>\n<td>Clasificaci\u00f3n de resistencia al agua<\/td>\n<td>IP65<\/td>\n<\/tr>\n<tr>\n<td>Husillo giratorio<\/td>\n<td>S\u00ed<\/td>\n<\/tr>\n<tr>\n<td>Salida de datos<\/td>\n<td>No<\/td>\n<\/tr>\n<tr>\n<td>Medici\u00f3n de la cara<\/td>\n<td>Material Carburo<\/td>\n<\/tr>\n<tr>\n<td>Tipo de bater\u00eda<\/td>\n<td>SR44<\/td>\n<\/tr>\n<tr>\n<td>Incluye<\/td>\n<td>Caja de pl\u00e1stico<\/td>\n<\/tr>\n<\/tbody>\n<\/table>\n","protected":false},"excerpt":{"rendered":"<p class=\"short-description mhide ipad-view-setting\">Este micr\u00f3metro es a prueba de polvo \/ agua y cumple con el nivel IP65, lo que le permite ser utilizado en entornos expuestos al aceite de corte.<\/p>\n<div class=\"row-fluid\">\n<div class=\"span12 mobile-pricing-box-padding\">\n<form id=\"87510\" accept-charset=\"utf-8\" action=\"https:\/\/www.globaltestsupply.com\/shop\/add\" method=\"post\" name=\"addTocartFunction\">\n<div><\/div>\n<\/form>\n<\/div>\n<\/div>\n","protected":false},"featured_media":3785,"comment_status":"open","ping_status":"closed","template":"","meta":{"_joinchat":[]},"product_brand":[],"product_cat":[15],"product_tag":[],"class_list":{"0":"post-3761","1":"product","2":"type-product","3":"status-publish","4":"has-post-thumbnail","6":"product_cat-sin-categorizar","8":"first","9":"instock","10":"shipping-taxable","11":"product-type-simple"},"yoast_head":"<!-- This site is optimized with the Yoast SEO plugin v26.4 - https:\/\/yoast.com\/wordpress\/plugins\/seo\/ -->\n<title>Mitutoyo 293-342-30 micr\u00f3metro a prueba de refrigerante, 2-3&quot;-50.8-76.2mm, con tope de trinquete sin spc - Abaa tienda online<\/title>\n<meta name=\"robots\" content=\"index, follow, max-snippet:-1, max-image-preview:large, max-video-preview:-1\" \/>\n<link rel=\"canonical\" href=\"https:\/\/abaa.mx\/tienda\/mitutoyo-293-342-30-micrometro-a-prueba-de-refrigerante-2-3-50-8-76-2mm-con-tope-de-trinquete-sin-spc\/\" \/>\n<meta property=\"og:locale\" content=\"es_MX\" \/>\n<meta property=\"og:type\" content=\"article\" \/>\n<meta property=\"og:title\" content=\"Mitutoyo 293-342-30 micr\u00f3metro a prueba de refrigerante, 2-3&quot;-50.8-76.2mm, con tope de trinquete sin spc - Abaa tienda online\" \/>\n<meta property=\"og:description\" content=\"Este micr\u00f3metro es a prueba de polvo \/ agua y cumple con el nivel IP65, lo que le permite ser utilizado en entornos expuestos al aceite de corte.\" \/>\n<meta property=\"og:url\" content=\"https:\/\/abaa.mx\/tienda\/mitutoyo-293-342-30-micrometro-a-prueba-de-refrigerante-2-3-50-8-76-2mm-con-tope-de-trinquete-sin-spc\/\" \/>\n<meta property=\"og:site_name\" content=\"Abaa tienda online\" \/>\n<meta property=\"article:modified_time\" content=\"2023-12-01T19:38:14+00:00\" \/>\n<meta property=\"og:image\" content=\"https:\/\/abaa.mx\/tienda\/wp-content\/uploads\/2023\/09\/293-342-30.jpg\" \/>\n\t<meta property=\"og:image:width\" content=\"270\" \/>\n\t<meta property=\"og:image:height\" content=\"500\" \/>\n\t<meta property=\"og:image:type\" content=\"image\/jpeg\" \/>\n<meta name=\"twitter:card\" content=\"summary_large_image\" \/>\n<meta name=\"twitter:label1\" content=\"Tiempo de lectura\" \/>\n\t<meta name=\"twitter:data1\" content=\"1 minuto\" \/>\n<script type=\"application\/ld+json\" class=\"yoast-schema-graph\">{\"@context\":\"https:\/\/schema.org\",\"@graph\":[{\"@type\":\"WebPage\",\"@id\":\"https:\/\/abaa.mx\/tienda\/mitutoyo-293-342-30-micrometro-a-prueba-de-refrigerante-2-3-50-8-76-2mm-con-tope-de-trinquete-sin-spc\/\",\"url\":\"https:\/\/abaa.mx\/tienda\/mitutoyo-293-342-30-micrometro-a-prueba-de-refrigerante-2-3-50-8-76-2mm-con-tope-de-trinquete-sin-spc\/\",\"name\":\"Mitutoyo 293-342-30 micr\u00f3metro a prueba de refrigerante, 2-3\\\"-50.8-76.2mm, con tope de trinquete sin spc - Abaa tienda online\",\"isPartOf\":{\"@id\":\"https:\/\/abaa.mx\/tienda\/#website\"},\"primaryImageOfPage\":{\"@id\":\"https:\/\/abaa.mx\/tienda\/mitutoyo-293-342-30-micrometro-a-prueba-de-refrigerante-2-3-50-8-76-2mm-con-tope-de-trinquete-sin-spc\/#primaryimage\"},\"image\":{\"@id\":\"https:\/\/abaa.mx\/tienda\/mitutoyo-293-342-30-micrometro-a-prueba-de-refrigerante-2-3-50-8-76-2mm-con-tope-de-trinquete-sin-spc\/#primaryimage\"},\"thumbnailUrl\":\"https:\/\/abaa.mx\/tienda\/wp-content\/uploads\/2023\/09\/293-342-30.jpg\",\"datePublished\":\"2023-09-29T16:35:13+00:00\",\"dateModified\":\"2023-12-01T19:38:14+00:00\",\"breadcrumb\":{\"@id\":\"https:\/\/abaa.mx\/tienda\/mitutoyo-293-342-30-micrometro-a-prueba-de-refrigerante-2-3-50-8-76-2mm-con-tope-de-trinquete-sin-spc\/#breadcrumb\"},\"inLanguage\":\"es\",\"potentialAction\":[{\"@type\":\"ReadAction\",\"target\":[\"https:\/\/abaa.mx\/tienda\/mitutoyo-293-342-30-micrometro-a-prueba-de-refrigerante-2-3-50-8-76-2mm-con-tope-de-trinquete-sin-spc\/\"]}]},{\"@type\":\"ImageObject\",\"inLanguage\":\"es\",\"@id\":\"https:\/\/abaa.mx\/tienda\/mitutoyo-293-342-30-micrometro-a-prueba-de-refrigerante-2-3-50-8-76-2mm-con-tope-de-trinquete-sin-spc\/#primaryimage\",\"url\":\"https:\/\/abaa.mx\/tienda\/wp-content\/uploads\/2023\/09\/293-342-30.jpg\",\"contentUrl\":\"https:\/\/abaa.mx\/tienda\/wp-content\/uploads\/2023\/09\/293-342-30.jpg\",\"width\":270,\"height\":500,\"caption\":\"mitutoyo-293-342-30-micrometro-a-prueba-de-refrigerante-2-3-50-8-76-2mm-con-tope-de-trinquete-sin-spc\"},{\"@type\":\"BreadcrumbList\",\"@id\":\"https:\/\/abaa.mx\/tienda\/mitutoyo-293-342-30-micrometro-a-prueba-de-refrigerante-2-3-50-8-76-2mm-con-tope-de-trinquete-sin-spc\/#breadcrumb\",\"itemListElement\":[{\"@type\":\"ListItem\",\"position\":1,\"name\":\"Inicio\",\"item\":\"https:\/\/abaa.mx\/tienda\/\"},{\"@type\":\"ListItem\",\"position\":2,\"name\":\"Tienda\",\"item\":\"https:\/\/abaa.mx\/tienda\/\"},{\"@type\":\"ListItem\",\"position\":3,\"name\":\"Mitutoyo 293-342-30 micr\u00f3metro a prueba de refrigerante, 2-3&#8243;-50.8-76.2mm, con tope de trinquete sin spc\"}]},{\"@type\":\"WebSite\",\"@id\":\"https:\/\/abaa.mx\/tienda\/#website\",\"url\":\"https:\/\/abaa.mx\/tienda\/\",\"name\":\"Abaa tienda online\",\"description\":\"Instrumentos de medici\u00f3n\",\"publisher\":{\"@id\":\"https:\/\/abaa.mx\/tienda\/#organization\"},\"potentialAction\":[{\"@type\":\"SearchAction\",\"target\":{\"@type\":\"EntryPoint\",\"urlTemplate\":\"https:\/\/abaa.mx\/tienda\/?s={search_term_string}\"},\"query-input\":{\"@type\":\"PropertyValueSpecification\",\"valueRequired\":true,\"valueName\":\"search_term_string\"}}],\"inLanguage\":\"es\"},{\"@type\":\"Organization\",\"@id\":\"https:\/\/abaa.mx\/tienda\/#organization\",\"name\":\"Abaa tienda online\",\"url\":\"https:\/\/abaa.mx\/tienda\/\",\"logo\":{\"@type\":\"ImageObject\",\"inLanguage\":\"es\",\"@id\":\"https:\/\/abaa.mx\/tienda\/#\/schema\/logo\/image\/\",\"url\":\"https:\/\/abaa.mx\/tienda\/wp-content\/uploads\/2024\/01\/abaa-metrologia-tienda.png\",\"contentUrl\":\"https:\/\/abaa.mx\/tienda\/wp-content\/uploads\/2024\/01\/abaa-metrologia-tienda.png\",\"width\":300,\"height\":141,\"caption\":\"Abaa tienda online\"},\"image\":{\"@id\":\"https:\/\/abaa.mx\/tienda\/#\/schema\/logo\/image\/\"}}]}<\/script>\n<!-- \/ Yoast SEO plugin. -->","yoast_head_json":{"title":"Mitutoyo 293-342-30 micr\u00f3metro a prueba de refrigerante, 2-3\"-50.8-76.2mm, con tope de trinquete sin spc - Abaa tienda online","robots":{"index":"index","follow":"follow","max-snippet":"max-snippet:-1","max-image-preview":"max-image-preview:large","max-video-preview":"max-video-preview:-1"},"canonical":"https:\/\/abaa.mx\/tienda\/mitutoyo-293-342-30-micrometro-a-prueba-de-refrigerante-2-3-50-8-76-2mm-con-tope-de-trinquete-sin-spc\/","og_locale":"es_MX","og_type":"article","og_title":"Mitutoyo 293-342-30 micr\u00f3metro a prueba de refrigerante, 2-3\"-50.8-76.2mm, con tope de trinquete sin spc - Abaa tienda online","og_description":"Este micr\u00f3metro es a prueba de polvo \/ agua y cumple con el nivel IP65, lo que le permite ser utilizado en entornos expuestos al aceite de corte.","og_url":"https:\/\/abaa.mx\/tienda\/mitutoyo-293-342-30-micrometro-a-prueba-de-refrigerante-2-3-50-8-76-2mm-con-tope-de-trinquete-sin-spc\/","og_site_name":"Abaa tienda online","article_modified_time":"2023-12-01T19:38:14+00:00","og_image":[{"width":270,"height":500,"url":"https:\/\/abaa.mx\/tienda\/wp-content\/uploads\/2023\/09\/293-342-30.jpg","type":"image\/jpeg"}],"twitter_card":"summary_large_image","twitter_misc":{"Tiempo de lectura":"1 minuto"},"schema":{"@context":"https:\/\/schema.org","@graph":[{"@type":"WebPage","@id":"https:\/\/abaa.mx\/tienda\/mitutoyo-293-342-30-micrometro-a-prueba-de-refrigerante-2-3-50-8-76-2mm-con-tope-de-trinquete-sin-spc\/","url":"https:\/\/abaa.mx\/tienda\/mitutoyo-293-342-30-micrometro-a-prueba-de-refrigerante-2-3-50-8-76-2mm-con-tope-de-trinquete-sin-spc\/","name":"Mitutoyo 293-342-30 micr\u00f3metro a prueba de refrigerante, 2-3\"-50.8-76.2mm, con tope de trinquete sin spc - Abaa tienda online","isPartOf":{"@id":"https:\/\/abaa.mx\/tienda\/#website"},"primaryImageOfPage":{"@id":"https:\/\/abaa.mx\/tienda\/mitutoyo-293-342-30-micrometro-a-prueba-de-refrigerante-2-3-50-8-76-2mm-con-tope-de-trinquete-sin-spc\/#primaryimage"},"image":{"@id":"https:\/\/abaa.mx\/tienda\/mitutoyo-293-342-30-micrometro-a-prueba-de-refrigerante-2-3-50-8-76-2mm-con-tope-de-trinquete-sin-spc\/#primaryimage"},"thumbnailUrl":"https:\/\/abaa.mx\/tienda\/wp-content\/uploads\/2023\/09\/293-342-30.jpg","datePublished":"2023-09-29T16:35:13+00:00","dateModified":"2023-12-01T19:38:14+00:00","breadcrumb":{"@id":"https:\/\/abaa.mx\/tienda\/mitutoyo-293-342-30-micrometro-a-prueba-de-refrigerante-2-3-50-8-76-2mm-con-tope-de-trinquete-sin-spc\/#breadcrumb"},"inLanguage":"es","potentialAction":[{"@type":"ReadAction","target":["https:\/\/abaa.mx\/tienda\/mitutoyo-293-342-30-micrometro-a-prueba-de-refrigerante-2-3-50-8-76-2mm-con-tope-de-trinquete-sin-spc\/"]}]},{"@type":"ImageObject","inLanguage":"es","@id":"https:\/\/abaa.mx\/tienda\/mitutoyo-293-342-30-micrometro-a-prueba-de-refrigerante-2-3-50-8-76-2mm-con-tope-de-trinquete-sin-spc\/#primaryimage","url":"https:\/\/abaa.mx\/tienda\/wp-content\/uploads\/2023\/09\/293-342-30.jpg","contentUrl":"https:\/\/abaa.mx\/tienda\/wp-content\/uploads\/2023\/09\/293-342-30.jpg","width":270,"height":500,"caption":"mitutoyo-293-342-30-micrometro-a-prueba-de-refrigerante-2-3-50-8-76-2mm-con-tope-de-trinquete-sin-spc"},{"@type":"BreadcrumbList","@id":"https:\/\/abaa.mx\/tienda\/mitutoyo-293-342-30-micrometro-a-prueba-de-refrigerante-2-3-50-8-76-2mm-con-tope-de-trinquete-sin-spc\/#breadcrumb","itemListElement":[{"@type":"ListItem","position":1,"name":"Inicio","item":"https:\/\/abaa.mx\/tienda\/"},{"@type":"ListItem","position":2,"name":"Tienda","item":"https:\/\/abaa.mx\/tienda\/"},{"@type":"ListItem","position":3,"name":"Mitutoyo 293-342-30 micr\u00f3metro a prueba de refrigerante, 2-3&#8243;-50.8-76.2mm, con tope de trinquete sin spc"}]},{"@type":"WebSite","@id":"https:\/\/abaa.mx\/tienda\/#website","url":"https:\/\/abaa.mx\/tienda\/","name":"Abaa tienda online","description":"Instrumentos de medici\u00f3n","publisher":{"@id":"https:\/\/abaa.mx\/tienda\/#organization"},"potentialAction":[{"@type":"SearchAction","target":{"@type":"EntryPoint","urlTemplate":"https:\/\/abaa.mx\/tienda\/?s={search_term_string}"},"query-input":{"@type":"PropertyValueSpecification","valueRequired":true,"valueName":"search_term_string"}}],"inLanguage":"es"},{"@type":"Organization","@id":"https:\/\/abaa.mx\/tienda\/#organization","name":"Abaa tienda online","url":"https:\/\/abaa.mx\/tienda\/","logo":{"@type":"ImageObject","inLanguage":"es","@id":"https:\/\/abaa.mx\/tienda\/#\/schema\/logo\/image\/","url":"https:\/\/abaa.mx\/tienda\/wp-content\/uploads\/2024\/01\/abaa-metrologia-tienda.png","contentUrl":"https:\/\/abaa.mx\/tienda\/wp-content\/uploads\/2024\/01\/abaa-metrologia-tienda.png","width":300,"height":141,"caption":"Abaa tienda online"},"image":{"@id":"https:\/\/abaa.mx\/tienda\/#\/schema\/logo\/image\/"}}]}},"_links":{"self":[{"href":"https:\/\/abaa.mx\/tienda\/wp-json\/wp\/v2\/product\/3761","targetHints":{"allow":["GET"]}}],"collection":[{"href":"https:\/\/abaa.mx\/tienda\/wp-json\/wp\/v2\/product"}],"about":[{"href":"https:\/\/abaa.mx\/tienda\/wp-json\/wp\/v2\/types\/product"}],"replies":[{"embeddable":true,"href":"https:\/\/abaa.mx\/tienda\/wp-json\/wp\/v2\/comments?post=3761"}],"wp:featuredmedia":[{"embeddable":true,"href":"https:\/\/abaa.mx\/tienda\/wp-json\/wp\/v2\/media\/3785"}],"wp:attachment":[{"href":"https:\/\/abaa.mx\/tienda\/wp-json\/wp\/v2\/media?parent=3761"}],"wp:term":[{"taxonomy":"product_brand","embeddable":true,"href":"https:\/\/abaa.mx\/tienda\/wp-json\/wp\/v2\/product_brand?post=3761"},{"taxonomy":"product_cat","embeddable":true,"href":"https:\/\/abaa.mx\/tienda\/wp-json\/wp\/v2\/product_cat?post=3761"},{"taxonomy":"product_tag","embeddable":true,"href":"https:\/\/abaa.mx\/tienda\/wp-json\/wp\/v2\/product_tag?post=3761"}],"curies":[{"name":"wp","href":"https:\/\/api.w.org\/{rel}","templated":true}]}}