{"id":3636,"date":"2023-09-28T21:54:51","date_gmt":"2023-09-28T21:54:51","guid":{"rendered":"https:\/\/abaa.mx\/tienda\/?post_type=product&#038;p=3636"},"modified":"2023-09-28T21:54:52","modified_gmt":"2023-09-28T21:54:52","slug":"dwyer-1212-kit-de-presion-de-gas-con-manometro-de-tubo-holgado-8-0-8-w-c","status":"publish","type":"product","link":"https:\/\/abaa.mx\/tienda\/dwyer-1212-kit-de-presion-de-gas-con-manometro-de-tubo-holgado-8-0-8-w-c\/","title":{"rendered":"dwyer 1212 kit de presi\u00f3n de gas con man\u00f3metro de tubo holgado, 8-0-8 &#8220;w.c."},"content":{"rendered":"<h4>Dwyer 1212 Ofertas<\/h4>\n<p><strong>Funciones<\/strong><\/p>\n<ul>\n<li>Se enrolla para facilitar el almacenamiento y el transporte<\/li>\n<li>Trampas de seguridad sobre presi\u00f3n para evitar la p\u00e9rdida de fluido debido a presiones de sobrerango o sobretensiones en la presi\u00f3n<\/li>\n<\/ul>\n<p><strong>Aplicaciones<\/strong><\/p>\n<ul>\n<li>Monitoreo de filtros<\/li>\n<li>Presi\u00f3n est\u00e1tica del conducto para ajustar la posici\u00f3n del amortiguador<\/li>\n<\/ul>\n<h4>Dwyer 1212 Especificaciones<\/h4>\n<table class=\"table table-striped\">\n<tbody>\n<tr>\n<td>rango, en<\/td>\n<td>8-0-8<\/td>\n<\/tr>\n<tr>\n<td>Hg Requerido (oz.)<\/td>\n<td>7<\/td>\n<\/tr>\n<\/tbody>\n<\/table>\n","protected":false},"excerpt":{"rendered":"<p>Kit completo que contiene un man\u00f3metro de tubo holgado de 16&#8243;, tubos necesarios y accesorios de conexi\u00f3n para verificar las presiones de gas en pr\u00e1cticamente todos los aparatos de gas, como calentadores de agua, hornos, estufas y secadoras.<\/p>\n","protected":false},"featured_media":3648,"comment_status":"open","ping_status":"closed","template":"","meta":{"_joinchat":[]},"product_brand":[],"product_cat":[15],"product_tag":[],"class_list":{"0":"post-3636","1":"product","2":"type-product","3":"status-publish","4":"has-post-thumbnail","6":"product_cat-sin-categorizar","8":"first","9":"instock","10":"shipping-taxable","11":"product-type-simple"},"yoast_head":"<!-- This site is optimized with the Yoast SEO plugin v26.4 - https:\/\/yoast.com\/wordpress\/plugins\/seo\/ -->\n<title>dwyer 1212 kit de presi\u00f3n de gas con man\u00f3metro de tubo holgado, 8-0-8 &quot;w.c. - Abaa tienda online<\/title>\n<meta name=\"robots\" content=\"index, follow, max-snippet:-1, max-image-preview:large, max-video-preview:-1\" \/>\n<link rel=\"canonical\" href=\"https:\/\/abaa.mx\/tienda\/dwyer-1212-kit-de-presion-de-gas-con-manometro-de-tubo-holgado-8-0-8-w-c\/\" \/>\n<meta property=\"og:locale\" content=\"es_MX\" \/>\n<meta property=\"og:type\" content=\"article\" \/>\n<meta property=\"og:title\" content=\"dwyer 1212 kit de presi\u00f3n de gas con man\u00f3metro de tubo holgado, 8-0-8 &quot;w.c. - Abaa tienda online\" \/>\n<meta property=\"og:description\" content=\"Kit completo que contiene un man\u00f3metro de tubo holgado de 16&quot;, tubos necesarios y accesorios de conexi\u00f3n para verificar las presiones de gas en pr\u00e1cticamente todos los aparatos de gas, como calentadores de agua, hornos, estufas y secadoras.\" \/>\n<meta property=\"og:url\" content=\"https:\/\/abaa.mx\/tienda\/dwyer-1212-kit-de-presion-de-gas-con-manometro-de-tubo-holgado-8-0-8-w-c\/\" \/>\n<meta property=\"og:site_name\" content=\"Abaa tienda online\" \/>\n<meta property=\"article:modified_time\" content=\"2023-09-28T21:54:52+00:00\" \/>\n<meta property=\"og:image\" content=\"https:\/\/abaa.mx\/tienda\/wp-content\/uploads\/2023\/09\/1212.jpg\" \/>\n\t<meta property=\"og:image:width\" content=\"203\" \/>\n\t<meta property=\"og:image:height\" content=\"200\" \/>\n\t<meta property=\"og:image:type\" content=\"image\/jpeg\" \/>\n<meta name=\"twitter:card\" content=\"summary_large_image\" \/>\n<meta name=\"twitter:label1\" content=\"Tiempo de lectura\" \/>\n\t<meta name=\"twitter:data1\" content=\"1 minuto\" \/>\n<script type=\"application\/ld+json\" class=\"yoast-schema-graph\">{\"@context\":\"https:\/\/schema.org\",\"@graph\":[{\"@type\":\"WebPage\",\"@id\":\"https:\/\/abaa.mx\/tienda\/dwyer-1212-kit-de-presion-de-gas-con-manometro-de-tubo-holgado-8-0-8-w-c\/\",\"url\":\"https:\/\/abaa.mx\/tienda\/dwyer-1212-kit-de-presion-de-gas-con-manometro-de-tubo-holgado-8-0-8-w-c\/\",\"name\":\"dwyer 1212 kit de presi\u00f3n de gas con man\u00f3metro de tubo holgado, 8-0-8 \\\"w.c. - Abaa tienda online\",\"isPartOf\":{\"@id\":\"https:\/\/abaa.mx\/tienda\/#website\"},\"primaryImageOfPage\":{\"@id\":\"https:\/\/abaa.mx\/tienda\/dwyer-1212-kit-de-presion-de-gas-con-manometro-de-tubo-holgado-8-0-8-w-c\/#primaryimage\"},\"image\":{\"@id\":\"https:\/\/abaa.mx\/tienda\/dwyer-1212-kit-de-presion-de-gas-con-manometro-de-tubo-holgado-8-0-8-w-c\/#primaryimage\"},\"thumbnailUrl\":\"https:\/\/abaa.mx\/tienda\/wp-content\/uploads\/2023\/09\/1212.jpg\",\"datePublished\":\"2023-09-28T21:54:51+00:00\",\"dateModified\":\"2023-09-28T21:54:52+00:00\",\"breadcrumb\":{\"@id\":\"https:\/\/abaa.mx\/tienda\/dwyer-1212-kit-de-presion-de-gas-con-manometro-de-tubo-holgado-8-0-8-w-c\/#breadcrumb\"},\"inLanguage\":\"es\",\"potentialAction\":[{\"@type\":\"ReadAction\",\"target\":[\"https:\/\/abaa.mx\/tienda\/dwyer-1212-kit-de-presion-de-gas-con-manometro-de-tubo-holgado-8-0-8-w-c\/\"]}]},{\"@type\":\"ImageObject\",\"inLanguage\":\"es\",\"@id\":\"https:\/\/abaa.mx\/tienda\/dwyer-1212-kit-de-presion-de-gas-con-manometro-de-tubo-holgado-8-0-8-w-c\/#primaryimage\",\"url\":\"https:\/\/abaa.mx\/tienda\/wp-content\/uploads\/2023\/09\/1212.jpg\",\"contentUrl\":\"https:\/\/abaa.mx\/tienda\/wp-content\/uploads\/2023\/09\/1212.jpg\",\"width\":203,\"height\":200,\"caption\":\"1212\"},{\"@type\":\"BreadcrumbList\",\"@id\":\"https:\/\/abaa.mx\/tienda\/dwyer-1212-kit-de-presion-de-gas-con-manometro-de-tubo-holgado-8-0-8-w-c\/#breadcrumb\",\"itemListElement\":[{\"@type\":\"ListItem\",\"position\":1,\"name\":\"Inicio\",\"item\":\"https:\/\/abaa.mx\/tienda\/\"},{\"@type\":\"ListItem\",\"position\":2,\"name\":\"Tienda\",\"item\":\"https:\/\/abaa.mx\/tienda\/\"},{\"@type\":\"ListItem\",\"position\":3,\"name\":\"dwyer 1212 kit de presi\u00f3n de gas con man\u00f3metro de tubo holgado, 8-0-8 &#8220;w.c.\"}]},{\"@type\":\"WebSite\",\"@id\":\"https:\/\/abaa.mx\/tienda\/#website\",\"url\":\"https:\/\/abaa.mx\/tienda\/\",\"name\":\"Abaa tienda online\",\"description\":\"Instrumentos de medici\u00f3n\",\"publisher\":{\"@id\":\"https:\/\/abaa.mx\/tienda\/#organization\"},\"potentialAction\":[{\"@type\":\"SearchAction\",\"target\":{\"@type\":\"EntryPoint\",\"urlTemplate\":\"https:\/\/abaa.mx\/tienda\/?s={search_term_string}\"},\"query-input\":{\"@type\":\"PropertyValueSpecification\",\"valueRequired\":true,\"valueName\":\"search_term_string\"}}],\"inLanguage\":\"es\"},{\"@type\":\"Organization\",\"@id\":\"https:\/\/abaa.mx\/tienda\/#organization\",\"name\":\"Abaa tienda online\",\"url\":\"https:\/\/abaa.mx\/tienda\/\",\"logo\":{\"@type\":\"ImageObject\",\"inLanguage\":\"es\",\"@id\":\"https:\/\/abaa.mx\/tienda\/#\/schema\/logo\/image\/\",\"url\":\"https:\/\/abaa.mx\/tienda\/wp-content\/uploads\/2024\/01\/abaa-metrologia-tienda.png\",\"contentUrl\":\"https:\/\/abaa.mx\/tienda\/wp-content\/uploads\/2024\/01\/abaa-metrologia-tienda.png\",\"width\":300,\"height\":141,\"caption\":\"Abaa tienda online\"},\"image\":{\"@id\":\"https:\/\/abaa.mx\/tienda\/#\/schema\/logo\/image\/\"}}]}<\/script>\n<!-- \/ Yoast SEO plugin. -->","yoast_head_json":{"title":"dwyer 1212 kit de presi\u00f3n de gas con man\u00f3metro de tubo holgado, 8-0-8 \"w.c. - Abaa tienda online","robots":{"index":"index","follow":"follow","max-snippet":"max-snippet:-1","max-image-preview":"max-image-preview:large","max-video-preview":"max-video-preview:-1"},"canonical":"https:\/\/abaa.mx\/tienda\/dwyer-1212-kit-de-presion-de-gas-con-manometro-de-tubo-holgado-8-0-8-w-c\/","og_locale":"es_MX","og_type":"article","og_title":"dwyer 1212 kit de presi\u00f3n de gas con man\u00f3metro de tubo holgado, 8-0-8 \"w.c. - Abaa tienda online","og_description":"Kit completo que contiene un man\u00f3metro de tubo holgado de 16\", tubos necesarios y accesorios de conexi\u00f3n para verificar las presiones de gas en pr\u00e1cticamente todos los aparatos de gas, como calentadores de agua, hornos, estufas y secadoras.","og_url":"https:\/\/abaa.mx\/tienda\/dwyer-1212-kit-de-presion-de-gas-con-manometro-de-tubo-holgado-8-0-8-w-c\/","og_site_name":"Abaa tienda online","article_modified_time":"2023-09-28T21:54:52+00:00","og_image":[{"width":203,"height":200,"url":"https:\/\/abaa.mx\/tienda\/wp-content\/uploads\/2023\/09\/1212.jpg","type":"image\/jpeg"}],"twitter_card":"summary_large_image","twitter_misc":{"Tiempo de lectura":"1 minuto"},"schema":{"@context":"https:\/\/schema.org","@graph":[{"@type":"WebPage","@id":"https:\/\/abaa.mx\/tienda\/dwyer-1212-kit-de-presion-de-gas-con-manometro-de-tubo-holgado-8-0-8-w-c\/","url":"https:\/\/abaa.mx\/tienda\/dwyer-1212-kit-de-presion-de-gas-con-manometro-de-tubo-holgado-8-0-8-w-c\/","name":"dwyer 1212 kit de presi\u00f3n de gas con man\u00f3metro de tubo holgado, 8-0-8 \"w.c. - Abaa tienda online","isPartOf":{"@id":"https:\/\/abaa.mx\/tienda\/#website"},"primaryImageOfPage":{"@id":"https:\/\/abaa.mx\/tienda\/dwyer-1212-kit-de-presion-de-gas-con-manometro-de-tubo-holgado-8-0-8-w-c\/#primaryimage"},"image":{"@id":"https:\/\/abaa.mx\/tienda\/dwyer-1212-kit-de-presion-de-gas-con-manometro-de-tubo-holgado-8-0-8-w-c\/#primaryimage"},"thumbnailUrl":"https:\/\/abaa.mx\/tienda\/wp-content\/uploads\/2023\/09\/1212.jpg","datePublished":"2023-09-28T21:54:51+00:00","dateModified":"2023-09-28T21:54:52+00:00","breadcrumb":{"@id":"https:\/\/abaa.mx\/tienda\/dwyer-1212-kit-de-presion-de-gas-con-manometro-de-tubo-holgado-8-0-8-w-c\/#breadcrumb"},"inLanguage":"es","potentialAction":[{"@type":"ReadAction","target":["https:\/\/abaa.mx\/tienda\/dwyer-1212-kit-de-presion-de-gas-con-manometro-de-tubo-holgado-8-0-8-w-c\/"]}]},{"@type":"ImageObject","inLanguage":"es","@id":"https:\/\/abaa.mx\/tienda\/dwyer-1212-kit-de-presion-de-gas-con-manometro-de-tubo-holgado-8-0-8-w-c\/#primaryimage","url":"https:\/\/abaa.mx\/tienda\/wp-content\/uploads\/2023\/09\/1212.jpg","contentUrl":"https:\/\/abaa.mx\/tienda\/wp-content\/uploads\/2023\/09\/1212.jpg","width":203,"height":200,"caption":"1212"},{"@type":"BreadcrumbList","@id":"https:\/\/abaa.mx\/tienda\/dwyer-1212-kit-de-presion-de-gas-con-manometro-de-tubo-holgado-8-0-8-w-c\/#breadcrumb","itemListElement":[{"@type":"ListItem","position":1,"name":"Inicio","item":"https:\/\/abaa.mx\/tienda\/"},{"@type":"ListItem","position":2,"name":"Tienda","item":"https:\/\/abaa.mx\/tienda\/"},{"@type":"ListItem","position":3,"name":"dwyer 1212 kit de presi\u00f3n de gas con man\u00f3metro de tubo holgado, 8-0-8 &#8220;w.c."}]},{"@type":"WebSite","@id":"https:\/\/abaa.mx\/tienda\/#website","url":"https:\/\/abaa.mx\/tienda\/","name":"Abaa tienda online","description":"Instrumentos de medici\u00f3n","publisher":{"@id":"https:\/\/abaa.mx\/tienda\/#organization"},"potentialAction":[{"@type":"SearchAction","target":{"@type":"EntryPoint","urlTemplate":"https:\/\/abaa.mx\/tienda\/?s={search_term_string}"},"query-input":{"@type":"PropertyValueSpecification","valueRequired":true,"valueName":"search_term_string"}}],"inLanguage":"es"},{"@type":"Organization","@id":"https:\/\/abaa.mx\/tienda\/#organization","name":"Abaa tienda online","url":"https:\/\/abaa.mx\/tienda\/","logo":{"@type":"ImageObject","inLanguage":"es","@id":"https:\/\/abaa.mx\/tienda\/#\/schema\/logo\/image\/","url":"https:\/\/abaa.mx\/tienda\/wp-content\/uploads\/2024\/01\/abaa-metrologia-tienda.png","contentUrl":"https:\/\/abaa.mx\/tienda\/wp-content\/uploads\/2024\/01\/abaa-metrologia-tienda.png","width":300,"height":141,"caption":"Abaa tienda online"},"image":{"@id":"https:\/\/abaa.mx\/tienda\/#\/schema\/logo\/image\/"}}]}},"_links":{"self":[{"href":"https:\/\/abaa.mx\/tienda\/wp-json\/wp\/v2\/product\/3636","targetHints":{"allow":["GET"]}}],"collection":[{"href":"https:\/\/abaa.mx\/tienda\/wp-json\/wp\/v2\/product"}],"about":[{"href":"https:\/\/abaa.mx\/tienda\/wp-json\/wp\/v2\/types\/product"}],"replies":[{"embeddable":true,"href":"https:\/\/abaa.mx\/tienda\/wp-json\/wp\/v2\/comments?post=3636"}],"wp:featuredmedia":[{"embeddable":true,"href":"https:\/\/abaa.mx\/tienda\/wp-json\/wp\/v2\/media\/3648"}],"wp:attachment":[{"href":"https:\/\/abaa.mx\/tienda\/wp-json\/wp\/v2\/media?parent=3636"}],"wp:term":[{"taxonomy":"product_brand","embeddable":true,"href":"https:\/\/abaa.mx\/tienda\/wp-json\/wp\/v2\/product_brand?post=3636"},{"taxonomy":"product_cat","embeddable":true,"href":"https:\/\/abaa.mx\/tienda\/wp-json\/wp\/v2\/product_cat?post=3636"},{"taxonomy":"product_tag","embeddable":true,"href":"https:\/\/abaa.mx\/tienda\/wp-json\/wp\/v2\/product_tag?post=3636"}],"curies":[{"name":"wp","href":"https:\/\/api.w.org\/{rel}","templated":true}]}}