{"id":3535,"date":"2023-09-28T19:32:27","date_gmt":"2023-09-28T19:32:27","guid":{"rendered":"https:\/\/abaa.mx\/tienda\/?post_type=product&#038;p=3535"},"modified":"2023-09-28T19:32:28","modified_gmt":"2023-09-28T19:32:28","slug":"mitutoyo-513-403-10e-series-513-indicador-de-prueba-de-dial-de-tipo-horizontal-0-a-0-008","status":"publish","type":"product","link":"https:\/\/abaa.mx\/tienda\/mitutoyo-513-403-10e-series-513-indicador-de-prueba-de-dial-de-tipo-horizontal-0-a-0-008\/","title":{"rendered":"Mitutoyo 513-403-10e series 513 indicador de prueba de dial de tipo horizontal, 0 a 0.008&#8243;"},"content":{"rendered":"<h4>Mitutoyo 513-403-10E<\/h4>\n<p>Ideal para medir variaciones de superficie en \u00e1reas estrechas o empotradas con alta precisi\u00f3n, este indicador de esfera de tipo horizontal cuenta con una direcci\u00f3n de medici\u00f3n reversible, un punto de contacto ajustable y rodamientos con joyas para una alta sensibilidad y una respuesta r\u00e1pida. Adem\u00e1s, la cara horizontal es paralela al eje del indicador y presenta una cara de cristal plana sin deslumbramiento con un revestimiento resistente a los ara\u00f1azos.<\/p>\n<h5><strong>Funciones<\/strong><\/h5>\n<ul>\n<li>Antimagn\u00e9tico<\/li>\n<li>La estructura sin embrague proporciona una inversi\u00f3n autom\u00e1tica de la direcci\u00f3n de medici\u00f3n<\/li>\n<li>El sello de la junta t\u00f3rica y la uni\u00f3n del bisel y el cristal protegen contra el polvo y el aceite mientras giran suavemente<\/li>\n<li>La longitud del punto de contacto est\u00e1 impresa en la esfera para evitar problemas de precisi\u00f3n<\/li>\n<li>El soporte del punto de contacto evita la reacci\u00f3n violenta<\/li>\n<li>El punto de contacto tiene punta de carburo para una precisi\u00f3n duradera y durabilidad<\/li>\n<li>Crystal es libre de deslumbramiento con un revestimiento resistente a los ara\u00f1azos<\/li>\n<li>Realiza una medici\u00f3n f\u00e1cil y precisa de \u00e1reas estrechas o empotradas, adem\u00e1s de di\u00e1metros interiores y exteriores a los que los indicadores de dial no pueden acceder<\/li>\n<li>Alta sensibilidad y respuesta r\u00e1pida gracias a los rodamientos con joyas<\/li>\n<\/ul>\n<h5><strong>Aplicaciones<\/strong><\/h5>\n<ul>\n<li>Medici\u00f3n de \u00e1reas estrechas o empotradas<\/li>\n<li>Di\u00e1metros interior y exterior<\/li>\n<\/ul>\n<h4>\u00a0Especificaciones<\/h4>\n<table class=\"table table-striped\">\n<tbody>\n<tr>\n<td>Gama<\/td>\n<td>0 a 0,008&#8243;<\/td>\n<\/tr>\n<tr>\n<td>Unidades<\/td>\n<td>Pulgadas<\/td>\n<\/tr>\n<tr>\n<td>Punto de contacto<\/td>\n<td>Longitud del<br \/>\ncarburo: 0.74&#8243; (19 mm)<\/td>\n<\/tr>\n<tr>\n<td>Graduaci\u00f3n<\/td>\n<td>0.0001&#8243;<\/td>\n<\/tr>\n<tr>\n<td>Conjunto b\u00e1sico<\/td>\n<td>S\u00ed<\/td>\n<\/tr>\n<tr>\n<td>Lectura de marcaci\u00f3n<\/td>\n<td>0 a 4 a 0<\/td>\n<\/tr>\n<tr>\n<td>Exactitud<\/td>\n<td>\u00b10,0001&#8243;<\/td>\n<\/tr>\n<tr>\n<td>Fuerza de medici\u00f3n<\/td>\n<td>0,3 N o menos<\/td>\n<\/tr>\n<tr>\n<td>Dimensiones<\/td>\n<td>2,97 x 0,98 x \u00f81,75&#8243; (75,5 x 25 x \u00f840 mm)<\/td>\n<\/tr>\n<tr>\n<td>Peso<\/td>\n<td>1,6 onzas (45 g)<\/td>\n<\/tr>\n<\/tbody>\n<\/table>\n","protected":false},"excerpt":{"rendered":"<p>Realice mediciones f\u00e1ciles y precisas en \u00e1reas estrechas o empotradas con este indicador de prueba de dial de tipo horizontal que proporciona di\u00e1metros exteriores a los que los indicadores de dial no pueden acceder. Adem\u00e1s, este indicador presenta unidades imperiales y un rango de medici\u00f3n de 0 a 0.008&#8243;.<\/p>\n","protected":false},"featured_media":3549,"comment_status":"open","ping_status":"closed","template":"","meta":{"_joinchat":[]},"product_brand":[],"product_cat":[15],"product_tag":[],"class_list":{"0":"post-3535","1":"product","2":"type-product","3":"status-publish","4":"has-post-thumbnail","6":"product_cat-sin-categorizar","8":"first","9":"instock","10":"shipping-taxable","11":"product-type-simple"},"yoast_head":"<!-- This site is optimized with the Yoast SEO plugin v26.4 - https:\/\/yoast.com\/wordpress\/plugins\/seo\/ -->\n<title>Mitutoyo 513-403-10e series 513 indicador de prueba de dial de tipo horizontal, 0 a 0.008&quot; - Abaa tienda online<\/title>\n<meta name=\"robots\" content=\"index, follow, max-snippet:-1, max-image-preview:large, max-video-preview:-1\" \/>\n<link rel=\"canonical\" href=\"https:\/\/abaa.mx\/tienda\/mitutoyo-513-403-10e-series-513-indicador-de-prueba-de-dial-de-tipo-horizontal-0-a-0-008\/\" \/>\n<meta property=\"og:locale\" content=\"es_MX\" \/>\n<meta property=\"og:type\" content=\"article\" \/>\n<meta property=\"og:title\" content=\"Mitutoyo 513-403-10e series 513 indicador de prueba de dial de tipo horizontal, 0 a 0.008&quot; - Abaa tienda online\" \/>\n<meta property=\"og:description\" content=\"Realice mediciones f\u00e1ciles y precisas en \u00e1reas estrechas o empotradas con este indicador de prueba de dial de tipo horizontal que proporciona di\u00e1metros exteriores a los que los indicadores de dial no pueden acceder. Adem\u00e1s, este indicador presenta unidades imperiales y un rango de medici\u00f3n de 0 a 0.008&quot;.\" \/>\n<meta property=\"og:url\" content=\"https:\/\/abaa.mx\/tienda\/mitutoyo-513-403-10e-series-513-indicador-de-prueba-de-dial-de-tipo-horizontal-0-a-0-008\/\" \/>\n<meta property=\"og:site_name\" content=\"Abaa tienda online\" \/>\n<meta property=\"article:modified_time\" content=\"2023-09-28T19:32:28+00:00\" \/>\n<meta property=\"og:image\" content=\"https:\/\/abaa.mx\/tienda\/wp-content\/uploads\/2023\/09\/513-403-10E.jpg\" \/>\n\t<meta property=\"og:image:width\" content=\"474\" \/>\n\t<meta property=\"og:image:height\" content=\"354\" \/>\n\t<meta property=\"og:image:type\" content=\"image\/jpeg\" \/>\n<meta name=\"twitter:card\" content=\"summary_large_image\" \/>\n<meta name=\"twitter:label1\" content=\"Tiempo de lectura\" \/>\n\t<meta name=\"twitter:data1\" content=\"2 minutos\" \/>\n<script type=\"application\/ld+json\" class=\"yoast-schema-graph\">{\"@context\":\"https:\/\/schema.org\",\"@graph\":[{\"@type\":\"WebPage\",\"@id\":\"https:\/\/abaa.mx\/tienda\/mitutoyo-513-403-10e-series-513-indicador-de-prueba-de-dial-de-tipo-horizontal-0-a-0-008\/\",\"url\":\"https:\/\/abaa.mx\/tienda\/mitutoyo-513-403-10e-series-513-indicador-de-prueba-de-dial-de-tipo-horizontal-0-a-0-008\/\",\"name\":\"Mitutoyo 513-403-10e series 513 indicador de prueba de dial de tipo horizontal, 0 a 0.008\\\" - Abaa tienda online\",\"isPartOf\":{\"@id\":\"https:\/\/abaa.mx\/tienda\/#website\"},\"primaryImageOfPage\":{\"@id\":\"https:\/\/abaa.mx\/tienda\/mitutoyo-513-403-10e-series-513-indicador-de-prueba-de-dial-de-tipo-horizontal-0-a-0-008\/#primaryimage\"},\"image\":{\"@id\":\"https:\/\/abaa.mx\/tienda\/mitutoyo-513-403-10e-series-513-indicador-de-prueba-de-dial-de-tipo-horizontal-0-a-0-008\/#primaryimage\"},\"thumbnailUrl\":\"https:\/\/abaa.mx\/tienda\/wp-content\/uploads\/2023\/09\/513-403-10E.jpg\",\"datePublished\":\"2023-09-28T19:32:27+00:00\",\"dateModified\":\"2023-09-28T19:32:28+00:00\",\"breadcrumb\":{\"@id\":\"https:\/\/abaa.mx\/tienda\/mitutoyo-513-403-10e-series-513-indicador-de-prueba-de-dial-de-tipo-horizontal-0-a-0-008\/#breadcrumb\"},\"inLanguage\":\"es\",\"potentialAction\":[{\"@type\":\"ReadAction\",\"target\":[\"https:\/\/abaa.mx\/tienda\/mitutoyo-513-403-10e-series-513-indicador-de-prueba-de-dial-de-tipo-horizontal-0-a-0-008\/\"]}]},{\"@type\":\"ImageObject\",\"inLanguage\":\"es\",\"@id\":\"https:\/\/abaa.mx\/tienda\/mitutoyo-513-403-10e-series-513-indicador-de-prueba-de-dial-de-tipo-horizontal-0-a-0-008\/#primaryimage\",\"url\":\"https:\/\/abaa.mx\/tienda\/wp-content\/uploads\/2023\/09\/513-403-10E.jpg\",\"contentUrl\":\"https:\/\/abaa.mx\/tienda\/wp-content\/uploads\/2023\/09\/513-403-10E.jpg\",\"width\":474,\"height\":354,\"caption\":\"mitutoyo-513-403-10e-series-513-indicador-de-prueba-de-dial-de-tipo-horizontal-0-a-0-008\"},{\"@type\":\"BreadcrumbList\",\"@id\":\"https:\/\/abaa.mx\/tienda\/mitutoyo-513-403-10e-series-513-indicador-de-prueba-de-dial-de-tipo-horizontal-0-a-0-008\/#breadcrumb\",\"itemListElement\":[{\"@type\":\"ListItem\",\"position\":1,\"name\":\"Inicio\",\"item\":\"https:\/\/abaa.mx\/tienda\/\"},{\"@type\":\"ListItem\",\"position\":2,\"name\":\"Tienda\",\"item\":\"https:\/\/abaa.mx\/tienda\/\"},{\"@type\":\"ListItem\",\"position\":3,\"name\":\"Mitutoyo 513-403-10e series 513 indicador de prueba de dial de tipo horizontal, 0 a 0.008&#8243;\"}]},{\"@type\":\"WebSite\",\"@id\":\"https:\/\/abaa.mx\/tienda\/#website\",\"url\":\"https:\/\/abaa.mx\/tienda\/\",\"name\":\"Abaa tienda online\",\"description\":\"Instrumentos de medici\u00f3n\",\"publisher\":{\"@id\":\"https:\/\/abaa.mx\/tienda\/#organization\"},\"potentialAction\":[{\"@type\":\"SearchAction\",\"target\":{\"@type\":\"EntryPoint\",\"urlTemplate\":\"https:\/\/abaa.mx\/tienda\/?s={search_term_string}\"},\"query-input\":{\"@type\":\"PropertyValueSpecification\",\"valueRequired\":true,\"valueName\":\"search_term_string\"}}],\"inLanguage\":\"es\"},{\"@type\":\"Organization\",\"@id\":\"https:\/\/abaa.mx\/tienda\/#organization\",\"name\":\"Abaa tienda online\",\"url\":\"https:\/\/abaa.mx\/tienda\/\",\"logo\":{\"@type\":\"ImageObject\",\"inLanguage\":\"es\",\"@id\":\"https:\/\/abaa.mx\/tienda\/#\/schema\/logo\/image\/\",\"url\":\"https:\/\/abaa.mx\/tienda\/wp-content\/uploads\/2024\/01\/abaa-metrologia-tienda.png\",\"contentUrl\":\"https:\/\/abaa.mx\/tienda\/wp-content\/uploads\/2024\/01\/abaa-metrologia-tienda.png\",\"width\":300,\"height\":141,\"caption\":\"Abaa tienda online\"},\"image\":{\"@id\":\"https:\/\/abaa.mx\/tienda\/#\/schema\/logo\/image\/\"}}]}<\/script>\n<!-- \/ Yoast SEO plugin. -->","yoast_head_json":{"title":"Mitutoyo 513-403-10e series 513 indicador de prueba de dial de tipo horizontal, 0 a 0.008\" - Abaa tienda online","robots":{"index":"index","follow":"follow","max-snippet":"max-snippet:-1","max-image-preview":"max-image-preview:large","max-video-preview":"max-video-preview:-1"},"canonical":"https:\/\/abaa.mx\/tienda\/mitutoyo-513-403-10e-series-513-indicador-de-prueba-de-dial-de-tipo-horizontal-0-a-0-008\/","og_locale":"es_MX","og_type":"article","og_title":"Mitutoyo 513-403-10e series 513 indicador de prueba de dial de tipo horizontal, 0 a 0.008\" - Abaa tienda online","og_description":"Realice mediciones f\u00e1ciles y precisas en \u00e1reas estrechas o empotradas con este indicador de prueba de dial de tipo horizontal que proporciona di\u00e1metros exteriores a los que los indicadores de dial no pueden acceder. Adem\u00e1s, este indicador presenta unidades imperiales y un rango de medici\u00f3n de 0 a 0.008\".","og_url":"https:\/\/abaa.mx\/tienda\/mitutoyo-513-403-10e-series-513-indicador-de-prueba-de-dial-de-tipo-horizontal-0-a-0-008\/","og_site_name":"Abaa tienda online","article_modified_time":"2023-09-28T19:32:28+00:00","og_image":[{"width":474,"height":354,"url":"https:\/\/abaa.mx\/tienda\/wp-content\/uploads\/2023\/09\/513-403-10E.jpg","type":"image\/jpeg"}],"twitter_card":"summary_large_image","twitter_misc":{"Tiempo de lectura":"2 minutos"},"schema":{"@context":"https:\/\/schema.org","@graph":[{"@type":"WebPage","@id":"https:\/\/abaa.mx\/tienda\/mitutoyo-513-403-10e-series-513-indicador-de-prueba-de-dial-de-tipo-horizontal-0-a-0-008\/","url":"https:\/\/abaa.mx\/tienda\/mitutoyo-513-403-10e-series-513-indicador-de-prueba-de-dial-de-tipo-horizontal-0-a-0-008\/","name":"Mitutoyo 513-403-10e series 513 indicador de prueba de dial de tipo horizontal, 0 a 0.008\" - Abaa tienda online","isPartOf":{"@id":"https:\/\/abaa.mx\/tienda\/#website"},"primaryImageOfPage":{"@id":"https:\/\/abaa.mx\/tienda\/mitutoyo-513-403-10e-series-513-indicador-de-prueba-de-dial-de-tipo-horizontal-0-a-0-008\/#primaryimage"},"image":{"@id":"https:\/\/abaa.mx\/tienda\/mitutoyo-513-403-10e-series-513-indicador-de-prueba-de-dial-de-tipo-horizontal-0-a-0-008\/#primaryimage"},"thumbnailUrl":"https:\/\/abaa.mx\/tienda\/wp-content\/uploads\/2023\/09\/513-403-10E.jpg","datePublished":"2023-09-28T19:32:27+00:00","dateModified":"2023-09-28T19:32:28+00:00","breadcrumb":{"@id":"https:\/\/abaa.mx\/tienda\/mitutoyo-513-403-10e-series-513-indicador-de-prueba-de-dial-de-tipo-horizontal-0-a-0-008\/#breadcrumb"},"inLanguage":"es","potentialAction":[{"@type":"ReadAction","target":["https:\/\/abaa.mx\/tienda\/mitutoyo-513-403-10e-series-513-indicador-de-prueba-de-dial-de-tipo-horizontal-0-a-0-008\/"]}]},{"@type":"ImageObject","inLanguage":"es","@id":"https:\/\/abaa.mx\/tienda\/mitutoyo-513-403-10e-series-513-indicador-de-prueba-de-dial-de-tipo-horizontal-0-a-0-008\/#primaryimage","url":"https:\/\/abaa.mx\/tienda\/wp-content\/uploads\/2023\/09\/513-403-10E.jpg","contentUrl":"https:\/\/abaa.mx\/tienda\/wp-content\/uploads\/2023\/09\/513-403-10E.jpg","width":474,"height":354,"caption":"mitutoyo-513-403-10e-series-513-indicador-de-prueba-de-dial-de-tipo-horizontal-0-a-0-008"},{"@type":"BreadcrumbList","@id":"https:\/\/abaa.mx\/tienda\/mitutoyo-513-403-10e-series-513-indicador-de-prueba-de-dial-de-tipo-horizontal-0-a-0-008\/#breadcrumb","itemListElement":[{"@type":"ListItem","position":1,"name":"Inicio","item":"https:\/\/abaa.mx\/tienda\/"},{"@type":"ListItem","position":2,"name":"Tienda","item":"https:\/\/abaa.mx\/tienda\/"},{"@type":"ListItem","position":3,"name":"Mitutoyo 513-403-10e series 513 indicador de prueba de dial de tipo horizontal, 0 a 0.008&#8243;"}]},{"@type":"WebSite","@id":"https:\/\/abaa.mx\/tienda\/#website","url":"https:\/\/abaa.mx\/tienda\/","name":"Abaa tienda online","description":"Instrumentos de medici\u00f3n","publisher":{"@id":"https:\/\/abaa.mx\/tienda\/#organization"},"potentialAction":[{"@type":"SearchAction","target":{"@type":"EntryPoint","urlTemplate":"https:\/\/abaa.mx\/tienda\/?s={search_term_string}"},"query-input":{"@type":"PropertyValueSpecification","valueRequired":true,"valueName":"search_term_string"}}],"inLanguage":"es"},{"@type":"Organization","@id":"https:\/\/abaa.mx\/tienda\/#organization","name":"Abaa tienda online","url":"https:\/\/abaa.mx\/tienda\/","logo":{"@type":"ImageObject","inLanguage":"es","@id":"https:\/\/abaa.mx\/tienda\/#\/schema\/logo\/image\/","url":"https:\/\/abaa.mx\/tienda\/wp-content\/uploads\/2024\/01\/abaa-metrologia-tienda.png","contentUrl":"https:\/\/abaa.mx\/tienda\/wp-content\/uploads\/2024\/01\/abaa-metrologia-tienda.png","width":300,"height":141,"caption":"Abaa tienda online"},"image":{"@id":"https:\/\/abaa.mx\/tienda\/#\/schema\/logo\/image\/"}}]}},"_links":{"self":[{"href":"https:\/\/abaa.mx\/tienda\/wp-json\/wp\/v2\/product\/3535","targetHints":{"allow":["GET"]}}],"collection":[{"href":"https:\/\/abaa.mx\/tienda\/wp-json\/wp\/v2\/product"}],"about":[{"href":"https:\/\/abaa.mx\/tienda\/wp-json\/wp\/v2\/types\/product"}],"replies":[{"embeddable":true,"href":"https:\/\/abaa.mx\/tienda\/wp-json\/wp\/v2\/comments?post=3535"}],"wp:featuredmedia":[{"embeddable":true,"href":"https:\/\/abaa.mx\/tienda\/wp-json\/wp\/v2\/media\/3549"}],"wp:attachment":[{"href":"https:\/\/abaa.mx\/tienda\/wp-json\/wp\/v2\/media?parent=3535"}],"wp:term":[{"taxonomy":"product_brand","embeddable":true,"href":"https:\/\/abaa.mx\/tienda\/wp-json\/wp\/v2\/product_brand?post=3535"},{"taxonomy":"product_cat","embeddable":true,"href":"https:\/\/abaa.mx\/tienda\/wp-json\/wp\/v2\/product_cat?post=3535"},{"taxonomy":"product_tag","embeddable":true,"href":"https:\/\/abaa.mx\/tienda\/wp-json\/wp\/v2\/product_tag?post=3535"}],"curies":[{"name":"wp","href":"https:\/\/api.w.org\/{rel}","templated":true}]}}