{"id":3475,"date":"2023-09-28T17:14:56","date_gmt":"2023-09-28T17:14:56","guid":{"rendered":"https:\/\/abaa.mx\/tienda\/?post_type=product&#038;p=3475"},"modified":"2023-09-28T17:14:57","modified_gmt":"2023-09-28T17:14:57","slug":"mitutoyo-519-552a-mu-checker-micrometro-electronico-con-pantalla-analogica-estandar","status":"publish","type":"product","link":"https:\/\/abaa.mx\/tienda\/mitutoyo-519-552a-mu-checker-micrometro-electronico-con-pantalla-analogica-estandar\/","title":{"rendered":"Mitutoyo 519-552a mu-checker micr\u00f3metro electr\u00f3nico con pantalla anal\u00f3gica, est\u00e1ndar"},"content":{"rendered":"<h4>Mitutoyo 519-552A<\/h4>\n<p>Este instrumento utiliza un sensor de desplazamiento de inductancia diferencial energizado por un voltaje de excitaci\u00f3n de CA de 5 kHz aplicado a trav\u00e9s de dos bobinas id\u00e9nticas conectadas en serie, L1 y L2. Un n\u00facleo de hierro conectado al l\u00e1piz se mueve cerca de ambos n\u00facleos y var\u00eda la impedancia de cada bobina dependiendo de su posici\u00f3n, y el voltaje en la uni\u00f3n entre las bobinas var\u00eda seg\u00fan la diferencia de impedancia.<\/p>\n<p>Dos resistencias, R1 y R2, forman un circuito de puente con las bobinas y el voltaje de salida del puente impulsa los circuitos electr\u00f3nicos de amplificaci\u00f3n y acondicionamiento para proporcionar una se\u00f1al de voltaje proporcional al desplazamiento del l\u00e1piz.<\/p>\n<h5><strong>Funciones<\/strong><\/h5>\n<ul>\n<li>Pantalla anal\u00f3gica<\/li>\n<li>Modo de c\u00e1lculo \u00b1A<\/li>\n<li>Puede conectar 1 sonda a la unidad a la vez<\/li>\n<li>Pesa solo 1,7 kg (3,74 libras)<\/li>\n<\/ul>\n<h5><strong>Aplicaciones<\/strong><\/h5>\n<p>Con el cabezal de cartucho adecuado, el Mu-Checker se puede utilizar en una multitud de aplicaciones.<\/p>\n<ul>\n<li>Con el 519-522 puedes medir:\n<ul>\n<li>Salida de la distorsi\u00f3n de un n\u00facleo<\/li>\n<li>La urdimbre en un panel LCD, sin rayar la pieza de trabajo<\/li>\n<\/ul>\n<\/li>\n<li>Con el 519-385 puede medir la rectitud de un componente como la chapa<\/li>\n<\/ul>\n<h4>Especificaciones<\/h4>\n<table class=\"table table-striped\">\n<tbody>\n<tr>\n<td>Rango de medici\u00f3n<\/td>\n<td>\u00b11500, 500, 150, 50, 15, 5\u03bcm<\/td>\n<\/tr>\n<tr>\n<td>Lectura m\u00ednima<\/td>\n<td>50, 10, 5, 1, 0.5, 0.1\u03bcm<\/td>\n<\/tr>\n<tr>\n<td>Rango de medici\u00f3n<\/td>\n<td>\u00b10,05&#8243;, \u00b10,015&#8243;, \u00b10,005&#8243;, \u00b10,0015&#8243;, \u00b10,0005&#8243;, \u00b10,00015&#8243;<\/td>\n<\/tr>\n<tr>\n<td>Lectura m\u00ednima<\/td>\n<td>0.001&#8243;, 0.0005&#8243;, 0.0001, 0.000050&#8243;, 0.000010&#8243;, 0.000005&#8243;<\/td>\n<\/tr>\n<tr>\n<td>Precisi\u00f3n de la indicaci\u00f3n<\/td>\n<td>\u00b11%\/\u00b1 escala completa<\/td>\n<\/tr>\n<tr>\n<td>Precisi\u00f3n de salida anal\u00f3gica<\/td>\n<td>\u00b10,1%\u00b1 a escala completa (excluyendo la sonda)<\/td>\n<\/tr>\n<tr>\n<td>Salida anal\u00f3gica<\/td>\n<td>\u00b11V\/\u00b1 escala completa<\/td>\n<\/tr>\n<tr>\n<td>Respuesta de indicaci\u00f3n del medidor<\/td>\n<td>Aprox. 0,3 s<\/td>\n<\/tr>\n<tr>\n<td>Zona habilitada de configuraci\u00f3n cero<\/td>\n<td>Escala de 1\/3 o menos (modo CMP)<\/td>\n<\/tr>\n<tr>\n<td>Coeficiente t\u00e9rmico de punto cero<\/td>\n<td>100ppm\/\u00b0C o menos<\/td>\n<\/tr>\n<tr>\n<td>Coeficiente t\u00e9rmico de sensibilidad<\/td>\n<td>100ppm\/\u00b0C o menos<\/td>\n<\/tr>\n<tr>\n<td>Consumo de energ\u00eda<\/td>\n<td>5VA o menos<\/td>\n<\/tr>\n<tr>\n<td>Rango de temperatura de funcionamiento<\/td>\n<td>0 a 40\u00b0C<\/td>\n<\/tr>\n<tr>\n<td>Rango de temperatura de almacenamiento<\/td>\n<td>-10 a 50\u00b0C<\/td>\n<\/tr>\n<tr>\n<td>Fuente de alimentaci\u00f3n<\/td>\n<td>120V CA<\/td>\n<\/tr>\n<tr>\n<td>Dimensiones externas<\/td>\n<td>134 (ancho) x 210 (alto) x 183 mm (profundidad)<\/td>\n<\/tr>\n<\/tbody>\n<\/table>\n","protected":false},"excerpt":{"rendered":"<p class=\"short-description mhide ipad-view-setting\">Este micr\u00f3metro electr\u00f3nico f\u00e1cil de leer y altamente sensible puede aceptar una multitud de cabezales de cartucho para una variedad de aplicaciones en mediciones de espesor de hoja y paso. Cuenta con un ajuste de cero que est\u00e1 habilitado con una entrada de se\u00f1al externa que permite que el Mu-checker se combine con dispositivos perif\u00e9ricos.<\/p>\n<p class=\"comment-tag-product\">\n<div class=\"row-fluid\">\n<div class=\"span12 mobile-pricing-box-padding\">\n<form id=\"88485\" accept-charset=\"utf-8\" action=\"https:\/\/www.globaltestsupply.com\/shop\/add\" method=\"post\" name=\"addTocartFunction\">\n<div><\/div>\n<\/form>\n<\/div>\n<\/div>\n","protected":false},"featured_media":3494,"comment_status":"open","ping_status":"closed","template":"","meta":{"_joinchat":[]},"product_brand":[],"product_cat":[15],"product_tag":[],"class_list":{"0":"post-3475","1":"product","2":"type-product","3":"status-publish","4":"has-post-thumbnail","6":"product_cat-sin-categorizar","8":"first","9":"instock","10":"shipping-taxable","11":"product-type-simple"},"yoast_head":"<!-- This site is optimized with the Yoast SEO plugin v26.4 - https:\/\/yoast.com\/wordpress\/plugins\/seo\/ -->\n<title>Mitutoyo 519-552a mu-checker micr\u00f3metro electr\u00f3nico con pantalla anal\u00f3gica, est\u00e1ndar - Abaa tienda online<\/title>\n<meta name=\"robots\" content=\"index, follow, max-snippet:-1, max-image-preview:large, max-video-preview:-1\" \/>\n<link rel=\"canonical\" href=\"https:\/\/abaa.mx\/tienda\/mitutoyo-519-552a-mu-checker-micrometro-electronico-con-pantalla-analogica-estandar\/\" \/>\n<meta property=\"og:locale\" content=\"es_MX\" \/>\n<meta property=\"og:type\" content=\"article\" \/>\n<meta property=\"og:title\" content=\"Mitutoyo 519-552a mu-checker micr\u00f3metro electr\u00f3nico con pantalla anal\u00f3gica, est\u00e1ndar - Abaa tienda online\" \/>\n<meta property=\"og:description\" content=\"Este micr\u00f3metro electr\u00f3nico f\u00e1cil de leer y altamente sensible puede aceptar una multitud de cabezales de cartucho para una variedad de aplicaciones en mediciones de espesor de hoja y paso. Cuenta con un ajuste de cero que est\u00e1 habilitado con una entrada de se\u00f1al externa que permite que el Mu-checker se combine con dispositivos perif\u00e9ricos.\" \/>\n<meta property=\"og:url\" content=\"https:\/\/abaa.mx\/tienda\/mitutoyo-519-552a-mu-checker-micrometro-electronico-con-pantalla-analogica-estandar\/\" \/>\n<meta property=\"og:site_name\" content=\"Abaa tienda online\" \/>\n<meta property=\"article:modified_time\" content=\"2023-09-28T17:14:57+00:00\" \/>\n<meta property=\"og:image\" content=\"https:\/\/abaa.mx\/tienda\/wp-content\/uploads\/2023\/09\/519-552A.jpg\" \/>\n\t<meta property=\"og:image:width\" content=\"600\" \/>\n\t<meta property=\"og:image:height\" content=\"600\" \/>\n\t<meta property=\"og:image:type\" content=\"image\/jpeg\" \/>\n<meta name=\"twitter:card\" content=\"summary_large_image\" \/>\n<meta name=\"twitter:label1\" content=\"Tiempo de lectura\" \/>\n\t<meta name=\"twitter:data1\" content=\"2 minutos\" \/>\n<script type=\"application\/ld+json\" class=\"yoast-schema-graph\">{\"@context\":\"https:\/\/schema.org\",\"@graph\":[{\"@type\":\"WebPage\",\"@id\":\"https:\/\/abaa.mx\/tienda\/mitutoyo-519-552a-mu-checker-micrometro-electronico-con-pantalla-analogica-estandar\/\",\"url\":\"https:\/\/abaa.mx\/tienda\/mitutoyo-519-552a-mu-checker-micrometro-electronico-con-pantalla-analogica-estandar\/\",\"name\":\"Mitutoyo 519-552a mu-checker micr\u00f3metro electr\u00f3nico con pantalla anal\u00f3gica, est\u00e1ndar - Abaa tienda online\",\"isPartOf\":{\"@id\":\"https:\/\/abaa.mx\/tienda\/#website\"},\"primaryImageOfPage\":{\"@id\":\"https:\/\/abaa.mx\/tienda\/mitutoyo-519-552a-mu-checker-micrometro-electronico-con-pantalla-analogica-estandar\/#primaryimage\"},\"image\":{\"@id\":\"https:\/\/abaa.mx\/tienda\/mitutoyo-519-552a-mu-checker-micrometro-electronico-con-pantalla-analogica-estandar\/#primaryimage\"},\"thumbnailUrl\":\"https:\/\/abaa.mx\/tienda\/wp-content\/uploads\/2023\/09\/519-552A.jpg\",\"datePublished\":\"2023-09-28T17:14:56+00:00\",\"dateModified\":\"2023-09-28T17:14:57+00:00\",\"breadcrumb\":{\"@id\":\"https:\/\/abaa.mx\/tienda\/mitutoyo-519-552a-mu-checker-micrometro-electronico-con-pantalla-analogica-estandar\/#breadcrumb\"},\"inLanguage\":\"es\",\"potentialAction\":[{\"@type\":\"ReadAction\",\"target\":[\"https:\/\/abaa.mx\/tienda\/mitutoyo-519-552a-mu-checker-micrometro-electronico-con-pantalla-analogica-estandar\/\"]}]},{\"@type\":\"ImageObject\",\"inLanguage\":\"es\",\"@id\":\"https:\/\/abaa.mx\/tienda\/mitutoyo-519-552a-mu-checker-micrometro-electronico-con-pantalla-analogica-estandar\/#primaryimage\",\"url\":\"https:\/\/abaa.mx\/tienda\/wp-content\/uploads\/2023\/09\/519-552A.jpg\",\"contentUrl\":\"https:\/\/abaa.mx\/tienda\/wp-content\/uploads\/2023\/09\/519-552A.jpg\",\"width\":600,\"height\":600,\"caption\":\"mitutoyo-519-552a-mu-checker-micrometro-electronico-con-pantalla-analogica-estandar\"},{\"@type\":\"BreadcrumbList\",\"@id\":\"https:\/\/abaa.mx\/tienda\/mitutoyo-519-552a-mu-checker-micrometro-electronico-con-pantalla-analogica-estandar\/#breadcrumb\",\"itemListElement\":[{\"@type\":\"ListItem\",\"position\":1,\"name\":\"Inicio\",\"item\":\"https:\/\/abaa.mx\/tienda\/\"},{\"@type\":\"ListItem\",\"position\":2,\"name\":\"Tienda\",\"item\":\"https:\/\/abaa.mx\/tienda\/\"},{\"@type\":\"ListItem\",\"position\":3,\"name\":\"Mitutoyo 519-552a mu-checker micr\u00f3metro electr\u00f3nico con pantalla anal\u00f3gica, est\u00e1ndar\"}]},{\"@type\":\"WebSite\",\"@id\":\"https:\/\/abaa.mx\/tienda\/#website\",\"url\":\"https:\/\/abaa.mx\/tienda\/\",\"name\":\"Abaa tienda online\",\"description\":\"Instrumentos de medici\u00f3n\",\"publisher\":{\"@id\":\"https:\/\/abaa.mx\/tienda\/#organization\"},\"potentialAction\":[{\"@type\":\"SearchAction\",\"target\":{\"@type\":\"EntryPoint\",\"urlTemplate\":\"https:\/\/abaa.mx\/tienda\/?s={search_term_string}\"},\"query-input\":{\"@type\":\"PropertyValueSpecification\",\"valueRequired\":true,\"valueName\":\"search_term_string\"}}],\"inLanguage\":\"es\"},{\"@type\":\"Organization\",\"@id\":\"https:\/\/abaa.mx\/tienda\/#organization\",\"name\":\"Abaa tienda online\",\"url\":\"https:\/\/abaa.mx\/tienda\/\",\"logo\":{\"@type\":\"ImageObject\",\"inLanguage\":\"es\",\"@id\":\"https:\/\/abaa.mx\/tienda\/#\/schema\/logo\/image\/\",\"url\":\"https:\/\/abaa.mx\/tienda\/wp-content\/uploads\/2024\/01\/abaa-metrologia-tienda.png\",\"contentUrl\":\"https:\/\/abaa.mx\/tienda\/wp-content\/uploads\/2024\/01\/abaa-metrologia-tienda.png\",\"width\":300,\"height\":141,\"caption\":\"Abaa tienda online\"},\"image\":{\"@id\":\"https:\/\/abaa.mx\/tienda\/#\/schema\/logo\/image\/\"}}]}<\/script>\n<!-- \/ Yoast SEO plugin. -->","yoast_head_json":{"title":"Mitutoyo 519-552a mu-checker micr\u00f3metro electr\u00f3nico con pantalla anal\u00f3gica, est\u00e1ndar - Abaa tienda online","robots":{"index":"index","follow":"follow","max-snippet":"max-snippet:-1","max-image-preview":"max-image-preview:large","max-video-preview":"max-video-preview:-1"},"canonical":"https:\/\/abaa.mx\/tienda\/mitutoyo-519-552a-mu-checker-micrometro-electronico-con-pantalla-analogica-estandar\/","og_locale":"es_MX","og_type":"article","og_title":"Mitutoyo 519-552a mu-checker micr\u00f3metro electr\u00f3nico con pantalla anal\u00f3gica, est\u00e1ndar - Abaa tienda online","og_description":"Este micr\u00f3metro electr\u00f3nico f\u00e1cil de leer y altamente sensible puede aceptar una multitud de cabezales de cartucho para una variedad de aplicaciones en mediciones de espesor de hoja y paso. Cuenta con un ajuste de cero que est\u00e1 habilitado con una entrada de se\u00f1al externa que permite que el Mu-checker se combine con dispositivos perif\u00e9ricos.","og_url":"https:\/\/abaa.mx\/tienda\/mitutoyo-519-552a-mu-checker-micrometro-electronico-con-pantalla-analogica-estandar\/","og_site_name":"Abaa tienda online","article_modified_time":"2023-09-28T17:14:57+00:00","og_image":[{"width":600,"height":600,"url":"https:\/\/abaa.mx\/tienda\/wp-content\/uploads\/2023\/09\/519-552A.jpg","type":"image\/jpeg"}],"twitter_card":"summary_large_image","twitter_misc":{"Tiempo de lectura":"2 minutos"},"schema":{"@context":"https:\/\/schema.org","@graph":[{"@type":"WebPage","@id":"https:\/\/abaa.mx\/tienda\/mitutoyo-519-552a-mu-checker-micrometro-electronico-con-pantalla-analogica-estandar\/","url":"https:\/\/abaa.mx\/tienda\/mitutoyo-519-552a-mu-checker-micrometro-electronico-con-pantalla-analogica-estandar\/","name":"Mitutoyo 519-552a mu-checker micr\u00f3metro electr\u00f3nico con pantalla anal\u00f3gica, est\u00e1ndar - Abaa tienda online","isPartOf":{"@id":"https:\/\/abaa.mx\/tienda\/#website"},"primaryImageOfPage":{"@id":"https:\/\/abaa.mx\/tienda\/mitutoyo-519-552a-mu-checker-micrometro-electronico-con-pantalla-analogica-estandar\/#primaryimage"},"image":{"@id":"https:\/\/abaa.mx\/tienda\/mitutoyo-519-552a-mu-checker-micrometro-electronico-con-pantalla-analogica-estandar\/#primaryimage"},"thumbnailUrl":"https:\/\/abaa.mx\/tienda\/wp-content\/uploads\/2023\/09\/519-552A.jpg","datePublished":"2023-09-28T17:14:56+00:00","dateModified":"2023-09-28T17:14:57+00:00","breadcrumb":{"@id":"https:\/\/abaa.mx\/tienda\/mitutoyo-519-552a-mu-checker-micrometro-electronico-con-pantalla-analogica-estandar\/#breadcrumb"},"inLanguage":"es","potentialAction":[{"@type":"ReadAction","target":["https:\/\/abaa.mx\/tienda\/mitutoyo-519-552a-mu-checker-micrometro-electronico-con-pantalla-analogica-estandar\/"]}]},{"@type":"ImageObject","inLanguage":"es","@id":"https:\/\/abaa.mx\/tienda\/mitutoyo-519-552a-mu-checker-micrometro-electronico-con-pantalla-analogica-estandar\/#primaryimage","url":"https:\/\/abaa.mx\/tienda\/wp-content\/uploads\/2023\/09\/519-552A.jpg","contentUrl":"https:\/\/abaa.mx\/tienda\/wp-content\/uploads\/2023\/09\/519-552A.jpg","width":600,"height":600,"caption":"mitutoyo-519-552a-mu-checker-micrometro-electronico-con-pantalla-analogica-estandar"},{"@type":"BreadcrumbList","@id":"https:\/\/abaa.mx\/tienda\/mitutoyo-519-552a-mu-checker-micrometro-electronico-con-pantalla-analogica-estandar\/#breadcrumb","itemListElement":[{"@type":"ListItem","position":1,"name":"Inicio","item":"https:\/\/abaa.mx\/tienda\/"},{"@type":"ListItem","position":2,"name":"Tienda","item":"https:\/\/abaa.mx\/tienda\/"},{"@type":"ListItem","position":3,"name":"Mitutoyo 519-552a mu-checker micr\u00f3metro electr\u00f3nico con pantalla anal\u00f3gica, est\u00e1ndar"}]},{"@type":"WebSite","@id":"https:\/\/abaa.mx\/tienda\/#website","url":"https:\/\/abaa.mx\/tienda\/","name":"Abaa tienda online","description":"Instrumentos de medici\u00f3n","publisher":{"@id":"https:\/\/abaa.mx\/tienda\/#organization"},"potentialAction":[{"@type":"SearchAction","target":{"@type":"EntryPoint","urlTemplate":"https:\/\/abaa.mx\/tienda\/?s={search_term_string}"},"query-input":{"@type":"PropertyValueSpecification","valueRequired":true,"valueName":"search_term_string"}}],"inLanguage":"es"},{"@type":"Organization","@id":"https:\/\/abaa.mx\/tienda\/#organization","name":"Abaa tienda online","url":"https:\/\/abaa.mx\/tienda\/","logo":{"@type":"ImageObject","inLanguage":"es","@id":"https:\/\/abaa.mx\/tienda\/#\/schema\/logo\/image\/","url":"https:\/\/abaa.mx\/tienda\/wp-content\/uploads\/2024\/01\/abaa-metrologia-tienda.png","contentUrl":"https:\/\/abaa.mx\/tienda\/wp-content\/uploads\/2024\/01\/abaa-metrologia-tienda.png","width":300,"height":141,"caption":"Abaa tienda online"},"image":{"@id":"https:\/\/abaa.mx\/tienda\/#\/schema\/logo\/image\/"}}]}},"_links":{"self":[{"href":"https:\/\/abaa.mx\/tienda\/wp-json\/wp\/v2\/product\/3475","targetHints":{"allow":["GET"]}}],"collection":[{"href":"https:\/\/abaa.mx\/tienda\/wp-json\/wp\/v2\/product"}],"about":[{"href":"https:\/\/abaa.mx\/tienda\/wp-json\/wp\/v2\/types\/product"}],"replies":[{"embeddable":true,"href":"https:\/\/abaa.mx\/tienda\/wp-json\/wp\/v2\/comments?post=3475"}],"wp:featuredmedia":[{"embeddable":true,"href":"https:\/\/abaa.mx\/tienda\/wp-json\/wp\/v2\/media\/3494"}],"wp:attachment":[{"href":"https:\/\/abaa.mx\/tienda\/wp-json\/wp\/v2\/media?parent=3475"}],"wp:term":[{"taxonomy":"product_brand","embeddable":true,"href":"https:\/\/abaa.mx\/tienda\/wp-json\/wp\/v2\/product_brand?post=3475"},{"taxonomy":"product_cat","embeddable":true,"href":"https:\/\/abaa.mx\/tienda\/wp-json\/wp\/v2\/product_cat?post=3475"},{"taxonomy":"product_tag","embeddable":true,"href":"https:\/\/abaa.mx\/tienda\/wp-json\/wp\/v2\/product_tag?post=3475"}],"curies":[{"name":"wp","href":"https:\/\/api.w.org\/{rel}","templated":true}]}}