{"id":3455,"date":"2023-09-28T16:41:32","date_gmt":"2023-09-28T16:41:32","guid":{"rendered":"https:\/\/abaa.mx\/tienda\/?post_type=product&#038;p=3455"},"modified":"2023-12-01T20:02:49","modified_gmt":"2023-12-01T20:02:49","slug":"mitutoyo-293-340-30-micrometro-digimatico-a-prueba-de-refrigerante-0-a-1-0-a-25-4-mm","status":"publish","type":"product","link":"https:\/\/abaa.mx\/tienda\/mitutoyo-293-340-30-micrometro-digimatico-a-prueba-de-refrigerante-0-a-1-0-a-25-4-mm\/","title":{"rendered":"Mitutoyo 293-340-30 micr\u00f3metro digim\u00e1tico a prueba de refrigerante, 0 a 1&#8243;-0 a 25.4 mm"},"content":{"rendered":"<h4>Mitutoyo 293-340-30<\/h4>\n<p>R\u00e1pido y preciso, la duraci\u00f3n de la bater\u00eda de este micr\u00f3metro es larga, lo que reduce el tiempo de inactividad y los costos de la herramienta. La combinaci\u00f3n del dedal de trinquete y el speeder permite una alimentaci\u00f3n r\u00e1pida del husillo cuando se miden dimensiones muy diferentes, as\u00ed como mediciones sencillas con una sola mano.<\/p>\n<h5><strong>Funciones<\/strong><\/h5>\n<ul>\n<li>El marco est\u00e1 recubierto con un acabado antideslizante para mejorar el agarre durante el uso<\/li>\n<li>El doble de duraci\u00f3n de la bater\u00eda que los modelos anteriores mejora el rendimiento y la eficiencia<\/li>\n<li>La funci\u00f3n de encendido \/ apagado autom\u00e1tico ahorra bater\u00eda y permite un uso m\u00e1s f\u00e1cil<\/li>\n<li>La protecci\u00f3n IP65 permite su uso en entornos expuestos a aceite de corte, polvo, etc.<\/li>\n<li>Aproximadamente 2,4 a\u00f1os de duraci\u00f3n de la bater\u00eda<\/li>\n<li>Se emplea una superficie antideslizante con puntos en relieve para la cubierta del marco y el panel de superficie para lograr una medici\u00f3n estable del agarre<\/li>\n<li>Material a prueba de aceite empleado para piezas de pl\u00e1stico<\/li>\n<li>Compatibilidad con sistemas estad\u00edsticos de control y medici\u00f3n de procesos<\/li>\n<\/ul>\n<h5><strong>Aplicaciones<\/strong><\/h5>\n<ul>\n<li>Fabricaci\u00f3n general<\/li>\n<li>Aeroespacial<\/li>\n<li>Automotor<\/li>\n<li>Defensa<\/li>\n<li>Electr\u00f3nica<\/li>\n<li>Energ\u00eda<\/li>\n<li>Pl\u00e1sticos y caucho<\/li>\n<\/ul>\n<h4>Especificaciones<\/h4>\n<table class=\"table table-striped\">\n<tbody>\n<tr>\n<td>Gama<\/td>\n<td>0 a 1&#8243;\/0 a 25,4 mm<\/td>\n<\/tr>\n<tr>\n<td>Resoluci\u00f3n<\/td>\n<td>0,00005&#8243;\/0,001 mm<\/td>\n<\/tr>\n<tr>\n<td>Exactitud<\/td>\n<td>\u00b10,0001&#8243;<\/td>\n<\/tr>\n<tr>\n<td>Unidades<\/td>\n<td>M\u00e9trica\/Pulgada<\/td>\n<\/tr>\n<tr>\n<td>Fuerza de medici\u00f3n<\/td>\n<td>5 a 10 N<\/td>\n<\/tr>\n<tr>\n<td>Llanura<\/td>\n<td>0,3 \u03bcm\/0,000012&#8243;<\/td>\n<\/tr>\n<tr>\n<td>Paralelismo<\/td>\n<td>0,000040&#8243; o menos\/1 \u03bcm o menos<\/td>\n<\/tr>\n<tr>\n<td>Clasificaci\u00f3n IP<\/td>\n<td>IP65<\/td>\n<\/tr>\n<tr>\n<td>Medici\u00f3n de caras<\/td>\n<td>Punta de carburo<\/td>\n<\/tr>\n<tr>\n<td>Monitor<\/td>\n<td>LCD<\/td>\n<\/tr>\n<tr>\n<td>Bater\u00eda<\/td>\n<td>Tipo: SR44 938882<br \/>\nVida: Aproximadamente 2,4 a\u00f1os bajo uso normal<\/td>\n<\/tr>\n<tr>\n<td>Peso<\/td>\n<td>9,5 onzas (270 g)<\/td>\n<\/tr>\n<\/tbody>\n<\/table>\n","protected":false},"excerpt":{"rendered":"<p class=\"short-description mhide ipad-view-setting\">Produce mediciones altamente precisas y repetibles incluso cuando se expone a l\u00edquidos y suciedad, este micr\u00f3metro a prueba de refrigerante presenta un rango de medici\u00f3n de 0 a 1 &#8220;\/ 0 a 25.4 mm. El mecanismo de dedal de tope de trinquete proporciona una fuerza de medici\u00f3n constante en el husillo para garantizar mediciones precisas y repetibles.<\/p>\n<div class=\"row-fluid\">\n<div class=\"span12 mobile-pricing-box-padding\">\n<form id=\"87285\" accept-charset=\"utf-8\" action=\"https:\/\/www.globaltestsupply.com\/shop\/add\" method=\"post\" name=\"addTocartFunction\">\n<div><\/div>\n<\/form>\n<\/div>\n<\/div>\n","protected":false},"featured_media":3470,"comment_status":"open","ping_status":"closed","template":"","meta":{"_joinchat":[]},"product_brand":[],"product_cat":[15],"product_tag":[],"class_list":{"0":"post-3455","1":"product","2":"type-product","3":"status-publish","4":"has-post-thumbnail","6":"product_cat-sin-categorizar","8":"first","9":"instock","10":"shipping-taxable","11":"product-type-simple"},"yoast_head":"<!-- This site is optimized with the Yoast SEO plugin v26.4 - https:\/\/yoast.com\/wordpress\/plugins\/seo\/ -->\n<title>Mitutoyo 293-340-30 micr\u00f3metro digim\u00e1tico a prueba de refrigerante, 0 a 1&quot;-0 a 25.4 mm - Abaa tienda online<\/title>\n<meta name=\"robots\" content=\"index, follow, max-snippet:-1, max-image-preview:large, max-video-preview:-1\" \/>\n<link rel=\"canonical\" href=\"https:\/\/abaa.mx\/tienda\/mitutoyo-293-340-30-micrometro-digimatico-a-prueba-de-refrigerante-0-a-1-0-a-25-4-mm\/\" \/>\n<meta property=\"og:locale\" content=\"es_MX\" \/>\n<meta property=\"og:type\" content=\"article\" \/>\n<meta property=\"og:title\" content=\"Mitutoyo 293-340-30 micr\u00f3metro digim\u00e1tico a prueba de refrigerante, 0 a 1&quot;-0 a 25.4 mm - Abaa tienda online\" \/>\n<meta property=\"og:description\" content=\"Produce mediciones altamente precisas y repetibles incluso cuando se expone a l\u00edquidos y suciedad, este micr\u00f3metro a prueba de refrigerante presenta un rango de medici\u00f3n de 0 a 1 &quot;\/ 0 a 25.4 mm. El mecanismo de dedal de tope de trinquete proporciona una fuerza de medici\u00f3n constante en el husillo para garantizar mediciones precisas y repetibles.\" \/>\n<meta property=\"og:url\" content=\"https:\/\/abaa.mx\/tienda\/mitutoyo-293-340-30-micrometro-digimatico-a-prueba-de-refrigerante-0-a-1-0-a-25-4-mm\/\" \/>\n<meta property=\"og:site_name\" content=\"Abaa tienda online\" \/>\n<meta property=\"article:modified_time\" content=\"2023-12-01T20:02:49+00:00\" \/>\n<meta property=\"og:image\" content=\"https:\/\/abaa.mx\/tienda\/wp-content\/uploads\/2023\/09\/293-340-30.jpg\" \/>\n\t<meta property=\"og:image:width\" content=\"500\" \/>\n\t<meta property=\"og:image:height\" content=\"500\" \/>\n\t<meta property=\"og:image:type\" content=\"image\/jpeg\" \/>\n<meta name=\"twitter:card\" content=\"summary_large_image\" \/>\n<meta name=\"twitter:label1\" content=\"Tiempo de lectura\" \/>\n\t<meta name=\"twitter:data1\" content=\"2 minutos\" \/>\n<script type=\"application\/ld+json\" class=\"yoast-schema-graph\">{\"@context\":\"https:\/\/schema.org\",\"@graph\":[{\"@type\":\"WebPage\",\"@id\":\"https:\/\/abaa.mx\/tienda\/mitutoyo-293-340-30-micrometro-digimatico-a-prueba-de-refrigerante-0-a-1-0-a-25-4-mm\/\",\"url\":\"https:\/\/abaa.mx\/tienda\/mitutoyo-293-340-30-micrometro-digimatico-a-prueba-de-refrigerante-0-a-1-0-a-25-4-mm\/\",\"name\":\"Mitutoyo 293-340-30 micr\u00f3metro digim\u00e1tico a prueba de refrigerante, 0 a 1\\\"-0 a 25.4 mm - Abaa tienda online\",\"isPartOf\":{\"@id\":\"https:\/\/abaa.mx\/tienda\/#website\"},\"primaryImageOfPage\":{\"@id\":\"https:\/\/abaa.mx\/tienda\/mitutoyo-293-340-30-micrometro-digimatico-a-prueba-de-refrigerante-0-a-1-0-a-25-4-mm\/#primaryimage\"},\"image\":{\"@id\":\"https:\/\/abaa.mx\/tienda\/mitutoyo-293-340-30-micrometro-digimatico-a-prueba-de-refrigerante-0-a-1-0-a-25-4-mm\/#primaryimage\"},\"thumbnailUrl\":\"https:\/\/abaa.mx\/tienda\/wp-content\/uploads\/2023\/09\/293-340-30.jpg\",\"datePublished\":\"2023-09-28T16:41:32+00:00\",\"dateModified\":\"2023-12-01T20:02:49+00:00\",\"breadcrumb\":{\"@id\":\"https:\/\/abaa.mx\/tienda\/mitutoyo-293-340-30-micrometro-digimatico-a-prueba-de-refrigerante-0-a-1-0-a-25-4-mm\/#breadcrumb\"},\"inLanguage\":\"es\",\"potentialAction\":[{\"@type\":\"ReadAction\",\"target\":[\"https:\/\/abaa.mx\/tienda\/mitutoyo-293-340-30-micrometro-digimatico-a-prueba-de-refrigerante-0-a-1-0-a-25-4-mm\/\"]}]},{\"@type\":\"ImageObject\",\"inLanguage\":\"es\",\"@id\":\"https:\/\/abaa.mx\/tienda\/mitutoyo-293-340-30-micrometro-digimatico-a-prueba-de-refrigerante-0-a-1-0-a-25-4-mm\/#primaryimage\",\"url\":\"https:\/\/abaa.mx\/tienda\/wp-content\/uploads\/2023\/09\/293-340-30.jpg\",\"contentUrl\":\"https:\/\/abaa.mx\/tienda\/wp-content\/uploads\/2023\/09\/293-340-30.jpg\",\"width\":500,\"height\":500,\"caption\":\"mitutoyo-293-340-30-micrometro-digimatico-a-prueba-de-refrigerante-0-a-1-0-a-25-4-mm\"},{\"@type\":\"BreadcrumbList\",\"@id\":\"https:\/\/abaa.mx\/tienda\/mitutoyo-293-340-30-micrometro-digimatico-a-prueba-de-refrigerante-0-a-1-0-a-25-4-mm\/#breadcrumb\",\"itemListElement\":[{\"@type\":\"ListItem\",\"position\":1,\"name\":\"Inicio\",\"item\":\"https:\/\/abaa.mx\/tienda\/\"},{\"@type\":\"ListItem\",\"position\":2,\"name\":\"Tienda\",\"item\":\"https:\/\/abaa.mx\/tienda\/\"},{\"@type\":\"ListItem\",\"position\":3,\"name\":\"Mitutoyo 293-340-30 micr\u00f3metro digim\u00e1tico a prueba de refrigerante, 0 a 1&#8243;-0 a 25.4 mm\"}]},{\"@type\":\"WebSite\",\"@id\":\"https:\/\/abaa.mx\/tienda\/#website\",\"url\":\"https:\/\/abaa.mx\/tienda\/\",\"name\":\"Abaa tienda online\",\"description\":\"Instrumentos de medici\u00f3n\",\"publisher\":{\"@id\":\"https:\/\/abaa.mx\/tienda\/#organization\"},\"potentialAction\":[{\"@type\":\"SearchAction\",\"target\":{\"@type\":\"EntryPoint\",\"urlTemplate\":\"https:\/\/abaa.mx\/tienda\/?s={search_term_string}\"},\"query-input\":{\"@type\":\"PropertyValueSpecification\",\"valueRequired\":true,\"valueName\":\"search_term_string\"}}],\"inLanguage\":\"es\"},{\"@type\":\"Organization\",\"@id\":\"https:\/\/abaa.mx\/tienda\/#organization\",\"name\":\"Abaa tienda online\",\"url\":\"https:\/\/abaa.mx\/tienda\/\",\"logo\":{\"@type\":\"ImageObject\",\"inLanguage\":\"es\",\"@id\":\"https:\/\/abaa.mx\/tienda\/#\/schema\/logo\/image\/\",\"url\":\"https:\/\/abaa.mx\/tienda\/wp-content\/uploads\/2024\/01\/abaa-metrologia-tienda.png\",\"contentUrl\":\"https:\/\/abaa.mx\/tienda\/wp-content\/uploads\/2024\/01\/abaa-metrologia-tienda.png\",\"width\":300,\"height\":141,\"caption\":\"Abaa tienda online\"},\"image\":{\"@id\":\"https:\/\/abaa.mx\/tienda\/#\/schema\/logo\/image\/\"}}]}<\/script>\n<!-- \/ Yoast SEO plugin. -->","yoast_head_json":{"title":"Mitutoyo 293-340-30 micr\u00f3metro digim\u00e1tico a prueba de refrigerante, 0 a 1\"-0 a 25.4 mm - Abaa tienda online","robots":{"index":"index","follow":"follow","max-snippet":"max-snippet:-1","max-image-preview":"max-image-preview:large","max-video-preview":"max-video-preview:-1"},"canonical":"https:\/\/abaa.mx\/tienda\/mitutoyo-293-340-30-micrometro-digimatico-a-prueba-de-refrigerante-0-a-1-0-a-25-4-mm\/","og_locale":"es_MX","og_type":"article","og_title":"Mitutoyo 293-340-30 micr\u00f3metro digim\u00e1tico a prueba de refrigerante, 0 a 1\"-0 a 25.4 mm - Abaa tienda online","og_description":"Produce mediciones altamente precisas y repetibles incluso cuando se expone a l\u00edquidos y suciedad, este micr\u00f3metro a prueba de refrigerante presenta un rango de medici\u00f3n de 0 a 1 \"\/ 0 a 25.4 mm. El mecanismo de dedal de tope de trinquete proporciona una fuerza de medici\u00f3n constante en el husillo para garantizar mediciones precisas y repetibles.","og_url":"https:\/\/abaa.mx\/tienda\/mitutoyo-293-340-30-micrometro-digimatico-a-prueba-de-refrigerante-0-a-1-0-a-25-4-mm\/","og_site_name":"Abaa tienda online","article_modified_time":"2023-12-01T20:02:49+00:00","og_image":[{"width":500,"height":500,"url":"https:\/\/abaa.mx\/tienda\/wp-content\/uploads\/2023\/09\/293-340-30.jpg","type":"image\/jpeg"}],"twitter_card":"summary_large_image","twitter_misc":{"Tiempo de lectura":"2 minutos"},"schema":{"@context":"https:\/\/schema.org","@graph":[{"@type":"WebPage","@id":"https:\/\/abaa.mx\/tienda\/mitutoyo-293-340-30-micrometro-digimatico-a-prueba-de-refrigerante-0-a-1-0-a-25-4-mm\/","url":"https:\/\/abaa.mx\/tienda\/mitutoyo-293-340-30-micrometro-digimatico-a-prueba-de-refrigerante-0-a-1-0-a-25-4-mm\/","name":"Mitutoyo 293-340-30 micr\u00f3metro digim\u00e1tico a prueba de refrigerante, 0 a 1\"-0 a 25.4 mm - Abaa tienda online","isPartOf":{"@id":"https:\/\/abaa.mx\/tienda\/#website"},"primaryImageOfPage":{"@id":"https:\/\/abaa.mx\/tienda\/mitutoyo-293-340-30-micrometro-digimatico-a-prueba-de-refrigerante-0-a-1-0-a-25-4-mm\/#primaryimage"},"image":{"@id":"https:\/\/abaa.mx\/tienda\/mitutoyo-293-340-30-micrometro-digimatico-a-prueba-de-refrigerante-0-a-1-0-a-25-4-mm\/#primaryimage"},"thumbnailUrl":"https:\/\/abaa.mx\/tienda\/wp-content\/uploads\/2023\/09\/293-340-30.jpg","datePublished":"2023-09-28T16:41:32+00:00","dateModified":"2023-12-01T20:02:49+00:00","breadcrumb":{"@id":"https:\/\/abaa.mx\/tienda\/mitutoyo-293-340-30-micrometro-digimatico-a-prueba-de-refrigerante-0-a-1-0-a-25-4-mm\/#breadcrumb"},"inLanguage":"es","potentialAction":[{"@type":"ReadAction","target":["https:\/\/abaa.mx\/tienda\/mitutoyo-293-340-30-micrometro-digimatico-a-prueba-de-refrigerante-0-a-1-0-a-25-4-mm\/"]}]},{"@type":"ImageObject","inLanguage":"es","@id":"https:\/\/abaa.mx\/tienda\/mitutoyo-293-340-30-micrometro-digimatico-a-prueba-de-refrigerante-0-a-1-0-a-25-4-mm\/#primaryimage","url":"https:\/\/abaa.mx\/tienda\/wp-content\/uploads\/2023\/09\/293-340-30.jpg","contentUrl":"https:\/\/abaa.mx\/tienda\/wp-content\/uploads\/2023\/09\/293-340-30.jpg","width":500,"height":500,"caption":"mitutoyo-293-340-30-micrometro-digimatico-a-prueba-de-refrigerante-0-a-1-0-a-25-4-mm"},{"@type":"BreadcrumbList","@id":"https:\/\/abaa.mx\/tienda\/mitutoyo-293-340-30-micrometro-digimatico-a-prueba-de-refrigerante-0-a-1-0-a-25-4-mm\/#breadcrumb","itemListElement":[{"@type":"ListItem","position":1,"name":"Inicio","item":"https:\/\/abaa.mx\/tienda\/"},{"@type":"ListItem","position":2,"name":"Tienda","item":"https:\/\/abaa.mx\/tienda\/"},{"@type":"ListItem","position":3,"name":"Mitutoyo 293-340-30 micr\u00f3metro digim\u00e1tico a prueba de refrigerante, 0 a 1&#8243;-0 a 25.4 mm"}]},{"@type":"WebSite","@id":"https:\/\/abaa.mx\/tienda\/#website","url":"https:\/\/abaa.mx\/tienda\/","name":"Abaa tienda online","description":"Instrumentos de medici\u00f3n","publisher":{"@id":"https:\/\/abaa.mx\/tienda\/#organization"},"potentialAction":[{"@type":"SearchAction","target":{"@type":"EntryPoint","urlTemplate":"https:\/\/abaa.mx\/tienda\/?s={search_term_string}"},"query-input":{"@type":"PropertyValueSpecification","valueRequired":true,"valueName":"search_term_string"}}],"inLanguage":"es"},{"@type":"Organization","@id":"https:\/\/abaa.mx\/tienda\/#organization","name":"Abaa tienda online","url":"https:\/\/abaa.mx\/tienda\/","logo":{"@type":"ImageObject","inLanguage":"es","@id":"https:\/\/abaa.mx\/tienda\/#\/schema\/logo\/image\/","url":"https:\/\/abaa.mx\/tienda\/wp-content\/uploads\/2024\/01\/abaa-metrologia-tienda.png","contentUrl":"https:\/\/abaa.mx\/tienda\/wp-content\/uploads\/2024\/01\/abaa-metrologia-tienda.png","width":300,"height":141,"caption":"Abaa tienda online"},"image":{"@id":"https:\/\/abaa.mx\/tienda\/#\/schema\/logo\/image\/"}}]}},"_links":{"self":[{"href":"https:\/\/abaa.mx\/tienda\/wp-json\/wp\/v2\/product\/3455","targetHints":{"allow":["GET"]}}],"collection":[{"href":"https:\/\/abaa.mx\/tienda\/wp-json\/wp\/v2\/product"}],"about":[{"href":"https:\/\/abaa.mx\/tienda\/wp-json\/wp\/v2\/types\/product"}],"replies":[{"embeddable":true,"href":"https:\/\/abaa.mx\/tienda\/wp-json\/wp\/v2\/comments?post=3455"}],"wp:featuredmedia":[{"embeddable":true,"href":"https:\/\/abaa.mx\/tienda\/wp-json\/wp\/v2\/media\/3470"}],"wp:attachment":[{"href":"https:\/\/abaa.mx\/tienda\/wp-json\/wp\/v2\/media?parent=3455"}],"wp:term":[{"taxonomy":"product_brand","embeddable":true,"href":"https:\/\/abaa.mx\/tienda\/wp-json\/wp\/v2\/product_brand?post=3455"},{"taxonomy":"product_cat","embeddable":true,"href":"https:\/\/abaa.mx\/tienda\/wp-json\/wp\/v2\/product_cat?post=3455"},{"taxonomy":"product_tag","embeddable":true,"href":"https:\/\/abaa.mx\/tienda\/wp-json\/wp\/v2\/product_tag?post=3455"}],"curies":[{"name":"wp","href":"https:\/\/api.w.org\/{rel}","templated":true}]}}