{"id":3391,"date":"2023-09-27T21:30:44","date_gmt":"2023-09-27T21:30:44","guid":{"rendered":"https:\/\/abaa.mx\/tienda\/?post_type=product&#038;p=3391"},"modified":"2023-11-24T17:57:17","modified_gmt":"2023-11-24T17:57:17","slug":"bomba-de-prueba-de-comparacion-neumatica-fluke-p5510-14b-2700g-6-c-con-seis-medidores-acreditada","status":"publish","type":"product","link":"https:\/\/abaa.mx\/tienda\/bomba-de-prueba-de-comparacion-neumatica-fluke-p5510-14b-2700g-6-c-con-seis-medidores-acreditada\/","title":{"rendered":"Bomba de prueba de comparaci\u00f3n neum\u00e1tica fluke p5510-14b-2700g-6-c con seis medidores, acreditada"},"content":{"rendered":"<p>&nbsp;<\/p>\n<p><strong>Funciones:<\/strong><\/p>\n<ul>\n<li>Capacidad dual presi\u00f3n\/vac\u00edo.<\/li>\n<li>Dise\u00f1o de montaje en banco.<\/li>\n<li>Bomba manual incorporada como fuente de presi\u00f3n\/vac\u00edo.<\/li>\n<li>V\u00e1lvula de aguja de alta calidad para un control fino.<\/li>\n<li>Adaptadores de puerto de prueba que no requieren cinta de PTFE ni llaves inglesas.<\/li>\n<\/ul>\n<p>&nbsp;<\/p>\n<p><strong>Aplicaciones:<\/strong><\/p>\n<ul>\n<li>Prueba de instrumentos de medici\u00f3n de presi\u00f3n contra instrumentos de prueba maestros<\/li>\n<\/ul>\n<p>&nbsp;<\/p>\n<h4>\u00a0Especificaciones<\/h4>\n<table class=\"table table-striped\">\n<tbody>\n<tr>\n<td>Gama<\/td>\n<td>Presi\u00f3n: 0 a 300 psi (2 MPa) Vac\u00edo: 0 in a 27 in Hg (915 mbar 90% vac\u00edo)<\/td>\n<\/tr>\n<tr>\n<td>Adaptadores de puerto de prueba<\/td>\n<td>M20 X 1.5, M14 X 1.5, 1\/8, 1\/4, 3\/8 y 1\/2 NPT y BSP (m\u00e1s 1 adaptador NPT adicional de 1\/4)<\/td>\n<\/tr>\n<tr>\n<td>Dimensiones<\/td>\n<td>9,5 x 13 x 7&#8243; (240 x 330 x 180 mm)<\/td>\n<\/tr>\n<tr>\n<td>Peso<\/td>\n<td>7,5 lb (3,5 kg)<\/td>\n<\/tr>\n<\/tbody>\n<\/table>\n","protected":false},"excerpt":{"rendered":"<p class=\"short-description mhide ipad-view-setting\">Ideal para probar instrumentos de medici\u00f3n de presi\u00f3n, esta bomba de prueba de comparaci\u00f3n neum\u00e1tica acreditada proporciona un control preciso para todos los requisitos de calibraci\u00f3n relevantes. Con la adici\u00f3n de un comparador de presi\u00f3n neum\u00e1tico, esta bomba de prueba viene suministrada con seis medidores y ofrece calibraciones de 300 psi o menos.<\/p>\n<div class=\"row-fluid\">\n<div class=\"span12 mobile-pricing-box-padding\">\n<form id=\"176752\" accept-charset=\"utf-8\" action=\"https:\/\/www.globaltestsupply.com\/shop\/add\" method=\"post\" name=\"addTocartFunction\">\n<div><\/div>\n<\/form>\n<\/div>\n<\/div>\n","protected":false},"featured_media":3401,"comment_status":"open","ping_status":"closed","template":"","meta":{"_joinchat":[]},"product_brand":[],"product_cat":[15],"product_tag":[],"class_list":{"0":"post-3391","1":"product","2":"type-product","3":"status-publish","4":"has-post-thumbnail","6":"product_cat-sin-categorizar","8":"first","9":"instock","10":"shipping-taxable","11":"product-type-simple"},"yoast_head":"<!-- This site is optimized with the Yoast SEO plugin v26.4 - https:\/\/yoast.com\/wordpress\/plugins\/seo\/ -->\n<title>Bomba de prueba de comparaci\u00f3n neum\u00e1tica fluke p5510-14b-2700g-6-c con seis medidores, acreditada - Abaa tienda online<\/title>\n<meta name=\"robots\" content=\"index, follow, max-snippet:-1, max-image-preview:large, max-video-preview:-1\" \/>\n<link rel=\"canonical\" href=\"https:\/\/abaa.mx\/tienda\/bomba-de-prueba-de-comparacion-neumatica-fluke-p5510-14b-2700g-6-c-con-seis-medidores-acreditada\/\" \/>\n<meta property=\"og:locale\" content=\"es_MX\" \/>\n<meta property=\"og:type\" content=\"article\" \/>\n<meta property=\"og:title\" content=\"Bomba de prueba de comparaci\u00f3n neum\u00e1tica fluke p5510-14b-2700g-6-c con seis medidores, acreditada - Abaa tienda online\" \/>\n<meta property=\"og:description\" content=\"Ideal para probar instrumentos de medici\u00f3n de presi\u00f3n, esta bomba de prueba de comparaci\u00f3n neum\u00e1tica acreditada proporciona un control preciso para todos los requisitos de calibraci\u00f3n relevantes. Con la adici\u00f3n de un comparador de presi\u00f3n neum\u00e1tico, esta bomba de prueba viene suministrada con seis medidores y ofrece calibraciones de 300 psi o menos.\" \/>\n<meta property=\"og:url\" content=\"https:\/\/abaa.mx\/tienda\/bomba-de-prueba-de-comparacion-neumatica-fluke-p5510-14b-2700g-6-c-con-seis-medidores-acreditada\/\" \/>\n<meta property=\"og:site_name\" content=\"Abaa tienda online\" \/>\n<meta property=\"article:modified_time\" content=\"2023-11-24T17:57:17+00:00\" \/>\n<meta property=\"og:image\" content=\"https:\/\/abaa.mx\/tienda\/wp-content\/uploads\/2023\/09\/13.jpg\" \/>\n\t<meta property=\"og:image:width\" content=\"474\" \/>\n\t<meta property=\"og:image:height\" content=\"316\" \/>\n\t<meta property=\"og:image:type\" content=\"image\/jpeg\" \/>\n<meta name=\"twitter:card\" content=\"summary_large_image\" \/>\n<meta name=\"twitter:label1\" content=\"Tiempo de lectura\" \/>\n\t<meta name=\"twitter:data1\" content=\"1 minuto\" \/>\n<script type=\"application\/ld+json\" class=\"yoast-schema-graph\">{\"@context\":\"https:\/\/schema.org\",\"@graph\":[{\"@type\":\"WebPage\",\"@id\":\"https:\/\/abaa.mx\/tienda\/bomba-de-prueba-de-comparacion-neumatica-fluke-p5510-14b-2700g-6-c-con-seis-medidores-acreditada\/\",\"url\":\"https:\/\/abaa.mx\/tienda\/bomba-de-prueba-de-comparacion-neumatica-fluke-p5510-14b-2700g-6-c-con-seis-medidores-acreditada\/\",\"name\":\"Bomba de prueba de comparaci\u00f3n neum\u00e1tica fluke p5510-14b-2700g-6-c con seis medidores, acreditada - Abaa tienda online\",\"isPartOf\":{\"@id\":\"https:\/\/abaa.mx\/tienda\/#website\"},\"primaryImageOfPage\":{\"@id\":\"https:\/\/abaa.mx\/tienda\/bomba-de-prueba-de-comparacion-neumatica-fluke-p5510-14b-2700g-6-c-con-seis-medidores-acreditada\/#primaryimage\"},\"image\":{\"@id\":\"https:\/\/abaa.mx\/tienda\/bomba-de-prueba-de-comparacion-neumatica-fluke-p5510-14b-2700g-6-c-con-seis-medidores-acreditada\/#primaryimage\"},\"thumbnailUrl\":\"https:\/\/abaa.mx\/tienda\/wp-content\/uploads\/2023\/09\/13.jpg\",\"datePublished\":\"2023-09-27T21:30:44+00:00\",\"dateModified\":\"2023-11-24T17:57:17+00:00\",\"breadcrumb\":{\"@id\":\"https:\/\/abaa.mx\/tienda\/bomba-de-prueba-de-comparacion-neumatica-fluke-p5510-14b-2700g-6-c-con-seis-medidores-acreditada\/#breadcrumb\"},\"inLanguage\":\"es\",\"potentialAction\":[{\"@type\":\"ReadAction\",\"target\":[\"https:\/\/abaa.mx\/tienda\/bomba-de-prueba-de-comparacion-neumatica-fluke-p5510-14b-2700g-6-c-con-seis-medidores-acreditada\/\"]}]},{\"@type\":\"ImageObject\",\"inLanguage\":\"es\",\"@id\":\"https:\/\/abaa.mx\/tienda\/bomba-de-prueba-de-comparacion-neumatica-fluke-p5510-14b-2700g-6-c-con-seis-medidores-acreditada\/#primaryimage\",\"url\":\"https:\/\/abaa.mx\/tienda\/wp-content\/uploads\/2023\/09\/13.jpg\",\"contentUrl\":\"https:\/\/abaa.mx\/tienda\/wp-content\/uploads\/2023\/09\/13.jpg\",\"width\":474,\"height\":316,\"caption\":\"fluke p5510-14b-2700g-6-c\"},{\"@type\":\"BreadcrumbList\",\"@id\":\"https:\/\/abaa.mx\/tienda\/bomba-de-prueba-de-comparacion-neumatica-fluke-p5510-14b-2700g-6-c-con-seis-medidores-acreditada\/#breadcrumb\",\"itemListElement\":[{\"@type\":\"ListItem\",\"position\":1,\"name\":\"Inicio\",\"item\":\"https:\/\/abaa.mx\/tienda\/\"},{\"@type\":\"ListItem\",\"position\":2,\"name\":\"Tienda\",\"item\":\"https:\/\/abaa.mx\/tienda\/\"},{\"@type\":\"ListItem\",\"position\":3,\"name\":\"Bomba de prueba de comparaci\u00f3n neum\u00e1tica fluke p5510-14b-2700g-6-c con seis medidores, acreditada\"}]},{\"@type\":\"WebSite\",\"@id\":\"https:\/\/abaa.mx\/tienda\/#website\",\"url\":\"https:\/\/abaa.mx\/tienda\/\",\"name\":\"Abaa tienda online\",\"description\":\"Instrumentos de medici\u00f3n\",\"publisher\":{\"@id\":\"https:\/\/abaa.mx\/tienda\/#organization\"},\"potentialAction\":[{\"@type\":\"SearchAction\",\"target\":{\"@type\":\"EntryPoint\",\"urlTemplate\":\"https:\/\/abaa.mx\/tienda\/?s={search_term_string}\"},\"query-input\":{\"@type\":\"PropertyValueSpecification\",\"valueRequired\":true,\"valueName\":\"search_term_string\"}}],\"inLanguage\":\"es\"},{\"@type\":\"Organization\",\"@id\":\"https:\/\/abaa.mx\/tienda\/#organization\",\"name\":\"Abaa tienda online\",\"url\":\"https:\/\/abaa.mx\/tienda\/\",\"logo\":{\"@type\":\"ImageObject\",\"inLanguage\":\"es\",\"@id\":\"https:\/\/abaa.mx\/tienda\/#\/schema\/logo\/image\/\",\"url\":\"https:\/\/abaa.mx\/tienda\/wp-content\/uploads\/2024\/01\/abaa-metrologia-tienda.png\",\"contentUrl\":\"https:\/\/abaa.mx\/tienda\/wp-content\/uploads\/2024\/01\/abaa-metrologia-tienda.png\",\"width\":300,\"height\":141,\"caption\":\"Abaa tienda online\"},\"image\":{\"@id\":\"https:\/\/abaa.mx\/tienda\/#\/schema\/logo\/image\/\"}}]}<\/script>\n<!-- \/ Yoast SEO plugin. -->","yoast_head_json":{"title":"Bomba de prueba de comparaci\u00f3n neum\u00e1tica fluke p5510-14b-2700g-6-c con seis medidores, acreditada - Abaa tienda online","robots":{"index":"index","follow":"follow","max-snippet":"max-snippet:-1","max-image-preview":"max-image-preview:large","max-video-preview":"max-video-preview:-1"},"canonical":"https:\/\/abaa.mx\/tienda\/bomba-de-prueba-de-comparacion-neumatica-fluke-p5510-14b-2700g-6-c-con-seis-medidores-acreditada\/","og_locale":"es_MX","og_type":"article","og_title":"Bomba de prueba de comparaci\u00f3n neum\u00e1tica fluke p5510-14b-2700g-6-c con seis medidores, acreditada - Abaa tienda online","og_description":"Ideal para probar instrumentos de medici\u00f3n de presi\u00f3n, esta bomba de prueba de comparaci\u00f3n neum\u00e1tica acreditada proporciona un control preciso para todos los requisitos de calibraci\u00f3n relevantes. Con la adici\u00f3n de un comparador de presi\u00f3n neum\u00e1tico, esta bomba de prueba viene suministrada con seis medidores y ofrece calibraciones de 300 psi o menos.","og_url":"https:\/\/abaa.mx\/tienda\/bomba-de-prueba-de-comparacion-neumatica-fluke-p5510-14b-2700g-6-c-con-seis-medidores-acreditada\/","og_site_name":"Abaa tienda online","article_modified_time":"2023-11-24T17:57:17+00:00","og_image":[{"width":474,"height":316,"url":"https:\/\/abaa.mx\/tienda\/wp-content\/uploads\/2023\/09\/13.jpg","type":"image\/jpeg"}],"twitter_card":"summary_large_image","twitter_misc":{"Tiempo de lectura":"1 minuto"},"schema":{"@context":"https:\/\/schema.org","@graph":[{"@type":"WebPage","@id":"https:\/\/abaa.mx\/tienda\/bomba-de-prueba-de-comparacion-neumatica-fluke-p5510-14b-2700g-6-c-con-seis-medidores-acreditada\/","url":"https:\/\/abaa.mx\/tienda\/bomba-de-prueba-de-comparacion-neumatica-fluke-p5510-14b-2700g-6-c-con-seis-medidores-acreditada\/","name":"Bomba de prueba de comparaci\u00f3n neum\u00e1tica fluke p5510-14b-2700g-6-c con seis medidores, acreditada - Abaa tienda online","isPartOf":{"@id":"https:\/\/abaa.mx\/tienda\/#website"},"primaryImageOfPage":{"@id":"https:\/\/abaa.mx\/tienda\/bomba-de-prueba-de-comparacion-neumatica-fluke-p5510-14b-2700g-6-c-con-seis-medidores-acreditada\/#primaryimage"},"image":{"@id":"https:\/\/abaa.mx\/tienda\/bomba-de-prueba-de-comparacion-neumatica-fluke-p5510-14b-2700g-6-c-con-seis-medidores-acreditada\/#primaryimage"},"thumbnailUrl":"https:\/\/abaa.mx\/tienda\/wp-content\/uploads\/2023\/09\/13.jpg","datePublished":"2023-09-27T21:30:44+00:00","dateModified":"2023-11-24T17:57:17+00:00","breadcrumb":{"@id":"https:\/\/abaa.mx\/tienda\/bomba-de-prueba-de-comparacion-neumatica-fluke-p5510-14b-2700g-6-c-con-seis-medidores-acreditada\/#breadcrumb"},"inLanguage":"es","potentialAction":[{"@type":"ReadAction","target":["https:\/\/abaa.mx\/tienda\/bomba-de-prueba-de-comparacion-neumatica-fluke-p5510-14b-2700g-6-c-con-seis-medidores-acreditada\/"]}]},{"@type":"ImageObject","inLanguage":"es","@id":"https:\/\/abaa.mx\/tienda\/bomba-de-prueba-de-comparacion-neumatica-fluke-p5510-14b-2700g-6-c-con-seis-medidores-acreditada\/#primaryimage","url":"https:\/\/abaa.mx\/tienda\/wp-content\/uploads\/2023\/09\/13.jpg","contentUrl":"https:\/\/abaa.mx\/tienda\/wp-content\/uploads\/2023\/09\/13.jpg","width":474,"height":316,"caption":"fluke p5510-14b-2700g-6-c"},{"@type":"BreadcrumbList","@id":"https:\/\/abaa.mx\/tienda\/bomba-de-prueba-de-comparacion-neumatica-fluke-p5510-14b-2700g-6-c-con-seis-medidores-acreditada\/#breadcrumb","itemListElement":[{"@type":"ListItem","position":1,"name":"Inicio","item":"https:\/\/abaa.mx\/tienda\/"},{"@type":"ListItem","position":2,"name":"Tienda","item":"https:\/\/abaa.mx\/tienda\/"},{"@type":"ListItem","position":3,"name":"Bomba de prueba de comparaci\u00f3n neum\u00e1tica fluke p5510-14b-2700g-6-c con seis medidores, acreditada"}]},{"@type":"WebSite","@id":"https:\/\/abaa.mx\/tienda\/#website","url":"https:\/\/abaa.mx\/tienda\/","name":"Abaa tienda online","description":"Instrumentos de medici\u00f3n","publisher":{"@id":"https:\/\/abaa.mx\/tienda\/#organization"},"potentialAction":[{"@type":"SearchAction","target":{"@type":"EntryPoint","urlTemplate":"https:\/\/abaa.mx\/tienda\/?s={search_term_string}"},"query-input":{"@type":"PropertyValueSpecification","valueRequired":true,"valueName":"search_term_string"}}],"inLanguage":"es"},{"@type":"Organization","@id":"https:\/\/abaa.mx\/tienda\/#organization","name":"Abaa tienda online","url":"https:\/\/abaa.mx\/tienda\/","logo":{"@type":"ImageObject","inLanguage":"es","@id":"https:\/\/abaa.mx\/tienda\/#\/schema\/logo\/image\/","url":"https:\/\/abaa.mx\/tienda\/wp-content\/uploads\/2024\/01\/abaa-metrologia-tienda.png","contentUrl":"https:\/\/abaa.mx\/tienda\/wp-content\/uploads\/2024\/01\/abaa-metrologia-tienda.png","width":300,"height":141,"caption":"Abaa tienda online"},"image":{"@id":"https:\/\/abaa.mx\/tienda\/#\/schema\/logo\/image\/"}}]}},"_links":{"self":[{"href":"https:\/\/abaa.mx\/tienda\/wp-json\/wp\/v2\/product\/3391","targetHints":{"allow":["GET"]}}],"collection":[{"href":"https:\/\/abaa.mx\/tienda\/wp-json\/wp\/v2\/product"}],"about":[{"href":"https:\/\/abaa.mx\/tienda\/wp-json\/wp\/v2\/types\/product"}],"replies":[{"embeddable":true,"href":"https:\/\/abaa.mx\/tienda\/wp-json\/wp\/v2\/comments?post=3391"}],"wp:featuredmedia":[{"embeddable":true,"href":"https:\/\/abaa.mx\/tienda\/wp-json\/wp\/v2\/media\/3401"}],"wp:attachment":[{"href":"https:\/\/abaa.mx\/tienda\/wp-json\/wp\/v2\/media?parent=3391"}],"wp:term":[{"taxonomy":"product_brand","embeddable":true,"href":"https:\/\/abaa.mx\/tienda\/wp-json\/wp\/v2\/product_brand?post=3391"},{"taxonomy":"product_cat","embeddable":true,"href":"https:\/\/abaa.mx\/tienda\/wp-json\/wp\/v2\/product_cat?post=3391"},{"taxonomy":"product_tag","embeddable":true,"href":"https:\/\/abaa.mx\/tienda\/wp-json\/wp\/v2\/product_tag?post=3391"}],"curies":[{"name":"wp","href":"https:\/\/api.w.org\/{rel}","templated":true}]}}