{"id":3340,"date":"2023-09-27T19:56:17","date_gmt":"2023-09-27T19:56:17","guid":{"rendered":"https:\/\/abaa.mx\/tienda\/?post_type=product&#038;p=3340"},"modified":"2023-12-06T19:19:05","modified_gmt":"2023-12-06T19:19:05","slug":"kit-de-prueba-de-prevencion-de-reflujo-dwyer-btk2-175-psi-210-f","status":"publish","type":"product","link":"https:\/\/abaa.mx\/tienda\/kit-de-prueba-de-prevencion-de-reflujo-dwyer-btk2-175-psi-210-f\/","title":{"rendered":"Kit de prueba de prevenci\u00f3n de reflujo dwyer btk2, 175 psi, 210 \u00b0 f"},"content":{"rendered":"<p>Este kit de prueba de reflujo est\u00e1 dise\u00f1ado para probar sistemas hidr\u00f3nicos utilizando procedimientos compatibles con ASSE, AWWA, CSA, FCCC, HR-USV y NEWWA. El kit incluye un man\u00f3metro diferencial de 4.5&#8243; y un accesorio de man\u00f3metro en l\u00ednea de 1.5&#8243; y un estuche de transporte.<\/p>\n<div class=\"span10\">\n<div class=\"mhide ipad-view-setting\">\n<div class=\"row-fluid ProductTabs\">\n<div class=\"span12\">\n<div class=\"tab-content\">\n<div id=\"tab0\" class=\"product-tabs tab-pane active\">\n<h4>Dwyer BTK2 Ofertas<\/h4>\n<p>Este kit de prueba de prevenci\u00f3n de reflujo se compone de tres v\u00e1lvulas especialmente dise\u00f1adas para probar conjuntos de prevenci\u00f3n de reflujo. El kit de prueba se puede montar en cualquier \u00e1rea utilizando el cord\u00f3n el\u00e1stico proporcionado y se puede ajustar f\u00e1cilmente con las v\u00e1lvulas de bola de lat\u00f3n revestidas de PTFE. La v\u00e1lvula de aguja grande y f\u00e1cil de agarrar permite un ajuste r\u00e1pido.<\/p>\n<h4>Dwyer BTK2 Especificaciones<\/h4>\n<table class=\"table table-striped\">\n<tbody>\n<tr>\n<td>L\u00edmites de presi\u00f3n<\/td>\n<td>175 psi (12 bar)<\/td>\n<\/tr>\n<tr>\n<td>L\u00edmites de temperatura<\/td>\n<td>210\u00b0F (99\u00b0C)<\/td>\n<\/tr>\n<tr>\n<td>Gama<\/td>\n<td>Calibre de 4.5&#8243;: 0 a 15 psid (0 a 1 bar); Calibre de 1.5&#8243;: 0 a 200 psi (0 a 14 bar)<\/td>\n<\/tr>\n<tr>\n<td>Exactitud<\/td>\n<td>Calibre de 4.5&#8243;: \u00b12% FS; Calibre de 1.5&#8243;: \u00b03-2-3% FS<\/td>\n<\/tr>\n<tr>\n<td>Piezas h\u00famedas<\/td>\n<td>Calibre de 4.5&#8243;: Aluminio anodizado; Calibre 4.5&#8243; Diafragma: Buna-N; Calibre 1.5&#8243;: Lat\u00f3n; V\u00e1lvulas de bola: lat\u00f3n revestido de PTFE; V\u00e1lvula de aguja: lat\u00f3n; Acoplamientos de manguera: lat\u00f3n; Adaptadores: Lat\u00f3n; Manguera: Goma<\/td>\n<\/tr>\n<tr>\n<td>Tama\u00f1o<\/td>\n<td>Caja: 9 x 16 x 9&#8243; (H x W x D)<\/td>\n<\/tr>\n<tr>\n<td>Peso<\/td>\n<td>8,9 lb (4 kg)<\/td>\n<\/tr>\n<\/tbody>\n<\/table>\n<\/div>\n<\/div>\n<\/div>\n<\/div>\n<\/div>\n<\/div>\n","protected":false},"excerpt":{"rendered":"<p>Este kit de prueba de reflujo est\u00e1 dise\u00f1ado para probar sistemas hidr\u00f3nicos utilizando procedimientos compatibles con ASSE, AWWA, CSA, FCCC, HR-USV y NEWWA. El kit incluye un man\u00f3metro diferencial de 4.5&#8243; y un accesorio de man\u00f3metro en l\u00ednea de 1.5&#8243; y un estuche de transporte.<\/p>\n","protected":false},"featured_media":3341,"comment_status":"open","ping_status":"closed","template":"","meta":{"_joinchat":[]},"product_brand":[],"product_cat":[15],"product_tag":[],"class_list":{"0":"post-3340","1":"product","2":"type-product","3":"status-publish","4":"has-post-thumbnail","6":"product_cat-sin-categorizar","8":"first","9":"instock","10":"shipping-taxable","11":"product-type-simple"},"yoast_head":"<!-- This site is optimized with the Yoast SEO plugin v26.4 - https:\/\/yoast.com\/wordpress\/plugins\/seo\/ -->\n<title>Kit de prueba de prevenci\u00f3n de reflujo dwyer btk2, 175 psi, 210 \u00b0 f - Abaa tienda online<\/title>\n<meta name=\"robots\" content=\"index, follow, max-snippet:-1, max-image-preview:large, max-video-preview:-1\" \/>\n<link rel=\"canonical\" href=\"https:\/\/abaa.mx\/tienda\/kit-de-prueba-de-prevencion-de-reflujo-dwyer-btk2-175-psi-210-f\/\" \/>\n<meta property=\"og:locale\" content=\"es_MX\" \/>\n<meta property=\"og:type\" content=\"article\" \/>\n<meta property=\"og:title\" content=\"Kit de prueba de prevenci\u00f3n de reflujo dwyer btk2, 175 psi, 210 \u00b0 f - Abaa tienda online\" \/>\n<meta property=\"og:description\" content=\"Este kit de prueba de reflujo est\u00e1 dise\u00f1ado para probar sistemas hidr\u00f3nicos utilizando procedimientos compatibles con ASSE, AWWA, CSA, FCCC, HR-USV y NEWWA. El kit incluye un man\u00f3metro diferencial de 4.5&quot; y un accesorio de man\u00f3metro en l\u00ednea de 1.5&quot; y un estuche de transporte.\" \/>\n<meta property=\"og:url\" content=\"https:\/\/abaa.mx\/tienda\/kit-de-prueba-de-prevencion-de-reflujo-dwyer-btk2-175-psi-210-f\/\" \/>\n<meta property=\"og:site_name\" content=\"Abaa tienda online\" \/>\n<meta property=\"article:modified_time\" content=\"2023-12-06T19:19:05+00:00\" \/>\n<meta property=\"og:image\" content=\"https:\/\/abaa.mx\/tienda\/wp-content\/uploads\/2023\/09\/BTK2.jpg\" \/>\n\t<meta property=\"og:image:width\" content=\"270\" \/>\n\t<meta property=\"og:image:height\" content=\"270\" \/>\n\t<meta property=\"og:image:type\" content=\"image\/jpeg\" \/>\n<meta name=\"twitter:card\" content=\"summary_large_image\" \/>\n<meta name=\"twitter:label1\" content=\"Tiempo de lectura\" \/>\n\t<meta name=\"twitter:data1\" content=\"1 minuto\" \/>\n<script type=\"application\/ld+json\" class=\"yoast-schema-graph\">{\"@context\":\"https:\/\/schema.org\",\"@graph\":[{\"@type\":\"WebPage\",\"@id\":\"https:\/\/abaa.mx\/tienda\/kit-de-prueba-de-prevencion-de-reflujo-dwyer-btk2-175-psi-210-f\/\",\"url\":\"https:\/\/abaa.mx\/tienda\/kit-de-prueba-de-prevencion-de-reflujo-dwyer-btk2-175-psi-210-f\/\",\"name\":\"Kit de prueba de prevenci\u00f3n de reflujo dwyer btk2, 175 psi, 210 \u00b0 f - Abaa tienda online\",\"isPartOf\":{\"@id\":\"https:\/\/abaa.mx\/tienda\/#website\"},\"primaryImageOfPage\":{\"@id\":\"https:\/\/abaa.mx\/tienda\/kit-de-prueba-de-prevencion-de-reflujo-dwyer-btk2-175-psi-210-f\/#primaryimage\"},\"image\":{\"@id\":\"https:\/\/abaa.mx\/tienda\/kit-de-prueba-de-prevencion-de-reflujo-dwyer-btk2-175-psi-210-f\/#primaryimage\"},\"thumbnailUrl\":\"https:\/\/abaa.mx\/tienda\/wp-content\/uploads\/2023\/09\/BTK2.jpg\",\"datePublished\":\"2023-09-27T19:56:17+00:00\",\"dateModified\":\"2023-12-06T19:19:05+00:00\",\"breadcrumb\":{\"@id\":\"https:\/\/abaa.mx\/tienda\/kit-de-prueba-de-prevencion-de-reflujo-dwyer-btk2-175-psi-210-f\/#breadcrumb\"},\"inLanguage\":\"es\",\"potentialAction\":[{\"@type\":\"ReadAction\",\"target\":[\"https:\/\/abaa.mx\/tienda\/kit-de-prueba-de-prevencion-de-reflujo-dwyer-btk2-175-psi-210-f\/\"]}]},{\"@type\":\"ImageObject\",\"inLanguage\":\"es\",\"@id\":\"https:\/\/abaa.mx\/tienda\/kit-de-prueba-de-prevencion-de-reflujo-dwyer-btk2-175-psi-210-f\/#primaryimage\",\"url\":\"https:\/\/abaa.mx\/tienda\/wp-content\/uploads\/2023\/09\/BTK2.jpg\",\"contentUrl\":\"https:\/\/abaa.mx\/tienda\/wp-content\/uploads\/2023\/09\/BTK2.jpg\",\"width\":270,\"height\":270,\"caption\":\"BTK2\"},{\"@type\":\"BreadcrumbList\",\"@id\":\"https:\/\/abaa.mx\/tienda\/kit-de-prueba-de-prevencion-de-reflujo-dwyer-btk2-175-psi-210-f\/#breadcrumb\",\"itemListElement\":[{\"@type\":\"ListItem\",\"position\":1,\"name\":\"Inicio\",\"item\":\"https:\/\/abaa.mx\/tienda\/\"},{\"@type\":\"ListItem\",\"position\":2,\"name\":\"Tienda\",\"item\":\"https:\/\/abaa.mx\/tienda\/\"},{\"@type\":\"ListItem\",\"position\":3,\"name\":\"Kit de prueba de prevenci\u00f3n de reflujo dwyer btk2, 175 psi, 210 \u00b0 f\"}]},{\"@type\":\"WebSite\",\"@id\":\"https:\/\/abaa.mx\/tienda\/#website\",\"url\":\"https:\/\/abaa.mx\/tienda\/\",\"name\":\"Abaa tienda online\",\"description\":\"Instrumentos de medici\u00f3n\",\"publisher\":{\"@id\":\"https:\/\/abaa.mx\/tienda\/#organization\"},\"potentialAction\":[{\"@type\":\"SearchAction\",\"target\":{\"@type\":\"EntryPoint\",\"urlTemplate\":\"https:\/\/abaa.mx\/tienda\/?s={search_term_string}\"},\"query-input\":{\"@type\":\"PropertyValueSpecification\",\"valueRequired\":true,\"valueName\":\"search_term_string\"}}],\"inLanguage\":\"es\"},{\"@type\":\"Organization\",\"@id\":\"https:\/\/abaa.mx\/tienda\/#organization\",\"name\":\"Abaa tienda online\",\"url\":\"https:\/\/abaa.mx\/tienda\/\",\"logo\":{\"@type\":\"ImageObject\",\"inLanguage\":\"es\",\"@id\":\"https:\/\/abaa.mx\/tienda\/#\/schema\/logo\/image\/\",\"url\":\"https:\/\/abaa.mx\/tienda\/wp-content\/uploads\/2024\/01\/abaa-metrologia-tienda.png\",\"contentUrl\":\"https:\/\/abaa.mx\/tienda\/wp-content\/uploads\/2024\/01\/abaa-metrologia-tienda.png\",\"width\":300,\"height\":141,\"caption\":\"Abaa tienda online\"},\"image\":{\"@id\":\"https:\/\/abaa.mx\/tienda\/#\/schema\/logo\/image\/\"}}]}<\/script>\n<!-- \/ Yoast SEO plugin. -->","yoast_head_json":{"title":"Kit de prueba de prevenci\u00f3n de reflujo dwyer btk2, 175 psi, 210 \u00b0 f - Abaa tienda online","robots":{"index":"index","follow":"follow","max-snippet":"max-snippet:-1","max-image-preview":"max-image-preview:large","max-video-preview":"max-video-preview:-1"},"canonical":"https:\/\/abaa.mx\/tienda\/kit-de-prueba-de-prevencion-de-reflujo-dwyer-btk2-175-psi-210-f\/","og_locale":"es_MX","og_type":"article","og_title":"Kit de prueba de prevenci\u00f3n de reflujo dwyer btk2, 175 psi, 210 \u00b0 f - Abaa tienda online","og_description":"Este kit de prueba de reflujo est\u00e1 dise\u00f1ado para probar sistemas hidr\u00f3nicos utilizando procedimientos compatibles con ASSE, AWWA, CSA, FCCC, HR-USV y NEWWA. El kit incluye un man\u00f3metro diferencial de 4.5\" y un accesorio de man\u00f3metro en l\u00ednea de 1.5\" y un estuche de transporte.","og_url":"https:\/\/abaa.mx\/tienda\/kit-de-prueba-de-prevencion-de-reflujo-dwyer-btk2-175-psi-210-f\/","og_site_name":"Abaa tienda online","article_modified_time":"2023-12-06T19:19:05+00:00","og_image":[{"width":270,"height":270,"url":"https:\/\/abaa.mx\/tienda\/wp-content\/uploads\/2023\/09\/BTK2.jpg","type":"image\/jpeg"}],"twitter_card":"summary_large_image","twitter_misc":{"Tiempo de lectura":"1 minuto"},"schema":{"@context":"https:\/\/schema.org","@graph":[{"@type":"WebPage","@id":"https:\/\/abaa.mx\/tienda\/kit-de-prueba-de-prevencion-de-reflujo-dwyer-btk2-175-psi-210-f\/","url":"https:\/\/abaa.mx\/tienda\/kit-de-prueba-de-prevencion-de-reflujo-dwyer-btk2-175-psi-210-f\/","name":"Kit de prueba de prevenci\u00f3n de reflujo dwyer btk2, 175 psi, 210 \u00b0 f - Abaa tienda online","isPartOf":{"@id":"https:\/\/abaa.mx\/tienda\/#website"},"primaryImageOfPage":{"@id":"https:\/\/abaa.mx\/tienda\/kit-de-prueba-de-prevencion-de-reflujo-dwyer-btk2-175-psi-210-f\/#primaryimage"},"image":{"@id":"https:\/\/abaa.mx\/tienda\/kit-de-prueba-de-prevencion-de-reflujo-dwyer-btk2-175-psi-210-f\/#primaryimage"},"thumbnailUrl":"https:\/\/abaa.mx\/tienda\/wp-content\/uploads\/2023\/09\/BTK2.jpg","datePublished":"2023-09-27T19:56:17+00:00","dateModified":"2023-12-06T19:19:05+00:00","breadcrumb":{"@id":"https:\/\/abaa.mx\/tienda\/kit-de-prueba-de-prevencion-de-reflujo-dwyer-btk2-175-psi-210-f\/#breadcrumb"},"inLanguage":"es","potentialAction":[{"@type":"ReadAction","target":["https:\/\/abaa.mx\/tienda\/kit-de-prueba-de-prevencion-de-reflujo-dwyer-btk2-175-psi-210-f\/"]}]},{"@type":"ImageObject","inLanguage":"es","@id":"https:\/\/abaa.mx\/tienda\/kit-de-prueba-de-prevencion-de-reflujo-dwyer-btk2-175-psi-210-f\/#primaryimage","url":"https:\/\/abaa.mx\/tienda\/wp-content\/uploads\/2023\/09\/BTK2.jpg","contentUrl":"https:\/\/abaa.mx\/tienda\/wp-content\/uploads\/2023\/09\/BTK2.jpg","width":270,"height":270,"caption":"BTK2"},{"@type":"BreadcrumbList","@id":"https:\/\/abaa.mx\/tienda\/kit-de-prueba-de-prevencion-de-reflujo-dwyer-btk2-175-psi-210-f\/#breadcrumb","itemListElement":[{"@type":"ListItem","position":1,"name":"Inicio","item":"https:\/\/abaa.mx\/tienda\/"},{"@type":"ListItem","position":2,"name":"Tienda","item":"https:\/\/abaa.mx\/tienda\/"},{"@type":"ListItem","position":3,"name":"Kit de prueba de prevenci\u00f3n de reflujo dwyer btk2, 175 psi, 210 \u00b0 f"}]},{"@type":"WebSite","@id":"https:\/\/abaa.mx\/tienda\/#website","url":"https:\/\/abaa.mx\/tienda\/","name":"Abaa tienda online","description":"Instrumentos de medici\u00f3n","publisher":{"@id":"https:\/\/abaa.mx\/tienda\/#organization"},"potentialAction":[{"@type":"SearchAction","target":{"@type":"EntryPoint","urlTemplate":"https:\/\/abaa.mx\/tienda\/?s={search_term_string}"},"query-input":{"@type":"PropertyValueSpecification","valueRequired":true,"valueName":"search_term_string"}}],"inLanguage":"es"},{"@type":"Organization","@id":"https:\/\/abaa.mx\/tienda\/#organization","name":"Abaa tienda online","url":"https:\/\/abaa.mx\/tienda\/","logo":{"@type":"ImageObject","inLanguage":"es","@id":"https:\/\/abaa.mx\/tienda\/#\/schema\/logo\/image\/","url":"https:\/\/abaa.mx\/tienda\/wp-content\/uploads\/2024\/01\/abaa-metrologia-tienda.png","contentUrl":"https:\/\/abaa.mx\/tienda\/wp-content\/uploads\/2024\/01\/abaa-metrologia-tienda.png","width":300,"height":141,"caption":"Abaa tienda online"},"image":{"@id":"https:\/\/abaa.mx\/tienda\/#\/schema\/logo\/image\/"}}]}},"_links":{"self":[{"href":"https:\/\/abaa.mx\/tienda\/wp-json\/wp\/v2\/product\/3340","targetHints":{"allow":["GET"]}}],"collection":[{"href":"https:\/\/abaa.mx\/tienda\/wp-json\/wp\/v2\/product"}],"about":[{"href":"https:\/\/abaa.mx\/tienda\/wp-json\/wp\/v2\/types\/product"}],"replies":[{"embeddable":true,"href":"https:\/\/abaa.mx\/tienda\/wp-json\/wp\/v2\/comments?post=3340"}],"wp:featuredmedia":[{"embeddable":true,"href":"https:\/\/abaa.mx\/tienda\/wp-json\/wp\/v2\/media\/3341"}],"wp:attachment":[{"href":"https:\/\/abaa.mx\/tienda\/wp-json\/wp\/v2\/media?parent=3340"}],"wp:term":[{"taxonomy":"product_brand","embeddable":true,"href":"https:\/\/abaa.mx\/tienda\/wp-json\/wp\/v2\/product_brand?post=3340"},{"taxonomy":"product_cat","embeddable":true,"href":"https:\/\/abaa.mx\/tienda\/wp-json\/wp\/v2\/product_cat?post=3340"},{"taxonomy":"product_tag","embeddable":true,"href":"https:\/\/abaa.mx\/tienda\/wp-json\/wp\/v2\/product_tag?post=3340"}],"curies":[{"name":"wp","href":"https:\/\/api.w.org\/{rel}","templated":true}]}}