{"id":3160,"date":"2023-09-26T21:45:19","date_gmt":"2023-09-26T21:45:19","guid":{"rendered":"https:\/\/abaa.mx\/tienda\/?post_type=product&#038;p=3160"},"modified":"2023-12-06T19:56:17","modified_gmt":"2023-12-06T19:56:17","slug":"interruptor-de-presion-fotohelice-dwyer-a3001-manometro-0-1-0-w-c","status":"publish","type":"product","link":"https:\/\/abaa.mx\/tienda\/interruptor-de-presion-fotohelice-dwyer-a3001-manometro-0-1-0-w-c\/","title":{"rendered":"Interruptor de presi\u00f3n fotoh\u00e9lice dwyer a3001-man\u00f3metro (0-1.0 &#8220;w.c.)"},"content":{"rendered":"<h4>Dwyer A3001 Presosta\/man\u00f3metro fotohelicoidal<\/h4>\n<p>El presostato\/man\u00f3metro Dwyer A3001 tiene un rango de 0-1.0&#8243; w.c.<\/p>\n<p><strong>Los interruptores \/ man\u00f3metros fotohelicoidales<\/strong> funcionan como presostatos vers\u00e1tiles y altamente repetibles combinados con un man\u00f3metro preciso que emplea el dise\u00f1o de man\u00f3metro Magnehelic probado en el tiempo. El interruptor\/medidor fotohelicoidal mide y controla las presiones positivas, negativas o diferenciales del aire y los gases compatibles. Los modelos est\u00e1ndar tienen una clasificaci\u00f3n de 25 psig (1,7 bar) con opciones de 35 (2,4) u 80 (5,5 bar) psig. Los modelos 36000S de presi\u00f3n simple miden hasta 6000 psig (413 bar) con una clasificaci\u00f3n de 9000 psig (620 bar). Se incluyen dos rel\u00e9s DPDT accionados por fototransistores para el control de l\u00edmite bajo\/alto. Los indicadores de punto de ajuste f\u00e1ciles de ajustar se controlan mediante perillas ubicadas en la cara del indicador. La banda muerta de punto de ajuste individual es un ancho de puntero, menos del 1% de la escala completa. Los puntos de ajuste se pueden enclavar para proporcionar una banda muerta variable, ideal para el control de ventiladores, amortiguadores, etc. La lectura del medidor es continua y no se ve afectada por el funcionamiento del interruptor, incluso durante la p\u00e9rdida de energ\u00eda el\u00e9ctrica. Elija entre rangos de presi\u00f3n de escala completa desde un bajo 0-.25&#8243; (0-6 mm) w.c. hasta 30 psi (21 bar); Presi\u00f3n positiva simple a 6000 psig (413 bar).<\/p>\n<p><strong>Detecci\u00f3n fotohelicoidal &#8211; C\u00f3mo funciona<\/strong><br \/>\nEn aplicaciones t\u00edpicas, estos interruptores\/medidores Dwyer controlan entre puntos de ajuste de alta y baja presi\u00f3n. Cuando la presi\u00f3n cambia, alcanzando cualquiera de las presiones del punto de ajuste, la luz infrarroja al fototransistor limitante es cortada por el obturador de luz impulsado por h\u00e9lice. La se\u00f1al de fototransistor resultante se amplifica electr\u00f3nicamente para accionar su rel\u00e9 esclavo DPDT y se produce la conmutaci\u00f3n. La banda muerta entre hacer y romper es del 1% de la escala completa o menos, lo suficiente para garantizar un funcionamiento positivo y sin charlas.<\/p>\n<p>Caracter\u00edsticas<br \/>\n<strong>del transformador de rel\u00e9<\/strong>\u00a0Una carcasa de pl\u00e1stico protege todos los componentes electr\u00f3nicos. La electr\u00f3nica de estado s\u00f3lido y de circuito integrado se encuentra en placas de circuito impreso de vidrio-epoxi y placas de terminales autoextinguibles.<\/p>\n<h4>Dwyer A3001 Especificaciones<\/h4>\n<table class=\"table table-striped\">\n<tbody>\n<tr>\n<td colspan=\"2\"><strong>Especificaciones del interruptor<\/strong><\/td>\n<\/tr>\n<tr>\n<td>Tipo de interruptor<\/td>\n<td>Cada punto de ajuste tiene 2 rel\u00e9s Form C (DPDT)<\/td>\n<\/tr>\n<tr>\n<td>Repetibilidad<\/td>\n<td>\u00b11% de FS<\/td>\n<\/tr>\n<tr>\n<td>Clasificaci\u00f3n el\u00e9ctrica<\/td>\n<td>10 A a 28 VCC<br \/>\n10 A a 120<br \/>\n240 VCA<\/td>\n<\/tr>\n<tr>\n<td>Conexiones el\u00e9ctricas<\/td>\n<td>Terminales de tornillo. Utilice solo conductores de cobre a 167 \u00b0F (75 \u00b0C)<\/td>\n<\/tr>\n<tr>\n<td>Requisitos de alimentaci\u00f3n<\/td>\n<td>Alimentaci\u00f3n opcional de 120 VCA, 50\/60 Hz<br \/>\n240 VCA y 24 VCA<\/td>\n<\/tr>\n<tr>\n<td>Orientaci\u00f3n de montaje<\/td>\n<td>Diafragma en posici\u00f3n vertical. Consulte a la f\u00e1brica para otras orientaciones de posici\u00f3n<\/td>\n<\/tr>\n<tr>\n<td>Ajuste del punto de ajuste<\/td>\n<td>Perillas ajustables en la cara<\/td>\n<\/tr>\n<tr>\n<td>Aprobaciones de agencias<\/td>\n<td>CE, CSA, UL<\/td>\n<\/tr>\n<tr>\n<td colspan=\"2\"><strong>Especificaciones del medidor<\/strong><\/td>\n<\/tr>\n<tr>\n<td>Servicio<\/td>\n<td>Aire y gases no combustibles, compatibles<\/td>\n<\/tr>\n<tr>\n<td>Exactitud<\/td>\n<td>\u00b12% de FS a 70\u00b0F (21.1\u00b0C)<br \/>\n\u00b13% en -0<br \/>\n\u00b14% en modelos -00<\/td>\n<\/tr>\n<tr>\n<td>L\u00edmites de presi\u00f3n<\/td>\n<td>Opci\u00f3n MP de -20&#8243; Hg a 25 psig (-0,677 a 1,72 bar);<br \/>\nOpci\u00f3n HP de 35 psig (2,41 bar);<br \/>\n80 psig (5.52 bar)<\/td>\n<\/tr>\n<tr>\n<td>L\u00edmites de temperatura<\/td>\n<td>20 a 120 \u00b0F (-6,67 a 48,9 \u00b0C) -20 a 120 \u00b0F (-28 a 48,9 \u00b0C)<br \/>\ncon opci\u00f3n de baja temperatura<\/td>\n<\/tr>\n<tr>\n<td>Conexiones de proceso<\/td>\n<td>1\/8 mujer NPT<\/td>\n<\/tr>\n<tr>\n<td>Dimensiones<\/td>\n<td>Esfera de 4&#8243; (101,6 mm) 5<br \/>\nx 8\/127&#8243; (209 x 55,&lt;&gt; mm)<\/td>\n<\/tr>\n<tr>\n<td>Peso<\/td>\n<td>4 lb (1,81 kg)<\/td>\n<\/tr>\n<\/tbody>\n<\/table>\n","protected":false},"excerpt":{"rendered":"<p>Bisel y cubierta frontal (con perillas de punto de ajuste y tornillo de ajuste cero) retirados para exponer el interruptor fotohelicoidal\/mecanismo de punto de ajuste. La cubierta es de pl\u00e1stico de policarbonato transparente. El puntero del medidor y el obturador de luz est\u00e1n montados en h\u00e9lice y contrapeso de equilibrio.<\/p>\n","protected":false},"featured_media":3163,"comment_status":"open","ping_status":"closed","template":"","meta":{"_joinchat":[]},"product_brand":[],"product_cat":[15],"product_tag":[],"class_list":{"0":"post-3160","1":"product","2":"type-product","3":"status-publish","4":"has-post-thumbnail","6":"product_cat-sin-categorizar","8":"first","9":"instock","10":"shipping-taxable","11":"product-type-simple"},"yoast_head":"<!-- This site is optimized with the Yoast SEO plugin v26.4 - https:\/\/yoast.com\/wordpress\/plugins\/seo\/ -->\n<title>Interruptor de presi\u00f3n fotoh\u00e9lice dwyer a3001-man\u00f3metro (0-1.0 &quot;w.c.) - Abaa tienda online<\/title>\n<meta name=\"robots\" content=\"index, follow, max-snippet:-1, max-image-preview:large, max-video-preview:-1\" \/>\n<link rel=\"canonical\" href=\"https:\/\/abaa.mx\/tienda\/interruptor-de-presion-fotohelice-dwyer-a3001-manometro-0-1-0-w-c\/\" \/>\n<meta property=\"og:locale\" content=\"es_MX\" \/>\n<meta property=\"og:type\" content=\"article\" \/>\n<meta property=\"og:title\" content=\"Interruptor de presi\u00f3n fotoh\u00e9lice dwyer a3001-man\u00f3metro (0-1.0 &quot;w.c.) - Abaa tienda online\" \/>\n<meta property=\"og:description\" content=\"Bisel y cubierta frontal (con perillas de punto de ajuste y tornillo de ajuste cero) retirados para exponer el interruptor fotohelicoidal\/mecanismo de punto de ajuste. La cubierta es de pl\u00e1stico de policarbonato transparente. El puntero del medidor y el obturador de luz est\u00e1n montados en h\u00e9lice y contrapeso de equilibrio.\" \/>\n<meta property=\"og:url\" content=\"https:\/\/abaa.mx\/tienda\/interruptor-de-presion-fotohelice-dwyer-a3001-manometro-0-1-0-w-c\/\" \/>\n<meta property=\"og:site_name\" content=\"Abaa tienda online\" \/>\n<meta property=\"article:modified_time\" content=\"2023-12-06T19:56:17+00:00\" \/>\n<meta property=\"og:image\" content=\"https:\/\/abaa.mx\/tienda\/wp-content\/uploads\/2023\/09\/A3001.jpg\" \/>\n\t<meta property=\"og:image:width\" content=\"270\" \/>\n\t<meta property=\"og:image:height\" content=\"270\" \/>\n\t<meta property=\"og:image:type\" content=\"image\/jpeg\" \/>\n<meta name=\"twitter:card\" content=\"summary_large_image\" \/>\n<meta name=\"twitter:label1\" content=\"Tiempo de lectura\" \/>\n\t<meta name=\"twitter:data1\" content=\"3 minutos\" \/>\n<script type=\"application\/ld+json\" class=\"yoast-schema-graph\">{\"@context\":\"https:\/\/schema.org\",\"@graph\":[{\"@type\":\"WebPage\",\"@id\":\"https:\/\/abaa.mx\/tienda\/interruptor-de-presion-fotohelice-dwyer-a3001-manometro-0-1-0-w-c\/\",\"url\":\"https:\/\/abaa.mx\/tienda\/interruptor-de-presion-fotohelice-dwyer-a3001-manometro-0-1-0-w-c\/\",\"name\":\"Interruptor de presi\u00f3n fotoh\u00e9lice dwyer a3001-man\u00f3metro (0-1.0 \\\"w.c.) - Abaa tienda online\",\"isPartOf\":{\"@id\":\"https:\/\/abaa.mx\/tienda\/#website\"},\"primaryImageOfPage\":{\"@id\":\"https:\/\/abaa.mx\/tienda\/interruptor-de-presion-fotohelice-dwyer-a3001-manometro-0-1-0-w-c\/#primaryimage\"},\"image\":{\"@id\":\"https:\/\/abaa.mx\/tienda\/interruptor-de-presion-fotohelice-dwyer-a3001-manometro-0-1-0-w-c\/#primaryimage\"},\"thumbnailUrl\":\"https:\/\/abaa.mx\/tienda\/wp-content\/uploads\/2023\/09\/A3001.jpg\",\"datePublished\":\"2023-09-26T21:45:19+00:00\",\"dateModified\":\"2023-12-06T19:56:17+00:00\",\"breadcrumb\":{\"@id\":\"https:\/\/abaa.mx\/tienda\/interruptor-de-presion-fotohelice-dwyer-a3001-manometro-0-1-0-w-c\/#breadcrumb\"},\"inLanguage\":\"es\",\"potentialAction\":[{\"@type\":\"ReadAction\",\"target\":[\"https:\/\/abaa.mx\/tienda\/interruptor-de-presion-fotohelice-dwyer-a3001-manometro-0-1-0-w-c\/\"]}]},{\"@type\":\"ImageObject\",\"inLanguage\":\"es\",\"@id\":\"https:\/\/abaa.mx\/tienda\/interruptor-de-presion-fotohelice-dwyer-a3001-manometro-0-1-0-w-c\/#primaryimage\",\"url\":\"https:\/\/abaa.mx\/tienda\/wp-content\/uploads\/2023\/09\/A3001.jpg\",\"contentUrl\":\"https:\/\/abaa.mx\/tienda\/wp-content\/uploads\/2023\/09\/A3001.jpg\",\"width\":270,\"height\":270,\"caption\":\"A3001\"},{\"@type\":\"BreadcrumbList\",\"@id\":\"https:\/\/abaa.mx\/tienda\/interruptor-de-presion-fotohelice-dwyer-a3001-manometro-0-1-0-w-c\/#breadcrumb\",\"itemListElement\":[{\"@type\":\"ListItem\",\"position\":1,\"name\":\"Inicio\",\"item\":\"https:\/\/abaa.mx\/tienda\/\"},{\"@type\":\"ListItem\",\"position\":2,\"name\":\"Tienda\",\"item\":\"https:\/\/abaa.mx\/tienda\/\"},{\"@type\":\"ListItem\",\"position\":3,\"name\":\"Interruptor de presi\u00f3n fotoh\u00e9lice dwyer a3001-man\u00f3metro (0-1.0 &#8220;w.c.)\"}]},{\"@type\":\"WebSite\",\"@id\":\"https:\/\/abaa.mx\/tienda\/#website\",\"url\":\"https:\/\/abaa.mx\/tienda\/\",\"name\":\"Abaa tienda online\",\"description\":\"Instrumentos de medici\u00f3n\",\"publisher\":{\"@id\":\"https:\/\/abaa.mx\/tienda\/#organization\"},\"potentialAction\":[{\"@type\":\"SearchAction\",\"target\":{\"@type\":\"EntryPoint\",\"urlTemplate\":\"https:\/\/abaa.mx\/tienda\/?s={search_term_string}\"},\"query-input\":{\"@type\":\"PropertyValueSpecification\",\"valueRequired\":true,\"valueName\":\"search_term_string\"}}],\"inLanguage\":\"es\"},{\"@type\":\"Organization\",\"@id\":\"https:\/\/abaa.mx\/tienda\/#organization\",\"name\":\"Abaa tienda online\",\"url\":\"https:\/\/abaa.mx\/tienda\/\",\"logo\":{\"@type\":\"ImageObject\",\"inLanguage\":\"es\",\"@id\":\"https:\/\/abaa.mx\/tienda\/#\/schema\/logo\/image\/\",\"url\":\"https:\/\/abaa.mx\/tienda\/wp-content\/uploads\/2024\/01\/abaa-metrologia-tienda.png\",\"contentUrl\":\"https:\/\/abaa.mx\/tienda\/wp-content\/uploads\/2024\/01\/abaa-metrologia-tienda.png\",\"width\":300,\"height\":141,\"caption\":\"Abaa tienda online\"},\"image\":{\"@id\":\"https:\/\/abaa.mx\/tienda\/#\/schema\/logo\/image\/\"}}]}<\/script>\n<!-- \/ Yoast SEO plugin. -->","yoast_head_json":{"title":"Interruptor de presi\u00f3n fotoh\u00e9lice dwyer a3001-man\u00f3metro (0-1.0 \"w.c.) - Abaa tienda online","robots":{"index":"index","follow":"follow","max-snippet":"max-snippet:-1","max-image-preview":"max-image-preview:large","max-video-preview":"max-video-preview:-1"},"canonical":"https:\/\/abaa.mx\/tienda\/interruptor-de-presion-fotohelice-dwyer-a3001-manometro-0-1-0-w-c\/","og_locale":"es_MX","og_type":"article","og_title":"Interruptor de presi\u00f3n fotoh\u00e9lice dwyer a3001-man\u00f3metro (0-1.0 \"w.c.) - Abaa tienda online","og_description":"Bisel y cubierta frontal (con perillas de punto de ajuste y tornillo de ajuste cero) retirados para exponer el interruptor fotohelicoidal\/mecanismo de punto de ajuste. La cubierta es de pl\u00e1stico de policarbonato transparente. El puntero del medidor y el obturador de luz est\u00e1n montados en h\u00e9lice y contrapeso de equilibrio.","og_url":"https:\/\/abaa.mx\/tienda\/interruptor-de-presion-fotohelice-dwyer-a3001-manometro-0-1-0-w-c\/","og_site_name":"Abaa tienda online","article_modified_time":"2023-12-06T19:56:17+00:00","og_image":[{"width":270,"height":270,"url":"https:\/\/abaa.mx\/tienda\/wp-content\/uploads\/2023\/09\/A3001.jpg","type":"image\/jpeg"}],"twitter_card":"summary_large_image","twitter_misc":{"Tiempo de lectura":"3 minutos"},"schema":{"@context":"https:\/\/schema.org","@graph":[{"@type":"WebPage","@id":"https:\/\/abaa.mx\/tienda\/interruptor-de-presion-fotohelice-dwyer-a3001-manometro-0-1-0-w-c\/","url":"https:\/\/abaa.mx\/tienda\/interruptor-de-presion-fotohelice-dwyer-a3001-manometro-0-1-0-w-c\/","name":"Interruptor de presi\u00f3n fotoh\u00e9lice dwyer a3001-man\u00f3metro (0-1.0 \"w.c.) - Abaa tienda online","isPartOf":{"@id":"https:\/\/abaa.mx\/tienda\/#website"},"primaryImageOfPage":{"@id":"https:\/\/abaa.mx\/tienda\/interruptor-de-presion-fotohelice-dwyer-a3001-manometro-0-1-0-w-c\/#primaryimage"},"image":{"@id":"https:\/\/abaa.mx\/tienda\/interruptor-de-presion-fotohelice-dwyer-a3001-manometro-0-1-0-w-c\/#primaryimage"},"thumbnailUrl":"https:\/\/abaa.mx\/tienda\/wp-content\/uploads\/2023\/09\/A3001.jpg","datePublished":"2023-09-26T21:45:19+00:00","dateModified":"2023-12-06T19:56:17+00:00","breadcrumb":{"@id":"https:\/\/abaa.mx\/tienda\/interruptor-de-presion-fotohelice-dwyer-a3001-manometro-0-1-0-w-c\/#breadcrumb"},"inLanguage":"es","potentialAction":[{"@type":"ReadAction","target":["https:\/\/abaa.mx\/tienda\/interruptor-de-presion-fotohelice-dwyer-a3001-manometro-0-1-0-w-c\/"]}]},{"@type":"ImageObject","inLanguage":"es","@id":"https:\/\/abaa.mx\/tienda\/interruptor-de-presion-fotohelice-dwyer-a3001-manometro-0-1-0-w-c\/#primaryimage","url":"https:\/\/abaa.mx\/tienda\/wp-content\/uploads\/2023\/09\/A3001.jpg","contentUrl":"https:\/\/abaa.mx\/tienda\/wp-content\/uploads\/2023\/09\/A3001.jpg","width":270,"height":270,"caption":"A3001"},{"@type":"BreadcrumbList","@id":"https:\/\/abaa.mx\/tienda\/interruptor-de-presion-fotohelice-dwyer-a3001-manometro-0-1-0-w-c\/#breadcrumb","itemListElement":[{"@type":"ListItem","position":1,"name":"Inicio","item":"https:\/\/abaa.mx\/tienda\/"},{"@type":"ListItem","position":2,"name":"Tienda","item":"https:\/\/abaa.mx\/tienda\/"},{"@type":"ListItem","position":3,"name":"Interruptor de presi\u00f3n fotoh\u00e9lice dwyer a3001-man\u00f3metro (0-1.0 &#8220;w.c.)"}]},{"@type":"WebSite","@id":"https:\/\/abaa.mx\/tienda\/#website","url":"https:\/\/abaa.mx\/tienda\/","name":"Abaa tienda online","description":"Instrumentos de medici\u00f3n","publisher":{"@id":"https:\/\/abaa.mx\/tienda\/#organization"},"potentialAction":[{"@type":"SearchAction","target":{"@type":"EntryPoint","urlTemplate":"https:\/\/abaa.mx\/tienda\/?s={search_term_string}"},"query-input":{"@type":"PropertyValueSpecification","valueRequired":true,"valueName":"search_term_string"}}],"inLanguage":"es"},{"@type":"Organization","@id":"https:\/\/abaa.mx\/tienda\/#organization","name":"Abaa tienda online","url":"https:\/\/abaa.mx\/tienda\/","logo":{"@type":"ImageObject","inLanguage":"es","@id":"https:\/\/abaa.mx\/tienda\/#\/schema\/logo\/image\/","url":"https:\/\/abaa.mx\/tienda\/wp-content\/uploads\/2024\/01\/abaa-metrologia-tienda.png","contentUrl":"https:\/\/abaa.mx\/tienda\/wp-content\/uploads\/2024\/01\/abaa-metrologia-tienda.png","width":300,"height":141,"caption":"Abaa tienda online"},"image":{"@id":"https:\/\/abaa.mx\/tienda\/#\/schema\/logo\/image\/"}}]}},"_links":{"self":[{"href":"https:\/\/abaa.mx\/tienda\/wp-json\/wp\/v2\/product\/3160","targetHints":{"allow":["GET"]}}],"collection":[{"href":"https:\/\/abaa.mx\/tienda\/wp-json\/wp\/v2\/product"}],"about":[{"href":"https:\/\/abaa.mx\/tienda\/wp-json\/wp\/v2\/types\/product"}],"replies":[{"embeddable":true,"href":"https:\/\/abaa.mx\/tienda\/wp-json\/wp\/v2\/comments?post=3160"}],"wp:featuredmedia":[{"embeddable":true,"href":"https:\/\/abaa.mx\/tienda\/wp-json\/wp\/v2\/media\/3163"}],"wp:attachment":[{"href":"https:\/\/abaa.mx\/tienda\/wp-json\/wp\/v2\/media?parent=3160"}],"wp:term":[{"taxonomy":"product_brand","embeddable":true,"href":"https:\/\/abaa.mx\/tienda\/wp-json\/wp\/v2\/product_brand?post=3160"},{"taxonomy":"product_cat","embeddable":true,"href":"https:\/\/abaa.mx\/tienda\/wp-json\/wp\/v2\/product_cat?post=3160"},{"taxonomy":"product_tag","embeddable":true,"href":"https:\/\/abaa.mx\/tienda\/wp-json\/wp\/v2\/product_tag?post=3160"}],"curies":[{"name":"wp","href":"https:\/\/api.w.org\/{rel}","templated":true}]}}