{"id":2998,"date":"2023-09-26T15:55:32","date_gmt":"2023-09-26T15:55:32","guid":{"rendered":"https:\/\/abaa.mx\/tienda\/?post_type=product&#038;p=2998"},"modified":"2023-09-26T15:55:32","modified_gmt":"2023-09-26T15:55:32","slug":"manometro-digital-baker-b53000-0-a-3000-psi","status":"publish","type":"product","link":"https:\/\/abaa.mx\/tienda\/manometro-digital-baker-b53000-0-a-3000-psi\/","title":{"rendered":"man\u00f3metro digital baker b53000, 0 a 3000 psi"},"content":{"rendered":"<h6>Muestra presi\u00f3n en tiempo real con tiempos de respuesta cortos y excelente estabilidad a largo plazo. Todas las piezas h\u00famedas de acero inoxidable hacen que estos medidores sean adecuados para una amplia variedad de l\u00edquidos industriales y medios gaseosos.<\/h6>\n<h4>Baker B53000 Ofertas<\/h4>\n<p>Este man\u00f3metro digital con gr\u00e1fico de barras integrado cuenta con una precisi\u00f3n del 1%, retroiluminaci\u00f3n para facilitar la lectura y 3 unidades de ingenier\u00eda seleccionables que permiten utilizar un man\u00f3metro en una variedad de aplicaciones de presi\u00f3n.<\/p>\n<p><strong>Funciones<\/strong><\/p>\n<ul>\n<li>Compatible con aire, l\u00edquidos y gases<\/li>\n<li>3 unidades de medida de ingenier\u00eda seleccionables: psi, kgf\/cm\u00b2, MPa<\/li>\n<li>La pantalla LCD de 4 d\u00edgitos con luz de fondo proporciona una lectura clara<\/li>\n<li>304 Materiales h\u00famedos y carcasa de acero inoxidable<\/li>\n<li>Visualizaci\u00f3n del gr\u00e1fico de la barra de progreso de presi\u00f3n<\/li>\n<li>Pulsador cero<\/li>\n<\/ul>\n<p><strong>Aplicaciones<\/strong><\/p>\n<ul>\n<li>Aplicaciones OEM<\/li>\n<li>Instrumentaci\u00f3n y control<\/li>\n<li>Hidr\u00e1ulica<\/li>\n<li>Neum\u00e1tica<\/li>\n<li>Agua y aguas residuales<\/li>\n<li>Gases industriales y medicinales<\/li>\n<\/ul>\n","protected":false},"excerpt":{"rendered":"<p>Muestra presi\u00f3n en tiempo real con tiempos de respuesta cortos y excelente estabilidad a largo plazo. Todas las piezas h\u00famedas de acero inoxidable hacen que estos medidores sean adecuados para una amplia variedad de l\u00edquidos industriales y medios gaseosos.<\/p>\n","protected":false},"featured_media":3000,"comment_status":"open","ping_status":"closed","template":"","meta":{"_joinchat":[]},"product_brand":[],"product_cat":[15],"product_tag":[],"class_list":{"0":"post-2998","1":"product","2":"type-product","3":"status-publish","4":"has-post-thumbnail","6":"product_cat-sin-categorizar","8":"first","9":"instock","10":"shipping-taxable","11":"product-type-simple"},"yoast_head":"<!-- This site is optimized with the Yoast SEO plugin v26.4 - https:\/\/yoast.com\/wordpress\/plugins\/seo\/ -->\n<title>man\u00f3metro digital baker b53000, 0 a 3000 psi - Abaa tienda online<\/title>\n<meta name=\"robots\" content=\"index, follow, max-snippet:-1, max-image-preview:large, max-video-preview:-1\" \/>\n<link rel=\"canonical\" href=\"https:\/\/abaa.mx\/tienda\/manometro-digital-baker-b53000-0-a-3000-psi\/\" \/>\n<meta property=\"og:locale\" content=\"es_MX\" \/>\n<meta property=\"og:type\" content=\"article\" \/>\n<meta property=\"og:title\" content=\"man\u00f3metro digital baker b53000, 0 a 3000 psi - Abaa tienda online\" \/>\n<meta property=\"og:description\" content=\"Muestra presi\u00f3n en tiempo real con tiempos de respuesta cortos y excelente estabilidad a largo plazo. Todas las piezas h\u00famedas de acero inoxidable hacen que estos medidores sean adecuados para una amplia variedad de l\u00edquidos industriales y medios gaseosos.\" \/>\n<meta property=\"og:url\" content=\"https:\/\/abaa.mx\/tienda\/manometro-digital-baker-b53000-0-a-3000-psi\/\" \/>\n<meta property=\"og:site_name\" content=\"Abaa tienda online\" \/>\n<meta property=\"og:image\" content=\"https:\/\/abaa.mx\/tienda\/wp-content\/uploads\/2023\/09\/B53000.jpg\" \/>\n\t<meta property=\"og:image:width\" content=\"270\" \/>\n\t<meta property=\"og:image:height\" content=\"374\" \/>\n\t<meta property=\"og:image:type\" content=\"image\/jpeg\" \/>\n<meta name=\"twitter:card\" content=\"summary_large_image\" \/>\n<meta name=\"twitter:label1\" content=\"Tiempo de lectura\" \/>\n\t<meta name=\"twitter:data1\" content=\"1 minuto\" \/>\n<script type=\"application\/ld+json\" class=\"yoast-schema-graph\">{\"@context\":\"https:\/\/schema.org\",\"@graph\":[{\"@type\":\"WebPage\",\"@id\":\"https:\/\/abaa.mx\/tienda\/manometro-digital-baker-b53000-0-a-3000-psi\/\",\"url\":\"https:\/\/abaa.mx\/tienda\/manometro-digital-baker-b53000-0-a-3000-psi\/\",\"name\":\"man\u00f3metro digital baker b53000, 0 a 3000 psi - Abaa tienda online\",\"isPartOf\":{\"@id\":\"https:\/\/abaa.mx\/tienda\/#website\"},\"primaryImageOfPage\":{\"@id\":\"https:\/\/abaa.mx\/tienda\/manometro-digital-baker-b53000-0-a-3000-psi\/#primaryimage\"},\"image\":{\"@id\":\"https:\/\/abaa.mx\/tienda\/manometro-digital-baker-b53000-0-a-3000-psi\/#primaryimage\"},\"thumbnailUrl\":\"https:\/\/abaa.mx\/tienda\/wp-content\/uploads\/2023\/09\/B53000.jpg\",\"datePublished\":\"2023-09-26T15:55:32+00:00\",\"breadcrumb\":{\"@id\":\"https:\/\/abaa.mx\/tienda\/manometro-digital-baker-b53000-0-a-3000-psi\/#breadcrumb\"},\"inLanguage\":\"es\",\"potentialAction\":[{\"@type\":\"ReadAction\",\"target\":[\"https:\/\/abaa.mx\/tienda\/manometro-digital-baker-b53000-0-a-3000-psi\/\"]}]},{\"@type\":\"ImageObject\",\"inLanguage\":\"es\",\"@id\":\"https:\/\/abaa.mx\/tienda\/manometro-digital-baker-b53000-0-a-3000-psi\/#primaryimage\",\"url\":\"https:\/\/abaa.mx\/tienda\/wp-content\/uploads\/2023\/09\/B53000.jpg\",\"contentUrl\":\"https:\/\/abaa.mx\/tienda\/wp-content\/uploads\/2023\/09\/B53000.jpg\",\"width\":270,\"height\":374,\"caption\":\"B53000\"},{\"@type\":\"BreadcrumbList\",\"@id\":\"https:\/\/abaa.mx\/tienda\/manometro-digital-baker-b53000-0-a-3000-psi\/#breadcrumb\",\"itemListElement\":[{\"@type\":\"ListItem\",\"position\":1,\"name\":\"Inicio\",\"item\":\"https:\/\/abaa.mx\/tienda\/\"},{\"@type\":\"ListItem\",\"position\":2,\"name\":\"Tienda\",\"item\":\"https:\/\/abaa.mx\/tienda\/\"},{\"@type\":\"ListItem\",\"position\":3,\"name\":\"man\u00f3metro digital baker b53000, 0 a 3000 psi\"}]},{\"@type\":\"WebSite\",\"@id\":\"https:\/\/abaa.mx\/tienda\/#website\",\"url\":\"https:\/\/abaa.mx\/tienda\/\",\"name\":\"Abaa tienda online\",\"description\":\"Instrumentos de medici\u00f3n\",\"publisher\":{\"@id\":\"https:\/\/abaa.mx\/tienda\/#organization\"},\"potentialAction\":[{\"@type\":\"SearchAction\",\"target\":{\"@type\":\"EntryPoint\",\"urlTemplate\":\"https:\/\/abaa.mx\/tienda\/?s={search_term_string}\"},\"query-input\":{\"@type\":\"PropertyValueSpecification\",\"valueRequired\":true,\"valueName\":\"search_term_string\"}}],\"inLanguage\":\"es\"},{\"@type\":\"Organization\",\"@id\":\"https:\/\/abaa.mx\/tienda\/#organization\",\"name\":\"Abaa tienda online\",\"url\":\"https:\/\/abaa.mx\/tienda\/\",\"logo\":{\"@type\":\"ImageObject\",\"inLanguage\":\"es\",\"@id\":\"https:\/\/abaa.mx\/tienda\/#\/schema\/logo\/image\/\",\"url\":\"https:\/\/abaa.mx\/tienda\/wp-content\/uploads\/2024\/01\/abaa-metrologia-tienda.png\",\"contentUrl\":\"https:\/\/abaa.mx\/tienda\/wp-content\/uploads\/2024\/01\/abaa-metrologia-tienda.png\",\"width\":300,\"height\":141,\"caption\":\"Abaa tienda online\"},\"image\":{\"@id\":\"https:\/\/abaa.mx\/tienda\/#\/schema\/logo\/image\/\"}}]}<\/script>\n<!-- \/ Yoast SEO plugin. -->","yoast_head_json":{"title":"man\u00f3metro digital baker b53000, 0 a 3000 psi - Abaa tienda online","robots":{"index":"index","follow":"follow","max-snippet":"max-snippet:-1","max-image-preview":"max-image-preview:large","max-video-preview":"max-video-preview:-1"},"canonical":"https:\/\/abaa.mx\/tienda\/manometro-digital-baker-b53000-0-a-3000-psi\/","og_locale":"es_MX","og_type":"article","og_title":"man\u00f3metro digital baker b53000, 0 a 3000 psi - Abaa tienda online","og_description":"Muestra presi\u00f3n en tiempo real con tiempos de respuesta cortos y excelente estabilidad a largo plazo. Todas las piezas h\u00famedas de acero inoxidable hacen que estos medidores sean adecuados para una amplia variedad de l\u00edquidos industriales y medios gaseosos.","og_url":"https:\/\/abaa.mx\/tienda\/manometro-digital-baker-b53000-0-a-3000-psi\/","og_site_name":"Abaa tienda online","og_image":[{"width":270,"height":374,"url":"https:\/\/abaa.mx\/tienda\/wp-content\/uploads\/2023\/09\/B53000.jpg","type":"image\/jpeg"}],"twitter_card":"summary_large_image","twitter_misc":{"Tiempo de lectura":"1 minuto"},"schema":{"@context":"https:\/\/schema.org","@graph":[{"@type":"WebPage","@id":"https:\/\/abaa.mx\/tienda\/manometro-digital-baker-b53000-0-a-3000-psi\/","url":"https:\/\/abaa.mx\/tienda\/manometro-digital-baker-b53000-0-a-3000-psi\/","name":"man\u00f3metro digital baker b53000, 0 a 3000 psi - Abaa tienda online","isPartOf":{"@id":"https:\/\/abaa.mx\/tienda\/#website"},"primaryImageOfPage":{"@id":"https:\/\/abaa.mx\/tienda\/manometro-digital-baker-b53000-0-a-3000-psi\/#primaryimage"},"image":{"@id":"https:\/\/abaa.mx\/tienda\/manometro-digital-baker-b53000-0-a-3000-psi\/#primaryimage"},"thumbnailUrl":"https:\/\/abaa.mx\/tienda\/wp-content\/uploads\/2023\/09\/B53000.jpg","datePublished":"2023-09-26T15:55:32+00:00","breadcrumb":{"@id":"https:\/\/abaa.mx\/tienda\/manometro-digital-baker-b53000-0-a-3000-psi\/#breadcrumb"},"inLanguage":"es","potentialAction":[{"@type":"ReadAction","target":["https:\/\/abaa.mx\/tienda\/manometro-digital-baker-b53000-0-a-3000-psi\/"]}]},{"@type":"ImageObject","inLanguage":"es","@id":"https:\/\/abaa.mx\/tienda\/manometro-digital-baker-b53000-0-a-3000-psi\/#primaryimage","url":"https:\/\/abaa.mx\/tienda\/wp-content\/uploads\/2023\/09\/B53000.jpg","contentUrl":"https:\/\/abaa.mx\/tienda\/wp-content\/uploads\/2023\/09\/B53000.jpg","width":270,"height":374,"caption":"B53000"},{"@type":"BreadcrumbList","@id":"https:\/\/abaa.mx\/tienda\/manometro-digital-baker-b53000-0-a-3000-psi\/#breadcrumb","itemListElement":[{"@type":"ListItem","position":1,"name":"Inicio","item":"https:\/\/abaa.mx\/tienda\/"},{"@type":"ListItem","position":2,"name":"Tienda","item":"https:\/\/abaa.mx\/tienda\/"},{"@type":"ListItem","position":3,"name":"man\u00f3metro digital baker b53000, 0 a 3000 psi"}]},{"@type":"WebSite","@id":"https:\/\/abaa.mx\/tienda\/#website","url":"https:\/\/abaa.mx\/tienda\/","name":"Abaa tienda online","description":"Instrumentos de medici\u00f3n","publisher":{"@id":"https:\/\/abaa.mx\/tienda\/#organization"},"potentialAction":[{"@type":"SearchAction","target":{"@type":"EntryPoint","urlTemplate":"https:\/\/abaa.mx\/tienda\/?s={search_term_string}"},"query-input":{"@type":"PropertyValueSpecification","valueRequired":true,"valueName":"search_term_string"}}],"inLanguage":"es"},{"@type":"Organization","@id":"https:\/\/abaa.mx\/tienda\/#organization","name":"Abaa tienda online","url":"https:\/\/abaa.mx\/tienda\/","logo":{"@type":"ImageObject","inLanguage":"es","@id":"https:\/\/abaa.mx\/tienda\/#\/schema\/logo\/image\/","url":"https:\/\/abaa.mx\/tienda\/wp-content\/uploads\/2024\/01\/abaa-metrologia-tienda.png","contentUrl":"https:\/\/abaa.mx\/tienda\/wp-content\/uploads\/2024\/01\/abaa-metrologia-tienda.png","width":300,"height":141,"caption":"Abaa tienda online"},"image":{"@id":"https:\/\/abaa.mx\/tienda\/#\/schema\/logo\/image\/"}}]}},"_links":{"self":[{"href":"https:\/\/abaa.mx\/tienda\/wp-json\/wp\/v2\/product\/2998","targetHints":{"allow":["GET"]}}],"collection":[{"href":"https:\/\/abaa.mx\/tienda\/wp-json\/wp\/v2\/product"}],"about":[{"href":"https:\/\/abaa.mx\/tienda\/wp-json\/wp\/v2\/types\/product"}],"replies":[{"embeddable":true,"href":"https:\/\/abaa.mx\/tienda\/wp-json\/wp\/v2\/comments?post=2998"}],"wp:featuredmedia":[{"embeddable":true,"href":"https:\/\/abaa.mx\/tienda\/wp-json\/wp\/v2\/media\/3000"}],"wp:attachment":[{"href":"https:\/\/abaa.mx\/tienda\/wp-json\/wp\/v2\/media?parent=2998"}],"wp:term":[{"taxonomy":"product_brand","embeddable":true,"href":"https:\/\/abaa.mx\/tienda\/wp-json\/wp\/v2\/product_brand?post=2998"},{"taxonomy":"product_cat","embeddable":true,"href":"https:\/\/abaa.mx\/tienda\/wp-json\/wp\/v2\/product_cat?post=2998"},{"taxonomy":"product_tag","embeddable":true,"href":"https:\/\/abaa.mx\/tienda\/wp-json\/wp\/v2\/product_tag?post=2998"}],"curies":[{"name":"wp","href":"https:\/\/api.w.org\/{rel}","templated":true}]}}