{"id":2876,"date":"2023-09-25T20:15:13","date_gmt":"2023-09-25T20:15:13","guid":{"rendered":"https:\/\/abaa.mx\/tienda\/?post_type=product&#038;p=2876"},"modified":"2023-11-27T17:57:26","modified_gmt":"2023-11-27T17:57:26","slug":"kit-processmeter-787b-de-fluke","status":"publish","type":"product","link":"https:\/\/abaa.mx\/tienda\/kit-processmeter-787b-de-fluke\/","title":{"rendered":"Kit processmeter 787b de fluke"},"content":{"rendered":"<h4><\/h4>\n<p><strong>Funciones:<\/strong><\/p>\n<ul>\n<li>Fuente\/medida\/simulaci\u00f3n de corriente continua de 20 mA.<\/li>\n<li>Lectura simult\u00e1nea de mA y % de escala.<\/li>\n<li>Mult\u00edmetro digital dise\u00f1ado para cumplir con los est\u00e1ndares IEC 1000 CAT III de 61010 voltios y 600 V CAT IV.<\/li>\n<li>Compatibilidad de Fluke Connect para el registro de datos. inal\u00e1mbricos con el m\u00f3dulo IR3000FC (se vende por separado).<\/li>\n<li>Mult\u00edmetro digital Precision 1000 V, 440 mA True RMS.<\/li>\n<li>Medici\u00f3n de frecuencia hasta 20 kHz.<\/li>\n<li>Modos m\u00edn.\/m\u00e1ximo\/promedio\/retenci\u00f3n\/relativo.<\/li>\n<li>Prueba de diodo y pitido de continuidad.<\/li>\n<li>Paso manual (100 %, 25 %, grueso, fino) m\u00e1s paso autom\u00e1tico y rampa autom\u00e1tica.<\/li>\n<li>Bater\u00eda accesible externamente para facilitar los cambios de bater\u00eda.<\/li>\n<\/ul>\n<p>&nbsp;<\/p>\n<p><strong>Aplicaciones:<\/strong><\/p>\n<ul>\n<li>Soluci\u00f3n de problemas.<\/li>\n<li>Calibraci\u00f3n del bucle de corriente.<\/li>\n<\/ul>\n<p>&nbsp;<\/p>\n<h4>Fluke 787B-KIT4 Especificaciones<\/h4>\n<table class=\"table table-striped\">\n<tbody>\n<tr>\n<td colspan=\"2\"><strong>V CC<\/strong><\/td>\n<\/tr>\n<tr>\n<td>Alcance y resoluci\u00f3n<\/td>\n<td>400,0 mV, 4.000 V, 40,00 V, 400,0 V, 1000 V<\/td>\n<\/tr>\n<tr>\n<td>Mejor precisi\u00f3n (% de lectura + LSD)<\/td>\n<td>0.1% + 1<\/td>\n<\/tr>\n<tr>\n<td colspan=\"2\"><strong>V AC (True RMS)<\/strong><\/td>\n<\/tr>\n<tr>\n<td>Alcance y resoluci\u00f3n<\/td>\n<td>400,0 mV, 4.000 V, 40,00 V, 400,0 V, 1000 V<\/td>\n<\/tr>\n<tr>\n<td>Mejor precisi\u00f3n (% de lectura + LSD)<\/td>\n<td>0.7% + 2<\/td>\n<\/tr>\n<tr>\n<td colspan=\"2\"><strong>mA DC<\/strong><\/td>\n<\/tr>\n<tr>\n<td>Alcance y resoluci\u00f3n<\/td>\n<td>30.000 mA<\/td>\n<\/tr>\n<tr>\n<td>Mejor precisi\u00f3n (% de lectura + LSD)<\/td>\n<td>0.05% + 2<\/td>\n<\/tr>\n<tr>\n<td colspan=\"2\"><strong>mA DC<\/strong><\/td>\n<\/tr>\n<tr>\n<td>Alcance y resoluci\u00f3n<\/td>\n<td>30.000 mA<\/td>\n<\/tr>\n<tr>\n<td>Mejor precisi\u00f3n (% de lectura + LSD)<\/td>\n<td>0.05% + 2<\/td>\n<\/tr>\n<tr>\n<td colspan=\"2\"><strong>Un DC<\/strong><\/td>\n<\/tr>\n<tr>\n<td>Alcance y resoluci\u00f3n<\/td>\n<td>1.000 A (0,440 A continuo)<\/td>\n<\/tr>\n<tr>\n<td>Mejor precisi\u00f3n (% de lectura + LSD)<\/td>\n<td>0.2% + 2<\/td>\n<\/tr>\n<tr>\n<td colspan=\"2\"><strong>Un aire acondicionado<\/strong><\/td>\n<\/tr>\n<tr>\n<td>Alcance y resoluci\u00f3n<\/td>\n<td>1.000 A (0,440 A continuo)<\/td>\n<\/tr>\n<tr>\n<td>Mejor precisi\u00f3n (% de lectura + LSD)<\/td>\n<td>1% + 2<\/td>\n<\/tr>\n<tr>\n<td colspan=\"2\"><strong>Resistencia<\/strong><\/td>\n<\/tr>\n<tr>\n<td>Alcance y resoluci\u00f3n<\/td>\n<td>400,0 ohmios, 4.000 k, 40,00 k, 400,0 k, 4,0 m, 40 m<\/td>\n<\/tr>\n<tr>\n<td>Mejor precisi\u00f3n (% de lectura + LSD)<\/td>\n<td>0.2% + 1<\/td>\n<\/tr>\n<tr>\n<td colspan=\"2\"><strong>Frecuencia (0,5 Hz a 20 kHz)<\/strong><\/td>\n<\/tr>\n<tr>\n<td>Alcance y resoluci\u00f3n<\/td>\n<td>199,99 Hz, 1999,9 Hz, 19,999 kHz<\/td>\n<\/tr>\n<tr>\n<td>Mejor precisi\u00f3n (% de lectura + LSD)<\/td>\n<td>0.005% + 1<\/td>\n<\/tr>\n<tr>\n<td colspan=\"2\"><strong>Prueba de diodo<\/strong><\/td>\n<\/tr>\n<tr>\n<td>Alcance y resoluci\u00f3n<\/td>\n<td>2.000 V (muestra ca\u00edda de voltaje del diodo)<\/td>\n<\/tr>\n<tr>\n<td>Mejor precisi\u00f3n (% de lectura + LSD)<\/td>\n<td>2% + 1<\/td>\n<\/tr>\n<tr>\n<td colspan=\"2\"><strong>Continuidad<\/strong><\/td>\n<\/tr>\n<tr>\n<td>Alcance y resoluci\u00f3n<\/td>\n<td>Pitidos de resistencia &lt;aprox. 100 \u03a9<\/td>\n<\/tr>\n<tr>\n<td colspan=\"2\"><strong>Salida de corriente continua (funcionamiento interno de la bater\u00eda)<\/strong><\/td>\n<\/tr>\n<tr>\n<td>Alcance y resoluci\u00f3n<\/td>\n<td>0,000 a 20.000 mA o 4.000 a 20.000 mA, (seleccionable al encender) Sobre-rango a 24.000 mA<\/td>\n<\/tr>\n<tr>\n<td>Capacidad de unidad<\/td>\n<td>Cumplimiento de 24 V o, 1.200 ohmios, a 20 mA<\/td>\n<\/tr>\n<tr>\n<td>Precisi\u00f3n (% del span)<\/td>\n<td>0.05%<\/td>\n<\/tr>\n<tr>\n<td colspan=\"2\"><strong>Simular corriente continua (alimentaci\u00f3n de bucle ext. 15 a 48 V)<\/strong><\/td>\n<\/tr>\n<tr>\n<td>Alcance y resoluci\u00f3n<\/td>\n<td>0,000 a 20.000 mA o 4.000 a 20.000 mA, (seleccionable al encender) Sobre-rango a 24.000 mA<\/td>\n<\/tr>\n<tr>\n<td>Capacidad de unidad<\/td>\n<td>1000 ohmios, a 20 mA<\/td>\n<\/tr>\n<tr>\n<td>Precisi\u00f3n (% del span)<\/td>\n<td>0.05%<\/td>\n<\/tr>\n<tr>\n<td colspan=\"2\"><strong>Modos de ajuste actuales<\/strong><\/td>\n<\/tr>\n<tr>\n<td>Manual<\/td>\n<td>Grueso, fino, 25% y 100% paso<\/td>\n<\/tr>\n<tr>\n<td>Autom\u00e1tico<\/td>\n<td>Rampa lenta, rampa r\u00e1pida, 25% paso<\/td>\n<\/tr>\n<tr>\n<td colspan=\"2\"><strong>Especificaciones generales<\/strong><\/td>\n<\/tr>\n<tr>\n<td>Voltaje m\u00e1ximo aplicado entre cualquier conector y tierra<\/td>\n<td>1000 V RMS<\/td>\n<\/tr>\n<tr>\n<td>Temperatura de almacenamiento<\/td>\n<td>-40 a 140\u00b0F (-40 a 60\u00b0C)<\/td>\n<\/tr>\n<tr>\n<td>Temperatura de funcionamiento<\/td>\n<td>-4 a 131\u00b0F (-20 a 55\u00b0C)<\/td>\n<\/tr>\n<tr>\n<td>Coeficiente de temperatura<\/td>\n<td>0,05 x (precisi\u00f3n especificada) por \u00b0C (para temperaturas &lt;18 \u00b0C o &gt;28 \u00b0C)<\/td>\n<\/tr>\n<tr>\n<td>Humedad relativa<\/td>\n<td>95% hasta 86\u00b0F (30\u00b0C) 75% hasta 104\u00b0F (40\u00b0C) 45% hasta 122\u00b0F (50\u00b0C) 35% hasta 131\u00b0F (55\u00b0C)<\/td>\n<\/tr>\n<tr>\n<td>Vibraci\u00f3n<\/td>\n<td>Aleatorio, 2 g, 5 a 500 Hz<\/td>\n<\/tr>\n<tr>\n<td>Shock<\/td>\n<td>Prueba de ca\u00edda de 3 m (3,1 pies)<\/td>\n<\/tr>\n<tr>\n<td>Bater\u00eda<\/td>\n<td>4 pilas alcalinas AA<\/td>\n<\/tr>\n<tr>\n<td>Duraci\u00f3n de la bater\u00eda<\/td>\n<td>140 horas t\u00edpicas (medici\u00f3n), 10 horas t\u00edpicas (abastecimiento 12 mA)<\/td>\n<\/tr>\n<tr>\n<td>Dimensiones<\/td>\n<td>1,97 x 3,94 x 8&#8243; (50 x 100 x 203 mm)<\/td>\n<\/tr>\n<tr>\n<td>Peso<\/td>\n<td>1,3 lb (600 g)<\/td>\n<\/tr>\n<tr>\n<td>Seguridad<\/td>\n<td>IEC61010-1, Grado de contaminaci\u00f3n 2\/IEC61010-2-033, CAT IV 600 V\/CAT III 1000 V<\/td>\n<\/tr>\n<\/tbody>\n<\/table>\n","protected":false},"excerpt":{"rendered":"<p>Combina las capacidades de un mult\u00edmetro digital con clasificaci\u00f3n de seguridad y un calibrador de bucle mA en una sola herramienta. Este medidor de proceso es ideal para solucionar problemas y calibrar aplicaciones de bucle de corriente debido a su capacidad para medir, obtener y simular mA.<\/p>\n","protected":false},"featured_media":2883,"comment_status":"open","ping_status":"closed","template":"","meta":{"_joinchat":[]},"product_brand":[],"product_cat":[15],"product_tag":[],"class_list":{"0":"post-2876","1":"product","2":"type-product","3":"status-publish","4":"has-post-thumbnail","6":"product_cat-sin-categorizar","8":"first","9":"instock","10":"shipping-taxable","11":"product-type-simple"},"yoast_head":"<!-- This site is optimized with the Yoast SEO plugin v26.4 - https:\/\/yoast.com\/wordpress\/plugins\/seo\/ -->\n<title>Kit processmeter 787b de fluke - Abaa tienda online<\/title>\n<meta name=\"robots\" content=\"index, follow, max-snippet:-1, max-image-preview:large, max-video-preview:-1\" \/>\n<link rel=\"canonical\" href=\"https:\/\/abaa.mx\/tienda\/kit-processmeter-787b-de-fluke\/\" \/>\n<meta property=\"og:locale\" content=\"es_MX\" \/>\n<meta property=\"og:type\" content=\"article\" \/>\n<meta property=\"og:title\" content=\"Kit processmeter 787b de fluke - Abaa tienda online\" \/>\n<meta property=\"og:description\" content=\"Combina las capacidades de un mult\u00edmetro digital con clasificaci\u00f3n de seguridad y un calibrador de bucle mA en una sola herramienta. Este medidor de proceso es ideal para solucionar problemas y calibrar aplicaciones de bucle de corriente debido a su capacidad para medir, obtener y simular mA.\" \/>\n<meta property=\"og:url\" content=\"https:\/\/abaa.mx\/tienda\/kit-processmeter-787b-de-fluke\/\" \/>\n<meta property=\"og:site_name\" content=\"Abaa tienda online\" \/>\n<meta property=\"article:modified_time\" content=\"2023-11-27T17:57:26+00:00\" \/>\n<meta property=\"og:image\" content=\"https:\/\/abaa.mx\/tienda\/wp-content\/uploads\/2023\/09\/787B-KIT4.jpg\" \/>\n\t<meta property=\"og:image:width\" content=\"473\" \/>\n\t<meta property=\"og:image:height\" content=\"500\" \/>\n\t<meta property=\"og:image:type\" content=\"image\/jpeg\" \/>\n<meta name=\"twitter:card\" content=\"summary_large_image\" \/>\n<meta name=\"twitter:label1\" content=\"Tiempo de lectura\" \/>\n\t<meta name=\"twitter:data1\" content=\"3 minutos\" \/>\n<script type=\"application\/ld+json\" class=\"yoast-schema-graph\">{\"@context\":\"https:\/\/schema.org\",\"@graph\":[{\"@type\":\"WebPage\",\"@id\":\"https:\/\/abaa.mx\/tienda\/kit-processmeter-787b-de-fluke\/\",\"url\":\"https:\/\/abaa.mx\/tienda\/kit-processmeter-787b-de-fluke\/\",\"name\":\"Kit processmeter 787b de fluke - Abaa tienda online\",\"isPartOf\":{\"@id\":\"https:\/\/abaa.mx\/tienda\/#website\"},\"primaryImageOfPage\":{\"@id\":\"https:\/\/abaa.mx\/tienda\/kit-processmeter-787b-de-fluke\/#primaryimage\"},\"image\":{\"@id\":\"https:\/\/abaa.mx\/tienda\/kit-processmeter-787b-de-fluke\/#primaryimage\"},\"thumbnailUrl\":\"https:\/\/abaa.mx\/tienda\/wp-content\/uploads\/2023\/09\/787B-KIT4.jpg\",\"datePublished\":\"2023-09-25T20:15:13+00:00\",\"dateModified\":\"2023-11-27T17:57:26+00:00\",\"breadcrumb\":{\"@id\":\"https:\/\/abaa.mx\/tienda\/kit-processmeter-787b-de-fluke\/#breadcrumb\"},\"inLanguage\":\"es\",\"potentialAction\":[{\"@type\":\"ReadAction\",\"target\":[\"https:\/\/abaa.mx\/tienda\/kit-processmeter-787b-de-fluke\/\"]}]},{\"@type\":\"ImageObject\",\"inLanguage\":\"es\",\"@id\":\"https:\/\/abaa.mx\/tienda\/kit-processmeter-787b-de-fluke\/#primaryimage\",\"url\":\"https:\/\/abaa.mx\/tienda\/wp-content\/uploads\/2023\/09\/787B-KIT4.jpg\",\"contentUrl\":\"https:\/\/abaa.mx\/tienda\/wp-content\/uploads\/2023\/09\/787B-KIT4.jpg\",\"width\":473,\"height\":500,\"caption\":\"kit-processmeter-787b-de-fluke\"},{\"@type\":\"BreadcrumbList\",\"@id\":\"https:\/\/abaa.mx\/tienda\/kit-processmeter-787b-de-fluke\/#breadcrumb\",\"itemListElement\":[{\"@type\":\"ListItem\",\"position\":1,\"name\":\"Inicio\",\"item\":\"https:\/\/abaa.mx\/tienda\/\"},{\"@type\":\"ListItem\",\"position\":2,\"name\":\"Tienda\",\"item\":\"https:\/\/abaa.mx\/tienda\/\"},{\"@type\":\"ListItem\",\"position\":3,\"name\":\"Kit processmeter 787b de fluke\"}]},{\"@type\":\"WebSite\",\"@id\":\"https:\/\/abaa.mx\/tienda\/#website\",\"url\":\"https:\/\/abaa.mx\/tienda\/\",\"name\":\"Abaa tienda online\",\"description\":\"Instrumentos de medici\u00f3n\",\"publisher\":{\"@id\":\"https:\/\/abaa.mx\/tienda\/#organization\"},\"potentialAction\":[{\"@type\":\"SearchAction\",\"target\":{\"@type\":\"EntryPoint\",\"urlTemplate\":\"https:\/\/abaa.mx\/tienda\/?s={search_term_string}\"},\"query-input\":{\"@type\":\"PropertyValueSpecification\",\"valueRequired\":true,\"valueName\":\"search_term_string\"}}],\"inLanguage\":\"es\"},{\"@type\":\"Organization\",\"@id\":\"https:\/\/abaa.mx\/tienda\/#organization\",\"name\":\"Abaa tienda online\",\"url\":\"https:\/\/abaa.mx\/tienda\/\",\"logo\":{\"@type\":\"ImageObject\",\"inLanguage\":\"es\",\"@id\":\"https:\/\/abaa.mx\/tienda\/#\/schema\/logo\/image\/\",\"url\":\"https:\/\/abaa.mx\/tienda\/wp-content\/uploads\/2024\/01\/abaa-metrologia-tienda.png\",\"contentUrl\":\"https:\/\/abaa.mx\/tienda\/wp-content\/uploads\/2024\/01\/abaa-metrologia-tienda.png\",\"width\":300,\"height\":141,\"caption\":\"Abaa tienda online\"},\"image\":{\"@id\":\"https:\/\/abaa.mx\/tienda\/#\/schema\/logo\/image\/\"}}]}<\/script>\n<!-- \/ Yoast SEO plugin. -->","yoast_head_json":{"title":"Kit processmeter 787b de fluke - Abaa tienda online","robots":{"index":"index","follow":"follow","max-snippet":"max-snippet:-1","max-image-preview":"max-image-preview:large","max-video-preview":"max-video-preview:-1"},"canonical":"https:\/\/abaa.mx\/tienda\/kit-processmeter-787b-de-fluke\/","og_locale":"es_MX","og_type":"article","og_title":"Kit processmeter 787b de fluke - Abaa tienda online","og_description":"Combina las capacidades de un mult\u00edmetro digital con clasificaci\u00f3n de seguridad y un calibrador de bucle mA en una sola herramienta. Este medidor de proceso es ideal para solucionar problemas y calibrar aplicaciones de bucle de corriente debido a su capacidad para medir, obtener y simular mA.","og_url":"https:\/\/abaa.mx\/tienda\/kit-processmeter-787b-de-fluke\/","og_site_name":"Abaa tienda online","article_modified_time":"2023-11-27T17:57:26+00:00","og_image":[{"width":473,"height":500,"url":"https:\/\/abaa.mx\/tienda\/wp-content\/uploads\/2023\/09\/787B-KIT4.jpg","type":"image\/jpeg"}],"twitter_card":"summary_large_image","twitter_misc":{"Tiempo de lectura":"3 minutos"},"schema":{"@context":"https:\/\/schema.org","@graph":[{"@type":"WebPage","@id":"https:\/\/abaa.mx\/tienda\/kit-processmeter-787b-de-fluke\/","url":"https:\/\/abaa.mx\/tienda\/kit-processmeter-787b-de-fluke\/","name":"Kit processmeter 787b de fluke - Abaa tienda online","isPartOf":{"@id":"https:\/\/abaa.mx\/tienda\/#website"},"primaryImageOfPage":{"@id":"https:\/\/abaa.mx\/tienda\/kit-processmeter-787b-de-fluke\/#primaryimage"},"image":{"@id":"https:\/\/abaa.mx\/tienda\/kit-processmeter-787b-de-fluke\/#primaryimage"},"thumbnailUrl":"https:\/\/abaa.mx\/tienda\/wp-content\/uploads\/2023\/09\/787B-KIT4.jpg","datePublished":"2023-09-25T20:15:13+00:00","dateModified":"2023-11-27T17:57:26+00:00","breadcrumb":{"@id":"https:\/\/abaa.mx\/tienda\/kit-processmeter-787b-de-fluke\/#breadcrumb"},"inLanguage":"es","potentialAction":[{"@type":"ReadAction","target":["https:\/\/abaa.mx\/tienda\/kit-processmeter-787b-de-fluke\/"]}]},{"@type":"ImageObject","inLanguage":"es","@id":"https:\/\/abaa.mx\/tienda\/kit-processmeter-787b-de-fluke\/#primaryimage","url":"https:\/\/abaa.mx\/tienda\/wp-content\/uploads\/2023\/09\/787B-KIT4.jpg","contentUrl":"https:\/\/abaa.mx\/tienda\/wp-content\/uploads\/2023\/09\/787B-KIT4.jpg","width":473,"height":500,"caption":"kit-processmeter-787b-de-fluke"},{"@type":"BreadcrumbList","@id":"https:\/\/abaa.mx\/tienda\/kit-processmeter-787b-de-fluke\/#breadcrumb","itemListElement":[{"@type":"ListItem","position":1,"name":"Inicio","item":"https:\/\/abaa.mx\/tienda\/"},{"@type":"ListItem","position":2,"name":"Tienda","item":"https:\/\/abaa.mx\/tienda\/"},{"@type":"ListItem","position":3,"name":"Kit processmeter 787b de fluke"}]},{"@type":"WebSite","@id":"https:\/\/abaa.mx\/tienda\/#website","url":"https:\/\/abaa.mx\/tienda\/","name":"Abaa tienda online","description":"Instrumentos de medici\u00f3n","publisher":{"@id":"https:\/\/abaa.mx\/tienda\/#organization"},"potentialAction":[{"@type":"SearchAction","target":{"@type":"EntryPoint","urlTemplate":"https:\/\/abaa.mx\/tienda\/?s={search_term_string}"},"query-input":{"@type":"PropertyValueSpecification","valueRequired":true,"valueName":"search_term_string"}}],"inLanguage":"es"},{"@type":"Organization","@id":"https:\/\/abaa.mx\/tienda\/#organization","name":"Abaa tienda online","url":"https:\/\/abaa.mx\/tienda\/","logo":{"@type":"ImageObject","inLanguage":"es","@id":"https:\/\/abaa.mx\/tienda\/#\/schema\/logo\/image\/","url":"https:\/\/abaa.mx\/tienda\/wp-content\/uploads\/2024\/01\/abaa-metrologia-tienda.png","contentUrl":"https:\/\/abaa.mx\/tienda\/wp-content\/uploads\/2024\/01\/abaa-metrologia-tienda.png","width":300,"height":141,"caption":"Abaa tienda online"},"image":{"@id":"https:\/\/abaa.mx\/tienda\/#\/schema\/logo\/image\/"}}]}},"_links":{"self":[{"href":"https:\/\/abaa.mx\/tienda\/wp-json\/wp\/v2\/product\/2876","targetHints":{"allow":["GET"]}}],"collection":[{"href":"https:\/\/abaa.mx\/tienda\/wp-json\/wp\/v2\/product"}],"about":[{"href":"https:\/\/abaa.mx\/tienda\/wp-json\/wp\/v2\/types\/product"}],"replies":[{"embeddable":true,"href":"https:\/\/abaa.mx\/tienda\/wp-json\/wp\/v2\/comments?post=2876"}],"wp:featuredmedia":[{"embeddable":true,"href":"https:\/\/abaa.mx\/tienda\/wp-json\/wp\/v2\/media\/2883"}],"wp:attachment":[{"href":"https:\/\/abaa.mx\/tienda\/wp-json\/wp\/v2\/media?parent=2876"}],"wp:term":[{"taxonomy":"product_brand","embeddable":true,"href":"https:\/\/abaa.mx\/tienda\/wp-json\/wp\/v2\/product_brand?post=2876"},{"taxonomy":"product_cat","embeddable":true,"href":"https:\/\/abaa.mx\/tienda\/wp-json\/wp\/v2\/product_cat?post=2876"},{"taxonomy":"product_tag","embeddable":true,"href":"https:\/\/abaa.mx\/tienda\/wp-json\/wp\/v2\/product_tag?post=2876"}],"curies":[{"name":"wp","href":"https:\/\/api.w.org\/{rel}","templated":true}]}}