{"id":2734,"date":"2023-09-22T21:11:46","date_gmt":"2023-09-22T21:11:46","guid":{"rendered":"https:\/\/abaa.mx\/tienda\/?post_type=product&#038;p=2734"},"modified":"2023-12-20T17:15:14","modified_gmt":"2023-12-20T17:15:14","slug":"interruptor-de-temperatura-digital-resistente-a-la-intemperie-de-la-serie-tsw-de-dwyer-12-a-24-v-ac-dc","status":"publish","type":"product","link":"https:\/\/abaa.mx\/tienda\/interruptor-de-temperatura-digital-resistente-a-la-intemperie-de-la-serie-tsw-de-dwyer-12-a-24-v-ac-dc\/","title":{"rendered":"Interruptor de temperatura digital resistente a la intemperie de la serie tsw de dwyer, 12 a 24 v ac &#8211; dc"},"content":{"rendered":"<h4>Dwyer TSW-160-NP.<\/h4>\n<h5><strong>Funciones<\/strong><\/h5>\n<ul>\n<li>Carcasa resistente a la intemperie.<\/li>\n<li>Etapa \u00fanica.<\/li>\n<li>Clave de configuraci\u00f3n.<\/li>\n<li>Protecci\u00f3n f\u00edsica y de configuraci\u00f3n de par\u00e1metros de c\u00f3digo de acceso.<\/li>\n<\/ul>\n<h5><strong>Aplicaciones<\/strong><\/h5>\n<ul>\n<li>Refrigeradores.<\/li>\n<li>Camine en refrigerador.<\/li>\n<li>Calderas de le\u00f1a.<\/li>\n<li>Sistemas de elaboraci\u00f3n de cerveza.<\/li>\n<\/ul>\n<h4>Dwyer TSW-160-NP Especificaciones<\/h4>\n<table class=\"table table-striped\">\n<tbody>\n<tr>\n<td>Rango de sonda<\/td>\n<td>PTC: -58 a 302 \u00b0F (-50 a 150 \u00b0C)NTC: -58 a 230 \u00b0F (-50 a 110 \u00b0C)<\/td>\n<\/tr>\n<tr>\n<td>Entrada<\/td>\n<td>PTC (1000 \u03a9 a 77\u00b0F [25\u00b0C]); NTC (10K \u03a9 a 77\u00b0F [25\u00b0C])<\/td>\n<\/tr>\n<tr>\n<td>Salida<\/td>\n<td>Carga resistiva del rel\u00e9 R1 SPDT: 20 A a 240 V CA<br \/>\nCarga resistiva del rel\u00e9 R2 SPDT: 8 A a 240 V CA Carga<br \/>\ninductiva: 3 A a 240 V CA<\/td>\n<\/tr>\n<tr>\n<td>Clasificaci\u00f3n de caballos de fuerza<\/td>\n<td>R1 2HP a 240 V AC<\/td>\n<\/tr>\n<tr>\n<td>Tipo de control<\/td>\n<td>Encendido\/apagado<\/td>\n<\/tr>\n<tr>\n<td>Poder<\/td>\n<td>Requisitos: 12 a 24 V AC\/V DC (\u00b110%)<br \/>\nConsumo: 3.6 VA<\/td>\n<\/tr>\n<tr>\n<td>Exactitud<\/td>\n<td>\u00b11% FS<\/td>\n<\/tr>\n<tr>\n<td>Monitor<\/td>\n<td>3 d\u00edgitos m\u00e1s signo<\/td>\n<\/tr>\n<tr>\n<td>Resoluci\u00f3n<\/td>\n<td>Etapa simple: 1\u00b0Etapa dual: 0.1\u00b0<br \/>\n&lt;100; 1\u00b0 \u2265100\u00b0<\/td>\n<\/tr>\n<tr>\n<td>Copia de seguridad de memoria<\/td>\n<td>Memoria no vol\u00e1til<\/td>\n<\/tr>\n<tr>\n<td>Temperatura ambiente<\/td>\n<td>32 a 104\u00b0F (0 a 40\u00b0C)<\/td>\n<\/tr>\n<tr>\n<td>Clasificaci\u00f3n de la carcasa<\/td>\n<td>NEMA 4X (IP66)<\/td>\n<\/tr>\n<tr>\n<td>Aprobaciones de agencias<\/td>\n<td>CE, cURus<\/td>\n<\/tr>\n<tr>\n<td>Dimensiones<\/td>\n<td>3,62 x 2,58 x 6,65&#8243; (92,08 x 65,53 x 168,91 mm)<\/td>\n<\/tr>\n<tr>\n<td>Peso<\/td>\n<td>1,2 libras (544 g)<\/td>\n<\/tr>\n<\/tbody>\n<\/table>\n","protected":false},"excerpt":{"rendered":"<p>Trabaje con este termostato digital resistente a la intemperie que cuenta con un voltaje de alimentaci\u00f3n de CA\/CC de 12 a 24 V y una pantalla LED f\u00e1cil de leer. Vea el estado de salida actual y la medici\u00f3n de temperatura con este interruptor de temperatura. Adem\u00e1s, este interruptor es adecuado para enfriadores, refrigeradores sin cita previa, calderas de le\u00f1a y sistemas de elaboraci\u00f3n de cerveza.<\/p>\n","protected":false},"featured_media":9939,"comment_status":"open","ping_status":"closed","template":"","meta":{"_joinchat":[]},"product_brand":[],"product_cat":[15],"product_tag":[],"class_list":{"0":"post-2734","1":"product","2":"type-product","3":"status-publish","4":"has-post-thumbnail","6":"product_cat-sin-categorizar","8":"first","9":"instock","10":"shipping-taxable","11":"product-type-simple"},"yoast_head":"<!-- This site is optimized with the Yoast SEO plugin v26.4 - https:\/\/yoast.com\/wordpress\/plugins\/seo\/ -->\n<title>Interruptor de temperatura digital resistente a la intemperie de la serie tsw de dwyer, 12 a 24 v ac - dc - Abaa tienda online<\/title>\n<meta name=\"robots\" content=\"index, follow, max-snippet:-1, max-image-preview:large, max-video-preview:-1\" \/>\n<link rel=\"canonical\" href=\"https:\/\/abaa.mx\/tienda\/interruptor-de-temperatura-digital-resistente-a-la-intemperie-de-la-serie-tsw-de-dwyer-12-a-24-v-ac-dc\/\" \/>\n<meta property=\"og:locale\" content=\"es_MX\" \/>\n<meta property=\"og:type\" content=\"article\" \/>\n<meta property=\"og:title\" content=\"Interruptor de temperatura digital resistente a la intemperie de la serie tsw de dwyer, 12 a 24 v ac - dc - Abaa tienda online\" \/>\n<meta property=\"og:description\" content=\"Trabaje con este termostato digital resistente a la intemperie que cuenta con un voltaje de alimentaci\u00f3n de CA\/CC de 12 a 24 V y una pantalla LED f\u00e1cil de leer. Vea el estado de salida actual y la medici\u00f3n de temperatura con este interruptor de temperatura. Adem\u00e1s, este interruptor es adecuado para enfriadores, refrigeradores sin cita previa, calderas de le\u00f1a y sistemas de elaboraci\u00f3n de cerveza.\" \/>\n<meta property=\"og:url\" content=\"https:\/\/abaa.mx\/tienda\/interruptor-de-temperatura-digital-resistente-a-la-intemperie-de-la-serie-tsw-de-dwyer-12-a-24-v-ac-dc\/\" \/>\n<meta property=\"og:site_name\" content=\"Abaa tienda online\" \/>\n<meta property=\"article:modified_time\" content=\"2023-12-20T17:15:14+00:00\" \/>\n<meta property=\"og:image\" content=\"https:\/\/abaa.mx\/tienda\/wp-content\/uploads\/2023\/09\/Dwyer-TSW-160-NP.jpg\" \/>\n\t<meta property=\"og:image:width\" content=\"462\" \/>\n\t<meta property=\"og:image:height\" content=\"447\" \/>\n\t<meta property=\"og:image:type\" content=\"image\/jpeg\" \/>\n<meta name=\"twitter:card\" content=\"summary_large_image\" \/>\n<meta name=\"twitter:label1\" content=\"Tiempo de lectura\" \/>\n\t<meta name=\"twitter:data1\" content=\"1 minuto\" \/>\n<script type=\"application\/ld+json\" class=\"yoast-schema-graph\">{\"@context\":\"https:\/\/schema.org\",\"@graph\":[{\"@type\":\"WebPage\",\"@id\":\"https:\/\/abaa.mx\/tienda\/interruptor-de-temperatura-digital-resistente-a-la-intemperie-de-la-serie-tsw-de-dwyer-12-a-24-v-ac-dc\/\",\"url\":\"https:\/\/abaa.mx\/tienda\/interruptor-de-temperatura-digital-resistente-a-la-intemperie-de-la-serie-tsw-de-dwyer-12-a-24-v-ac-dc\/\",\"name\":\"Interruptor de temperatura digital resistente a la intemperie de la serie tsw de dwyer, 12 a 24 v ac - dc - Abaa tienda online\",\"isPartOf\":{\"@id\":\"https:\/\/abaa.mx\/tienda\/#website\"},\"primaryImageOfPage\":{\"@id\":\"https:\/\/abaa.mx\/tienda\/interruptor-de-temperatura-digital-resistente-a-la-intemperie-de-la-serie-tsw-de-dwyer-12-a-24-v-ac-dc\/#primaryimage\"},\"image\":{\"@id\":\"https:\/\/abaa.mx\/tienda\/interruptor-de-temperatura-digital-resistente-a-la-intemperie-de-la-serie-tsw-de-dwyer-12-a-24-v-ac-dc\/#primaryimage\"},\"thumbnailUrl\":\"https:\/\/abaa.mx\/tienda\/wp-content\/uploads\/2023\/09\/Dwyer-TSW-160-NP.jpg\",\"datePublished\":\"2023-09-22T21:11:46+00:00\",\"dateModified\":\"2023-12-20T17:15:14+00:00\",\"breadcrumb\":{\"@id\":\"https:\/\/abaa.mx\/tienda\/interruptor-de-temperatura-digital-resistente-a-la-intemperie-de-la-serie-tsw-de-dwyer-12-a-24-v-ac-dc\/#breadcrumb\"},\"inLanguage\":\"es\",\"potentialAction\":[{\"@type\":\"ReadAction\",\"target\":[\"https:\/\/abaa.mx\/tienda\/interruptor-de-temperatura-digital-resistente-a-la-intemperie-de-la-serie-tsw-de-dwyer-12-a-24-v-ac-dc\/\"]}]},{\"@type\":\"ImageObject\",\"inLanguage\":\"es\",\"@id\":\"https:\/\/abaa.mx\/tienda\/interruptor-de-temperatura-digital-resistente-a-la-intemperie-de-la-serie-tsw-de-dwyer-12-a-24-v-ac-dc\/#primaryimage\",\"url\":\"https:\/\/abaa.mx\/tienda\/wp-content\/uploads\/2023\/09\/Dwyer-TSW-160-NP.jpg\",\"contentUrl\":\"https:\/\/abaa.mx\/tienda\/wp-content\/uploads\/2023\/09\/Dwyer-TSW-160-NP.jpg\",\"width\":462,\"height\":447,\"caption\":\"Dwyer TSW-160-NP\"},{\"@type\":\"BreadcrumbList\",\"@id\":\"https:\/\/abaa.mx\/tienda\/interruptor-de-temperatura-digital-resistente-a-la-intemperie-de-la-serie-tsw-de-dwyer-12-a-24-v-ac-dc\/#breadcrumb\",\"itemListElement\":[{\"@type\":\"ListItem\",\"position\":1,\"name\":\"Inicio\",\"item\":\"https:\/\/abaa.mx\/tienda\/\"},{\"@type\":\"ListItem\",\"position\":2,\"name\":\"Tienda\",\"item\":\"https:\/\/abaa.mx\/tienda\/\"},{\"@type\":\"ListItem\",\"position\":3,\"name\":\"Interruptor de temperatura digital resistente a la intemperie de la serie tsw de dwyer, 12 a 24 v ac &#8211; dc\"}]},{\"@type\":\"WebSite\",\"@id\":\"https:\/\/abaa.mx\/tienda\/#website\",\"url\":\"https:\/\/abaa.mx\/tienda\/\",\"name\":\"Abaa tienda online\",\"description\":\"Instrumentos de medici\u00f3n\",\"publisher\":{\"@id\":\"https:\/\/abaa.mx\/tienda\/#organization\"},\"potentialAction\":[{\"@type\":\"SearchAction\",\"target\":{\"@type\":\"EntryPoint\",\"urlTemplate\":\"https:\/\/abaa.mx\/tienda\/?s={search_term_string}\"},\"query-input\":{\"@type\":\"PropertyValueSpecification\",\"valueRequired\":true,\"valueName\":\"search_term_string\"}}],\"inLanguage\":\"es\"},{\"@type\":\"Organization\",\"@id\":\"https:\/\/abaa.mx\/tienda\/#organization\",\"name\":\"Abaa tienda online\",\"url\":\"https:\/\/abaa.mx\/tienda\/\",\"logo\":{\"@type\":\"ImageObject\",\"inLanguage\":\"es\",\"@id\":\"https:\/\/abaa.mx\/tienda\/#\/schema\/logo\/image\/\",\"url\":\"https:\/\/abaa.mx\/tienda\/wp-content\/uploads\/2024\/01\/abaa-metrologia-tienda.png\",\"contentUrl\":\"https:\/\/abaa.mx\/tienda\/wp-content\/uploads\/2024\/01\/abaa-metrologia-tienda.png\",\"width\":300,\"height\":141,\"caption\":\"Abaa tienda online\"},\"image\":{\"@id\":\"https:\/\/abaa.mx\/tienda\/#\/schema\/logo\/image\/\"}}]}<\/script>\n<!-- \/ Yoast SEO plugin. -->","yoast_head_json":{"title":"Interruptor de temperatura digital resistente a la intemperie de la serie tsw de dwyer, 12 a 24 v ac - dc - Abaa tienda online","robots":{"index":"index","follow":"follow","max-snippet":"max-snippet:-1","max-image-preview":"max-image-preview:large","max-video-preview":"max-video-preview:-1"},"canonical":"https:\/\/abaa.mx\/tienda\/interruptor-de-temperatura-digital-resistente-a-la-intemperie-de-la-serie-tsw-de-dwyer-12-a-24-v-ac-dc\/","og_locale":"es_MX","og_type":"article","og_title":"Interruptor de temperatura digital resistente a la intemperie de la serie tsw de dwyer, 12 a 24 v ac - dc - Abaa tienda online","og_description":"Trabaje con este termostato digital resistente a la intemperie que cuenta con un voltaje de alimentaci\u00f3n de CA\/CC de 12 a 24 V y una pantalla LED f\u00e1cil de leer. Vea el estado de salida actual y la medici\u00f3n de temperatura con este interruptor de temperatura. Adem\u00e1s, este interruptor es adecuado para enfriadores, refrigeradores sin cita previa, calderas de le\u00f1a y sistemas de elaboraci\u00f3n de cerveza.","og_url":"https:\/\/abaa.mx\/tienda\/interruptor-de-temperatura-digital-resistente-a-la-intemperie-de-la-serie-tsw-de-dwyer-12-a-24-v-ac-dc\/","og_site_name":"Abaa tienda online","article_modified_time":"2023-12-20T17:15:14+00:00","og_image":[{"width":462,"height":447,"url":"https:\/\/abaa.mx\/tienda\/wp-content\/uploads\/2023\/09\/Dwyer-TSW-160-NP.jpg","type":"image\/jpeg"}],"twitter_card":"summary_large_image","twitter_misc":{"Tiempo de lectura":"1 minuto"},"schema":{"@context":"https:\/\/schema.org","@graph":[{"@type":"WebPage","@id":"https:\/\/abaa.mx\/tienda\/interruptor-de-temperatura-digital-resistente-a-la-intemperie-de-la-serie-tsw-de-dwyer-12-a-24-v-ac-dc\/","url":"https:\/\/abaa.mx\/tienda\/interruptor-de-temperatura-digital-resistente-a-la-intemperie-de-la-serie-tsw-de-dwyer-12-a-24-v-ac-dc\/","name":"Interruptor de temperatura digital resistente a la intemperie de la serie tsw de dwyer, 12 a 24 v ac - dc - Abaa tienda online","isPartOf":{"@id":"https:\/\/abaa.mx\/tienda\/#website"},"primaryImageOfPage":{"@id":"https:\/\/abaa.mx\/tienda\/interruptor-de-temperatura-digital-resistente-a-la-intemperie-de-la-serie-tsw-de-dwyer-12-a-24-v-ac-dc\/#primaryimage"},"image":{"@id":"https:\/\/abaa.mx\/tienda\/interruptor-de-temperatura-digital-resistente-a-la-intemperie-de-la-serie-tsw-de-dwyer-12-a-24-v-ac-dc\/#primaryimage"},"thumbnailUrl":"https:\/\/abaa.mx\/tienda\/wp-content\/uploads\/2023\/09\/Dwyer-TSW-160-NP.jpg","datePublished":"2023-09-22T21:11:46+00:00","dateModified":"2023-12-20T17:15:14+00:00","breadcrumb":{"@id":"https:\/\/abaa.mx\/tienda\/interruptor-de-temperatura-digital-resistente-a-la-intemperie-de-la-serie-tsw-de-dwyer-12-a-24-v-ac-dc\/#breadcrumb"},"inLanguage":"es","potentialAction":[{"@type":"ReadAction","target":["https:\/\/abaa.mx\/tienda\/interruptor-de-temperatura-digital-resistente-a-la-intemperie-de-la-serie-tsw-de-dwyer-12-a-24-v-ac-dc\/"]}]},{"@type":"ImageObject","inLanguage":"es","@id":"https:\/\/abaa.mx\/tienda\/interruptor-de-temperatura-digital-resistente-a-la-intemperie-de-la-serie-tsw-de-dwyer-12-a-24-v-ac-dc\/#primaryimage","url":"https:\/\/abaa.mx\/tienda\/wp-content\/uploads\/2023\/09\/Dwyer-TSW-160-NP.jpg","contentUrl":"https:\/\/abaa.mx\/tienda\/wp-content\/uploads\/2023\/09\/Dwyer-TSW-160-NP.jpg","width":462,"height":447,"caption":"Dwyer TSW-160-NP"},{"@type":"BreadcrumbList","@id":"https:\/\/abaa.mx\/tienda\/interruptor-de-temperatura-digital-resistente-a-la-intemperie-de-la-serie-tsw-de-dwyer-12-a-24-v-ac-dc\/#breadcrumb","itemListElement":[{"@type":"ListItem","position":1,"name":"Inicio","item":"https:\/\/abaa.mx\/tienda\/"},{"@type":"ListItem","position":2,"name":"Tienda","item":"https:\/\/abaa.mx\/tienda\/"},{"@type":"ListItem","position":3,"name":"Interruptor de temperatura digital resistente a la intemperie de la serie tsw de dwyer, 12 a 24 v ac &#8211; dc"}]},{"@type":"WebSite","@id":"https:\/\/abaa.mx\/tienda\/#website","url":"https:\/\/abaa.mx\/tienda\/","name":"Abaa tienda online","description":"Instrumentos de medici\u00f3n","publisher":{"@id":"https:\/\/abaa.mx\/tienda\/#organization"},"potentialAction":[{"@type":"SearchAction","target":{"@type":"EntryPoint","urlTemplate":"https:\/\/abaa.mx\/tienda\/?s={search_term_string}"},"query-input":{"@type":"PropertyValueSpecification","valueRequired":true,"valueName":"search_term_string"}}],"inLanguage":"es"},{"@type":"Organization","@id":"https:\/\/abaa.mx\/tienda\/#organization","name":"Abaa tienda online","url":"https:\/\/abaa.mx\/tienda\/","logo":{"@type":"ImageObject","inLanguage":"es","@id":"https:\/\/abaa.mx\/tienda\/#\/schema\/logo\/image\/","url":"https:\/\/abaa.mx\/tienda\/wp-content\/uploads\/2024\/01\/abaa-metrologia-tienda.png","contentUrl":"https:\/\/abaa.mx\/tienda\/wp-content\/uploads\/2024\/01\/abaa-metrologia-tienda.png","width":300,"height":141,"caption":"Abaa tienda online"},"image":{"@id":"https:\/\/abaa.mx\/tienda\/#\/schema\/logo\/image\/"}}]}},"_links":{"self":[{"href":"https:\/\/abaa.mx\/tienda\/wp-json\/wp\/v2\/product\/2734","targetHints":{"allow":["GET"]}}],"collection":[{"href":"https:\/\/abaa.mx\/tienda\/wp-json\/wp\/v2\/product"}],"about":[{"href":"https:\/\/abaa.mx\/tienda\/wp-json\/wp\/v2\/types\/product"}],"replies":[{"embeddable":true,"href":"https:\/\/abaa.mx\/tienda\/wp-json\/wp\/v2\/comments?post=2734"}],"wp:featuredmedia":[{"embeddable":true,"href":"https:\/\/abaa.mx\/tienda\/wp-json\/wp\/v2\/media\/9939"}],"wp:attachment":[{"href":"https:\/\/abaa.mx\/tienda\/wp-json\/wp\/v2\/media?parent=2734"}],"wp:term":[{"taxonomy":"product_brand","embeddable":true,"href":"https:\/\/abaa.mx\/tienda\/wp-json\/wp\/v2\/product_brand?post=2734"},{"taxonomy":"product_cat","embeddable":true,"href":"https:\/\/abaa.mx\/tienda\/wp-json\/wp\/v2\/product_cat?post=2734"},{"taxonomy":"product_tag","embeddable":true,"href":"https:\/\/abaa.mx\/tienda\/wp-json\/wp\/v2\/product_tag?post=2734"}],"curies":[{"name":"wp","href":"https:\/\/api.w.org\/{rel}","templated":true}]}}