{"id":2682,"date":"2023-09-22T17:47:49","date_gmt":"2023-09-22T17:47:49","guid":{"rendered":"https:\/\/abaa.mx\/tienda\/?post_type=product&#038;p=2682"},"modified":"2023-09-22T17:47:50","modified_gmt":"2023-09-22T17:47:50","slug":"testo-810-pocket-pro-ir-y-termometro-ambiental","status":"publish","type":"product","link":"https:\/\/abaa.mx\/tienda\/testo-810-pocket-pro-ir-y-termometro-ambiental\/","title":{"rendered":"testo 810 pocket pro ir y term\u00f3metro ambiental"},"content":{"rendered":"<p>Testo 810 mide simult\u00e1neamente la temperatura del aire ambiente y de la superficie a trav\u00e9s de sensores infrarrojos con solo tocar un bot\u00f3n Por ejemplo, el term\u00f3metro 810 puede tomar una temperatura superficial sin contacto de un radiador o ventilaci\u00f3n de aire y compararla con la temperatura del aire de la habitaci\u00f3n al mismo tiempo. El 810 cuenta con una mira l\u00e1ser de 1 punto y una relaci\u00f3n \u00f3ptica de 6: 1, tambi\u00e9n es muy compacto, conveniente y f\u00e1cil de operar.<\/p>\n<p><strong>Caracter\u00edsticas de testo 810<\/strong><\/p>\n<ul>\n<li>Medici\u00f3n infrarroja con mira l\u00e1ser de 1 punto y relaci\u00f3n \u00f3ptica 6:1<\/li>\n<li>Visualizaci\u00f3n de la temperatura diferencial, por ejemplo, entre la ventana y el aire<\/li>\n<li>Funci\u00f3n de retenci\u00f3n y valores m\u00ednimos\/m\u00e1ximos<\/li>\n<li>Iluminaci\u00f3n de la pantalla<\/li>\n<\/ul>\n<h4>Testo 810 Datos t\u00e9cnicos<\/h4>\n<table class=\"table table-striped\">\n<tbody>\n<tr>\n<td>Temperatura de funcionamiento<\/td>\n<td>-10 hasta +50 \u00b0C<\/td>\n<\/tr>\n<tr>\n<td>Tipo de bater\u00eda<\/td>\n<td>2 pilas AAA<\/td>\n<\/tr>\n<tr>\n<td>Duraci\u00f3n de la bater\u00eda<\/td>\n<td>50 horas<\/td>\n<\/tr>\n<tr>\n<td>Dimensiones<\/td>\n<td>4,5 x 1,7 x 1 pulgada<\/td>\n<\/tr>\n<tr>\n<th colspan=\"2\">NTC<\/th>\n<\/tr>\n<tr>\n<td>Rango de medici\u00f3n<\/td>\n<td>14 hasta +122 \u00b0F<\/td>\n<\/tr>\n<tr>\n<td>Exactitud<\/td>\n<td>\u00b10.9 \u00b0F<\/td>\n<\/tr>\n<tr>\n<td>Resoluci\u00f3n<\/td>\n<td>0.1 \u00b0F<\/td>\n<\/tr>\n<tr>\n<th colspan=\"2\">Infrarrojo<\/th>\n<\/tr>\n<tr>\n<td>Rango de medici\u00f3n<\/td>\n<td>-22 hasta +572 \u00b0F<\/td>\n<\/tr>\n<tr>\n<td>Exactitud<\/td>\n<td>\u00b13.6 \u00b0F (-22 a +212 \u00b0F)<br \/>\n\u00b12% de rdg. (rango restante)<\/td>\n<\/tr>\n<tr>\n<td>Resoluci\u00f3n<\/td>\n<td>0.1 \u00b0C<\/td>\n<\/tr>\n<\/tbody>\n<\/table>\n","protected":false},"excerpt":{"rendered":"<p>Testo 810 mide simult\u00e1neamente la temperatura del aire ambiente y de la superficie a trav\u00e9s de sensores infrarrojos con solo tocar un bot\u00f3n Por ejemplo, el term\u00f3metro 810 puede tomar una temperatura superficial sin contacto de un radiador o ventilaci\u00f3n de aire y compararla con la temperatura del aire de la habitaci\u00f3n al mismo tiempo. El 810 cuenta con una mira l\u00e1ser de 1 punto y una relaci\u00f3n \u00f3ptica de 6: 1, tambi\u00e9n es muy compacto, conveniente y f\u00e1cil de operar.<\/p>\n","protected":false},"featured_media":2684,"comment_status":"open","ping_status":"closed","template":"","meta":{"_joinchat":[]},"product_brand":[],"product_cat":[15],"product_tag":[],"class_list":{"0":"post-2682","1":"product","2":"type-product","3":"status-publish","4":"has-post-thumbnail","6":"product_cat-sin-categorizar","8":"first","9":"instock","10":"shipping-taxable","11":"product-type-simple"},"yoast_head":"<!-- This site is optimized with the Yoast SEO plugin v26.4 - https:\/\/yoast.com\/wordpress\/plugins\/seo\/ -->\n<title>testo 810 pocket pro ir y term\u00f3metro ambiental - Abaa tienda online<\/title>\n<meta name=\"robots\" content=\"index, follow, max-snippet:-1, max-image-preview:large, max-video-preview:-1\" \/>\n<link rel=\"canonical\" href=\"https:\/\/abaa.mx\/tienda\/testo-810-pocket-pro-ir-y-termometro-ambiental\/\" \/>\n<meta property=\"og:locale\" content=\"es_MX\" \/>\n<meta property=\"og:type\" content=\"article\" \/>\n<meta property=\"og:title\" content=\"testo 810 pocket pro ir y term\u00f3metro ambiental - Abaa tienda online\" \/>\n<meta property=\"og:description\" content=\"Testo 810 mide simult\u00e1neamente la temperatura del aire ambiente y de la superficie a trav\u00e9s de sensores infrarrojos con solo tocar un bot\u00f3n Por ejemplo, el term\u00f3metro 810 puede tomar una temperatura superficial sin contacto de un radiador o ventilaci\u00f3n de aire y compararla con la temperatura del aire de la habitaci\u00f3n al mismo tiempo. El 810 cuenta con una mira l\u00e1ser de 1 punto y una relaci\u00f3n \u00f3ptica de 6: 1, tambi\u00e9n es muy compacto, conveniente y f\u00e1cil de operar.\" \/>\n<meta property=\"og:url\" content=\"https:\/\/abaa.mx\/tienda\/testo-810-pocket-pro-ir-y-termometro-ambiental\/\" \/>\n<meta property=\"og:site_name\" content=\"Abaa tienda online\" \/>\n<meta property=\"article:modified_time\" content=\"2023-09-22T17:47:50+00:00\" \/>\n<meta property=\"og:image\" content=\"https:\/\/abaa.mx\/tienda\/wp-content\/uploads\/2023\/09\/810.jpg\" \/>\n\t<meta property=\"og:image:width\" content=\"270\" \/>\n\t<meta property=\"og:image:height\" content=\"270\" \/>\n\t<meta property=\"og:image:type\" content=\"image\/jpeg\" \/>\n<meta name=\"twitter:card\" content=\"summary_large_image\" \/>\n<meta name=\"twitter:label1\" content=\"Tiempo de lectura\" \/>\n\t<meta name=\"twitter:data1\" content=\"1 minuto\" \/>\n<script type=\"application\/ld+json\" class=\"yoast-schema-graph\">{\"@context\":\"https:\/\/schema.org\",\"@graph\":[{\"@type\":\"WebPage\",\"@id\":\"https:\/\/abaa.mx\/tienda\/testo-810-pocket-pro-ir-y-termometro-ambiental\/\",\"url\":\"https:\/\/abaa.mx\/tienda\/testo-810-pocket-pro-ir-y-termometro-ambiental\/\",\"name\":\"testo 810 pocket pro ir y term\u00f3metro ambiental - Abaa tienda online\",\"isPartOf\":{\"@id\":\"https:\/\/abaa.mx\/tienda\/#website\"},\"primaryImageOfPage\":{\"@id\":\"https:\/\/abaa.mx\/tienda\/testo-810-pocket-pro-ir-y-termometro-ambiental\/#primaryimage\"},\"image\":{\"@id\":\"https:\/\/abaa.mx\/tienda\/testo-810-pocket-pro-ir-y-termometro-ambiental\/#primaryimage\"},\"thumbnailUrl\":\"https:\/\/abaa.mx\/tienda\/wp-content\/uploads\/2023\/09\/810.jpg\",\"datePublished\":\"2023-09-22T17:47:49+00:00\",\"dateModified\":\"2023-09-22T17:47:50+00:00\",\"breadcrumb\":{\"@id\":\"https:\/\/abaa.mx\/tienda\/testo-810-pocket-pro-ir-y-termometro-ambiental\/#breadcrumb\"},\"inLanguage\":\"es\",\"potentialAction\":[{\"@type\":\"ReadAction\",\"target\":[\"https:\/\/abaa.mx\/tienda\/testo-810-pocket-pro-ir-y-termometro-ambiental\/\"]}]},{\"@type\":\"ImageObject\",\"inLanguage\":\"es\",\"@id\":\"https:\/\/abaa.mx\/tienda\/testo-810-pocket-pro-ir-y-termometro-ambiental\/#primaryimage\",\"url\":\"https:\/\/abaa.mx\/tienda\/wp-content\/uploads\/2023\/09\/810.jpg\",\"contentUrl\":\"https:\/\/abaa.mx\/tienda\/wp-content\/uploads\/2023\/09\/810.jpg\",\"width\":270,\"height\":270,\"caption\":\"810\"},{\"@type\":\"BreadcrumbList\",\"@id\":\"https:\/\/abaa.mx\/tienda\/testo-810-pocket-pro-ir-y-termometro-ambiental\/#breadcrumb\",\"itemListElement\":[{\"@type\":\"ListItem\",\"position\":1,\"name\":\"Inicio\",\"item\":\"https:\/\/abaa.mx\/tienda\/\"},{\"@type\":\"ListItem\",\"position\":2,\"name\":\"Tienda\",\"item\":\"https:\/\/abaa.mx\/tienda\/\"},{\"@type\":\"ListItem\",\"position\":3,\"name\":\"testo 810 pocket pro ir y term\u00f3metro ambiental\"}]},{\"@type\":\"WebSite\",\"@id\":\"https:\/\/abaa.mx\/tienda\/#website\",\"url\":\"https:\/\/abaa.mx\/tienda\/\",\"name\":\"Abaa tienda online\",\"description\":\"Instrumentos de medici\u00f3n\",\"publisher\":{\"@id\":\"https:\/\/abaa.mx\/tienda\/#organization\"},\"potentialAction\":[{\"@type\":\"SearchAction\",\"target\":{\"@type\":\"EntryPoint\",\"urlTemplate\":\"https:\/\/abaa.mx\/tienda\/?s={search_term_string}\"},\"query-input\":{\"@type\":\"PropertyValueSpecification\",\"valueRequired\":true,\"valueName\":\"search_term_string\"}}],\"inLanguage\":\"es\"},{\"@type\":\"Organization\",\"@id\":\"https:\/\/abaa.mx\/tienda\/#organization\",\"name\":\"Abaa tienda online\",\"url\":\"https:\/\/abaa.mx\/tienda\/\",\"logo\":{\"@type\":\"ImageObject\",\"inLanguage\":\"es\",\"@id\":\"https:\/\/abaa.mx\/tienda\/#\/schema\/logo\/image\/\",\"url\":\"https:\/\/abaa.mx\/tienda\/wp-content\/uploads\/2024\/01\/abaa-metrologia-tienda.png\",\"contentUrl\":\"https:\/\/abaa.mx\/tienda\/wp-content\/uploads\/2024\/01\/abaa-metrologia-tienda.png\",\"width\":300,\"height\":141,\"caption\":\"Abaa tienda online\"},\"image\":{\"@id\":\"https:\/\/abaa.mx\/tienda\/#\/schema\/logo\/image\/\"}}]}<\/script>\n<!-- \/ Yoast SEO plugin. -->","yoast_head_json":{"title":"testo 810 pocket pro ir y term\u00f3metro ambiental - Abaa tienda online","robots":{"index":"index","follow":"follow","max-snippet":"max-snippet:-1","max-image-preview":"max-image-preview:large","max-video-preview":"max-video-preview:-1"},"canonical":"https:\/\/abaa.mx\/tienda\/testo-810-pocket-pro-ir-y-termometro-ambiental\/","og_locale":"es_MX","og_type":"article","og_title":"testo 810 pocket pro ir y term\u00f3metro ambiental - Abaa tienda online","og_description":"Testo 810 mide simult\u00e1neamente la temperatura del aire ambiente y de la superficie a trav\u00e9s de sensores infrarrojos con solo tocar un bot\u00f3n Por ejemplo, el term\u00f3metro 810 puede tomar una temperatura superficial sin contacto de un radiador o ventilaci\u00f3n de aire y compararla con la temperatura del aire de la habitaci\u00f3n al mismo tiempo. El 810 cuenta con una mira l\u00e1ser de 1 punto y una relaci\u00f3n \u00f3ptica de 6: 1, tambi\u00e9n es muy compacto, conveniente y f\u00e1cil de operar.","og_url":"https:\/\/abaa.mx\/tienda\/testo-810-pocket-pro-ir-y-termometro-ambiental\/","og_site_name":"Abaa tienda online","article_modified_time":"2023-09-22T17:47:50+00:00","og_image":[{"width":270,"height":270,"url":"https:\/\/abaa.mx\/tienda\/wp-content\/uploads\/2023\/09\/810.jpg","type":"image\/jpeg"}],"twitter_card":"summary_large_image","twitter_misc":{"Tiempo de lectura":"1 minuto"},"schema":{"@context":"https:\/\/schema.org","@graph":[{"@type":"WebPage","@id":"https:\/\/abaa.mx\/tienda\/testo-810-pocket-pro-ir-y-termometro-ambiental\/","url":"https:\/\/abaa.mx\/tienda\/testo-810-pocket-pro-ir-y-termometro-ambiental\/","name":"testo 810 pocket pro ir y term\u00f3metro ambiental - Abaa tienda online","isPartOf":{"@id":"https:\/\/abaa.mx\/tienda\/#website"},"primaryImageOfPage":{"@id":"https:\/\/abaa.mx\/tienda\/testo-810-pocket-pro-ir-y-termometro-ambiental\/#primaryimage"},"image":{"@id":"https:\/\/abaa.mx\/tienda\/testo-810-pocket-pro-ir-y-termometro-ambiental\/#primaryimage"},"thumbnailUrl":"https:\/\/abaa.mx\/tienda\/wp-content\/uploads\/2023\/09\/810.jpg","datePublished":"2023-09-22T17:47:49+00:00","dateModified":"2023-09-22T17:47:50+00:00","breadcrumb":{"@id":"https:\/\/abaa.mx\/tienda\/testo-810-pocket-pro-ir-y-termometro-ambiental\/#breadcrumb"},"inLanguage":"es","potentialAction":[{"@type":"ReadAction","target":["https:\/\/abaa.mx\/tienda\/testo-810-pocket-pro-ir-y-termometro-ambiental\/"]}]},{"@type":"ImageObject","inLanguage":"es","@id":"https:\/\/abaa.mx\/tienda\/testo-810-pocket-pro-ir-y-termometro-ambiental\/#primaryimage","url":"https:\/\/abaa.mx\/tienda\/wp-content\/uploads\/2023\/09\/810.jpg","contentUrl":"https:\/\/abaa.mx\/tienda\/wp-content\/uploads\/2023\/09\/810.jpg","width":270,"height":270,"caption":"810"},{"@type":"BreadcrumbList","@id":"https:\/\/abaa.mx\/tienda\/testo-810-pocket-pro-ir-y-termometro-ambiental\/#breadcrumb","itemListElement":[{"@type":"ListItem","position":1,"name":"Inicio","item":"https:\/\/abaa.mx\/tienda\/"},{"@type":"ListItem","position":2,"name":"Tienda","item":"https:\/\/abaa.mx\/tienda\/"},{"@type":"ListItem","position":3,"name":"testo 810 pocket pro ir y term\u00f3metro ambiental"}]},{"@type":"WebSite","@id":"https:\/\/abaa.mx\/tienda\/#website","url":"https:\/\/abaa.mx\/tienda\/","name":"Abaa tienda online","description":"Instrumentos de medici\u00f3n","publisher":{"@id":"https:\/\/abaa.mx\/tienda\/#organization"},"potentialAction":[{"@type":"SearchAction","target":{"@type":"EntryPoint","urlTemplate":"https:\/\/abaa.mx\/tienda\/?s={search_term_string}"},"query-input":{"@type":"PropertyValueSpecification","valueRequired":true,"valueName":"search_term_string"}}],"inLanguage":"es"},{"@type":"Organization","@id":"https:\/\/abaa.mx\/tienda\/#organization","name":"Abaa tienda online","url":"https:\/\/abaa.mx\/tienda\/","logo":{"@type":"ImageObject","inLanguage":"es","@id":"https:\/\/abaa.mx\/tienda\/#\/schema\/logo\/image\/","url":"https:\/\/abaa.mx\/tienda\/wp-content\/uploads\/2024\/01\/abaa-metrologia-tienda.png","contentUrl":"https:\/\/abaa.mx\/tienda\/wp-content\/uploads\/2024\/01\/abaa-metrologia-tienda.png","width":300,"height":141,"caption":"Abaa tienda online"},"image":{"@id":"https:\/\/abaa.mx\/tienda\/#\/schema\/logo\/image\/"}}]}},"_links":{"self":[{"href":"https:\/\/abaa.mx\/tienda\/wp-json\/wp\/v2\/product\/2682","targetHints":{"allow":["GET"]}}],"collection":[{"href":"https:\/\/abaa.mx\/tienda\/wp-json\/wp\/v2\/product"}],"about":[{"href":"https:\/\/abaa.mx\/tienda\/wp-json\/wp\/v2\/types\/product"}],"replies":[{"embeddable":true,"href":"https:\/\/abaa.mx\/tienda\/wp-json\/wp\/v2\/comments?post=2682"}],"wp:featuredmedia":[{"embeddable":true,"href":"https:\/\/abaa.mx\/tienda\/wp-json\/wp\/v2\/media\/2684"}],"wp:attachment":[{"href":"https:\/\/abaa.mx\/tienda\/wp-json\/wp\/v2\/media?parent=2682"}],"wp:term":[{"taxonomy":"product_brand","embeddable":true,"href":"https:\/\/abaa.mx\/tienda\/wp-json\/wp\/v2\/product_brand?post=2682"},{"taxonomy":"product_cat","embeddable":true,"href":"https:\/\/abaa.mx\/tienda\/wp-json\/wp\/v2\/product_cat?post=2682"},{"taxonomy":"product_tag","embeddable":true,"href":"https:\/\/abaa.mx\/tienda\/wp-json\/wp\/v2\/product_tag?post=2682"}],"curies":[{"name":"wp","href":"https:\/\/api.w.org\/{rel}","templated":true}]}}