{"id":2675,"date":"2023-09-22T17:49:39","date_gmt":"2023-09-22T17:49:39","guid":{"rendered":"https:\/\/abaa.mx\/tienda\/?post_type=product&#038;p=2675"},"modified":"2023-09-22T17:49:40","modified_gmt":"2023-09-22T17:49:40","slug":"termostatos-digitales-serie-ts2-de-dwyer","status":"publish","type":"product","link":"https:\/\/abaa.mx\/tienda\/termostatos-digitales-serie-ts2-de-dwyer\/","title":{"rendered":"Termostatos digitales serie ts2 de dwyer"},"content":{"rendered":"<h4>Ofertas de la serie TS2 de Dwyer<\/h4>\n<h5><strong>Funciones<\/strong><\/h5>\n<ul>\n<li>Utilice la salida de rel\u00e9 SPDT de 15(5) amperios para accionar un motor, compresor o ventilador<\/li>\n<li>Dise\u00f1ado pensando en el OEM, ofreciendo la capacidad de configurar m\u00faltiples unidades con solo tocar un bot\u00f3n<\/li>\n<li>Cuenta con ajustes de punto de ajuste, sincronizaci\u00f3n de desescarche est\u00e1tico, tiempo medio del compresor, hist\u00e9resis y ajuste de la sonda ambiental<\/li>\n<li>La protecci\u00f3n de seguridad se ofrece mediante un c\u00f3digo de contrase\u00f1a<\/li>\n<li>Dise\u00f1ado para funcionar con sondas PTC (1000\u03a9 @ 25\u00b0C) que se venden por separado<\/li>\n<\/ul>\n<h5><strong>Especificaciones funcionales<\/strong><\/h5>\n<ul>\n<li>Rango de sonda: -58 a 302 \u00b0F (-50 a 150 \u00b0C)<\/li>\n<li>Entrada: termistor PTC 1000\u03a9 @ 25 \u00b0C<\/li>\n<li>Salida: 15A SPDT rel\u00e9 @ 250 VAC resistivo 5A inductivo<\/li>\n<li>Potencia nominal (HP): 1 HP<\/li>\n<li>Tipo de control: ON \/ OFF<\/li>\n<li>Precisi\u00f3n: \u00b11% FS<\/li>\n<li>Pantalla: 3 d\u00edgitos, rojo, 1\/2&#8243; d\u00edgitos<\/li>\n<li>Resoluci\u00f3n: 1\u00b0<\/li>\n<li>Copia de seguridad de memoria: memoria no vol\u00e1til<\/li>\n<li>L\u00edmites de temperatura: Ambiente: 32 a 158 \u00b0F (0 a 70 \u00b0C)<\/li>\n<li>Temperatura de almacenamiento: -4 a 176 \u00b0F (-20 a 80 \u00b0C)<\/li>\n<\/ul>\n<h5><strong>Especificaciones generales<\/strong><\/h5>\n<ul>\n<li>Requisitos de alimentaci\u00f3n: 110 VCA, 230 VCA, 12 VCA\/VCC o 24 VCA\/VCC<\/li>\n<li>Tipo de control: ON \/ OFF<\/li>\n<li>Peso: 2.3 oz (65 g)<\/li>\n<\/ul>\n","protected":false},"excerpt":{"rendered":"<p>Ofrece doce funciones programables para personalizar la unidad para adaptarse a los requisitos de la aplicaci\u00f3n. Utilice la salida de rel\u00e9 SPDT de 15(5) amperios para accionar un motor, compresor o ventilador. Dise\u00f1ado pensando en el OEM, el TS2 ofrece la posibilidad de configurar m\u00faltiples unidades con solo tocar un bot\u00f3n. Programar m\u00faltiples unidades es r\u00e1pido y f\u00e1cil.<\/p>\n","protected":false},"featured_media":2686,"comment_status":"open","ping_status":"closed","template":"","meta":{"_joinchat":[]},"product_brand":[],"product_cat":[15],"product_tag":[],"class_list":{"0":"post-2675","1":"product","2":"type-product","3":"status-publish","4":"has-post-thumbnail","6":"product_cat-sin-categorizar","8":"first","9":"instock","10":"shipping-taxable","11":"product-type-simple"},"yoast_head":"<!-- This site is optimized with the Yoast SEO plugin v26.4 - https:\/\/yoast.com\/wordpress\/plugins\/seo\/ -->\n<title>Termostatos digitales serie ts2 de dwyer - Abaa tienda online<\/title>\n<meta name=\"robots\" content=\"index, follow, max-snippet:-1, max-image-preview:large, max-video-preview:-1\" \/>\n<link rel=\"canonical\" href=\"https:\/\/abaa.mx\/tienda\/termostatos-digitales-serie-ts2-de-dwyer\/\" \/>\n<meta property=\"og:locale\" content=\"es_MX\" \/>\n<meta property=\"og:type\" content=\"article\" \/>\n<meta property=\"og:title\" content=\"Termostatos digitales serie ts2 de dwyer - Abaa tienda online\" \/>\n<meta property=\"og:description\" content=\"Ofrece doce funciones programables para personalizar la unidad para adaptarse a los requisitos de la aplicaci\u00f3n. Utilice la salida de rel\u00e9 SPDT de 15(5) amperios para accionar un motor, compresor o ventilador. Dise\u00f1ado pensando en el OEM, el TS2 ofrece la posibilidad de configurar m\u00faltiples unidades con solo tocar un bot\u00f3n. Programar m\u00faltiples unidades es r\u00e1pido y f\u00e1cil.\" \/>\n<meta property=\"og:url\" content=\"https:\/\/abaa.mx\/tienda\/termostatos-digitales-serie-ts2-de-dwyer\/\" \/>\n<meta property=\"og:site_name\" content=\"Abaa tienda online\" \/>\n<meta property=\"article:modified_time\" content=\"2023-09-22T17:49:40+00:00\" \/>\n<meta property=\"og:image\" content=\"https:\/\/abaa.mx\/tienda\/wp-content\/uploads\/2023\/09\/Termostatos-digitales-serie-TS2-de-Dwyer.jpg\" \/>\n\t<meta property=\"og:image:width\" content=\"400\" \/>\n\t<meta property=\"og:image:height\" content=\"400\" \/>\n\t<meta property=\"og:image:type\" content=\"image\/jpeg\" \/>\n<meta name=\"twitter:card\" content=\"summary_large_image\" \/>\n<meta name=\"twitter:label1\" content=\"Tiempo de lectura\" \/>\n\t<meta name=\"twitter:data1\" content=\"1 minuto\" \/>\n<script type=\"application\/ld+json\" class=\"yoast-schema-graph\">{\"@context\":\"https:\/\/schema.org\",\"@graph\":[{\"@type\":\"WebPage\",\"@id\":\"https:\/\/abaa.mx\/tienda\/termostatos-digitales-serie-ts2-de-dwyer\/\",\"url\":\"https:\/\/abaa.mx\/tienda\/termostatos-digitales-serie-ts2-de-dwyer\/\",\"name\":\"Termostatos digitales serie ts2 de dwyer - Abaa tienda online\",\"isPartOf\":{\"@id\":\"https:\/\/abaa.mx\/tienda\/#website\"},\"primaryImageOfPage\":{\"@id\":\"https:\/\/abaa.mx\/tienda\/termostatos-digitales-serie-ts2-de-dwyer\/#primaryimage\"},\"image\":{\"@id\":\"https:\/\/abaa.mx\/tienda\/termostatos-digitales-serie-ts2-de-dwyer\/#primaryimage\"},\"thumbnailUrl\":\"https:\/\/abaa.mx\/tienda\/wp-content\/uploads\/2023\/09\/Termostatos-digitales-serie-TS2-de-Dwyer.jpg\",\"datePublished\":\"2023-09-22T17:49:39+00:00\",\"dateModified\":\"2023-09-22T17:49:40+00:00\",\"breadcrumb\":{\"@id\":\"https:\/\/abaa.mx\/tienda\/termostatos-digitales-serie-ts2-de-dwyer\/#breadcrumb\"},\"inLanguage\":\"es\",\"potentialAction\":[{\"@type\":\"ReadAction\",\"target\":[\"https:\/\/abaa.mx\/tienda\/termostatos-digitales-serie-ts2-de-dwyer\/\"]}]},{\"@type\":\"ImageObject\",\"inLanguage\":\"es\",\"@id\":\"https:\/\/abaa.mx\/tienda\/termostatos-digitales-serie-ts2-de-dwyer\/#primaryimage\",\"url\":\"https:\/\/abaa.mx\/tienda\/wp-content\/uploads\/2023\/09\/Termostatos-digitales-serie-TS2-de-Dwyer.jpg\",\"contentUrl\":\"https:\/\/abaa.mx\/tienda\/wp-content\/uploads\/2023\/09\/Termostatos-digitales-serie-TS2-de-Dwyer.jpg\",\"width\":400,\"height\":400,\"caption\":\"termostatos-digitales-serie-ts2-de-dwyer\"},{\"@type\":\"BreadcrumbList\",\"@id\":\"https:\/\/abaa.mx\/tienda\/termostatos-digitales-serie-ts2-de-dwyer\/#breadcrumb\",\"itemListElement\":[{\"@type\":\"ListItem\",\"position\":1,\"name\":\"Inicio\",\"item\":\"https:\/\/abaa.mx\/tienda\/\"},{\"@type\":\"ListItem\",\"position\":2,\"name\":\"Tienda\",\"item\":\"https:\/\/abaa.mx\/tienda\/\"},{\"@type\":\"ListItem\",\"position\":3,\"name\":\"Termostatos digitales serie ts2 de dwyer\"}]},{\"@type\":\"WebSite\",\"@id\":\"https:\/\/abaa.mx\/tienda\/#website\",\"url\":\"https:\/\/abaa.mx\/tienda\/\",\"name\":\"Abaa tienda online\",\"description\":\"Instrumentos de medici\u00f3n\",\"publisher\":{\"@id\":\"https:\/\/abaa.mx\/tienda\/#organization\"},\"potentialAction\":[{\"@type\":\"SearchAction\",\"target\":{\"@type\":\"EntryPoint\",\"urlTemplate\":\"https:\/\/abaa.mx\/tienda\/?s={search_term_string}\"},\"query-input\":{\"@type\":\"PropertyValueSpecification\",\"valueRequired\":true,\"valueName\":\"search_term_string\"}}],\"inLanguage\":\"es\"},{\"@type\":\"Organization\",\"@id\":\"https:\/\/abaa.mx\/tienda\/#organization\",\"name\":\"Abaa tienda online\",\"url\":\"https:\/\/abaa.mx\/tienda\/\",\"logo\":{\"@type\":\"ImageObject\",\"inLanguage\":\"es\",\"@id\":\"https:\/\/abaa.mx\/tienda\/#\/schema\/logo\/image\/\",\"url\":\"https:\/\/abaa.mx\/tienda\/wp-content\/uploads\/2024\/01\/abaa-metrologia-tienda.png\",\"contentUrl\":\"https:\/\/abaa.mx\/tienda\/wp-content\/uploads\/2024\/01\/abaa-metrologia-tienda.png\",\"width\":300,\"height\":141,\"caption\":\"Abaa tienda online\"},\"image\":{\"@id\":\"https:\/\/abaa.mx\/tienda\/#\/schema\/logo\/image\/\"}}]}<\/script>\n<!-- \/ Yoast SEO plugin. -->","yoast_head_json":{"title":"Termostatos digitales serie ts2 de dwyer - Abaa tienda online","robots":{"index":"index","follow":"follow","max-snippet":"max-snippet:-1","max-image-preview":"max-image-preview:large","max-video-preview":"max-video-preview:-1"},"canonical":"https:\/\/abaa.mx\/tienda\/termostatos-digitales-serie-ts2-de-dwyer\/","og_locale":"es_MX","og_type":"article","og_title":"Termostatos digitales serie ts2 de dwyer - Abaa tienda online","og_description":"Ofrece doce funciones programables para personalizar la unidad para adaptarse a los requisitos de la aplicaci\u00f3n. Utilice la salida de rel\u00e9 SPDT de 15(5) amperios para accionar un motor, compresor o ventilador. Dise\u00f1ado pensando en el OEM, el TS2 ofrece la posibilidad de configurar m\u00faltiples unidades con solo tocar un bot\u00f3n. Programar m\u00faltiples unidades es r\u00e1pido y f\u00e1cil.","og_url":"https:\/\/abaa.mx\/tienda\/termostatos-digitales-serie-ts2-de-dwyer\/","og_site_name":"Abaa tienda online","article_modified_time":"2023-09-22T17:49:40+00:00","og_image":[{"width":400,"height":400,"url":"https:\/\/abaa.mx\/tienda\/wp-content\/uploads\/2023\/09\/Termostatos-digitales-serie-TS2-de-Dwyer.jpg","type":"image\/jpeg"}],"twitter_card":"summary_large_image","twitter_misc":{"Tiempo de lectura":"1 minuto"},"schema":{"@context":"https:\/\/schema.org","@graph":[{"@type":"WebPage","@id":"https:\/\/abaa.mx\/tienda\/termostatos-digitales-serie-ts2-de-dwyer\/","url":"https:\/\/abaa.mx\/tienda\/termostatos-digitales-serie-ts2-de-dwyer\/","name":"Termostatos digitales serie ts2 de dwyer - Abaa tienda online","isPartOf":{"@id":"https:\/\/abaa.mx\/tienda\/#website"},"primaryImageOfPage":{"@id":"https:\/\/abaa.mx\/tienda\/termostatos-digitales-serie-ts2-de-dwyer\/#primaryimage"},"image":{"@id":"https:\/\/abaa.mx\/tienda\/termostatos-digitales-serie-ts2-de-dwyer\/#primaryimage"},"thumbnailUrl":"https:\/\/abaa.mx\/tienda\/wp-content\/uploads\/2023\/09\/Termostatos-digitales-serie-TS2-de-Dwyer.jpg","datePublished":"2023-09-22T17:49:39+00:00","dateModified":"2023-09-22T17:49:40+00:00","breadcrumb":{"@id":"https:\/\/abaa.mx\/tienda\/termostatos-digitales-serie-ts2-de-dwyer\/#breadcrumb"},"inLanguage":"es","potentialAction":[{"@type":"ReadAction","target":["https:\/\/abaa.mx\/tienda\/termostatos-digitales-serie-ts2-de-dwyer\/"]}]},{"@type":"ImageObject","inLanguage":"es","@id":"https:\/\/abaa.mx\/tienda\/termostatos-digitales-serie-ts2-de-dwyer\/#primaryimage","url":"https:\/\/abaa.mx\/tienda\/wp-content\/uploads\/2023\/09\/Termostatos-digitales-serie-TS2-de-Dwyer.jpg","contentUrl":"https:\/\/abaa.mx\/tienda\/wp-content\/uploads\/2023\/09\/Termostatos-digitales-serie-TS2-de-Dwyer.jpg","width":400,"height":400,"caption":"termostatos-digitales-serie-ts2-de-dwyer"},{"@type":"BreadcrumbList","@id":"https:\/\/abaa.mx\/tienda\/termostatos-digitales-serie-ts2-de-dwyer\/#breadcrumb","itemListElement":[{"@type":"ListItem","position":1,"name":"Inicio","item":"https:\/\/abaa.mx\/tienda\/"},{"@type":"ListItem","position":2,"name":"Tienda","item":"https:\/\/abaa.mx\/tienda\/"},{"@type":"ListItem","position":3,"name":"Termostatos digitales serie ts2 de dwyer"}]},{"@type":"WebSite","@id":"https:\/\/abaa.mx\/tienda\/#website","url":"https:\/\/abaa.mx\/tienda\/","name":"Abaa tienda online","description":"Instrumentos de medici\u00f3n","publisher":{"@id":"https:\/\/abaa.mx\/tienda\/#organization"},"potentialAction":[{"@type":"SearchAction","target":{"@type":"EntryPoint","urlTemplate":"https:\/\/abaa.mx\/tienda\/?s={search_term_string}"},"query-input":{"@type":"PropertyValueSpecification","valueRequired":true,"valueName":"search_term_string"}}],"inLanguage":"es"},{"@type":"Organization","@id":"https:\/\/abaa.mx\/tienda\/#organization","name":"Abaa tienda online","url":"https:\/\/abaa.mx\/tienda\/","logo":{"@type":"ImageObject","inLanguage":"es","@id":"https:\/\/abaa.mx\/tienda\/#\/schema\/logo\/image\/","url":"https:\/\/abaa.mx\/tienda\/wp-content\/uploads\/2024\/01\/abaa-metrologia-tienda.png","contentUrl":"https:\/\/abaa.mx\/tienda\/wp-content\/uploads\/2024\/01\/abaa-metrologia-tienda.png","width":300,"height":141,"caption":"Abaa tienda online"},"image":{"@id":"https:\/\/abaa.mx\/tienda\/#\/schema\/logo\/image\/"}}]}},"_links":{"self":[{"href":"https:\/\/abaa.mx\/tienda\/wp-json\/wp\/v2\/product\/2675","targetHints":{"allow":["GET"]}}],"collection":[{"href":"https:\/\/abaa.mx\/tienda\/wp-json\/wp\/v2\/product"}],"about":[{"href":"https:\/\/abaa.mx\/tienda\/wp-json\/wp\/v2\/types\/product"}],"replies":[{"embeddable":true,"href":"https:\/\/abaa.mx\/tienda\/wp-json\/wp\/v2\/comments?post=2675"}],"wp:featuredmedia":[{"embeddable":true,"href":"https:\/\/abaa.mx\/tienda\/wp-json\/wp\/v2\/media\/2686"}],"wp:attachment":[{"href":"https:\/\/abaa.mx\/tienda\/wp-json\/wp\/v2\/media?parent=2675"}],"wp:term":[{"taxonomy":"product_brand","embeddable":true,"href":"https:\/\/abaa.mx\/tienda\/wp-json\/wp\/v2\/product_brand?post=2675"},{"taxonomy":"product_cat","embeddable":true,"href":"https:\/\/abaa.mx\/tienda\/wp-json\/wp\/v2\/product_cat?post=2675"},{"taxonomy":"product_tag","embeddable":true,"href":"https:\/\/abaa.mx\/tienda\/wp-json\/wp\/v2\/product_tag?post=2675"}],"curies":[{"name":"wp","href":"https:\/\/api.w.org\/{rel}","templated":true}]}}