{"id":2671,"date":"2023-09-22T17:17:54","date_gmt":"2023-09-22T17:17:54","guid":{"rendered":"https:\/\/abaa.mx\/tienda\/?post_type=product&#038;p=2671"},"modified":"2024-01-05T20:45:41","modified_gmt":"2024-01-05T20:45:41","slug":"yellow-jacket-calibre-49106-grados-f-compuesto-azul-30-0-120-psi-r-22-134a-404a-3-1-8","status":"publish","type":"product","link":"https:\/\/abaa.mx\/tienda\/yellow-jacket-calibre-49106-grados-f-compuesto-azul-30-0-120-psi-r-22-134a-404a-3-1-8\/","title":{"rendered":"Yellow Jacket Calibre 49106 (Grados F) Compuesto azul, 30&#8243;-0-120 psi, R-22-134A-404A, 3-1-8&#8243;"},"content":{"rendered":"<h4>Caracter\u00edsticas:<\/h4>\n<ul class=\"a-unordered-list a-vertical a-spacing-mini\">\n<li class=\"a-spacing-mini\"><span class=\"a-list-item\">Pa\u00eds de origen: Estados Unidos.<\/span><\/li>\n<li class=\"a-spacing-mini\"><span class=\"a-list-item\">N\u00famero de modelo: 49106.<\/span><\/li>\n<li class=\"a-spacing-mini\"><span class=\"a-list-item\">Dimensiones del paquete: 2.0&#8243; L x 2.0&#8243; W x 2.0&#8243; H.<\/span><\/li>\n<li class=\"a-spacing-mini\"><span class=\"a-list-item\">Peso del paquete: 2.0 lb.<\/span><\/li>\n<\/ul>\n<div id=\"detailBullets_feature_div\">\n<h4>Producto:<\/h4>\n<ul class=\"a-unordered-list a-nostyle a-vertical a-spacing-none detail-bullet-list\">\n<li><span class=\"a-list-item\"><span class=\"a-text-bold\">Dimensiones del paquete \u200f : \u200e\u00a0<\/span>6,65 x 5,2 x 1,54 pulgadas; 5,6 Onzas.<\/span><\/li>\n<li><span class=\"a-list-item\"><span class=\"a-text-bold\">N\u00famero de modelo del producto \u200f : \u200e\u00a0<\/span>49106.<\/span><\/li>\n<li><span class=\"a-list-item\"><span class=\"a-text-bold\">Producto en amazon.com desde \u200f : \u200e\u00a0<\/span>Marzo 28, 2013.<\/span><\/li>\n<li><span class=\"a-list-item\"><span class=\"a-text-bold\">Fabricante \u200f : \u200e\u00a0<\/span>Fotronic Corporation.<\/span><\/li>\n<li><span class=\"a-list-item\"><span class=\"a-text-bold\">SALADO \u200f :\u00a0<\/span>B00C32YO6O.<\/span><\/li>\n<li><span class=\"a-list-item\"><span class=\"a-text-bold\">Clasificaci\u00f3n en los m\u00e1s vendidos de Amazon:\u00a0<\/span>n\u00ba69,134 en Industrial y Cient\u00edfico.<\/span><\/li>\n<\/ul>\n<\/div>\n<p>&nbsp;<\/p>\n","protected":false},"excerpt":{"rendered":"<p>Los medidores grandes de 3-1\/8&#8243; se alojan en una caja de acero roja o azul con tornillo de recalibraci\u00f3n frontal. Las escalas de temperatura de colores de alta visibilidad son f\u00e1ciles de leer a trav\u00e9s del cristal de policarbonato de visi\u00f3n completa. Tecnolog\u00eda sin aleteo con protector de sobretensiones de lat\u00f3n para minimizar la pulsaci\u00f3n de la aguja, movimiento del medidor de lat\u00f3n. Tubo Bourdon de aleaci\u00f3n de cobre, tipos refrigerantes codificados por colores.<\/p>\n","protected":false},"featured_media":2672,"comment_status":"open","ping_status":"closed","template":"","meta":{"_joinchat":[]},"product_brand":[],"product_cat":[15],"product_tag":[],"class_list":{"0":"post-2671","1":"product","2":"type-product","3":"status-publish","4":"has-post-thumbnail","6":"product_cat-sin-categorizar","8":"first","9":"instock","10":"shipping-taxable","11":"product-type-simple"},"yoast_head":"<!-- This site is optimized with the Yoast SEO plugin v26.4 - https:\/\/yoast.com\/wordpress\/plugins\/seo\/ -->\n<title>Yellow Jacket Calibre 49106 (Grados F) Compuesto azul, 30&quot;-0-120 psi, R-22-134A-404A, 3-1-8&quot; - Abaa tienda online<\/title>\n<meta name=\"robots\" content=\"index, follow, max-snippet:-1, max-image-preview:large, max-video-preview:-1\" \/>\n<link rel=\"canonical\" href=\"https:\/\/abaa.mx\/tienda\/yellow-jacket-calibre-49106-grados-f-compuesto-azul-30-0-120-psi-r-22-134a-404a-3-1-8\/\" \/>\n<meta property=\"og:locale\" content=\"es_MX\" \/>\n<meta property=\"og:type\" content=\"article\" \/>\n<meta property=\"og:title\" content=\"Yellow Jacket Calibre 49106 (Grados F) Compuesto azul, 30&quot;-0-120 psi, R-22-134A-404A, 3-1-8&quot; - Abaa tienda online\" \/>\n<meta property=\"og:description\" content=\"Los medidores grandes de 3-1\/8&quot; se alojan en una caja de acero roja o azul con tornillo de recalibraci\u00f3n frontal. Las escalas de temperatura de colores de alta visibilidad son f\u00e1ciles de leer a trav\u00e9s del cristal de policarbonato de visi\u00f3n completa. Tecnolog\u00eda sin aleteo con protector de sobretensiones de lat\u00f3n para minimizar la pulsaci\u00f3n de la aguja, movimiento del medidor de lat\u00f3n. Tubo Bourdon de aleaci\u00f3n de cobre, tipos refrigerantes codificados por colores.\" \/>\n<meta property=\"og:url\" content=\"https:\/\/abaa.mx\/tienda\/yellow-jacket-calibre-49106-grados-f-compuesto-azul-30-0-120-psi-r-22-134a-404a-3-1-8\/\" \/>\n<meta property=\"og:site_name\" content=\"Abaa tienda online\" \/>\n<meta property=\"article:modified_time\" content=\"2024-01-05T20:45:41+00:00\" \/>\n<meta property=\"og:image\" content=\"https:\/\/abaa.mx\/tienda\/wp-content\/uploads\/2023\/09\/49106.jpg\" \/>\n\t<meta property=\"og:image:width\" content=\"425\" \/>\n\t<meta property=\"og:image:height\" content=\"495\" \/>\n\t<meta property=\"og:image:type\" content=\"image\/jpeg\" \/>\n<meta name=\"twitter:card\" content=\"summary_large_image\" \/>\n<meta name=\"twitter:label1\" content=\"Tiempo de lectura\" \/>\n\t<meta name=\"twitter:data1\" content=\"1 minuto\" \/>\n<script type=\"application\/ld+json\" class=\"yoast-schema-graph\">{\"@context\":\"https:\/\/schema.org\",\"@graph\":[{\"@type\":\"WebPage\",\"@id\":\"https:\/\/abaa.mx\/tienda\/yellow-jacket-calibre-49106-grados-f-compuesto-azul-30-0-120-psi-r-22-134a-404a-3-1-8\/\",\"url\":\"https:\/\/abaa.mx\/tienda\/yellow-jacket-calibre-49106-grados-f-compuesto-azul-30-0-120-psi-r-22-134a-404a-3-1-8\/\",\"name\":\"Yellow Jacket Calibre 49106 (Grados F) Compuesto azul, 30\\\"-0-120 psi, R-22-134A-404A, 3-1-8\\\" - Abaa tienda online\",\"isPartOf\":{\"@id\":\"https:\/\/abaa.mx\/tienda\/#website\"},\"primaryImageOfPage\":{\"@id\":\"https:\/\/abaa.mx\/tienda\/yellow-jacket-calibre-49106-grados-f-compuesto-azul-30-0-120-psi-r-22-134a-404a-3-1-8\/#primaryimage\"},\"image\":{\"@id\":\"https:\/\/abaa.mx\/tienda\/yellow-jacket-calibre-49106-grados-f-compuesto-azul-30-0-120-psi-r-22-134a-404a-3-1-8\/#primaryimage\"},\"thumbnailUrl\":\"https:\/\/abaa.mx\/tienda\/wp-content\/uploads\/2023\/09\/49106.jpg\",\"datePublished\":\"2023-09-22T17:17:54+00:00\",\"dateModified\":\"2024-01-05T20:45:41+00:00\",\"breadcrumb\":{\"@id\":\"https:\/\/abaa.mx\/tienda\/yellow-jacket-calibre-49106-grados-f-compuesto-azul-30-0-120-psi-r-22-134a-404a-3-1-8\/#breadcrumb\"},\"inLanguage\":\"es\",\"potentialAction\":[{\"@type\":\"ReadAction\",\"target\":[\"https:\/\/abaa.mx\/tienda\/yellow-jacket-calibre-49106-grados-f-compuesto-azul-30-0-120-psi-r-22-134a-404a-3-1-8\/\"]}]},{\"@type\":\"ImageObject\",\"inLanguage\":\"es\",\"@id\":\"https:\/\/abaa.mx\/tienda\/yellow-jacket-calibre-49106-grados-f-compuesto-azul-30-0-120-psi-r-22-134a-404a-3-1-8\/#primaryimage\",\"url\":\"https:\/\/abaa.mx\/tienda\/wp-content\/uploads\/2023\/09\/49106.jpg\",\"contentUrl\":\"https:\/\/abaa.mx\/tienda\/wp-content\/uploads\/2023\/09\/49106.jpg\",\"width\":425,\"height\":495,\"caption\":\"yellow-jacket-calibre-49106-grados-f-compuesto-azul-30-0-120-psi-r-22-134a-404a-3-1-8\"},{\"@type\":\"BreadcrumbList\",\"@id\":\"https:\/\/abaa.mx\/tienda\/yellow-jacket-calibre-49106-grados-f-compuesto-azul-30-0-120-psi-r-22-134a-404a-3-1-8\/#breadcrumb\",\"itemListElement\":[{\"@type\":\"ListItem\",\"position\":1,\"name\":\"Inicio\",\"item\":\"https:\/\/abaa.mx\/tienda\/\"},{\"@type\":\"ListItem\",\"position\":2,\"name\":\"Tienda\",\"item\":\"https:\/\/abaa.mx\/tienda\/\"},{\"@type\":\"ListItem\",\"position\":3,\"name\":\"Yellow Jacket Calibre 49106 (Grados F) Compuesto azul, 30&#8243;-0-120 psi, R-22-134A-404A, 3-1-8&#8243;\"}]},{\"@type\":\"WebSite\",\"@id\":\"https:\/\/abaa.mx\/tienda\/#website\",\"url\":\"https:\/\/abaa.mx\/tienda\/\",\"name\":\"Abaa tienda online\",\"description\":\"Instrumentos de medici\u00f3n\",\"publisher\":{\"@id\":\"https:\/\/abaa.mx\/tienda\/#organization\"},\"potentialAction\":[{\"@type\":\"SearchAction\",\"target\":{\"@type\":\"EntryPoint\",\"urlTemplate\":\"https:\/\/abaa.mx\/tienda\/?s={search_term_string}\"},\"query-input\":{\"@type\":\"PropertyValueSpecification\",\"valueRequired\":true,\"valueName\":\"search_term_string\"}}],\"inLanguage\":\"es\"},{\"@type\":\"Organization\",\"@id\":\"https:\/\/abaa.mx\/tienda\/#organization\",\"name\":\"Abaa tienda online\",\"url\":\"https:\/\/abaa.mx\/tienda\/\",\"logo\":{\"@type\":\"ImageObject\",\"inLanguage\":\"es\",\"@id\":\"https:\/\/abaa.mx\/tienda\/#\/schema\/logo\/image\/\",\"url\":\"https:\/\/abaa.mx\/tienda\/wp-content\/uploads\/2024\/01\/abaa-metrologia-tienda.png\",\"contentUrl\":\"https:\/\/abaa.mx\/tienda\/wp-content\/uploads\/2024\/01\/abaa-metrologia-tienda.png\",\"width\":300,\"height\":141,\"caption\":\"Abaa tienda online\"},\"image\":{\"@id\":\"https:\/\/abaa.mx\/tienda\/#\/schema\/logo\/image\/\"}}]}<\/script>\n<!-- \/ Yoast SEO plugin. -->","yoast_head_json":{"title":"Yellow Jacket Calibre 49106 (Grados F) Compuesto azul, 30\"-0-120 psi, R-22-134A-404A, 3-1-8\" - Abaa tienda online","robots":{"index":"index","follow":"follow","max-snippet":"max-snippet:-1","max-image-preview":"max-image-preview:large","max-video-preview":"max-video-preview:-1"},"canonical":"https:\/\/abaa.mx\/tienda\/yellow-jacket-calibre-49106-grados-f-compuesto-azul-30-0-120-psi-r-22-134a-404a-3-1-8\/","og_locale":"es_MX","og_type":"article","og_title":"Yellow Jacket Calibre 49106 (Grados F) Compuesto azul, 30\"-0-120 psi, R-22-134A-404A, 3-1-8\" - Abaa tienda online","og_description":"Los medidores grandes de 3-1\/8\" se alojan en una caja de acero roja o azul con tornillo de recalibraci\u00f3n frontal. Las escalas de temperatura de colores de alta visibilidad son f\u00e1ciles de leer a trav\u00e9s del cristal de policarbonato de visi\u00f3n completa. Tecnolog\u00eda sin aleteo con protector de sobretensiones de lat\u00f3n para minimizar la pulsaci\u00f3n de la aguja, movimiento del medidor de lat\u00f3n. Tubo Bourdon de aleaci\u00f3n de cobre, tipos refrigerantes codificados por colores.","og_url":"https:\/\/abaa.mx\/tienda\/yellow-jacket-calibre-49106-grados-f-compuesto-azul-30-0-120-psi-r-22-134a-404a-3-1-8\/","og_site_name":"Abaa tienda online","article_modified_time":"2024-01-05T20:45:41+00:00","og_image":[{"width":425,"height":495,"url":"https:\/\/abaa.mx\/tienda\/wp-content\/uploads\/2023\/09\/49106.jpg","type":"image\/jpeg"}],"twitter_card":"summary_large_image","twitter_misc":{"Tiempo de lectura":"1 minuto"},"schema":{"@context":"https:\/\/schema.org","@graph":[{"@type":"WebPage","@id":"https:\/\/abaa.mx\/tienda\/yellow-jacket-calibre-49106-grados-f-compuesto-azul-30-0-120-psi-r-22-134a-404a-3-1-8\/","url":"https:\/\/abaa.mx\/tienda\/yellow-jacket-calibre-49106-grados-f-compuesto-azul-30-0-120-psi-r-22-134a-404a-3-1-8\/","name":"Yellow Jacket Calibre 49106 (Grados F) Compuesto azul, 30\"-0-120 psi, R-22-134A-404A, 3-1-8\" - Abaa tienda online","isPartOf":{"@id":"https:\/\/abaa.mx\/tienda\/#website"},"primaryImageOfPage":{"@id":"https:\/\/abaa.mx\/tienda\/yellow-jacket-calibre-49106-grados-f-compuesto-azul-30-0-120-psi-r-22-134a-404a-3-1-8\/#primaryimage"},"image":{"@id":"https:\/\/abaa.mx\/tienda\/yellow-jacket-calibre-49106-grados-f-compuesto-azul-30-0-120-psi-r-22-134a-404a-3-1-8\/#primaryimage"},"thumbnailUrl":"https:\/\/abaa.mx\/tienda\/wp-content\/uploads\/2023\/09\/49106.jpg","datePublished":"2023-09-22T17:17:54+00:00","dateModified":"2024-01-05T20:45:41+00:00","breadcrumb":{"@id":"https:\/\/abaa.mx\/tienda\/yellow-jacket-calibre-49106-grados-f-compuesto-azul-30-0-120-psi-r-22-134a-404a-3-1-8\/#breadcrumb"},"inLanguage":"es","potentialAction":[{"@type":"ReadAction","target":["https:\/\/abaa.mx\/tienda\/yellow-jacket-calibre-49106-grados-f-compuesto-azul-30-0-120-psi-r-22-134a-404a-3-1-8\/"]}]},{"@type":"ImageObject","inLanguage":"es","@id":"https:\/\/abaa.mx\/tienda\/yellow-jacket-calibre-49106-grados-f-compuesto-azul-30-0-120-psi-r-22-134a-404a-3-1-8\/#primaryimage","url":"https:\/\/abaa.mx\/tienda\/wp-content\/uploads\/2023\/09\/49106.jpg","contentUrl":"https:\/\/abaa.mx\/tienda\/wp-content\/uploads\/2023\/09\/49106.jpg","width":425,"height":495,"caption":"yellow-jacket-calibre-49106-grados-f-compuesto-azul-30-0-120-psi-r-22-134a-404a-3-1-8"},{"@type":"BreadcrumbList","@id":"https:\/\/abaa.mx\/tienda\/yellow-jacket-calibre-49106-grados-f-compuesto-azul-30-0-120-psi-r-22-134a-404a-3-1-8\/#breadcrumb","itemListElement":[{"@type":"ListItem","position":1,"name":"Inicio","item":"https:\/\/abaa.mx\/tienda\/"},{"@type":"ListItem","position":2,"name":"Tienda","item":"https:\/\/abaa.mx\/tienda\/"},{"@type":"ListItem","position":3,"name":"Yellow Jacket Calibre 49106 (Grados F) Compuesto azul, 30&#8243;-0-120 psi, R-22-134A-404A, 3-1-8&#8243;"}]},{"@type":"WebSite","@id":"https:\/\/abaa.mx\/tienda\/#website","url":"https:\/\/abaa.mx\/tienda\/","name":"Abaa tienda online","description":"Instrumentos de medici\u00f3n","publisher":{"@id":"https:\/\/abaa.mx\/tienda\/#organization"},"potentialAction":[{"@type":"SearchAction","target":{"@type":"EntryPoint","urlTemplate":"https:\/\/abaa.mx\/tienda\/?s={search_term_string}"},"query-input":{"@type":"PropertyValueSpecification","valueRequired":true,"valueName":"search_term_string"}}],"inLanguage":"es"},{"@type":"Organization","@id":"https:\/\/abaa.mx\/tienda\/#organization","name":"Abaa tienda online","url":"https:\/\/abaa.mx\/tienda\/","logo":{"@type":"ImageObject","inLanguage":"es","@id":"https:\/\/abaa.mx\/tienda\/#\/schema\/logo\/image\/","url":"https:\/\/abaa.mx\/tienda\/wp-content\/uploads\/2024\/01\/abaa-metrologia-tienda.png","contentUrl":"https:\/\/abaa.mx\/tienda\/wp-content\/uploads\/2024\/01\/abaa-metrologia-tienda.png","width":300,"height":141,"caption":"Abaa tienda online"},"image":{"@id":"https:\/\/abaa.mx\/tienda\/#\/schema\/logo\/image\/"}}]}},"_links":{"self":[{"href":"https:\/\/abaa.mx\/tienda\/wp-json\/wp\/v2\/product\/2671","targetHints":{"allow":["GET"]}}],"collection":[{"href":"https:\/\/abaa.mx\/tienda\/wp-json\/wp\/v2\/product"}],"about":[{"href":"https:\/\/abaa.mx\/tienda\/wp-json\/wp\/v2\/types\/product"}],"replies":[{"embeddable":true,"href":"https:\/\/abaa.mx\/tienda\/wp-json\/wp\/v2\/comments?post=2671"}],"wp:featuredmedia":[{"embeddable":true,"href":"https:\/\/abaa.mx\/tienda\/wp-json\/wp\/v2\/media\/2672"}],"wp:attachment":[{"href":"https:\/\/abaa.mx\/tienda\/wp-json\/wp\/v2\/media?parent=2671"}],"wp:term":[{"taxonomy":"product_brand","embeddable":true,"href":"https:\/\/abaa.mx\/tienda\/wp-json\/wp\/v2\/product_brand?post=2671"},{"taxonomy":"product_cat","embeddable":true,"href":"https:\/\/abaa.mx\/tienda\/wp-json\/wp\/v2\/product_cat?post=2671"},{"taxonomy":"product_tag","embeddable":true,"href":"https:\/\/abaa.mx\/tienda\/wp-json\/wp\/v2\/product_tag?post=2671"}],"curies":[{"name":"wp","href":"https:\/\/api.w.org\/{rel}","templated":true}]}}