{"id":2604,"date":"2023-09-22T15:31:02","date_gmt":"2023-09-22T15:31:02","guid":{"rendered":"https:\/\/abaa.mx\/tienda\/?post_type=product&#038;p=2604"},"modified":"2023-09-22T15:31:02","modified_gmt":"2023-09-22T15:31:02","slug":"registrador-de-datos-de-temperatura-de-metal-testo-176-t1-de-1-canal","status":"publish","type":"product","link":"https:\/\/abaa.mx\/tienda\/registrador-de-datos-de-temperatura-de-metal-testo-176-t1-de-1-canal\/","title":{"rendered":"registrador de datos de temperatura de metal testo 176 t1 de 1 canal"},"content":{"rendered":"<div class=\"span10\">\n<div class=\"mhide ipad-view-setting\">\n<div class=\"row-fluid ProductTabs\">\n<div class=\"span12\">\n<div class=\"tab-content\">\n<div id=\"tab0\" class=\"product-tabs tab-pane  active\">\n<p>El testo 176 T1 proporciona registro de temperatura durante largos per\u00edodos de tiempo en c\u00e1maras frigor\u00edficas y de congelaci\u00f3n. Est\u00e1 protegido de condiciones adversas, as\u00ed como de da\u00f1os por equipos de almac\u00e9n por su robusta carcasa met\u00e1lica. El sensor Pt100 de alta precisi\u00f3n de Testo en el interior mide la temperatura.<\/p>\n<p>Como todos los registradores de datos Testo para aplicaciones en el sector alimentario, el testo 176 T1 est\u00e1 probado seg\u00fan DIN EN 12830 por la secci\u00f3n de pruebas ATP del T\u00dcV ST\u00fcd<\/p>\n<p><strong>Testo 176 T1 Caracter\u00edsticas<\/strong><\/p>\n<ul>\n<li>Gran memoria para 2 millones de valores de medici\u00f3n<\/li>\n<li>Hasta 8 a\u00f1os de duraci\u00f3n de la bater\u00eda a una velocidad de medici\u00f3n de 15 min.<\/li>\n<li>Bater\u00edas est\u00e1ndar (AAA) reemplazables por el usuario<\/li>\n<li>Carcasa met\u00e1lica robusta (sin pantalla)<\/li>\n<\/ul>\n<h4>Testo 176 T1 Datos t\u00e9cnicos<\/h4>\n<table class=\"table table-striped\">\n<tbody>\n<tr>\n<td>Memoria<\/td>\n<td>2.000.000 valores<\/td>\n<\/tr>\n<tr>\n<td>Temperatura de almacenamiento<\/td>\n<td>-40 hasta +85 \u00b0C<\/td>\n<\/tr>\n<tr>\n<td>Temperatura de funcionamiento<\/td>\n<td>-35 hasta +70 \u00b0C<\/td>\n<\/tr>\n<tr>\n<td>Dimensiones<\/td>\n<td>103 x 63 x 33 mm<\/td>\n<\/tr>\n<tr>\n<th colspan=\"2\">\n<h5>Temperatura \u2013 RTD<\/h5>\n<\/th>\n<\/tr>\n<tr>\n<td>Rango de medici\u00f3n<\/td>\n<td>-35 hasta +70 \u00b0C<\/td>\n<\/tr>\n<tr>\n<td>Exactitud<\/td>\n<td>\u00b10,2 \u00b0C (-35 hasta +70 \u00b0C)<\/td>\n<\/tr>\n<tr>\n<td>Resoluci\u00f3n<\/td>\n<td>0.01 \u00b0C<\/td>\n<\/tr>\n<\/tbody>\n<\/table>\n<\/div>\n<\/div>\n<\/div>\n<\/div>\n<\/div>\n<\/div>\n","protected":false},"excerpt":{"rendered":"<p>El testo 176 T1 proporciona registro de temperatura durante largos per\u00edodos de tiempo en c\u00e1maras frigor\u00edficas y de congelaci\u00f3n. Est\u00e1 protegido de condiciones adversas, as\u00ed como de da\u00f1os por equipos de almac\u00e9n por su robusta carcasa met\u00e1lica. El sensor Pt100 de alta precisi\u00f3n de Testo en el interior mide la temperatura.<\/p>\n<p>Como todos los registradores de datos Testo para aplicaciones en el sector alimentario, el testo 176 T1 est\u00e1 probado seg\u00fan DIN EN 12830 por la secci\u00f3n de pruebas ATP del T\u00dcV ST\u00fcd<\/p>\n","protected":false},"featured_media":2606,"comment_status":"open","ping_status":"closed","template":"","meta":{"_joinchat":[]},"product_brand":[],"product_cat":[15],"product_tag":[],"class_list":{"0":"post-2604","1":"product","2":"type-product","3":"status-publish","4":"has-post-thumbnail","6":"product_cat-sin-categorizar","8":"first","9":"instock","10":"shipping-taxable","11":"product-type-simple"},"yoast_head":"<!-- This site is optimized with the Yoast SEO plugin v26.4 - https:\/\/yoast.com\/wordpress\/plugins\/seo\/ -->\n<title>registrador de datos de temperatura de metal testo 176 t1 de 1 canal - Abaa tienda online<\/title>\n<meta name=\"robots\" content=\"index, follow, max-snippet:-1, max-image-preview:large, max-video-preview:-1\" \/>\n<link rel=\"canonical\" href=\"https:\/\/abaa.mx\/tienda\/registrador-de-datos-de-temperatura-de-metal-testo-176-t1-de-1-canal\/\" \/>\n<meta property=\"og:locale\" content=\"es_MX\" \/>\n<meta property=\"og:type\" content=\"article\" \/>\n<meta property=\"og:title\" content=\"registrador de datos de temperatura de metal testo 176 t1 de 1 canal - Abaa tienda online\" \/>\n<meta property=\"og:description\" content=\"El testo 176 T1 proporciona registro de temperatura durante largos per\u00edodos de tiempo en c\u00e1maras frigor\u00edficas y de congelaci\u00f3n. Est\u00e1 protegido de condiciones adversas, as\u00ed como de da\u00f1os por equipos de almac\u00e9n por su robusta carcasa met\u00e1lica. El sensor Pt100 de alta precisi\u00f3n de Testo en el interior mide la temperatura.  Como todos los registradores de datos Testo para aplicaciones en el sector alimentario, el testo 176 T1 est\u00e1 probado seg\u00fan DIN EN 12830 por la secci\u00f3n de pruebas ATP del T\u00dcV ST\u00fcd\" \/>\n<meta property=\"og:url\" content=\"https:\/\/abaa.mx\/tienda\/registrador-de-datos-de-temperatura-de-metal-testo-176-t1-de-1-canal\/\" \/>\n<meta property=\"og:site_name\" content=\"Abaa tienda online\" \/>\n<meta property=\"og:image\" content=\"https:\/\/abaa.mx\/tienda\/wp-content\/uploads\/2023\/09\/176-T1.jpg\" \/>\n\t<meta property=\"og:image:width\" content=\"270\" \/>\n\t<meta property=\"og:image:height\" content=\"420\" \/>\n\t<meta property=\"og:image:type\" content=\"image\/jpeg\" \/>\n<meta name=\"twitter:card\" content=\"summary_large_image\" \/>\n<meta name=\"twitter:label1\" content=\"Tiempo de lectura\" \/>\n\t<meta name=\"twitter:data1\" content=\"1 minuto\" \/>\n<script type=\"application\/ld+json\" class=\"yoast-schema-graph\">{\"@context\":\"https:\/\/schema.org\",\"@graph\":[{\"@type\":\"WebPage\",\"@id\":\"https:\/\/abaa.mx\/tienda\/registrador-de-datos-de-temperatura-de-metal-testo-176-t1-de-1-canal\/\",\"url\":\"https:\/\/abaa.mx\/tienda\/registrador-de-datos-de-temperatura-de-metal-testo-176-t1-de-1-canal\/\",\"name\":\"registrador de datos de temperatura de metal testo 176 t1 de 1 canal - Abaa tienda online\",\"isPartOf\":{\"@id\":\"https:\/\/abaa.mx\/tienda\/#website\"},\"primaryImageOfPage\":{\"@id\":\"https:\/\/abaa.mx\/tienda\/registrador-de-datos-de-temperatura-de-metal-testo-176-t1-de-1-canal\/#primaryimage\"},\"image\":{\"@id\":\"https:\/\/abaa.mx\/tienda\/registrador-de-datos-de-temperatura-de-metal-testo-176-t1-de-1-canal\/#primaryimage\"},\"thumbnailUrl\":\"https:\/\/abaa.mx\/tienda\/wp-content\/uploads\/2023\/09\/176-T1.jpg\",\"datePublished\":\"2023-09-22T15:31:02+00:00\",\"breadcrumb\":{\"@id\":\"https:\/\/abaa.mx\/tienda\/registrador-de-datos-de-temperatura-de-metal-testo-176-t1-de-1-canal\/#breadcrumb\"},\"inLanguage\":\"es\",\"potentialAction\":[{\"@type\":\"ReadAction\",\"target\":[\"https:\/\/abaa.mx\/tienda\/registrador-de-datos-de-temperatura-de-metal-testo-176-t1-de-1-canal\/\"]}]},{\"@type\":\"ImageObject\",\"inLanguage\":\"es\",\"@id\":\"https:\/\/abaa.mx\/tienda\/registrador-de-datos-de-temperatura-de-metal-testo-176-t1-de-1-canal\/#primaryimage\",\"url\":\"https:\/\/abaa.mx\/tienda\/wp-content\/uploads\/2023\/09\/176-T1.jpg\",\"contentUrl\":\"https:\/\/abaa.mx\/tienda\/wp-content\/uploads\/2023\/09\/176-T1.jpg\",\"width\":270,\"height\":420,\"caption\":\"176 T1\"},{\"@type\":\"BreadcrumbList\",\"@id\":\"https:\/\/abaa.mx\/tienda\/registrador-de-datos-de-temperatura-de-metal-testo-176-t1-de-1-canal\/#breadcrumb\",\"itemListElement\":[{\"@type\":\"ListItem\",\"position\":1,\"name\":\"Inicio\",\"item\":\"https:\/\/abaa.mx\/tienda\/\"},{\"@type\":\"ListItem\",\"position\":2,\"name\":\"Tienda\",\"item\":\"https:\/\/abaa.mx\/tienda\/\"},{\"@type\":\"ListItem\",\"position\":3,\"name\":\"registrador de datos de temperatura de metal testo 176 t1 de 1 canal\"}]},{\"@type\":\"WebSite\",\"@id\":\"https:\/\/abaa.mx\/tienda\/#website\",\"url\":\"https:\/\/abaa.mx\/tienda\/\",\"name\":\"Abaa tienda online\",\"description\":\"Instrumentos de medici\u00f3n\",\"publisher\":{\"@id\":\"https:\/\/abaa.mx\/tienda\/#organization\"},\"potentialAction\":[{\"@type\":\"SearchAction\",\"target\":{\"@type\":\"EntryPoint\",\"urlTemplate\":\"https:\/\/abaa.mx\/tienda\/?s={search_term_string}\"},\"query-input\":{\"@type\":\"PropertyValueSpecification\",\"valueRequired\":true,\"valueName\":\"search_term_string\"}}],\"inLanguage\":\"es\"},{\"@type\":\"Organization\",\"@id\":\"https:\/\/abaa.mx\/tienda\/#organization\",\"name\":\"Abaa tienda online\",\"url\":\"https:\/\/abaa.mx\/tienda\/\",\"logo\":{\"@type\":\"ImageObject\",\"inLanguage\":\"es\",\"@id\":\"https:\/\/abaa.mx\/tienda\/#\/schema\/logo\/image\/\",\"url\":\"https:\/\/abaa.mx\/tienda\/wp-content\/uploads\/2024\/01\/abaa-metrologia-tienda.png\",\"contentUrl\":\"https:\/\/abaa.mx\/tienda\/wp-content\/uploads\/2024\/01\/abaa-metrologia-tienda.png\",\"width\":300,\"height\":141,\"caption\":\"Abaa tienda online\"},\"image\":{\"@id\":\"https:\/\/abaa.mx\/tienda\/#\/schema\/logo\/image\/\"}}]}<\/script>\n<!-- \/ Yoast SEO plugin. -->","yoast_head_json":{"title":"registrador de datos de temperatura de metal testo 176 t1 de 1 canal - Abaa tienda online","robots":{"index":"index","follow":"follow","max-snippet":"max-snippet:-1","max-image-preview":"max-image-preview:large","max-video-preview":"max-video-preview:-1"},"canonical":"https:\/\/abaa.mx\/tienda\/registrador-de-datos-de-temperatura-de-metal-testo-176-t1-de-1-canal\/","og_locale":"es_MX","og_type":"article","og_title":"registrador de datos de temperatura de metal testo 176 t1 de 1 canal - Abaa tienda online","og_description":"El testo 176 T1 proporciona registro de temperatura durante largos per\u00edodos de tiempo en c\u00e1maras frigor\u00edficas y de congelaci\u00f3n. Est\u00e1 protegido de condiciones adversas, as\u00ed como de da\u00f1os por equipos de almac\u00e9n por su robusta carcasa met\u00e1lica. El sensor Pt100 de alta precisi\u00f3n de Testo en el interior mide la temperatura.  Como todos los registradores de datos Testo para aplicaciones en el sector alimentario, el testo 176 T1 est\u00e1 probado seg\u00fan DIN EN 12830 por la secci\u00f3n de pruebas ATP del T\u00dcV ST\u00fcd","og_url":"https:\/\/abaa.mx\/tienda\/registrador-de-datos-de-temperatura-de-metal-testo-176-t1-de-1-canal\/","og_site_name":"Abaa tienda online","og_image":[{"width":270,"height":420,"url":"https:\/\/abaa.mx\/tienda\/wp-content\/uploads\/2023\/09\/176-T1.jpg","type":"image\/jpeg"}],"twitter_card":"summary_large_image","twitter_misc":{"Tiempo de lectura":"1 minuto"},"schema":{"@context":"https:\/\/schema.org","@graph":[{"@type":"WebPage","@id":"https:\/\/abaa.mx\/tienda\/registrador-de-datos-de-temperatura-de-metal-testo-176-t1-de-1-canal\/","url":"https:\/\/abaa.mx\/tienda\/registrador-de-datos-de-temperatura-de-metal-testo-176-t1-de-1-canal\/","name":"registrador de datos de temperatura de metal testo 176 t1 de 1 canal - Abaa tienda online","isPartOf":{"@id":"https:\/\/abaa.mx\/tienda\/#website"},"primaryImageOfPage":{"@id":"https:\/\/abaa.mx\/tienda\/registrador-de-datos-de-temperatura-de-metal-testo-176-t1-de-1-canal\/#primaryimage"},"image":{"@id":"https:\/\/abaa.mx\/tienda\/registrador-de-datos-de-temperatura-de-metal-testo-176-t1-de-1-canal\/#primaryimage"},"thumbnailUrl":"https:\/\/abaa.mx\/tienda\/wp-content\/uploads\/2023\/09\/176-T1.jpg","datePublished":"2023-09-22T15:31:02+00:00","breadcrumb":{"@id":"https:\/\/abaa.mx\/tienda\/registrador-de-datos-de-temperatura-de-metal-testo-176-t1-de-1-canal\/#breadcrumb"},"inLanguage":"es","potentialAction":[{"@type":"ReadAction","target":["https:\/\/abaa.mx\/tienda\/registrador-de-datos-de-temperatura-de-metal-testo-176-t1-de-1-canal\/"]}]},{"@type":"ImageObject","inLanguage":"es","@id":"https:\/\/abaa.mx\/tienda\/registrador-de-datos-de-temperatura-de-metal-testo-176-t1-de-1-canal\/#primaryimage","url":"https:\/\/abaa.mx\/tienda\/wp-content\/uploads\/2023\/09\/176-T1.jpg","contentUrl":"https:\/\/abaa.mx\/tienda\/wp-content\/uploads\/2023\/09\/176-T1.jpg","width":270,"height":420,"caption":"176 T1"},{"@type":"BreadcrumbList","@id":"https:\/\/abaa.mx\/tienda\/registrador-de-datos-de-temperatura-de-metal-testo-176-t1-de-1-canal\/#breadcrumb","itemListElement":[{"@type":"ListItem","position":1,"name":"Inicio","item":"https:\/\/abaa.mx\/tienda\/"},{"@type":"ListItem","position":2,"name":"Tienda","item":"https:\/\/abaa.mx\/tienda\/"},{"@type":"ListItem","position":3,"name":"registrador de datos de temperatura de metal testo 176 t1 de 1 canal"}]},{"@type":"WebSite","@id":"https:\/\/abaa.mx\/tienda\/#website","url":"https:\/\/abaa.mx\/tienda\/","name":"Abaa tienda online","description":"Instrumentos de medici\u00f3n","publisher":{"@id":"https:\/\/abaa.mx\/tienda\/#organization"},"potentialAction":[{"@type":"SearchAction","target":{"@type":"EntryPoint","urlTemplate":"https:\/\/abaa.mx\/tienda\/?s={search_term_string}"},"query-input":{"@type":"PropertyValueSpecification","valueRequired":true,"valueName":"search_term_string"}}],"inLanguage":"es"},{"@type":"Organization","@id":"https:\/\/abaa.mx\/tienda\/#organization","name":"Abaa tienda online","url":"https:\/\/abaa.mx\/tienda\/","logo":{"@type":"ImageObject","inLanguage":"es","@id":"https:\/\/abaa.mx\/tienda\/#\/schema\/logo\/image\/","url":"https:\/\/abaa.mx\/tienda\/wp-content\/uploads\/2024\/01\/abaa-metrologia-tienda.png","contentUrl":"https:\/\/abaa.mx\/tienda\/wp-content\/uploads\/2024\/01\/abaa-metrologia-tienda.png","width":300,"height":141,"caption":"Abaa tienda online"},"image":{"@id":"https:\/\/abaa.mx\/tienda\/#\/schema\/logo\/image\/"}}]}},"_links":{"self":[{"href":"https:\/\/abaa.mx\/tienda\/wp-json\/wp\/v2\/product\/2604","targetHints":{"allow":["GET"]}}],"collection":[{"href":"https:\/\/abaa.mx\/tienda\/wp-json\/wp\/v2\/product"}],"about":[{"href":"https:\/\/abaa.mx\/tienda\/wp-json\/wp\/v2\/types\/product"}],"replies":[{"embeddable":true,"href":"https:\/\/abaa.mx\/tienda\/wp-json\/wp\/v2\/comments?post=2604"}],"wp:featuredmedia":[{"embeddable":true,"href":"https:\/\/abaa.mx\/tienda\/wp-json\/wp\/v2\/media\/2606"}],"wp:attachment":[{"href":"https:\/\/abaa.mx\/tienda\/wp-json\/wp\/v2\/media?parent=2604"}],"wp:term":[{"taxonomy":"product_brand","embeddable":true,"href":"https:\/\/abaa.mx\/tienda\/wp-json\/wp\/v2\/product_brand?post=2604"},{"taxonomy":"product_cat","embeddable":true,"href":"https:\/\/abaa.mx\/tienda\/wp-json\/wp\/v2\/product_cat?post=2604"},{"taxonomy":"product_tag","embeddable":true,"href":"https:\/\/abaa.mx\/tienda\/wp-json\/wp\/v2\/product_tag?post=2604"}],"curies":[{"name":"wp","href":"https:\/\/api.w.org\/{rel}","templated":true}]}}