{"id":2591,"date":"2023-09-22T15:08:01","date_gmt":"2023-09-22T15:08:01","guid":{"rendered":"https:\/\/abaa.mx\/tienda\/?post_type=product&#038;p=2591"},"modified":"2024-01-05T21:03:43","modified_gmt":"2024-01-05T21:03:43","slug":"yellow-jacket-40344-manometro-rojo-de-prueba-unica-r22-r410a-r404a-con-manguera-de-12-pulgadas","status":"publish","type":"product","link":"https:\/\/abaa.mx\/tienda\/yellow-jacket-40344-manometro-rojo-de-prueba-unica-r22-r410a-r404a-con-manguera-de-12-pulgadas\/","title":{"rendered":"Yellow jacket 40344 man\u00f3metro rojo de prueba \u00fanica (r22-r410a-r404a) con manguera de 12 pulgadas"},"content":{"rendered":"<div class=\"a-row\">\n<div class=\"a-column a-span6\">\n<h4>Caracter\u00edsticas<\/h4>\n<ul class=\"a-unordered-list a-vertical a-spacing-mini\">\n<li class=\"a-spacing-mini\"><span class=\"a-list-item\">Medidor de presi\u00f3n rojo con acoplador r\u00e1pido y manguera.<\/span><\/li>\n<li class=\"a-spacing-mini\"><span class=\"a-list-item\">\u00b0F, 0 &#8211; 800 psi.<\/span><\/li>\n<li class=\"a-spacing-mini\"><span class=\"a-list-item\">R-22\/404A\/410A.<\/span><\/li>\n<li class=\"a-spacing-mini\"><span class=\"a-list-item\">Comprobaciones r\u00e1pidas de presi\u00f3n: utiliza el medidor de lado bajo o alto con acoplador r\u00e1pido (hembra NPT de 1\/8 pulgadas x hembra de 1\/4 pulgadas) para fijar directamente al sistema o tanques.<\/span><\/li>\n<li class=\"a-spacing-mini\"><span class=\"a-list-item\">Fabricado en los Estados Unidos.<\/span><\/li>\n<\/ul>\n<h4 class=\"a-size-medium a-spacing-small\">Especificaciones t\u00e9cnicas<\/h4>\n<\/div>\n<\/div>\n<div class=\"a-expander-content a-expander-extend-content\" aria-expanded=\"true\">\n<div class=\"a-row a-expander-container a-expander-inline-container\">\n<div class=\"a-expander-content a-expander-section-content a-section-expander-inner\" aria-expanded=\"true\">\n<table id=\"productDetails_techSpec_section_1\" class=\"a-keyvalue prodDetTable\" role=\"presentation\">\n<tbody>\n<tr>\n<th class=\"a-color-secondary a-size-base prodDetSectionEntry\">Nombre de marca<\/th>\n<td class=\"a-size-base prodDetAttrValue\">Chaqueta amarilla<\/td>\n<\/tr>\n<tr>\n<th class=\"a-color-secondary a-size-base prodDetSectionEntry\">Informaci\u00f3n del modelo<\/th>\n<td class=\"a-size-base prodDetAttrValue\">\u200e40344<\/td>\n<\/tr>\n<tr>\n<th class=\"a-color-secondary a-size-base prodDetSectionEntry\">Dimensiones del paquete<\/th>\n<td class=\"a-size-base prodDetAttrValue\">\u200e8,9 x 5,2 x 1,4 pulgadas<\/td>\n<\/tr>\n<tr>\n<th class=\"a-color-secondary a-size-base prodDetSectionEntry\">N\u00famero de modelo del producto<\/th>\n<td class=\"a-size-base prodDetAttrValue\">\u200e40344<\/td>\n<\/tr>\n<tr>\n<th class=\"a-color-secondary a-size-base prodDetSectionEntry\">N\u00famero de parte<\/th>\n<td class=\"a-size-base prodDetAttrValue\">\u200e40344<\/td>\n<\/tr>\n<tr>\n<th class=\"a-color-secondary a-size-base prodDetSectionEntry\">Color<\/th>\n<td class=\"a-size-base prodDetAttrValue\">\u200eRojo<\/td>\n<\/tr>\n<tr>\n<th class=\"a-color-secondary a-size-base prodDetSectionEntry\">\u00bfSe incluyen las bater\u00edas?<\/th>\n<td class=\"a-size-base prodDetAttrValue\">\u200eNo<\/td>\n<\/tr>\n<tr>\n<th class=\"a-color-secondary a-size-base prodDetSectionEntry\">\u00bfSe necesitan bater\u00edas?<\/th>\n<td class=\"a-size-base prodDetAttrValue\">\u200eNo<\/td>\n<\/tr>\n<\/tbody>\n<\/table>\n<p>&nbsp;<\/p>\n<\/div>\n<\/div>\n<\/div>\n","protected":false},"excerpt":{"rendered":"<p>Controles r\u00e1pidos de presi\u00f3n \u00e2\u00e2&#8217;\u00ac&#8221; utilice un man\u00f3metro de lado o alto con acoplador r\u00e1pido para conectar directamente al sistema o a los tanques. Incluye manguera de 12 pulgadas.<\/p>\n","protected":false},"featured_media":2592,"comment_status":"open","ping_status":"closed","template":"","meta":{"_joinchat":[]},"product_brand":[],"product_cat":[15],"product_tag":[],"class_list":{"0":"post-2591","1":"product","2":"type-product","3":"status-publish","4":"has-post-thumbnail","6":"product_cat-sin-categorizar","8":"first","9":"instock","10":"shipping-taxable","11":"product-type-simple"},"yoast_head":"<!-- This site is optimized with the Yoast SEO plugin v26.4 - https:\/\/yoast.com\/wordpress\/plugins\/seo\/ -->\n<title>Yellow jacket 40344 man\u00f3metro rojo de prueba \u00fanica (r22-r410a-r404a) con manguera de 12 pulgadas - Abaa tienda online<\/title>\n<meta name=\"robots\" content=\"index, follow, max-snippet:-1, max-image-preview:large, max-video-preview:-1\" \/>\n<link rel=\"canonical\" href=\"https:\/\/abaa.mx\/tienda\/yellow-jacket-40344-manometro-rojo-de-prueba-unica-r22-r410a-r404a-con-manguera-de-12-pulgadas\/\" \/>\n<meta property=\"og:locale\" content=\"es_MX\" \/>\n<meta property=\"og:type\" content=\"article\" \/>\n<meta property=\"og:title\" content=\"Yellow jacket 40344 man\u00f3metro rojo de prueba \u00fanica (r22-r410a-r404a) con manguera de 12 pulgadas - Abaa tienda online\" \/>\n<meta property=\"og:description\" content=\"Controles r\u00e1pidos de presi\u00f3n \u00e2\u00e2&#039;\u00ac&quot; utilice un man\u00f3metro de lado o alto con acoplador r\u00e1pido para conectar directamente al sistema o a los tanques. Incluye manguera de 12 pulgadas.\" \/>\n<meta property=\"og:url\" content=\"https:\/\/abaa.mx\/tienda\/yellow-jacket-40344-manometro-rojo-de-prueba-unica-r22-r410a-r404a-con-manguera-de-12-pulgadas\/\" \/>\n<meta property=\"og:site_name\" content=\"Abaa tienda online\" \/>\n<meta property=\"article:modified_time\" content=\"2024-01-05T21:03:43+00:00\" \/>\n<meta property=\"og:image\" content=\"https:\/\/abaa.mx\/tienda\/wp-content\/uploads\/2023\/09\/40344.jpg\" \/>\n\t<meta property=\"og:image:width\" content=\"410\" \/>\n\t<meta property=\"og:image:height\" content=\"353\" \/>\n\t<meta property=\"og:image:type\" content=\"image\/jpeg\" \/>\n<meta name=\"twitter:card\" content=\"summary_large_image\" \/>\n<meta name=\"twitter:label1\" content=\"Tiempo de lectura\" \/>\n\t<meta name=\"twitter:data1\" content=\"1 minuto\" \/>\n<script type=\"application\/ld+json\" class=\"yoast-schema-graph\">{\"@context\":\"https:\/\/schema.org\",\"@graph\":[{\"@type\":\"WebPage\",\"@id\":\"https:\/\/abaa.mx\/tienda\/yellow-jacket-40344-manometro-rojo-de-prueba-unica-r22-r410a-r404a-con-manguera-de-12-pulgadas\/\",\"url\":\"https:\/\/abaa.mx\/tienda\/yellow-jacket-40344-manometro-rojo-de-prueba-unica-r22-r410a-r404a-con-manguera-de-12-pulgadas\/\",\"name\":\"Yellow jacket 40344 man\u00f3metro rojo de prueba \u00fanica (r22-r410a-r404a) con manguera de 12 pulgadas - Abaa tienda online\",\"isPartOf\":{\"@id\":\"https:\/\/abaa.mx\/tienda\/#website\"},\"primaryImageOfPage\":{\"@id\":\"https:\/\/abaa.mx\/tienda\/yellow-jacket-40344-manometro-rojo-de-prueba-unica-r22-r410a-r404a-con-manguera-de-12-pulgadas\/#primaryimage\"},\"image\":{\"@id\":\"https:\/\/abaa.mx\/tienda\/yellow-jacket-40344-manometro-rojo-de-prueba-unica-r22-r410a-r404a-con-manguera-de-12-pulgadas\/#primaryimage\"},\"thumbnailUrl\":\"https:\/\/abaa.mx\/tienda\/wp-content\/uploads\/2023\/09\/40344.jpg\",\"datePublished\":\"2023-09-22T15:08:01+00:00\",\"dateModified\":\"2024-01-05T21:03:43+00:00\",\"breadcrumb\":{\"@id\":\"https:\/\/abaa.mx\/tienda\/yellow-jacket-40344-manometro-rojo-de-prueba-unica-r22-r410a-r404a-con-manguera-de-12-pulgadas\/#breadcrumb\"},\"inLanguage\":\"es\",\"potentialAction\":[{\"@type\":\"ReadAction\",\"target\":[\"https:\/\/abaa.mx\/tienda\/yellow-jacket-40344-manometro-rojo-de-prueba-unica-r22-r410a-r404a-con-manguera-de-12-pulgadas\/\"]}]},{\"@type\":\"ImageObject\",\"inLanguage\":\"es\",\"@id\":\"https:\/\/abaa.mx\/tienda\/yellow-jacket-40344-manometro-rojo-de-prueba-unica-r22-r410a-r404a-con-manguera-de-12-pulgadas\/#primaryimage\",\"url\":\"https:\/\/abaa.mx\/tienda\/wp-content\/uploads\/2023\/09\/40344.jpg\",\"contentUrl\":\"https:\/\/abaa.mx\/tienda\/wp-content\/uploads\/2023\/09\/40344.jpg\",\"width\":410,\"height\":353,\"caption\":\"yellow-jacket-40344-manometro-rojo-de-prueba-unica-r22-r410a-r404a-con-manguera-de-12-pulgadas\"},{\"@type\":\"BreadcrumbList\",\"@id\":\"https:\/\/abaa.mx\/tienda\/yellow-jacket-40344-manometro-rojo-de-prueba-unica-r22-r410a-r404a-con-manguera-de-12-pulgadas\/#breadcrumb\",\"itemListElement\":[{\"@type\":\"ListItem\",\"position\":1,\"name\":\"Inicio\",\"item\":\"https:\/\/abaa.mx\/tienda\/\"},{\"@type\":\"ListItem\",\"position\":2,\"name\":\"Tienda\",\"item\":\"https:\/\/abaa.mx\/tienda\/\"},{\"@type\":\"ListItem\",\"position\":3,\"name\":\"Yellow jacket 40344 man\u00f3metro rojo de prueba \u00fanica (r22-r410a-r404a) con manguera de 12 pulgadas\"}]},{\"@type\":\"WebSite\",\"@id\":\"https:\/\/abaa.mx\/tienda\/#website\",\"url\":\"https:\/\/abaa.mx\/tienda\/\",\"name\":\"Abaa tienda online\",\"description\":\"Instrumentos de medici\u00f3n\",\"publisher\":{\"@id\":\"https:\/\/abaa.mx\/tienda\/#organization\"},\"potentialAction\":[{\"@type\":\"SearchAction\",\"target\":{\"@type\":\"EntryPoint\",\"urlTemplate\":\"https:\/\/abaa.mx\/tienda\/?s={search_term_string}\"},\"query-input\":{\"@type\":\"PropertyValueSpecification\",\"valueRequired\":true,\"valueName\":\"search_term_string\"}}],\"inLanguage\":\"es\"},{\"@type\":\"Organization\",\"@id\":\"https:\/\/abaa.mx\/tienda\/#organization\",\"name\":\"Abaa tienda online\",\"url\":\"https:\/\/abaa.mx\/tienda\/\",\"logo\":{\"@type\":\"ImageObject\",\"inLanguage\":\"es\",\"@id\":\"https:\/\/abaa.mx\/tienda\/#\/schema\/logo\/image\/\",\"url\":\"https:\/\/abaa.mx\/tienda\/wp-content\/uploads\/2024\/01\/abaa-metrologia-tienda.png\",\"contentUrl\":\"https:\/\/abaa.mx\/tienda\/wp-content\/uploads\/2024\/01\/abaa-metrologia-tienda.png\",\"width\":300,\"height\":141,\"caption\":\"Abaa tienda online\"},\"image\":{\"@id\":\"https:\/\/abaa.mx\/tienda\/#\/schema\/logo\/image\/\"}}]}<\/script>\n<!-- \/ Yoast SEO plugin. -->","yoast_head_json":{"title":"Yellow jacket 40344 man\u00f3metro rojo de prueba \u00fanica (r22-r410a-r404a) con manguera de 12 pulgadas - Abaa tienda online","robots":{"index":"index","follow":"follow","max-snippet":"max-snippet:-1","max-image-preview":"max-image-preview:large","max-video-preview":"max-video-preview:-1"},"canonical":"https:\/\/abaa.mx\/tienda\/yellow-jacket-40344-manometro-rojo-de-prueba-unica-r22-r410a-r404a-con-manguera-de-12-pulgadas\/","og_locale":"es_MX","og_type":"article","og_title":"Yellow jacket 40344 man\u00f3metro rojo de prueba \u00fanica (r22-r410a-r404a) con manguera de 12 pulgadas - Abaa tienda online","og_description":"Controles r\u00e1pidos de presi\u00f3n \u00e2\u00e2'\u00ac\" utilice un man\u00f3metro de lado o alto con acoplador r\u00e1pido para conectar directamente al sistema o a los tanques. Incluye manguera de 12 pulgadas.","og_url":"https:\/\/abaa.mx\/tienda\/yellow-jacket-40344-manometro-rojo-de-prueba-unica-r22-r410a-r404a-con-manguera-de-12-pulgadas\/","og_site_name":"Abaa tienda online","article_modified_time":"2024-01-05T21:03:43+00:00","og_image":[{"width":410,"height":353,"url":"https:\/\/abaa.mx\/tienda\/wp-content\/uploads\/2023\/09\/40344.jpg","type":"image\/jpeg"}],"twitter_card":"summary_large_image","twitter_misc":{"Tiempo de lectura":"1 minuto"},"schema":{"@context":"https:\/\/schema.org","@graph":[{"@type":"WebPage","@id":"https:\/\/abaa.mx\/tienda\/yellow-jacket-40344-manometro-rojo-de-prueba-unica-r22-r410a-r404a-con-manguera-de-12-pulgadas\/","url":"https:\/\/abaa.mx\/tienda\/yellow-jacket-40344-manometro-rojo-de-prueba-unica-r22-r410a-r404a-con-manguera-de-12-pulgadas\/","name":"Yellow jacket 40344 man\u00f3metro rojo de prueba \u00fanica (r22-r410a-r404a) con manguera de 12 pulgadas - Abaa tienda online","isPartOf":{"@id":"https:\/\/abaa.mx\/tienda\/#website"},"primaryImageOfPage":{"@id":"https:\/\/abaa.mx\/tienda\/yellow-jacket-40344-manometro-rojo-de-prueba-unica-r22-r410a-r404a-con-manguera-de-12-pulgadas\/#primaryimage"},"image":{"@id":"https:\/\/abaa.mx\/tienda\/yellow-jacket-40344-manometro-rojo-de-prueba-unica-r22-r410a-r404a-con-manguera-de-12-pulgadas\/#primaryimage"},"thumbnailUrl":"https:\/\/abaa.mx\/tienda\/wp-content\/uploads\/2023\/09\/40344.jpg","datePublished":"2023-09-22T15:08:01+00:00","dateModified":"2024-01-05T21:03:43+00:00","breadcrumb":{"@id":"https:\/\/abaa.mx\/tienda\/yellow-jacket-40344-manometro-rojo-de-prueba-unica-r22-r410a-r404a-con-manguera-de-12-pulgadas\/#breadcrumb"},"inLanguage":"es","potentialAction":[{"@type":"ReadAction","target":["https:\/\/abaa.mx\/tienda\/yellow-jacket-40344-manometro-rojo-de-prueba-unica-r22-r410a-r404a-con-manguera-de-12-pulgadas\/"]}]},{"@type":"ImageObject","inLanguage":"es","@id":"https:\/\/abaa.mx\/tienda\/yellow-jacket-40344-manometro-rojo-de-prueba-unica-r22-r410a-r404a-con-manguera-de-12-pulgadas\/#primaryimage","url":"https:\/\/abaa.mx\/tienda\/wp-content\/uploads\/2023\/09\/40344.jpg","contentUrl":"https:\/\/abaa.mx\/tienda\/wp-content\/uploads\/2023\/09\/40344.jpg","width":410,"height":353,"caption":"yellow-jacket-40344-manometro-rojo-de-prueba-unica-r22-r410a-r404a-con-manguera-de-12-pulgadas"},{"@type":"BreadcrumbList","@id":"https:\/\/abaa.mx\/tienda\/yellow-jacket-40344-manometro-rojo-de-prueba-unica-r22-r410a-r404a-con-manguera-de-12-pulgadas\/#breadcrumb","itemListElement":[{"@type":"ListItem","position":1,"name":"Inicio","item":"https:\/\/abaa.mx\/tienda\/"},{"@type":"ListItem","position":2,"name":"Tienda","item":"https:\/\/abaa.mx\/tienda\/"},{"@type":"ListItem","position":3,"name":"Yellow jacket 40344 man\u00f3metro rojo de prueba \u00fanica (r22-r410a-r404a) con manguera de 12 pulgadas"}]},{"@type":"WebSite","@id":"https:\/\/abaa.mx\/tienda\/#website","url":"https:\/\/abaa.mx\/tienda\/","name":"Abaa tienda online","description":"Instrumentos de medici\u00f3n","publisher":{"@id":"https:\/\/abaa.mx\/tienda\/#organization"},"potentialAction":[{"@type":"SearchAction","target":{"@type":"EntryPoint","urlTemplate":"https:\/\/abaa.mx\/tienda\/?s={search_term_string}"},"query-input":{"@type":"PropertyValueSpecification","valueRequired":true,"valueName":"search_term_string"}}],"inLanguage":"es"},{"@type":"Organization","@id":"https:\/\/abaa.mx\/tienda\/#organization","name":"Abaa tienda online","url":"https:\/\/abaa.mx\/tienda\/","logo":{"@type":"ImageObject","inLanguage":"es","@id":"https:\/\/abaa.mx\/tienda\/#\/schema\/logo\/image\/","url":"https:\/\/abaa.mx\/tienda\/wp-content\/uploads\/2024\/01\/abaa-metrologia-tienda.png","contentUrl":"https:\/\/abaa.mx\/tienda\/wp-content\/uploads\/2024\/01\/abaa-metrologia-tienda.png","width":300,"height":141,"caption":"Abaa tienda online"},"image":{"@id":"https:\/\/abaa.mx\/tienda\/#\/schema\/logo\/image\/"}}]}},"_links":{"self":[{"href":"https:\/\/abaa.mx\/tienda\/wp-json\/wp\/v2\/product\/2591","targetHints":{"allow":["GET"]}}],"collection":[{"href":"https:\/\/abaa.mx\/tienda\/wp-json\/wp\/v2\/product"}],"about":[{"href":"https:\/\/abaa.mx\/tienda\/wp-json\/wp\/v2\/types\/product"}],"replies":[{"embeddable":true,"href":"https:\/\/abaa.mx\/tienda\/wp-json\/wp\/v2\/comments?post=2591"}],"wp:featuredmedia":[{"embeddable":true,"href":"https:\/\/abaa.mx\/tienda\/wp-json\/wp\/v2\/media\/2592"}],"wp:attachment":[{"href":"https:\/\/abaa.mx\/tienda\/wp-json\/wp\/v2\/media?parent=2591"}],"wp:term":[{"taxonomy":"product_brand","embeddable":true,"href":"https:\/\/abaa.mx\/tienda\/wp-json\/wp\/v2\/product_brand?post=2591"},{"taxonomy":"product_cat","embeddable":true,"href":"https:\/\/abaa.mx\/tienda\/wp-json\/wp\/v2\/product_cat?post=2591"},{"taxonomy":"product_tag","embeddable":true,"href":"https:\/\/abaa.mx\/tienda\/wp-json\/wp\/v2\/product_tag?post=2591"}],"curies":[{"name":"wp","href":"https:\/\/api.w.org\/{rel}","templated":true}]}}