{"id":2587,"date":"2023-09-22T14:50:12","date_gmt":"2023-09-22T14:50:12","guid":{"rendered":"https:\/\/abaa.mx\/tienda\/?post_type=product&#038;p=2587"},"modified":"2024-01-05T20:26:18","modified_gmt":"2024-01-05T20:26:18","slug":"valvula-de-prueba-4-y-carga-multiple-de-grados-f-de-titanio-4-de-yellow-jacket-escala-psi-refrigerante-r-22-404-a-410-a-medidores-rojo-azul","status":"publish","type":"product","link":"https:\/\/abaa.mx\/tienda\/valvula-de-prueba-4-y-carga-multiple-de-grados-f-de-titanio-4-de-yellow-jacket-escala-psi-refrigerante-r-22-404-a-410-a-medidores-rojo-azul\/","title":{"rendered":"V\u00e1lvula de prueba 4 y carga m\u00faltiple de grados f de titanio 4 de yellow jacket, escala psi, refrigerante r-22-404 a-410 a. medidores rojo-azul"},"content":{"rendered":"<p>El cuerpo de aleaci\u00f3n de aluminio forjado hace que esta unidad sea ligera para facilitar el manejo con la durabilidad y fiabilidad necesarias para un uso repetido. Fabricado en Estados Unidos. Fabricado por Ritchie Engineering Co.<\/p>\n<h3>Detalles del producto<\/h3>\n<div id=\"detailBullets_feature_div\">\n<ul class=\"a-unordered-list a-nostyle a-vertical a-spacing-none detail-bullet-list\">\n<li><span class=\"a-list-item\"><span class=\"a-text-bold\">Descatalogado por el fabricante \u200f : \u200e\u00a0<\/span>No<\/span><\/li>\n<li><span class=\"a-list-item\"><span class=\"a-text-bold\">Dimensiones del producto \u200f : \u200e\u00a0<\/span>2 x 3 x 9 pulgadas; 4 Libras<\/span><\/li>\n<li><span class=\"a-list-item\"><span class=\"a-text-bold\">N\u00famero de modelo del producto \u200f : \u200e\u00a0<\/span>49967<\/span><\/li>\n<li><span class=\"a-list-item\"><span class=\"a-text-bold\">Producto en amazon.com desde \u200f : \u200e\u00a0<\/span>Febrero 22, 2008<\/span><\/li>\n<li><span class=\"a-list-item\"><span class=\"a-text-bold\">Fabricante \u200f :\u00a0<\/span>Ritchie Ingenier\u00eda Co.<\/span><\/li>\n<li><span class=\"a-list-item\"><span class=\"a-text-bold\">SALADO \u200f :\u00a0<\/span>B009AXJ1XU<\/span><\/li>\n<li><span class=\"a-list-item\"><span class=\"a-text-bold\">Clasificaci\u00f3n en los m\u00e1s vendidos de Amazon:\u00a0<\/span>n\u00ba393,247 en Automotriz<\/span><\/li>\n<\/ul>\n<\/div>\n","protected":false},"excerpt":{"rendered":"<h1 class=\"a-size-base-plus a-text-bold\">Caracter\u00edsticas<\/h1>\n<ul class=\"a-unordered-list a-vertical a-spacing-mini\">\n<li class=\"a-spacing-mini\"><span class=\"a-list-item\">Con asas de f\u00e1cil agarre para control positivo, codificado por color para una identificaci\u00f3n lista.<\/span><\/li>\n<li class=\"a-spacing-mini\"><span class=\"a-list-item\">Vista de vidrio para ver f\u00e1cilmente movimiento y estado durante la carga y recuperaci\u00f3n de refrigerante.<\/span><\/li>\n<li class=\"a-spacing-mini\"><span class=\"a-list-item\">Botas de calibre opcionales.<\/span><\/li>\n<li class=\"a-spacing-mini\"><span class=\"a-list-item\">Gancho resistente no extra\u00edble.<\/span><\/li>\n<\/ul>\n","protected":false},"featured_media":2588,"comment_status":"open","ping_status":"closed","template":"","meta":{"_joinchat":[]},"product_brand":[],"product_cat":[15],"product_tag":[],"class_list":{"0":"post-2587","1":"product","2":"type-product","3":"status-publish","4":"has-post-thumbnail","6":"product_cat-sin-categorizar","8":"first","9":"instock","10":"shipping-taxable","11":"product-type-simple"},"yoast_head":"<!-- This site is optimized with the Yoast SEO plugin v26.4 - https:\/\/yoast.com\/wordpress\/plugins\/seo\/ -->\n<title>V\u00e1lvula de prueba 4 y carga m\u00faltiple de grados f de titanio 4 de yellow jacket, escala psi, refrigerante r-22-404 a-410 a. medidores rojo-azul - Abaa tienda online<\/title>\n<meta name=\"robots\" content=\"index, follow, max-snippet:-1, max-image-preview:large, max-video-preview:-1\" \/>\n<link rel=\"canonical\" href=\"https:\/\/abaa.mx\/tienda\/valvula-de-prueba-4-y-carga-multiple-de-grados-f-de-titanio-4-de-yellow-jacket-escala-psi-refrigerante-r-22-404-a-410-a-medidores-rojo-azul\/\" \/>\n<meta property=\"og:locale\" content=\"es_MX\" \/>\n<meta property=\"og:type\" content=\"article\" \/>\n<meta property=\"og:title\" content=\"V\u00e1lvula de prueba 4 y carga m\u00faltiple de grados f de titanio 4 de yellow jacket, escala psi, refrigerante r-22-404 a-410 a. medidores rojo-azul - Abaa tienda online\" \/>\n<meta property=\"og:description\" content=\"Caracter\u00edsticas   Con asas de f\u00e1cil agarre para control positivo, codificado por color para una identificaci\u00f3n lista.  Vista de vidrio para ver f\u00e1cilmente movimiento y estado durante la carga y recuperaci\u00f3n de refrigerante.  Botas de calibre opcionales.  Gancho resistente no extra\u00edble.\" \/>\n<meta property=\"og:url\" content=\"https:\/\/abaa.mx\/tienda\/valvula-de-prueba-4-y-carga-multiple-de-grados-f-de-titanio-4-de-yellow-jacket-escala-psi-refrigerante-r-22-404-a-410-a-medidores-rojo-azul\/\" \/>\n<meta property=\"og:site_name\" content=\"Abaa tienda online\" \/>\n<meta property=\"article:modified_time\" content=\"2024-01-05T20:26:18+00:00\" \/>\n<meta property=\"og:image\" content=\"https:\/\/abaa.mx\/tienda\/wp-content\/uploads\/2023\/09\/R-22-404-A-410-A.jpg\" \/>\n\t<meta property=\"og:image:width\" content=\"522\" \/>\n\t<meta property=\"og:image:height\" content=\"522\" \/>\n\t<meta property=\"og:image:type\" content=\"image\/jpeg\" \/>\n<meta name=\"twitter:card\" content=\"summary_large_image\" \/>\n<meta name=\"twitter:label1\" content=\"Tiempo de lectura\" \/>\n\t<meta name=\"twitter:data1\" content=\"1 minuto\" \/>\n<script type=\"application\/ld+json\" class=\"yoast-schema-graph\">{\"@context\":\"https:\/\/schema.org\",\"@graph\":[{\"@type\":\"WebPage\",\"@id\":\"https:\/\/abaa.mx\/tienda\/valvula-de-prueba-4-y-carga-multiple-de-grados-f-de-titanio-4-de-yellow-jacket-escala-psi-refrigerante-r-22-404-a-410-a-medidores-rojo-azul\/\",\"url\":\"https:\/\/abaa.mx\/tienda\/valvula-de-prueba-4-y-carga-multiple-de-grados-f-de-titanio-4-de-yellow-jacket-escala-psi-refrigerante-r-22-404-a-410-a-medidores-rojo-azul\/\",\"name\":\"V\u00e1lvula de prueba 4 y carga m\u00faltiple de grados f de titanio 4 de yellow jacket, escala psi, refrigerante r-22-404 a-410 a. medidores rojo-azul - Abaa tienda online\",\"isPartOf\":{\"@id\":\"https:\/\/abaa.mx\/tienda\/#website\"},\"primaryImageOfPage\":{\"@id\":\"https:\/\/abaa.mx\/tienda\/valvula-de-prueba-4-y-carga-multiple-de-grados-f-de-titanio-4-de-yellow-jacket-escala-psi-refrigerante-r-22-404-a-410-a-medidores-rojo-azul\/#primaryimage\"},\"image\":{\"@id\":\"https:\/\/abaa.mx\/tienda\/valvula-de-prueba-4-y-carga-multiple-de-grados-f-de-titanio-4-de-yellow-jacket-escala-psi-refrigerante-r-22-404-a-410-a-medidores-rojo-azul\/#primaryimage\"},\"thumbnailUrl\":\"https:\/\/abaa.mx\/tienda\/wp-content\/uploads\/2023\/09\/R-22-404-A-410-A.jpg\",\"datePublished\":\"2023-09-22T14:50:12+00:00\",\"dateModified\":\"2024-01-05T20:26:18+00:00\",\"breadcrumb\":{\"@id\":\"https:\/\/abaa.mx\/tienda\/valvula-de-prueba-4-y-carga-multiple-de-grados-f-de-titanio-4-de-yellow-jacket-escala-psi-refrigerante-r-22-404-a-410-a-medidores-rojo-azul\/#breadcrumb\"},\"inLanguage\":\"es\",\"potentialAction\":[{\"@type\":\"ReadAction\",\"target\":[\"https:\/\/abaa.mx\/tienda\/valvula-de-prueba-4-y-carga-multiple-de-grados-f-de-titanio-4-de-yellow-jacket-escala-psi-refrigerante-r-22-404-a-410-a-medidores-rojo-azul\/\"]}]},{\"@type\":\"ImageObject\",\"inLanguage\":\"es\",\"@id\":\"https:\/\/abaa.mx\/tienda\/valvula-de-prueba-4-y-carga-multiple-de-grados-f-de-titanio-4-de-yellow-jacket-escala-psi-refrigerante-r-22-404-a-410-a-medidores-rojo-azul\/#primaryimage\",\"url\":\"https:\/\/abaa.mx\/tienda\/wp-content\/uploads\/2023\/09\/R-22-404-A-410-A.jpg\",\"contentUrl\":\"https:\/\/abaa.mx\/tienda\/wp-content\/uploads\/2023\/09\/R-22-404-A-410-A.jpg\",\"width\":522,\"height\":522,\"caption\":\"valvula-de-prueba-4-y-carga-multiple-de-grados-f-de-titanio-4-de-yellow-jacket-escala-psi-refrigerante-r-22-404-a-410-a-medidores-rojo-azul\"},{\"@type\":\"BreadcrumbList\",\"@id\":\"https:\/\/abaa.mx\/tienda\/valvula-de-prueba-4-y-carga-multiple-de-grados-f-de-titanio-4-de-yellow-jacket-escala-psi-refrigerante-r-22-404-a-410-a-medidores-rojo-azul\/#breadcrumb\",\"itemListElement\":[{\"@type\":\"ListItem\",\"position\":1,\"name\":\"Inicio\",\"item\":\"https:\/\/abaa.mx\/tienda\/\"},{\"@type\":\"ListItem\",\"position\":2,\"name\":\"Tienda\",\"item\":\"https:\/\/abaa.mx\/tienda\/\"},{\"@type\":\"ListItem\",\"position\":3,\"name\":\"V\u00e1lvula de prueba 4 y carga m\u00faltiple de grados f de titanio 4 de yellow jacket, escala psi, refrigerante r-22-404 a-410 a. medidores rojo-azul\"}]},{\"@type\":\"WebSite\",\"@id\":\"https:\/\/abaa.mx\/tienda\/#website\",\"url\":\"https:\/\/abaa.mx\/tienda\/\",\"name\":\"Abaa tienda online\",\"description\":\"Instrumentos de medici\u00f3n\",\"publisher\":{\"@id\":\"https:\/\/abaa.mx\/tienda\/#organization\"},\"potentialAction\":[{\"@type\":\"SearchAction\",\"target\":{\"@type\":\"EntryPoint\",\"urlTemplate\":\"https:\/\/abaa.mx\/tienda\/?s={search_term_string}\"},\"query-input\":{\"@type\":\"PropertyValueSpecification\",\"valueRequired\":true,\"valueName\":\"search_term_string\"}}],\"inLanguage\":\"es\"},{\"@type\":\"Organization\",\"@id\":\"https:\/\/abaa.mx\/tienda\/#organization\",\"name\":\"Abaa tienda online\",\"url\":\"https:\/\/abaa.mx\/tienda\/\",\"logo\":{\"@type\":\"ImageObject\",\"inLanguage\":\"es\",\"@id\":\"https:\/\/abaa.mx\/tienda\/#\/schema\/logo\/image\/\",\"url\":\"https:\/\/abaa.mx\/tienda\/wp-content\/uploads\/2024\/01\/abaa-metrologia-tienda.png\",\"contentUrl\":\"https:\/\/abaa.mx\/tienda\/wp-content\/uploads\/2024\/01\/abaa-metrologia-tienda.png\",\"width\":300,\"height\":141,\"caption\":\"Abaa tienda online\"},\"image\":{\"@id\":\"https:\/\/abaa.mx\/tienda\/#\/schema\/logo\/image\/\"}}]}<\/script>\n<!-- \/ Yoast SEO plugin. -->","yoast_head_json":{"title":"V\u00e1lvula de prueba 4 y carga m\u00faltiple de grados f de titanio 4 de yellow jacket, escala psi, refrigerante r-22-404 a-410 a. medidores rojo-azul - Abaa tienda online","robots":{"index":"index","follow":"follow","max-snippet":"max-snippet:-1","max-image-preview":"max-image-preview:large","max-video-preview":"max-video-preview:-1"},"canonical":"https:\/\/abaa.mx\/tienda\/valvula-de-prueba-4-y-carga-multiple-de-grados-f-de-titanio-4-de-yellow-jacket-escala-psi-refrigerante-r-22-404-a-410-a-medidores-rojo-azul\/","og_locale":"es_MX","og_type":"article","og_title":"V\u00e1lvula de prueba 4 y carga m\u00faltiple de grados f de titanio 4 de yellow jacket, escala psi, refrigerante r-22-404 a-410 a. medidores rojo-azul - Abaa tienda online","og_description":"Caracter\u00edsticas   Con asas de f\u00e1cil agarre para control positivo, codificado por color para una identificaci\u00f3n lista.  Vista de vidrio para ver f\u00e1cilmente movimiento y estado durante la carga y recuperaci\u00f3n de refrigerante.  Botas de calibre opcionales.  Gancho resistente no extra\u00edble.","og_url":"https:\/\/abaa.mx\/tienda\/valvula-de-prueba-4-y-carga-multiple-de-grados-f-de-titanio-4-de-yellow-jacket-escala-psi-refrigerante-r-22-404-a-410-a-medidores-rojo-azul\/","og_site_name":"Abaa tienda online","article_modified_time":"2024-01-05T20:26:18+00:00","og_image":[{"width":522,"height":522,"url":"https:\/\/abaa.mx\/tienda\/wp-content\/uploads\/2023\/09\/R-22-404-A-410-A.jpg","type":"image\/jpeg"}],"twitter_card":"summary_large_image","twitter_misc":{"Tiempo de lectura":"1 minuto"},"schema":{"@context":"https:\/\/schema.org","@graph":[{"@type":"WebPage","@id":"https:\/\/abaa.mx\/tienda\/valvula-de-prueba-4-y-carga-multiple-de-grados-f-de-titanio-4-de-yellow-jacket-escala-psi-refrigerante-r-22-404-a-410-a-medidores-rojo-azul\/","url":"https:\/\/abaa.mx\/tienda\/valvula-de-prueba-4-y-carga-multiple-de-grados-f-de-titanio-4-de-yellow-jacket-escala-psi-refrigerante-r-22-404-a-410-a-medidores-rojo-azul\/","name":"V\u00e1lvula de prueba 4 y carga m\u00faltiple de grados f de titanio 4 de yellow jacket, escala psi, refrigerante r-22-404 a-410 a. medidores rojo-azul - Abaa tienda online","isPartOf":{"@id":"https:\/\/abaa.mx\/tienda\/#website"},"primaryImageOfPage":{"@id":"https:\/\/abaa.mx\/tienda\/valvula-de-prueba-4-y-carga-multiple-de-grados-f-de-titanio-4-de-yellow-jacket-escala-psi-refrigerante-r-22-404-a-410-a-medidores-rojo-azul\/#primaryimage"},"image":{"@id":"https:\/\/abaa.mx\/tienda\/valvula-de-prueba-4-y-carga-multiple-de-grados-f-de-titanio-4-de-yellow-jacket-escala-psi-refrigerante-r-22-404-a-410-a-medidores-rojo-azul\/#primaryimage"},"thumbnailUrl":"https:\/\/abaa.mx\/tienda\/wp-content\/uploads\/2023\/09\/R-22-404-A-410-A.jpg","datePublished":"2023-09-22T14:50:12+00:00","dateModified":"2024-01-05T20:26:18+00:00","breadcrumb":{"@id":"https:\/\/abaa.mx\/tienda\/valvula-de-prueba-4-y-carga-multiple-de-grados-f-de-titanio-4-de-yellow-jacket-escala-psi-refrigerante-r-22-404-a-410-a-medidores-rojo-azul\/#breadcrumb"},"inLanguage":"es","potentialAction":[{"@type":"ReadAction","target":["https:\/\/abaa.mx\/tienda\/valvula-de-prueba-4-y-carga-multiple-de-grados-f-de-titanio-4-de-yellow-jacket-escala-psi-refrigerante-r-22-404-a-410-a-medidores-rojo-azul\/"]}]},{"@type":"ImageObject","inLanguage":"es","@id":"https:\/\/abaa.mx\/tienda\/valvula-de-prueba-4-y-carga-multiple-de-grados-f-de-titanio-4-de-yellow-jacket-escala-psi-refrigerante-r-22-404-a-410-a-medidores-rojo-azul\/#primaryimage","url":"https:\/\/abaa.mx\/tienda\/wp-content\/uploads\/2023\/09\/R-22-404-A-410-A.jpg","contentUrl":"https:\/\/abaa.mx\/tienda\/wp-content\/uploads\/2023\/09\/R-22-404-A-410-A.jpg","width":522,"height":522,"caption":"valvula-de-prueba-4-y-carga-multiple-de-grados-f-de-titanio-4-de-yellow-jacket-escala-psi-refrigerante-r-22-404-a-410-a-medidores-rojo-azul"},{"@type":"BreadcrumbList","@id":"https:\/\/abaa.mx\/tienda\/valvula-de-prueba-4-y-carga-multiple-de-grados-f-de-titanio-4-de-yellow-jacket-escala-psi-refrigerante-r-22-404-a-410-a-medidores-rojo-azul\/#breadcrumb","itemListElement":[{"@type":"ListItem","position":1,"name":"Inicio","item":"https:\/\/abaa.mx\/tienda\/"},{"@type":"ListItem","position":2,"name":"Tienda","item":"https:\/\/abaa.mx\/tienda\/"},{"@type":"ListItem","position":3,"name":"V\u00e1lvula de prueba 4 y carga m\u00faltiple de grados f de titanio 4 de yellow jacket, escala psi, refrigerante r-22-404 a-410 a. medidores rojo-azul"}]},{"@type":"WebSite","@id":"https:\/\/abaa.mx\/tienda\/#website","url":"https:\/\/abaa.mx\/tienda\/","name":"Abaa tienda online","description":"Instrumentos de medici\u00f3n","publisher":{"@id":"https:\/\/abaa.mx\/tienda\/#organization"},"potentialAction":[{"@type":"SearchAction","target":{"@type":"EntryPoint","urlTemplate":"https:\/\/abaa.mx\/tienda\/?s={search_term_string}"},"query-input":{"@type":"PropertyValueSpecification","valueRequired":true,"valueName":"search_term_string"}}],"inLanguage":"es"},{"@type":"Organization","@id":"https:\/\/abaa.mx\/tienda\/#organization","name":"Abaa tienda online","url":"https:\/\/abaa.mx\/tienda\/","logo":{"@type":"ImageObject","inLanguage":"es","@id":"https:\/\/abaa.mx\/tienda\/#\/schema\/logo\/image\/","url":"https:\/\/abaa.mx\/tienda\/wp-content\/uploads\/2024\/01\/abaa-metrologia-tienda.png","contentUrl":"https:\/\/abaa.mx\/tienda\/wp-content\/uploads\/2024\/01\/abaa-metrologia-tienda.png","width":300,"height":141,"caption":"Abaa tienda online"},"image":{"@id":"https:\/\/abaa.mx\/tienda\/#\/schema\/logo\/image\/"}}]}},"_links":{"self":[{"href":"https:\/\/abaa.mx\/tienda\/wp-json\/wp\/v2\/product\/2587","targetHints":{"allow":["GET"]}}],"collection":[{"href":"https:\/\/abaa.mx\/tienda\/wp-json\/wp\/v2\/product"}],"about":[{"href":"https:\/\/abaa.mx\/tienda\/wp-json\/wp\/v2\/types\/product"}],"replies":[{"embeddable":true,"href":"https:\/\/abaa.mx\/tienda\/wp-json\/wp\/v2\/comments?post=2587"}],"wp:featuredmedia":[{"embeddable":true,"href":"https:\/\/abaa.mx\/tienda\/wp-json\/wp\/v2\/media\/2588"}],"wp:attachment":[{"href":"https:\/\/abaa.mx\/tienda\/wp-json\/wp\/v2\/media?parent=2587"}],"wp:term":[{"taxonomy":"product_brand","embeddable":true,"href":"https:\/\/abaa.mx\/tienda\/wp-json\/wp\/v2\/product_brand?post=2587"},{"taxonomy":"product_cat","embeddable":true,"href":"https:\/\/abaa.mx\/tienda\/wp-json\/wp\/v2\/product_cat?post=2587"},{"taxonomy":"product_tag","embeddable":true,"href":"https:\/\/abaa.mx\/tienda\/wp-json\/wp\/v2\/product_tag?post=2587"}],"curies":[{"name":"wp","href":"https:\/\/api.w.org\/{rel}","templated":true}]}}