{"id":2580,"date":"2023-09-21T22:07:12","date_gmt":"2023-09-21T22:07:12","guid":{"rendered":"https:\/\/abaa.mx\/tienda\/?post_type=product&#038;p=2580"},"modified":"2024-01-05T21:08:44","modified_gmt":"2024-01-05T21:08:44","slug":"yellow-jacket-46010-brute-ii-colector-de-4-valvulas-con-medidores-rojo-azul-bar-psi-r-22-404a-410a","status":"publish","type":"product","link":"https:\/\/abaa.mx\/tienda\/yellow-jacket-46010-brute-ii-colector-de-4-valvulas-con-medidores-rojo-azul-bar-psi-r-22-404a-410a\/","title":{"rendered":"Yellow jacket 46010 brute ii &#8211; colector de 4 v\u00e1lvulas con medidores rojo-azul, bar-psi, r-22-404a-410a"},"content":{"rendered":"<h4>Detalles del productos<\/h4>\n<div id=\"detailBullets_feature_div\">\n<ul class=\"a-unordered-list a-nostyle a-vertical a-spacing-none detail-bullet-list\">\n<li><span class=\"a-list-item\"><span class=\"a-text-bold\">Dimensiones del producto \u200f : \u200e\u00a0<\/span>10,8 x 10,4 x 5 pulgadas; 3,84 Libras<\/span><\/li>\n<li><span class=\"a-list-item\"><span class=\"a-text-bold\">N\u00famero de modelo del producto \u200f : \u200e\u00a0<\/span>46010<\/span><\/li>\n<li><span class=\"a-list-item\"><span class=\"a-text-bold\">Producto en amazon.com desde \u200f : \u200e\u00a0<\/span>Enero 29, 2010<\/span><\/li>\n<li><span class=\"a-list-item\"><span class=\"a-text-bold\">Fabricante \u200f : \u200e\u00a0<\/span>Fotronic Corporation<\/span><\/li>\n<li><span class=\"a-list-item\"><span class=\"a-text-bold\">SALADO \u200f :\u00a0<\/span>B0036EI91O<\/span><\/li>\n<li><span class=\"a-list-item\"><span class=\"a-text-bold\">Clasificaci\u00f3n en los m\u00e1s vendidos de Amazon:\u00a0<\/span>n\u00ba225,827 en Automotriz<\/span><\/li>\n<\/ul>\n<p>La prueba de 4 v\u00e1lvulas y el colector de carga proporcionan el flujo que ha demostrado ser m\u00e1s r\u00e1pido que cualquier colector convencional. El cuerpo de aleaci\u00f3n de aluminio est\u00e1 forjado para mayor resistencia y fiabilidad con agujeros de 3\/8 pulgadas a trav\u00e9s del cuerpo para acelerar el trabajo. Gancho resistente que no se sale. Tambi\u00e9n disponible con medidores rellenos de l\u00edquido rojo y azul de 3-1\/2 pulgadas (3.543\u00a0in) La cuarta manguera permite la conexi\u00f3n a los lados de alta calidad, tanque de refrigerante y unidad de recuperaci\u00f3n o bomba de vac\u00edo para diagn\u00f3sticos, evacuaci\u00f3n y carga sin cambiar las mangueras. Disponible en 1\/4 pulgadas de alto y lado con puerto de vac\u00edo de 3\/8 pulgadas para trabajos regulares, o lados de alta y alta y alta de 3\/8 pulgadas con puerto de vac\u00edo de 1\/2 pulgadas para sistemas m\u00e1s grandes.<\/p>\n<\/div>\n","protected":false},"excerpt":{"rendered":"<h3 class=\"a-size-base-plus a-text-bold\">Caracter\u00edsticas<\/h3>\n<ul class=\"a-unordered-list a-vertical a-spacing-mini\">\n<li class=\"a-spacing-mini\"><span class=\"a-list-item\">Cristal de visi\u00f3n para ver f\u00e1cilmente el movimiento del refrigerante y el estado durante la carga y la recuperaci\u00f3n<\/span><\/li>\n<li class=\"a-spacing-mini\"><span class=\"a-list-item\">Exclusivo filtro de malla de 100 en l\u00ednea en todos los accesorios acampanados que ayuda a mantener fuera el material de part\u00edculas y prolongar la vida \u00fatil del asiento<\/span><\/li>\n<li class=\"a-spacing-mini\"><span class=\"a-list-item\">Acceso frontal para una f\u00e1cil recalibraci\u00f3n de campo doble pist\u00f3n de anillo &#8220;O&#8221; para fiabilidad y larga vida \u00fatil<\/span><\/li>\n<\/ul>\n","protected":false},"featured_media":2585,"comment_status":"open","ping_status":"closed","template":"","meta":{"_joinchat":[]},"product_brand":[],"product_cat":[15],"product_tag":[],"class_list":{"0":"post-2580","1":"product","2":"type-product","3":"status-publish","4":"has-post-thumbnail","6":"product_cat-sin-categorizar","8":"first","9":"instock","10":"shipping-taxable","11":"product-type-simple"},"yoast_head":"<!-- This site is optimized with the Yoast SEO plugin v26.4 - https:\/\/yoast.com\/wordpress\/plugins\/seo\/ -->\n<title>Yellow jacket 46010 brute ii - colector de 4 v\u00e1lvulas con medidores rojo-azul, bar-psi, r-22-404a-410a - Abaa tienda online<\/title>\n<meta name=\"robots\" content=\"index, follow, max-snippet:-1, max-image-preview:large, max-video-preview:-1\" \/>\n<link rel=\"canonical\" href=\"https:\/\/abaa.mx\/tienda\/yellow-jacket-46010-brute-ii-colector-de-4-valvulas-con-medidores-rojo-azul-bar-psi-r-22-404a-410a\/\" \/>\n<meta property=\"og:locale\" content=\"es_MX\" \/>\n<meta property=\"og:type\" content=\"article\" \/>\n<meta property=\"og:title\" content=\"Yellow jacket 46010 brute ii - colector de 4 v\u00e1lvulas con medidores rojo-azul, bar-psi, r-22-404a-410a - Abaa tienda online\" \/>\n<meta property=\"og:description\" content=\"Caracter\u00edsticas   Cristal de visi\u00f3n para ver f\u00e1cilmente el movimiento del refrigerante y el estado durante la carga y la recuperaci\u00f3n  Exclusivo filtro de malla de 100 en l\u00ednea en todos los accesorios acampanados que ayuda a mantener fuera el material de part\u00edculas y prolongar la vida \u00fatil del asiento  Acceso frontal para una f\u00e1cil recalibraci\u00f3n de campo doble pist\u00f3n de anillo &quot;O&quot; para fiabilidad y larga vida \u00fatil\" \/>\n<meta property=\"og:url\" content=\"https:\/\/abaa.mx\/tienda\/yellow-jacket-46010-brute-ii-colector-de-4-valvulas-con-medidores-rojo-azul-bar-psi-r-22-404a-410a\/\" \/>\n<meta property=\"og:site_name\" content=\"Abaa tienda online\" \/>\n<meta property=\"article:modified_time\" content=\"2024-01-05T21:08:44+00:00\" \/>\n<meta property=\"og:image\" content=\"https:\/\/abaa.mx\/tienda\/wp-content\/uploads\/2023\/09\/46010.jpg\" \/>\n\t<meta property=\"og:image:width\" content=\"466\" \/>\n\t<meta property=\"og:image:height\" content=\"498\" \/>\n\t<meta property=\"og:image:type\" content=\"image\/jpeg\" \/>\n<meta name=\"twitter:card\" content=\"summary_large_image\" \/>\n<meta name=\"twitter:label1\" content=\"Tiempo de lectura\" \/>\n\t<meta name=\"twitter:data1\" content=\"1 minuto\" \/>\n<script type=\"application\/ld+json\" class=\"yoast-schema-graph\">{\"@context\":\"https:\/\/schema.org\",\"@graph\":[{\"@type\":\"WebPage\",\"@id\":\"https:\/\/abaa.mx\/tienda\/yellow-jacket-46010-brute-ii-colector-de-4-valvulas-con-medidores-rojo-azul-bar-psi-r-22-404a-410a\/\",\"url\":\"https:\/\/abaa.mx\/tienda\/yellow-jacket-46010-brute-ii-colector-de-4-valvulas-con-medidores-rojo-azul-bar-psi-r-22-404a-410a\/\",\"name\":\"Yellow jacket 46010 brute ii - colector de 4 v\u00e1lvulas con medidores rojo-azul, bar-psi, r-22-404a-410a - Abaa tienda online\",\"isPartOf\":{\"@id\":\"https:\/\/abaa.mx\/tienda\/#website\"},\"primaryImageOfPage\":{\"@id\":\"https:\/\/abaa.mx\/tienda\/yellow-jacket-46010-brute-ii-colector-de-4-valvulas-con-medidores-rojo-azul-bar-psi-r-22-404a-410a\/#primaryimage\"},\"image\":{\"@id\":\"https:\/\/abaa.mx\/tienda\/yellow-jacket-46010-brute-ii-colector-de-4-valvulas-con-medidores-rojo-azul-bar-psi-r-22-404a-410a\/#primaryimage\"},\"thumbnailUrl\":\"https:\/\/abaa.mx\/tienda\/wp-content\/uploads\/2023\/09\/46010.jpg\",\"datePublished\":\"2023-09-21T22:07:12+00:00\",\"dateModified\":\"2024-01-05T21:08:44+00:00\",\"breadcrumb\":{\"@id\":\"https:\/\/abaa.mx\/tienda\/yellow-jacket-46010-brute-ii-colector-de-4-valvulas-con-medidores-rojo-azul-bar-psi-r-22-404a-410a\/#breadcrumb\"},\"inLanguage\":\"es\",\"potentialAction\":[{\"@type\":\"ReadAction\",\"target\":[\"https:\/\/abaa.mx\/tienda\/yellow-jacket-46010-brute-ii-colector-de-4-valvulas-con-medidores-rojo-azul-bar-psi-r-22-404a-410a\/\"]}]},{\"@type\":\"ImageObject\",\"inLanguage\":\"es\",\"@id\":\"https:\/\/abaa.mx\/tienda\/yellow-jacket-46010-brute-ii-colector-de-4-valvulas-con-medidores-rojo-azul-bar-psi-r-22-404a-410a\/#primaryimage\",\"url\":\"https:\/\/abaa.mx\/tienda\/wp-content\/uploads\/2023\/09\/46010.jpg\",\"contentUrl\":\"https:\/\/abaa.mx\/tienda\/wp-content\/uploads\/2023\/09\/46010.jpg\",\"width\":466,\"height\":498,\"caption\":\"yellow-jacket-46010-brute-ii-colector-de-4-valvulas-con-medidores-rojo-azul-bar-psi-r-22-404a-410a\"},{\"@type\":\"BreadcrumbList\",\"@id\":\"https:\/\/abaa.mx\/tienda\/yellow-jacket-46010-brute-ii-colector-de-4-valvulas-con-medidores-rojo-azul-bar-psi-r-22-404a-410a\/#breadcrumb\",\"itemListElement\":[{\"@type\":\"ListItem\",\"position\":1,\"name\":\"Inicio\",\"item\":\"https:\/\/abaa.mx\/tienda\/\"},{\"@type\":\"ListItem\",\"position\":2,\"name\":\"Tienda\",\"item\":\"https:\/\/abaa.mx\/tienda\/\"},{\"@type\":\"ListItem\",\"position\":3,\"name\":\"Yellow jacket 46010 brute ii &#8211; colector de 4 v\u00e1lvulas con medidores rojo-azul, bar-psi, r-22-404a-410a\"}]},{\"@type\":\"WebSite\",\"@id\":\"https:\/\/abaa.mx\/tienda\/#website\",\"url\":\"https:\/\/abaa.mx\/tienda\/\",\"name\":\"Abaa tienda online\",\"description\":\"Instrumentos de medici\u00f3n\",\"publisher\":{\"@id\":\"https:\/\/abaa.mx\/tienda\/#organization\"},\"potentialAction\":[{\"@type\":\"SearchAction\",\"target\":{\"@type\":\"EntryPoint\",\"urlTemplate\":\"https:\/\/abaa.mx\/tienda\/?s={search_term_string}\"},\"query-input\":{\"@type\":\"PropertyValueSpecification\",\"valueRequired\":true,\"valueName\":\"search_term_string\"}}],\"inLanguage\":\"es\"},{\"@type\":\"Organization\",\"@id\":\"https:\/\/abaa.mx\/tienda\/#organization\",\"name\":\"Abaa tienda online\",\"url\":\"https:\/\/abaa.mx\/tienda\/\",\"logo\":{\"@type\":\"ImageObject\",\"inLanguage\":\"es\",\"@id\":\"https:\/\/abaa.mx\/tienda\/#\/schema\/logo\/image\/\",\"url\":\"https:\/\/abaa.mx\/tienda\/wp-content\/uploads\/2024\/01\/abaa-metrologia-tienda.png\",\"contentUrl\":\"https:\/\/abaa.mx\/tienda\/wp-content\/uploads\/2024\/01\/abaa-metrologia-tienda.png\",\"width\":300,\"height\":141,\"caption\":\"Abaa tienda online\"},\"image\":{\"@id\":\"https:\/\/abaa.mx\/tienda\/#\/schema\/logo\/image\/\"}}]}<\/script>\n<!-- \/ Yoast SEO plugin. -->","yoast_head_json":{"title":"Yellow jacket 46010 brute ii - colector de 4 v\u00e1lvulas con medidores rojo-azul, bar-psi, r-22-404a-410a - Abaa tienda online","robots":{"index":"index","follow":"follow","max-snippet":"max-snippet:-1","max-image-preview":"max-image-preview:large","max-video-preview":"max-video-preview:-1"},"canonical":"https:\/\/abaa.mx\/tienda\/yellow-jacket-46010-brute-ii-colector-de-4-valvulas-con-medidores-rojo-azul-bar-psi-r-22-404a-410a\/","og_locale":"es_MX","og_type":"article","og_title":"Yellow jacket 46010 brute ii - colector de 4 v\u00e1lvulas con medidores rojo-azul, bar-psi, r-22-404a-410a - Abaa tienda online","og_description":"Caracter\u00edsticas   Cristal de visi\u00f3n para ver f\u00e1cilmente el movimiento del refrigerante y el estado durante la carga y la recuperaci\u00f3n  Exclusivo filtro de malla de 100 en l\u00ednea en todos los accesorios acampanados que ayuda a mantener fuera el material de part\u00edculas y prolongar la vida \u00fatil del asiento  Acceso frontal para una f\u00e1cil recalibraci\u00f3n de campo doble pist\u00f3n de anillo \"O\" para fiabilidad y larga vida \u00fatil","og_url":"https:\/\/abaa.mx\/tienda\/yellow-jacket-46010-brute-ii-colector-de-4-valvulas-con-medidores-rojo-azul-bar-psi-r-22-404a-410a\/","og_site_name":"Abaa tienda online","article_modified_time":"2024-01-05T21:08:44+00:00","og_image":[{"width":466,"height":498,"url":"https:\/\/abaa.mx\/tienda\/wp-content\/uploads\/2023\/09\/46010.jpg","type":"image\/jpeg"}],"twitter_card":"summary_large_image","twitter_misc":{"Tiempo de lectura":"1 minuto"},"schema":{"@context":"https:\/\/schema.org","@graph":[{"@type":"WebPage","@id":"https:\/\/abaa.mx\/tienda\/yellow-jacket-46010-brute-ii-colector-de-4-valvulas-con-medidores-rojo-azul-bar-psi-r-22-404a-410a\/","url":"https:\/\/abaa.mx\/tienda\/yellow-jacket-46010-brute-ii-colector-de-4-valvulas-con-medidores-rojo-azul-bar-psi-r-22-404a-410a\/","name":"Yellow jacket 46010 brute ii - colector de 4 v\u00e1lvulas con medidores rojo-azul, bar-psi, r-22-404a-410a - Abaa tienda online","isPartOf":{"@id":"https:\/\/abaa.mx\/tienda\/#website"},"primaryImageOfPage":{"@id":"https:\/\/abaa.mx\/tienda\/yellow-jacket-46010-brute-ii-colector-de-4-valvulas-con-medidores-rojo-azul-bar-psi-r-22-404a-410a\/#primaryimage"},"image":{"@id":"https:\/\/abaa.mx\/tienda\/yellow-jacket-46010-brute-ii-colector-de-4-valvulas-con-medidores-rojo-azul-bar-psi-r-22-404a-410a\/#primaryimage"},"thumbnailUrl":"https:\/\/abaa.mx\/tienda\/wp-content\/uploads\/2023\/09\/46010.jpg","datePublished":"2023-09-21T22:07:12+00:00","dateModified":"2024-01-05T21:08:44+00:00","breadcrumb":{"@id":"https:\/\/abaa.mx\/tienda\/yellow-jacket-46010-brute-ii-colector-de-4-valvulas-con-medidores-rojo-azul-bar-psi-r-22-404a-410a\/#breadcrumb"},"inLanguage":"es","potentialAction":[{"@type":"ReadAction","target":["https:\/\/abaa.mx\/tienda\/yellow-jacket-46010-brute-ii-colector-de-4-valvulas-con-medidores-rojo-azul-bar-psi-r-22-404a-410a\/"]}]},{"@type":"ImageObject","inLanguage":"es","@id":"https:\/\/abaa.mx\/tienda\/yellow-jacket-46010-brute-ii-colector-de-4-valvulas-con-medidores-rojo-azul-bar-psi-r-22-404a-410a\/#primaryimage","url":"https:\/\/abaa.mx\/tienda\/wp-content\/uploads\/2023\/09\/46010.jpg","contentUrl":"https:\/\/abaa.mx\/tienda\/wp-content\/uploads\/2023\/09\/46010.jpg","width":466,"height":498,"caption":"yellow-jacket-46010-brute-ii-colector-de-4-valvulas-con-medidores-rojo-azul-bar-psi-r-22-404a-410a"},{"@type":"BreadcrumbList","@id":"https:\/\/abaa.mx\/tienda\/yellow-jacket-46010-brute-ii-colector-de-4-valvulas-con-medidores-rojo-azul-bar-psi-r-22-404a-410a\/#breadcrumb","itemListElement":[{"@type":"ListItem","position":1,"name":"Inicio","item":"https:\/\/abaa.mx\/tienda\/"},{"@type":"ListItem","position":2,"name":"Tienda","item":"https:\/\/abaa.mx\/tienda\/"},{"@type":"ListItem","position":3,"name":"Yellow jacket 46010 brute ii &#8211; colector de 4 v\u00e1lvulas con medidores rojo-azul, bar-psi, r-22-404a-410a"}]},{"@type":"WebSite","@id":"https:\/\/abaa.mx\/tienda\/#website","url":"https:\/\/abaa.mx\/tienda\/","name":"Abaa tienda online","description":"Instrumentos de medici\u00f3n","publisher":{"@id":"https:\/\/abaa.mx\/tienda\/#organization"},"potentialAction":[{"@type":"SearchAction","target":{"@type":"EntryPoint","urlTemplate":"https:\/\/abaa.mx\/tienda\/?s={search_term_string}"},"query-input":{"@type":"PropertyValueSpecification","valueRequired":true,"valueName":"search_term_string"}}],"inLanguage":"es"},{"@type":"Organization","@id":"https:\/\/abaa.mx\/tienda\/#organization","name":"Abaa tienda online","url":"https:\/\/abaa.mx\/tienda\/","logo":{"@type":"ImageObject","inLanguage":"es","@id":"https:\/\/abaa.mx\/tienda\/#\/schema\/logo\/image\/","url":"https:\/\/abaa.mx\/tienda\/wp-content\/uploads\/2024\/01\/abaa-metrologia-tienda.png","contentUrl":"https:\/\/abaa.mx\/tienda\/wp-content\/uploads\/2024\/01\/abaa-metrologia-tienda.png","width":300,"height":141,"caption":"Abaa tienda online"},"image":{"@id":"https:\/\/abaa.mx\/tienda\/#\/schema\/logo\/image\/"}}]}},"_links":{"self":[{"href":"https:\/\/abaa.mx\/tienda\/wp-json\/wp\/v2\/product\/2580","targetHints":{"allow":["GET"]}}],"collection":[{"href":"https:\/\/abaa.mx\/tienda\/wp-json\/wp\/v2\/product"}],"about":[{"href":"https:\/\/abaa.mx\/tienda\/wp-json\/wp\/v2\/types\/product"}],"replies":[{"embeddable":true,"href":"https:\/\/abaa.mx\/tienda\/wp-json\/wp\/v2\/comments?post=2580"}],"wp:featuredmedia":[{"embeddable":true,"href":"https:\/\/abaa.mx\/tienda\/wp-json\/wp\/v2\/media\/2585"}],"wp:attachment":[{"href":"https:\/\/abaa.mx\/tienda\/wp-json\/wp\/v2\/media?parent=2580"}],"wp:term":[{"taxonomy":"product_brand","embeddable":true,"href":"https:\/\/abaa.mx\/tienda\/wp-json\/wp\/v2\/product_brand?post=2580"},{"taxonomy":"product_cat","embeddable":true,"href":"https:\/\/abaa.mx\/tienda\/wp-json\/wp\/v2\/product_cat?post=2580"},{"taxonomy":"product_tag","embeddable":true,"href":"https:\/\/abaa.mx\/tienda\/wp-json\/wp\/v2\/product_tag?post=2580"}],"curies":[{"name":"wp","href":"https:\/\/api.w.org\/{rel}","templated":true}]}}