{"id":2562,"date":"2023-09-21T21:40:43","date_gmt":"2023-09-21T21:40:43","guid":{"rendered":"https:\/\/abaa.mx\/tienda\/?post_type=product&#038;p=2562"},"modified":"2023-09-21T21:40:44","modified_gmt":"2023-09-21T21:40:44","slug":"termometro-de-servicio-de-alimentos-testo-105-t-handle","status":"publish","type":"product","link":"https:\/\/abaa.mx\/tienda\/termometro-de-servicio-de-alimentos-testo-105-t-handle\/","title":{"rendered":"term\u00f3metro de servicio de alimentos testo 105 t-handle"},"content":{"rendered":"<h4>Testo 105 con tres tipos de sonda ofrece<\/h4>\n<p>El term\u00f3metro digital para alimentos testo 105 est\u00e1 dise\u00f1ado para medir la temperatura central de alimentos congelados y no congelados. Hay dos consejos disponibles: un consejo est\u00e1ndar para medios semis\u00f3lidos no congelados, es decir, carne, queso y jaleas y un m\u00e1s largo de 7,8 pulgadas. propina (opcional) para alimentos congelados.<\/p>\n<p>Tanto la sonda est\u00e1ndar como la opcional son excelentes para medir la temperatura de los alimentos l\u00edquidos.<\/p>\n<h4>El term\u00f3metro profesional de sonda alimentaria testo 105<\/h4>\n<p>El term\u00f3metro profesional para alimentos testo 105 tiene todas las caracter\u00edsticas que necesita para facilitar el trabajo: f\u00e1cil operaci\u00f3n con una sola mano; dise\u00f1o compacto; pantalla retroiluminada; umbrales ajustables; alarma sonora y visual; Clip para cintur\u00f3n y soporte de pared.<\/p>\n<p>El term\u00f3metro de sonda IP65 se puede limpiar bajo el agua, est\u00e1 protegido contra la entrada de polvo y suciedad y cuenta con la certificaci\u00f3n HACCP International.<\/p>\n<h4>\u00c1reas de aplicaci\u00f3n del term\u00f3metro digital para alimentos testo 105<\/h4>\n<p>El term\u00f3metro de sonda alimentaria Testo es ideal para su uso en una amplia gama de \u00e1reas, incluida la producci\u00f3n de alimentos, el control de los productos recibidos, los servicios de catering, las cocinas de comedor, las c\u00e1maras frigor\u00edficas y los supermercados.<\/p>\n<p><strong>Caracter\u00edsticas de testo 105<\/strong><\/p>\n<ul>\n<li>Escabroso; dise\u00f1ado para el uso diario; Limpiar bajo el agua<\/li>\n<li>Puntas de medici\u00f3n intercambiables: punta est\u00e1ndar para medios semis\u00f3lidos, es decir, carne y punta larga para alimentos congelados (opcional) Umbrales ajustables, alarma audible y visual<\/li>\n<li>Resistente al agua (IP 65) y robusto<\/li>\n<li>Iluminaci\u00f3n de pantalla incorporada<\/li>\n<\/ul>\n<h4>Testo 105 con tres tipos de sonda Datos t\u00e9cnicos<\/h4>\n<table class=\"table table-striped\">\n<tbody>\n<tr>\n<td>Temperatura de almacenamiento<\/td>\n<td>-40 hasta +158 \u00b0F<\/td>\n<\/tr>\n<tr>\n<td>Temperatura de funcionamiento<\/td>\n<td>-4 hasta +122 \u00b0F<\/td>\n<\/tr>\n<tr>\n<td>Tipo de bater\u00eda<\/td>\n<td>Pila de bot\u00f3n LR44<\/td>\n<\/tr>\n<tr>\n<td>Duraci\u00f3n de la bater\u00eda<\/td>\n<td>80 horas<\/td>\n<\/tr>\n<tr>\n<td>Dimensiones<\/td>\n<td>5,7 x 1,5 x 7,7 pulgadas<\/td>\n<\/tr>\n<tr>\n<th colspan=\"2\">\n<h5>NTC<\/h5>\n<\/th>\n<\/tr>\n<tr>\n<td>Rango de medici\u00f3n<\/td>\n<td>-4 hasta +122 \u00b0F<\/td>\n<\/tr>\n<tr>\n<td>Exactitud<\/td>\n<td>\u00b10.9 \u00b0F (-4 a +212 \u00b0F)\u00b11.8 \u00b0F (-58 a -4.18 \u00b0F)\u00b11 % (+212.18 a +527 \u00b0F)<\/td>\n<\/tr>\n<tr>\n<td>Resoluci\u00f3n<\/td>\n<td>0.1 \u00b0F<\/td>\n<\/tr>\n<\/tbody>\n<\/table>\n","protected":false},"excerpt":{"rendered":"<h4>Testo 105 con tres tipos de sonda ofrece<\/h4>\n<p>El term\u00f3metro digital para alimentos testo 105 est\u00e1 dise\u00f1ado para medir la temperatura central de alimentos congelados y no congelados. Hay dos consejos disponibles: un consejo est\u00e1ndar para medios semis\u00f3lidos no congelados, es decir, carne, queso y jaleas y un m\u00e1s largo de 7,8 pulgadas. propina (opcional) para alimentos congelados.<\/p>\n","protected":false},"featured_media":2564,"comment_status":"open","ping_status":"closed","template":"","meta":{"_joinchat":[]},"product_brand":[],"product_cat":[15],"product_tag":[],"class_list":{"0":"post-2562","1":"product","2":"type-product","3":"status-publish","4":"has-post-thumbnail","6":"product_cat-sin-categorizar","8":"first","9":"instock","10":"shipping-taxable","11":"product-type-simple"},"yoast_head":"<!-- This site is optimized with the Yoast SEO plugin v26.4 - https:\/\/yoast.com\/wordpress\/plugins\/seo\/ -->\n<title>term\u00f3metro de servicio de alimentos testo 105 t-handle - Abaa tienda online<\/title>\n<meta name=\"robots\" content=\"index, follow, max-snippet:-1, max-image-preview:large, max-video-preview:-1\" \/>\n<link rel=\"canonical\" href=\"https:\/\/abaa.mx\/tienda\/termometro-de-servicio-de-alimentos-testo-105-t-handle\/\" \/>\n<meta property=\"og:locale\" content=\"es_MX\" \/>\n<meta property=\"og:type\" content=\"article\" \/>\n<meta property=\"og:title\" content=\"term\u00f3metro de servicio de alimentos testo 105 t-handle - Abaa tienda online\" \/>\n<meta property=\"og:description\" content=\"Testo 105 con tres tipos de sonda ofrece El term\u00f3metro digital para alimentos testo 105 est\u00e1 dise\u00f1ado para medir la temperatura central de alimentos congelados y no congelados. Hay dos consejos disponibles: un consejo est\u00e1ndar para medios semis\u00f3lidos no congelados, es decir, carne, queso y jaleas y un m\u00e1s largo de 7,8 pulgadas. propina (opcional) para alimentos congelados.\" \/>\n<meta property=\"og:url\" content=\"https:\/\/abaa.mx\/tienda\/termometro-de-servicio-de-alimentos-testo-105-t-handle\/\" \/>\n<meta property=\"og:site_name\" content=\"Abaa tienda online\" \/>\n<meta property=\"article:modified_time\" content=\"2023-09-21T21:40:44+00:00\" \/>\n<meta property=\"og:image\" content=\"https:\/\/abaa.mx\/tienda\/wp-content\/uploads\/2023\/09\/105.jpg\" \/>\n\t<meta property=\"og:image:width\" content=\"270\" \/>\n\t<meta property=\"og:image:height\" content=\"331\" \/>\n\t<meta property=\"og:image:type\" content=\"image\/jpeg\" \/>\n<meta name=\"twitter:card\" content=\"summary_large_image\" \/>\n<meta name=\"twitter:label1\" content=\"Tiempo de lectura\" \/>\n\t<meta name=\"twitter:data1\" content=\"2 minutos\" \/>\n<script type=\"application\/ld+json\" class=\"yoast-schema-graph\">{\"@context\":\"https:\/\/schema.org\",\"@graph\":[{\"@type\":\"WebPage\",\"@id\":\"https:\/\/abaa.mx\/tienda\/termometro-de-servicio-de-alimentos-testo-105-t-handle\/\",\"url\":\"https:\/\/abaa.mx\/tienda\/termometro-de-servicio-de-alimentos-testo-105-t-handle\/\",\"name\":\"term\u00f3metro de servicio de alimentos testo 105 t-handle - Abaa tienda online\",\"isPartOf\":{\"@id\":\"https:\/\/abaa.mx\/tienda\/#website\"},\"primaryImageOfPage\":{\"@id\":\"https:\/\/abaa.mx\/tienda\/termometro-de-servicio-de-alimentos-testo-105-t-handle\/#primaryimage\"},\"image\":{\"@id\":\"https:\/\/abaa.mx\/tienda\/termometro-de-servicio-de-alimentos-testo-105-t-handle\/#primaryimage\"},\"thumbnailUrl\":\"https:\/\/abaa.mx\/tienda\/wp-content\/uploads\/2023\/09\/105.jpg\",\"datePublished\":\"2023-09-21T21:40:43+00:00\",\"dateModified\":\"2023-09-21T21:40:44+00:00\",\"breadcrumb\":{\"@id\":\"https:\/\/abaa.mx\/tienda\/termometro-de-servicio-de-alimentos-testo-105-t-handle\/#breadcrumb\"},\"inLanguage\":\"es\",\"potentialAction\":[{\"@type\":\"ReadAction\",\"target\":[\"https:\/\/abaa.mx\/tienda\/termometro-de-servicio-de-alimentos-testo-105-t-handle\/\"]}]},{\"@type\":\"ImageObject\",\"inLanguage\":\"es\",\"@id\":\"https:\/\/abaa.mx\/tienda\/termometro-de-servicio-de-alimentos-testo-105-t-handle\/#primaryimage\",\"url\":\"https:\/\/abaa.mx\/tienda\/wp-content\/uploads\/2023\/09\/105.jpg\",\"contentUrl\":\"https:\/\/abaa.mx\/tienda\/wp-content\/uploads\/2023\/09\/105.jpg\",\"width\":270,\"height\":331,\"caption\":\"105\"},{\"@type\":\"BreadcrumbList\",\"@id\":\"https:\/\/abaa.mx\/tienda\/termometro-de-servicio-de-alimentos-testo-105-t-handle\/#breadcrumb\",\"itemListElement\":[{\"@type\":\"ListItem\",\"position\":1,\"name\":\"Inicio\",\"item\":\"https:\/\/abaa.mx\/tienda\/\"},{\"@type\":\"ListItem\",\"position\":2,\"name\":\"Tienda\",\"item\":\"https:\/\/abaa.mx\/tienda\/\"},{\"@type\":\"ListItem\",\"position\":3,\"name\":\"term\u00f3metro de servicio de alimentos testo 105 t-handle\"}]},{\"@type\":\"WebSite\",\"@id\":\"https:\/\/abaa.mx\/tienda\/#website\",\"url\":\"https:\/\/abaa.mx\/tienda\/\",\"name\":\"Abaa tienda online\",\"description\":\"Instrumentos de medici\u00f3n\",\"publisher\":{\"@id\":\"https:\/\/abaa.mx\/tienda\/#organization\"},\"potentialAction\":[{\"@type\":\"SearchAction\",\"target\":{\"@type\":\"EntryPoint\",\"urlTemplate\":\"https:\/\/abaa.mx\/tienda\/?s={search_term_string}\"},\"query-input\":{\"@type\":\"PropertyValueSpecification\",\"valueRequired\":true,\"valueName\":\"search_term_string\"}}],\"inLanguage\":\"es\"},{\"@type\":\"Organization\",\"@id\":\"https:\/\/abaa.mx\/tienda\/#organization\",\"name\":\"Abaa tienda online\",\"url\":\"https:\/\/abaa.mx\/tienda\/\",\"logo\":{\"@type\":\"ImageObject\",\"inLanguage\":\"es\",\"@id\":\"https:\/\/abaa.mx\/tienda\/#\/schema\/logo\/image\/\",\"url\":\"https:\/\/abaa.mx\/tienda\/wp-content\/uploads\/2024\/01\/abaa-metrologia-tienda.png\",\"contentUrl\":\"https:\/\/abaa.mx\/tienda\/wp-content\/uploads\/2024\/01\/abaa-metrologia-tienda.png\",\"width\":300,\"height\":141,\"caption\":\"Abaa tienda online\"},\"image\":{\"@id\":\"https:\/\/abaa.mx\/tienda\/#\/schema\/logo\/image\/\"}}]}<\/script>\n<!-- \/ Yoast SEO plugin. -->","yoast_head_json":{"title":"term\u00f3metro de servicio de alimentos testo 105 t-handle - Abaa tienda online","robots":{"index":"index","follow":"follow","max-snippet":"max-snippet:-1","max-image-preview":"max-image-preview:large","max-video-preview":"max-video-preview:-1"},"canonical":"https:\/\/abaa.mx\/tienda\/termometro-de-servicio-de-alimentos-testo-105-t-handle\/","og_locale":"es_MX","og_type":"article","og_title":"term\u00f3metro de servicio de alimentos testo 105 t-handle - Abaa tienda online","og_description":"Testo 105 con tres tipos de sonda ofrece El term\u00f3metro digital para alimentos testo 105 est\u00e1 dise\u00f1ado para medir la temperatura central de alimentos congelados y no congelados. Hay dos consejos disponibles: un consejo est\u00e1ndar para medios semis\u00f3lidos no congelados, es decir, carne, queso y jaleas y un m\u00e1s largo de 7,8 pulgadas. propina (opcional) para alimentos congelados.","og_url":"https:\/\/abaa.mx\/tienda\/termometro-de-servicio-de-alimentos-testo-105-t-handle\/","og_site_name":"Abaa tienda online","article_modified_time":"2023-09-21T21:40:44+00:00","og_image":[{"width":270,"height":331,"url":"https:\/\/abaa.mx\/tienda\/wp-content\/uploads\/2023\/09\/105.jpg","type":"image\/jpeg"}],"twitter_card":"summary_large_image","twitter_misc":{"Tiempo de lectura":"2 minutos"},"schema":{"@context":"https:\/\/schema.org","@graph":[{"@type":"WebPage","@id":"https:\/\/abaa.mx\/tienda\/termometro-de-servicio-de-alimentos-testo-105-t-handle\/","url":"https:\/\/abaa.mx\/tienda\/termometro-de-servicio-de-alimentos-testo-105-t-handle\/","name":"term\u00f3metro de servicio de alimentos testo 105 t-handle - Abaa tienda online","isPartOf":{"@id":"https:\/\/abaa.mx\/tienda\/#website"},"primaryImageOfPage":{"@id":"https:\/\/abaa.mx\/tienda\/termometro-de-servicio-de-alimentos-testo-105-t-handle\/#primaryimage"},"image":{"@id":"https:\/\/abaa.mx\/tienda\/termometro-de-servicio-de-alimentos-testo-105-t-handle\/#primaryimage"},"thumbnailUrl":"https:\/\/abaa.mx\/tienda\/wp-content\/uploads\/2023\/09\/105.jpg","datePublished":"2023-09-21T21:40:43+00:00","dateModified":"2023-09-21T21:40:44+00:00","breadcrumb":{"@id":"https:\/\/abaa.mx\/tienda\/termometro-de-servicio-de-alimentos-testo-105-t-handle\/#breadcrumb"},"inLanguage":"es","potentialAction":[{"@type":"ReadAction","target":["https:\/\/abaa.mx\/tienda\/termometro-de-servicio-de-alimentos-testo-105-t-handle\/"]}]},{"@type":"ImageObject","inLanguage":"es","@id":"https:\/\/abaa.mx\/tienda\/termometro-de-servicio-de-alimentos-testo-105-t-handle\/#primaryimage","url":"https:\/\/abaa.mx\/tienda\/wp-content\/uploads\/2023\/09\/105.jpg","contentUrl":"https:\/\/abaa.mx\/tienda\/wp-content\/uploads\/2023\/09\/105.jpg","width":270,"height":331,"caption":"105"},{"@type":"BreadcrumbList","@id":"https:\/\/abaa.mx\/tienda\/termometro-de-servicio-de-alimentos-testo-105-t-handle\/#breadcrumb","itemListElement":[{"@type":"ListItem","position":1,"name":"Inicio","item":"https:\/\/abaa.mx\/tienda\/"},{"@type":"ListItem","position":2,"name":"Tienda","item":"https:\/\/abaa.mx\/tienda\/"},{"@type":"ListItem","position":3,"name":"term\u00f3metro de servicio de alimentos testo 105 t-handle"}]},{"@type":"WebSite","@id":"https:\/\/abaa.mx\/tienda\/#website","url":"https:\/\/abaa.mx\/tienda\/","name":"Abaa tienda online","description":"Instrumentos de medici\u00f3n","publisher":{"@id":"https:\/\/abaa.mx\/tienda\/#organization"},"potentialAction":[{"@type":"SearchAction","target":{"@type":"EntryPoint","urlTemplate":"https:\/\/abaa.mx\/tienda\/?s={search_term_string}"},"query-input":{"@type":"PropertyValueSpecification","valueRequired":true,"valueName":"search_term_string"}}],"inLanguage":"es"},{"@type":"Organization","@id":"https:\/\/abaa.mx\/tienda\/#organization","name":"Abaa tienda online","url":"https:\/\/abaa.mx\/tienda\/","logo":{"@type":"ImageObject","inLanguage":"es","@id":"https:\/\/abaa.mx\/tienda\/#\/schema\/logo\/image\/","url":"https:\/\/abaa.mx\/tienda\/wp-content\/uploads\/2024\/01\/abaa-metrologia-tienda.png","contentUrl":"https:\/\/abaa.mx\/tienda\/wp-content\/uploads\/2024\/01\/abaa-metrologia-tienda.png","width":300,"height":141,"caption":"Abaa tienda online"},"image":{"@id":"https:\/\/abaa.mx\/tienda\/#\/schema\/logo\/image\/"}}]}},"_links":{"self":[{"href":"https:\/\/abaa.mx\/tienda\/wp-json\/wp\/v2\/product\/2562","targetHints":{"allow":["GET"]}}],"collection":[{"href":"https:\/\/abaa.mx\/tienda\/wp-json\/wp\/v2\/product"}],"about":[{"href":"https:\/\/abaa.mx\/tienda\/wp-json\/wp\/v2\/types\/product"}],"replies":[{"embeddable":true,"href":"https:\/\/abaa.mx\/tienda\/wp-json\/wp\/v2\/comments?post=2562"}],"wp:featuredmedia":[{"embeddable":true,"href":"https:\/\/abaa.mx\/tienda\/wp-json\/wp\/v2\/media\/2564"}],"wp:attachment":[{"href":"https:\/\/abaa.mx\/tienda\/wp-json\/wp\/v2\/media?parent=2562"}],"wp:term":[{"taxonomy":"product_brand","embeddable":true,"href":"https:\/\/abaa.mx\/tienda\/wp-json\/wp\/v2\/product_brand?post=2562"},{"taxonomy":"product_cat","embeddable":true,"href":"https:\/\/abaa.mx\/tienda\/wp-json\/wp\/v2\/product_cat?post=2562"},{"taxonomy":"product_tag","embeddable":true,"href":"https:\/\/abaa.mx\/tienda\/wp-json\/wp\/v2\/product_tag?post=2562"}],"curies":[{"name":"wp","href":"https:\/\/api.w.org\/{rel}","templated":true}]}}