{"id":2544,"date":"2023-09-21T21:18:18","date_gmt":"2023-09-21T21:18:18","guid":{"rendered":"https:\/\/abaa.mx\/tienda\/?post_type=product&#038;p=2544"},"modified":"2023-09-21T21:18:18","modified_gmt":"2023-09-21T21:18:18","slug":"testo-174h-mini-data-logger-temperatura-y-humedad","status":"publish","type":"product","link":"https:\/\/abaa.mx\/tienda\/testo-174h-mini-data-logger-temperatura-y-humedad\/","title":{"rendered":"testo 174h mini data logger temperatura y humedad"},"content":{"rendered":"<div class=\"span10\">\n<div class=\"mhide ipad-view-setting\">\n<div class=\"row-fluid ProductTabs\">\n<div class=\"span12\">\n<div class=\"tab-content\">\n<div id=\"tab0\" class=\"product-tabs tab-pane  active\">\n<p>Trabaje con un rango de temperatura de -20 a 70 \u00b0 C con este mini registrador de datos que tiene una gran pantalla y ofrece an\u00e1lisis y documentaci\u00f3n de datos r\u00e1pidos en una PC. Adem\u00e1s, este registrador de datos tiene el software gratuito ComSoft Basic para una programaci\u00f3n r\u00e1pida del registrador de datos y un f\u00e1cil an\u00e1lisis.<\/p>\n<p><strong>Funciones<\/strong><\/p>\n<ul>\n<li>Sensor de humedad estable a largo plazo<\/li>\n<li>Alta seguridad de datos<\/li>\n<li>Pantalla grande f\u00e1cil de leer que muestra la lectura actual y los l\u00edmites de medici\u00f3n excedidos<\/li>\n<li>Visualizaci\u00f3n de los valores actuales de temperatura o humedad<\/li>\n<li>Almac\u00e9n de datos de medici\u00f3n para 16.000 valores de medici\u00f3n<\/li>\n<li>An\u00e1lisis de datos y documentaci\u00f3n r\u00e1pidos en un PC<\/li>\n<li>Software profesional con funci\u00f3n de exportaci\u00f3n de Excel para programar el registrador y an\u00e1lisis de datos<\/li>\n<li>Copia de seguridad autom\u00e1tica de datos de medici\u00f3n cuando la bater\u00eda se agota o se cambia<\/li>\n<li>Bater\u00eda f\u00e1cil de cambiar<\/li>\n<li>Muestra infracciones de los valores l\u00edmite<\/li>\n<li>Rango de medici\u00f3n de temperatura de -20 a 70 \u00b0C<\/li>\n<li>Clase de protecci\u00f3n IP65<\/li>\n<li>Cumple con HACCP<\/li>\n<li>Sensor de termistor NTC de alta precisi\u00f3n para datos de medici\u00f3n fiables de temperatura y humedad<\/li>\n<\/ul>\n<p><strong>Monitoreo y documentaci\u00f3n del clima de los edificios<\/strong><\/p>\n<p>La temperatura y la humedad relativa son factores cruciales cuando se trata de evaluar la calidad del aire y los niveles de confort en \u00e1reas interiores, por ejemplo, en lugares de trabajo. Ambos valores pueden ser monitoreados y documentados a largo plazo utilizando registradores de datos.<br \/>\nTambi\u00e9n son muy adecuados para comprobar los sistemas de ventilaci\u00f3n o para evaluar cualquier humedad del edificio que se produzca.<br \/>\nEl uso de software especial permite que las configuraciones de medici\u00f3n se puedan llevar a cabo individualmente y los datos de medici\u00f3n registrados se puedan analizar y archivar.<\/p>\n<p><strong>Monitoreo y documentaci\u00f3n de temperatura y humedad de almacenamiento<\/strong><\/p>\n<p>El cumplimiento correcto de la temperatura de almacenamiento y la humedad es un requisito previo importante para el aseguramiento de la calidad de muchos productos, por ejemplo, en el \u00e1rea de productos alimenticios y farmac\u00e9uticos.<br \/>\nComo regla general, los registradores de datos se utilizan para hacer esto. Comprueban y documentan autom\u00e1ticamente el perfil de las condiciones ambientales y, por lo tanto, contribuyen de manera crucial a la preservaci\u00f3n verificable de la calidad del producto.<\/p>\n<p>Ver las infracciones de los valores l\u00edmite directamente en la pantalla significa que puede responder r\u00e1pidamente a las desviaciones de temperatura y humedad. Adem\u00e1s, con la ayuda del software de configuraci\u00f3n y lectura, se pueden llevar a cabo configuraciones de medici\u00f3n espec\u00edficas del cliente y los datos de medici\u00f3n registrados se pueden analizar y archivar.<\/p>\n<p><strong>Monitorizaci\u00f3n y documentaci\u00f3n de la temperatura y humedad del transporte<\/strong><\/p>\n<p>Para todos los productos que reaccionan sensiblemente a las fluctuaciones de temperatura y humedad o que deben almacenarse dentro de un rango predefinido, el registro ininterrumpido de los datos de medici\u00f3n y la documentaci\u00f3n desempe\u00f1an un papel importante.<br \/>\nLas condiciones incorrectas durante el transporte pueden conducir a grandes p\u00e9rdidas de calidad, incluida la p\u00e9rdida total de valor de los productos que requieren monitoreo.<\/p>\n<p>Utilizando un registrador de datos, se puede verificar que los env\u00edos cumplan con los rangos de temperatura y humedad especificados y los datos se pueden leer, analizar y archivar mediante un software especial.<\/p>\n<p><strong>Aplicaciones<\/strong><\/p>\n<ul>\n<li>Monitoreo y documentaci\u00f3n del clima de los edificios<\/li>\n<li>Monitoreo y documentaci\u00f3n de temperatura y humedad de almacenamiento<\/li>\n<li>Monitorizaci\u00f3n y documentaci\u00f3n de la temperatura y humedad del transporte<\/li>\n<\/ul>\n<h4>Testo 174H Especificaciones<\/h4>\n<table class=\"table table-striped\">\n<tbody>\n<tr>\n<td colspan=\"2\"><strong>Tipo de sensor (NTC)<\/strong><\/td>\n<\/tr>\n<tr>\n<td>Rango de medici\u00f3n<\/td>\n<td>-20 a 70\u00b0C<\/td>\n<\/tr>\n<tr>\n<td>Precisi\u00f3n \u00b11 d\u00edgito<\/td>\n<td>\u00b10,5 \u00b0C (-20 a 70 \u00b0C)<\/td>\n<\/tr>\n<tr>\n<td>Resoluci\u00f3n<\/td>\n<td>0.1\u00b0C<\/td>\n<\/tr>\n<tr>\n<td colspan=\"2\"><strong>Tipo de sensor Sensor de humedad capacitivo<\/strong><\/td>\n<\/tr>\n<tr>\n<td>Rango de medici\u00f3n<\/td>\n<td>0 a 100% HR<\/td>\n<\/tr>\n<tr>\n<td>Precisi\u00f3n \u00b11 d\u00edgito<\/td>\n<td>\u00b13% HR (2 a 98% HR)<br \/>\n\u00b10,03% HR\/K<\/td>\n<\/tr>\n<tr>\n<td>Resoluci\u00f3n<\/td>\n<td>0.1% HR<\/td>\n<\/tr>\n<tr>\n<td colspan=\"2\"><strong>Especificaciones generales<\/strong><\/td>\n<\/tr>\n<tr>\n<td>Canales<\/td>\n<td>2 x interno<\/td>\n<\/tr>\n<tr>\n<td>Temperatura<\/td>\n<td>En funcionamiento: -4 a 158 \u00b0F (-20 a 70 \u00b0C)Almacenamiento: -40 a 158 \u00b0F (-40 a 70 \u00b0C)<\/td>\n<\/tr>\n<tr>\n<td>Tasa de medici\u00f3n<\/td>\n<td>1 minuto a 24 horas<\/td>\n<\/tr>\n<tr>\n<td>Memoria<\/td>\n<td>16 lecturas<\/td>\n<\/tr>\n<tr>\n<td>Bater\u00edas<\/td>\n<td>2 x bater\u00edas<br \/>\nde litio Vida: Un a\u00f1o (ciclo de medici\u00f3n de 15 minutos, 25 \u00b0C)<\/td>\n<\/tr>\n<tr>\n<td>Clase de protecci\u00f3n<\/td>\n<td>IP20<\/td>\n<\/tr>\n<tr>\n<td>Dimensiones<\/td>\n<td>2,36 x 1,5 x 0,73&#8243; (60 x 38 x 18,5 mm)<\/td>\n<\/tr>\n<tr>\n<td>Peso<\/td>\n<td>0,08 libras (35 g)<\/td>\n<\/tr>\n<\/tbody>\n<\/table>\n<\/div>\n<\/div>\n<\/div>\n<\/div>\n<\/div>\n<\/div>\n","protected":false},"excerpt":{"rendered":"<p>Trabaje con un rango de temperatura de -20 a 70 \u00b0 C con este mini registrador de datos que tiene una gran pantalla y ofrece an\u00e1lisis y documentaci\u00f3n de datos r\u00e1pidos en una PC. Adem\u00e1s, este registrador de datos tiene el software gratuito ComSoft Basic para una programaci\u00f3n r\u00e1pida del registrador de datos y un f\u00e1cil an\u00e1lisis.<\/p>\n","protected":false},"featured_media":2545,"comment_status":"open","ping_status":"closed","template":"","meta":{"_joinchat":[]},"product_brand":[],"product_cat":[15],"product_tag":[],"class_list":{"0":"post-2544","1":"product","2":"type-product","3":"status-publish","4":"has-post-thumbnail","6":"product_cat-sin-categorizar","8":"first","9":"instock","10":"shipping-taxable","11":"product-type-simple"},"yoast_head":"<!-- This site is optimized with the Yoast SEO plugin v26.4 - https:\/\/yoast.com\/wordpress\/plugins\/seo\/ -->\n<title>testo 174h mini data logger temperatura y humedad - Abaa tienda online<\/title>\n<meta name=\"robots\" content=\"index, follow, max-snippet:-1, max-image-preview:large, max-video-preview:-1\" \/>\n<link rel=\"canonical\" href=\"https:\/\/abaa.mx\/tienda\/testo-174h-mini-data-logger-temperatura-y-humedad\/\" \/>\n<meta property=\"og:locale\" content=\"es_MX\" \/>\n<meta property=\"og:type\" content=\"article\" \/>\n<meta property=\"og:title\" content=\"testo 174h mini data logger temperatura y humedad - Abaa tienda online\" \/>\n<meta property=\"og:description\" content=\"Trabaje con un rango de temperatura de -20 a 70 \u00b0 C con este mini registrador de datos que tiene una gran pantalla y ofrece an\u00e1lisis y documentaci\u00f3n de datos r\u00e1pidos en una PC. Adem\u00e1s, este registrador de datos tiene el software gratuito ComSoft Basic para una programaci\u00f3n r\u00e1pida del registrador de datos y un f\u00e1cil an\u00e1lisis.\" \/>\n<meta property=\"og:url\" content=\"https:\/\/abaa.mx\/tienda\/testo-174h-mini-data-logger-temperatura-y-humedad\/\" \/>\n<meta property=\"og:site_name\" content=\"Abaa tienda online\" \/>\n<meta property=\"og:image\" content=\"https:\/\/abaa.mx\/tienda\/wp-content\/uploads\/2023\/09\/174H.jpg\" \/>\n\t<meta property=\"og:image:width\" content=\"270\" \/>\n\t<meta property=\"og:image:height\" content=\"409\" \/>\n\t<meta property=\"og:image:type\" content=\"image\/jpeg\" \/>\n<meta name=\"twitter:card\" content=\"summary_large_image\" \/>\n<meta name=\"twitter:label1\" content=\"Tiempo de lectura\" \/>\n\t<meta name=\"twitter:data1\" content=\"4 minutos\" \/>\n<script type=\"application\/ld+json\" class=\"yoast-schema-graph\">{\"@context\":\"https:\/\/schema.org\",\"@graph\":[{\"@type\":\"WebPage\",\"@id\":\"https:\/\/abaa.mx\/tienda\/testo-174h-mini-data-logger-temperatura-y-humedad\/\",\"url\":\"https:\/\/abaa.mx\/tienda\/testo-174h-mini-data-logger-temperatura-y-humedad\/\",\"name\":\"testo 174h mini data logger temperatura y humedad - Abaa tienda online\",\"isPartOf\":{\"@id\":\"https:\/\/abaa.mx\/tienda\/#website\"},\"primaryImageOfPage\":{\"@id\":\"https:\/\/abaa.mx\/tienda\/testo-174h-mini-data-logger-temperatura-y-humedad\/#primaryimage\"},\"image\":{\"@id\":\"https:\/\/abaa.mx\/tienda\/testo-174h-mini-data-logger-temperatura-y-humedad\/#primaryimage\"},\"thumbnailUrl\":\"https:\/\/abaa.mx\/tienda\/wp-content\/uploads\/2023\/09\/174H.jpg\",\"datePublished\":\"2023-09-21T21:18:18+00:00\",\"breadcrumb\":{\"@id\":\"https:\/\/abaa.mx\/tienda\/testo-174h-mini-data-logger-temperatura-y-humedad\/#breadcrumb\"},\"inLanguage\":\"es\",\"potentialAction\":[{\"@type\":\"ReadAction\",\"target\":[\"https:\/\/abaa.mx\/tienda\/testo-174h-mini-data-logger-temperatura-y-humedad\/\"]}]},{\"@type\":\"ImageObject\",\"inLanguage\":\"es\",\"@id\":\"https:\/\/abaa.mx\/tienda\/testo-174h-mini-data-logger-temperatura-y-humedad\/#primaryimage\",\"url\":\"https:\/\/abaa.mx\/tienda\/wp-content\/uploads\/2023\/09\/174H.jpg\",\"contentUrl\":\"https:\/\/abaa.mx\/tienda\/wp-content\/uploads\/2023\/09\/174H.jpg\",\"width\":270,\"height\":409,\"caption\":\"174H\"},{\"@type\":\"BreadcrumbList\",\"@id\":\"https:\/\/abaa.mx\/tienda\/testo-174h-mini-data-logger-temperatura-y-humedad\/#breadcrumb\",\"itemListElement\":[{\"@type\":\"ListItem\",\"position\":1,\"name\":\"Inicio\",\"item\":\"https:\/\/abaa.mx\/tienda\/\"},{\"@type\":\"ListItem\",\"position\":2,\"name\":\"Tienda\",\"item\":\"https:\/\/abaa.mx\/tienda\/\"},{\"@type\":\"ListItem\",\"position\":3,\"name\":\"testo 174h mini data logger temperatura y humedad\"}]},{\"@type\":\"WebSite\",\"@id\":\"https:\/\/abaa.mx\/tienda\/#website\",\"url\":\"https:\/\/abaa.mx\/tienda\/\",\"name\":\"Abaa tienda online\",\"description\":\"Instrumentos de medici\u00f3n\",\"publisher\":{\"@id\":\"https:\/\/abaa.mx\/tienda\/#organization\"},\"potentialAction\":[{\"@type\":\"SearchAction\",\"target\":{\"@type\":\"EntryPoint\",\"urlTemplate\":\"https:\/\/abaa.mx\/tienda\/?s={search_term_string}\"},\"query-input\":{\"@type\":\"PropertyValueSpecification\",\"valueRequired\":true,\"valueName\":\"search_term_string\"}}],\"inLanguage\":\"es\"},{\"@type\":\"Organization\",\"@id\":\"https:\/\/abaa.mx\/tienda\/#organization\",\"name\":\"Abaa tienda online\",\"url\":\"https:\/\/abaa.mx\/tienda\/\",\"logo\":{\"@type\":\"ImageObject\",\"inLanguage\":\"es\",\"@id\":\"https:\/\/abaa.mx\/tienda\/#\/schema\/logo\/image\/\",\"url\":\"https:\/\/abaa.mx\/tienda\/wp-content\/uploads\/2024\/01\/abaa-metrologia-tienda.png\",\"contentUrl\":\"https:\/\/abaa.mx\/tienda\/wp-content\/uploads\/2024\/01\/abaa-metrologia-tienda.png\",\"width\":300,\"height\":141,\"caption\":\"Abaa tienda online\"},\"image\":{\"@id\":\"https:\/\/abaa.mx\/tienda\/#\/schema\/logo\/image\/\"}}]}<\/script>\n<!-- \/ Yoast SEO plugin. -->","yoast_head_json":{"title":"testo 174h mini data logger temperatura y humedad - Abaa tienda online","robots":{"index":"index","follow":"follow","max-snippet":"max-snippet:-1","max-image-preview":"max-image-preview:large","max-video-preview":"max-video-preview:-1"},"canonical":"https:\/\/abaa.mx\/tienda\/testo-174h-mini-data-logger-temperatura-y-humedad\/","og_locale":"es_MX","og_type":"article","og_title":"testo 174h mini data logger temperatura y humedad - Abaa tienda online","og_description":"Trabaje con un rango de temperatura de -20 a 70 \u00b0 C con este mini registrador de datos que tiene una gran pantalla y ofrece an\u00e1lisis y documentaci\u00f3n de datos r\u00e1pidos en una PC. Adem\u00e1s, este registrador de datos tiene el software gratuito ComSoft Basic para una programaci\u00f3n r\u00e1pida del registrador de datos y un f\u00e1cil an\u00e1lisis.","og_url":"https:\/\/abaa.mx\/tienda\/testo-174h-mini-data-logger-temperatura-y-humedad\/","og_site_name":"Abaa tienda online","og_image":[{"width":270,"height":409,"url":"https:\/\/abaa.mx\/tienda\/wp-content\/uploads\/2023\/09\/174H.jpg","type":"image\/jpeg"}],"twitter_card":"summary_large_image","twitter_misc":{"Tiempo de lectura":"4 minutos"},"schema":{"@context":"https:\/\/schema.org","@graph":[{"@type":"WebPage","@id":"https:\/\/abaa.mx\/tienda\/testo-174h-mini-data-logger-temperatura-y-humedad\/","url":"https:\/\/abaa.mx\/tienda\/testo-174h-mini-data-logger-temperatura-y-humedad\/","name":"testo 174h mini data logger temperatura y humedad - Abaa tienda online","isPartOf":{"@id":"https:\/\/abaa.mx\/tienda\/#website"},"primaryImageOfPage":{"@id":"https:\/\/abaa.mx\/tienda\/testo-174h-mini-data-logger-temperatura-y-humedad\/#primaryimage"},"image":{"@id":"https:\/\/abaa.mx\/tienda\/testo-174h-mini-data-logger-temperatura-y-humedad\/#primaryimage"},"thumbnailUrl":"https:\/\/abaa.mx\/tienda\/wp-content\/uploads\/2023\/09\/174H.jpg","datePublished":"2023-09-21T21:18:18+00:00","breadcrumb":{"@id":"https:\/\/abaa.mx\/tienda\/testo-174h-mini-data-logger-temperatura-y-humedad\/#breadcrumb"},"inLanguage":"es","potentialAction":[{"@type":"ReadAction","target":["https:\/\/abaa.mx\/tienda\/testo-174h-mini-data-logger-temperatura-y-humedad\/"]}]},{"@type":"ImageObject","inLanguage":"es","@id":"https:\/\/abaa.mx\/tienda\/testo-174h-mini-data-logger-temperatura-y-humedad\/#primaryimage","url":"https:\/\/abaa.mx\/tienda\/wp-content\/uploads\/2023\/09\/174H.jpg","contentUrl":"https:\/\/abaa.mx\/tienda\/wp-content\/uploads\/2023\/09\/174H.jpg","width":270,"height":409,"caption":"174H"},{"@type":"BreadcrumbList","@id":"https:\/\/abaa.mx\/tienda\/testo-174h-mini-data-logger-temperatura-y-humedad\/#breadcrumb","itemListElement":[{"@type":"ListItem","position":1,"name":"Inicio","item":"https:\/\/abaa.mx\/tienda\/"},{"@type":"ListItem","position":2,"name":"Tienda","item":"https:\/\/abaa.mx\/tienda\/"},{"@type":"ListItem","position":3,"name":"testo 174h mini data logger temperatura y humedad"}]},{"@type":"WebSite","@id":"https:\/\/abaa.mx\/tienda\/#website","url":"https:\/\/abaa.mx\/tienda\/","name":"Abaa tienda online","description":"Instrumentos de medici\u00f3n","publisher":{"@id":"https:\/\/abaa.mx\/tienda\/#organization"},"potentialAction":[{"@type":"SearchAction","target":{"@type":"EntryPoint","urlTemplate":"https:\/\/abaa.mx\/tienda\/?s={search_term_string}"},"query-input":{"@type":"PropertyValueSpecification","valueRequired":true,"valueName":"search_term_string"}}],"inLanguage":"es"},{"@type":"Organization","@id":"https:\/\/abaa.mx\/tienda\/#organization","name":"Abaa tienda online","url":"https:\/\/abaa.mx\/tienda\/","logo":{"@type":"ImageObject","inLanguage":"es","@id":"https:\/\/abaa.mx\/tienda\/#\/schema\/logo\/image\/","url":"https:\/\/abaa.mx\/tienda\/wp-content\/uploads\/2024\/01\/abaa-metrologia-tienda.png","contentUrl":"https:\/\/abaa.mx\/tienda\/wp-content\/uploads\/2024\/01\/abaa-metrologia-tienda.png","width":300,"height":141,"caption":"Abaa tienda online"},"image":{"@id":"https:\/\/abaa.mx\/tienda\/#\/schema\/logo\/image\/"}}]}},"_links":{"self":[{"href":"https:\/\/abaa.mx\/tienda\/wp-json\/wp\/v2\/product\/2544","targetHints":{"allow":["GET"]}}],"collection":[{"href":"https:\/\/abaa.mx\/tienda\/wp-json\/wp\/v2\/product"}],"about":[{"href":"https:\/\/abaa.mx\/tienda\/wp-json\/wp\/v2\/types\/product"}],"replies":[{"embeddable":true,"href":"https:\/\/abaa.mx\/tienda\/wp-json\/wp\/v2\/comments?post=2544"}],"wp:featuredmedia":[{"embeddable":true,"href":"https:\/\/abaa.mx\/tienda\/wp-json\/wp\/v2\/media\/2545"}],"wp:attachment":[{"href":"https:\/\/abaa.mx\/tienda\/wp-json\/wp\/v2\/media?parent=2544"}],"wp:term":[{"taxonomy":"product_brand","embeddable":true,"href":"https:\/\/abaa.mx\/tienda\/wp-json\/wp\/v2\/product_brand?post=2544"},{"taxonomy":"product_cat","embeddable":true,"href":"https:\/\/abaa.mx\/tienda\/wp-json\/wp\/v2\/product_cat?post=2544"},{"taxonomy":"product_tag","embeddable":true,"href":"https:\/\/abaa.mx\/tienda\/wp-json\/wp\/v2\/product_tag?post=2544"}],"curies":[{"name":"wp","href":"https:\/\/api.w.org\/{rel}","templated":true}]}}