{"id":2525,"date":"2023-09-21T21:10:31","date_gmt":"2023-09-21T21:10:31","guid":{"rendered":"https:\/\/abaa.mx\/tienda\/?post_type=product&#038;p=2525"},"modified":"2023-09-21T21:10:32","modified_gmt":"2023-09-21T21:10:32","slug":"registrador-de-datos-de-temperatura-de-174-canal-testo-1t","status":"publish","type":"product","link":"https:\/\/abaa.mx\/tienda\/registrador-de-datos-de-temperatura-de-174-canal-testo-1t\/","title":{"rendered":"registrador de datos de temperatura de 174 canal testo 1t"},"content":{"rendered":"<p>El mini registrador de datos para temperatura, testo 174T, es ideal para acompa\u00f1ar transportes. Simplemente colocado cerca de las mercanc\u00edas, por ejemplo, en contenedores y c\u00e1maras frigor\u00edficas, el registrador de datos controla la temperatura de forma continua, segura y discreta. El software gratuito ComSoft Testo 174 permite una programaci\u00f3n r\u00e1pida del registrador de datos y un f\u00e1cil an\u00e1lisis.<\/p>\n<p>*El software de Testo (Comsoft) solo est\u00e1 disponible en PC y no en MAC.<\/p>\n<p><strong>Testo 174T Caracter\u00edsticas<\/strong><\/p>\n<ul>\n<li>Registrador de datos de temperatura de un solo canal<\/li>\n<li>Muestra la lectura actual, los valores m\u00e1ximos \/ m\u00ednimos, los valores l\u00edmite programados y la duraci\u00f3n de la bater\u00eda en d\u00edas<\/li>\n<li>Alta integridad de datos, incluso con la bater\u00eda vac\u00eda<\/li>\n<li>Gran memoria de datos de medici\u00f3n<\/li>\n<li>Estanco seg\u00fan IP65<\/li>\n<li>Compacto y robusto<\/li>\n<\/ul>\n<h4>Testo 174T datos t\u00e9cnicos<\/h4>\n<table class=\"table table-striped\">\n<tbody>\n<tr>\n<td>Memoria<\/td>\n<td>16.000 valores<\/td>\n<\/tr>\n<tr>\n<td>Temperatura de almacenamiento<\/td>\n<td>-40 hasta +70 \u00b0C<\/td>\n<\/tr>\n<tr>\n<td>Temperatura de funcionamiento<\/td>\n<td>-30 hasta +70 \u00b0C<\/td>\n<\/tr>\n<tr>\n<td>Tipo de bater\u00eda<\/td>\n<td>2 bater\u00edas de litio (CR2032)<\/td>\n<\/tr>\n<tr>\n<td>Dimensiones<\/td>\n<td>60 x 38 x 18,5 mm<\/td>\n<\/tr>\n<tr>\n<th colspan=\"2\">\n<h5>NTC<\/h5>\n<\/th>\n<\/tr>\n<tr>\n<td>Rango de medici\u00f3n<\/td>\n<td>-30 hasta +70 \u00b0C<\/td>\n<\/tr>\n<tr>\n<td>Exactitud<\/td>\n<td>\u00b10,5 \u00b0C (-30 a +70 \u00b0C)<\/td>\n<\/tr>\n<tr>\n<td>Resoluci\u00f3n<\/td>\n<td>0.1 \u00b0C<\/td>\n<\/tr>\n<\/tbody>\n<\/table>\n","protected":false},"excerpt":{"rendered":"<p>El mini registrador de datos para temperatura, testo 174T, es ideal para acompa\u00f1ar transportes. Simplemente colocado cerca de las mercanc\u00edas, por ejemplo, en contenedores y c\u00e1maras frigor\u00edficas, el registrador de datos controla la temperatura de forma continua, segura y discreta. El software gratuito ComSoft Testo 174 permite una programaci\u00f3n r\u00e1pida del registrador de datos y un f\u00e1cil an\u00e1lisis.<\/p>\n<p>*El software de Testo (Comsoft) solo est\u00e1 disponible en PC y no en MAC.<\/p>\n","protected":false},"featured_media":2536,"comment_status":"open","ping_status":"closed","template":"","meta":{"_joinchat":[]},"product_brand":[],"product_cat":[15],"product_tag":[],"class_list":{"0":"post-2525","1":"product","2":"type-product","3":"status-publish","4":"has-post-thumbnail","6":"product_cat-sin-categorizar","8":"first","9":"instock","10":"shipping-taxable","11":"product-type-simple"},"yoast_head":"<!-- This site is optimized with the Yoast SEO plugin v26.4 - https:\/\/yoast.com\/wordpress\/plugins\/seo\/ -->\n<title>registrador de datos de temperatura de 174 canal testo 1t - Abaa tienda online<\/title>\n<meta name=\"robots\" content=\"index, follow, max-snippet:-1, max-image-preview:large, max-video-preview:-1\" \/>\n<link rel=\"canonical\" href=\"https:\/\/abaa.mx\/tienda\/registrador-de-datos-de-temperatura-de-174-canal-testo-1t\/\" \/>\n<meta property=\"og:locale\" content=\"es_MX\" \/>\n<meta property=\"og:type\" content=\"article\" \/>\n<meta property=\"og:title\" content=\"registrador de datos de temperatura de 174 canal testo 1t - Abaa tienda online\" \/>\n<meta property=\"og:description\" content=\"El mini registrador de datos para temperatura, testo 174T, es ideal para acompa\u00f1ar transportes. Simplemente colocado cerca de las mercanc\u00edas, por ejemplo, en contenedores y c\u00e1maras frigor\u00edficas, el registrador de datos controla la temperatura de forma continua, segura y discreta. El software gratuito ComSoft Testo 174 permite una programaci\u00f3n r\u00e1pida del registrador de datos y un f\u00e1cil an\u00e1lisis.  *El software de Testo (Comsoft) solo est\u00e1 disponible en PC y no en MAC.\" \/>\n<meta property=\"og:url\" content=\"https:\/\/abaa.mx\/tienda\/registrador-de-datos-de-temperatura-de-174-canal-testo-1t\/\" \/>\n<meta property=\"og:site_name\" content=\"Abaa tienda online\" \/>\n<meta property=\"article:modified_time\" content=\"2023-09-21T21:10:32+00:00\" \/>\n<meta property=\"og:image\" content=\"https:\/\/abaa.mx\/tienda\/wp-content\/uploads\/2023\/09\/174T.jpg\" \/>\n\t<meta property=\"og:image:width\" content=\"270\" \/>\n\t<meta property=\"og:image:height\" content=\"421\" \/>\n\t<meta property=\"og:image:type\" content=\"image\/jpeg\" \/>\n<meta name=\"twitter:card\" content=\"summary_large_image\" \/>\n<meta name=\"twitter:label1\" content=\"Tiempo de lectura\" \/>\n\t<meta name=\"twitter:data1\" content=\"1 minuto\" \/>\n<script type=\"application\/ld+json\" class=\"yoast-schema-graph\">{\"@context\":\"https:\/\/schema.org\",\"@graph\":[{\"@type\":\"WebPage\",\"@id\":\"https:\/\/abaa.mx\/tienda\/registrador-de-datos-de-temperatura-de-174-canal-testo-1t\/\",\"url\":\"https:\/\/abaa.mx\/tienda\/registrador-de-datos-de-temperatura-de-174-canal-testo-1t\/\",\"name\":\"registrador de datos de temperatura de 174 canal testo 1t - Abaa tienda online\",\"isPartOf\":{\"@id\":\"https:\/\/abaa.mx\/tienda\/#website\"},\"primaryImageOfPage\":{\"@id\":\"https:\/\/abaa.mx\/tienda\/registrador-de-datos-de-temperatura-de-174-canal-testo-1t\/#primaryimage\"},\"image\":{\"@id\":\"https:\/\/abaa.mx\/tienda\/registrador-de-datos-de-temperatura-de-174-canal-testo-1t\/#primaryimage\"},\"thumbnailUrl\":\"https:\/\/abaa.mx\/tienda\/wp-content\/uploads\/2023\/09\/174T.jpg\",\"datePublished\":\"2023-09-21T21:10:31+00:00\",\"dateModified\":\"2023-09-21T21:10:32+00:00\",\"breadcrumb\":{\"@id\":\"https:\/\/abaa.mx\/tienda\/registrador-de-datos-de-temperatura-de-174-canal-testo-1t\/#breadcrumb\"},\"inLanguage\":\"es\",\"potentialAction\":[{\"@type\":\"ReadAction\",\"target\":[\"https:\/\/abaa.mx\/tienda\/registrador-de-datos-de-temperatura-de-174-canal-testo-1t\/\"]}]},{\"@type\":\"ImageObject\",\"inLanguage\":\"es\",\"@id\":\"https:\/\/abaa.mx\/tienda\/registrador-de-datos-de-temperatura-de-174-canal-testo-1t\/#primaryimage\",\"url\":\"https:\/\/abaa.mx\/tienda\/wp-content\/uploads\/2023\/09\/174T.jpg\",\"contentUrl\":\"https:\/\/abaa.mx\/tienda\/wp-content\/uploads\/2023\/09\/174T.jpg\",\"width\":270,\"height\":421,\"caption\":\"174T\"},{\"@type\":\"BreadcrumbList\",\"@id\":\"https:\/\/abaa.mx\/tienda\/registrador-de-datos-de-temperatura-de-174-canal-testo-1t\/#breadcrumb\",\"itemListElement\":[{\"@type\":\"ListItem\",\"position\":1,\"name\":\"Inicio\",\"item\":\"https:\/\/abaa.mx\/tienda\/\"},{\"@type\":\"ListItem\",\"position\":2,\"name\":\"Tienda\",\"item\":\"https:\/\/abaa.mx\/tienda\/\"},{\"@type\":\"ListItem\",\"position\":3,\"name\":\"registrador de datos de temperatura de 174 canal testo 1t\"}]},{\"@type\":\"WebSite\",\"@id\":\"https:\/\/abaa.mx\/tienda\/#website\",\"url\":\"https:\/\/abaa.mx\/tienda\/\",\"name\":\"Abaa tienda online\",\"description\":\"Instrumentos de medici\u00f3n\",\"publisher\":{\"@id\":\"https:\/\/abaa.mx\/tienda\/#organization\"},\"potentialAction\":[{\"@type\":\"SearchAction\",\"target\":{\"@type\":\"EntryPoint\",\"urlTemplate\":\"https:\/\/abaa.mx\/tienda\/?s={search_term_string}\"},\"query-input\":{\"@type\":\"PropertyValueSpecification\",\"valueRequired\":true,\"valueName\":\"search_term_string\"}}],\"inLanguage\":\"es\"},{\"@type\":\"Organization\",\"@id\":\"https:\/\/abaa.mx\/tienda\/#organization\",\"name\":\"Abaa tienda online\",\"url\":\"https:\/\/abaa.mx\/tienda\/\",\"logo\":{\"@type\":\"ImageObject\",\"inLanguage\":\"es\",\"@id\":\"https:\/\/abaa.mx\/tienda\/#\/schema\/logo\/image\/\",\"url\":\"https:\/\/abaa.mx\/tienda\/wp-content\/uploads\/2024\/01\/abaa-metrologia-tienda.png\",\"contentUrl\":\"https:\/\/abaa.mx\/tienda\/wp-content\/uploads\/2024\/01\/abaa-metrologia-tienda.png\",\"width\":300,\"height\":141,\"caption\":\"Abaa tienda online\"},\"image\":{\"@id\":\"https:\/\/abaa.mx\/tienda\/#\/schema\/logo\/image\/\"}}]}<\/script>\n<!-- \/ Yoast SEO plugin. -->","yoast_head_json":{"title":"registrador de datos de temperatura de 174 canal testo 1t - Abaa tienda online","robots":{"index":"index","follow":"follow","max-snippet":"max-snippet:-1","max-image-preview":"max-image-preview:large","max-video-preview":"max-video-preview:-1"},"canonical":"https:\/\/abaa.mx\/tienda\/registrador-de-datos-de-temperatura-de-174-canal-testo-1t\/","og_locale":"es_MX","og_type":"article","og_title":"registrador de datos de temperatura de 174 canal testo 1t - Abaa tienda online","og_description":"El mini registrador de datos para temperatura, testo 174T, es ideal para acompa\u00f1ar transportes. Simplemente colocado cerca de las mercanc\u00edas, por ejemplo, en contenedores y c\u00e1maras frigor\u00edficas, el registrador de datos controla la temperatura de forma continua, segura y discreta. El software gratuito ComSoft Testo 174 permite una programaci\u00f3n r\u00e1pida del registrador de datos y un f\u00e1cil an\u00e1lisis.  *El software de Testo (Comsoft) solo est\u00e1 disponible en PC y no en MAC.","og_url":"https:\/\/abaa.mx\/tienda\/registrador-de-datos-de-temperatura-de-174-canal-testo-1t\/","og_site_name":"Abaa tienda online","article_modified_time":"2023-09-21T21:10:32+00:00","og_image":[{"width":270,"height":421,"url":"https:\/\/abaa.mx\/tienda\/wp-content\/uploads\/2023\/09\/174T.jpg","type":"image\/jpeg"}],"twitter_card":"summary_large_image","twitter_misc":{"Tiempo de lectura":"1 minuto"},"schema":{"@context":"https:\/\/schema.org","@graph":[{"@type":"WebPage","@id":"https:\/\/abaa.mx\/tienda\/registrador-de-datos-de-temperatura-de-174-canal-testo-1t\/","url":"https:\/\/abaa.mx\/tienda\/registrador-de-datos-de-temperatura-de-174-canal-testo-1t\/","name":"registrador de datos de temperatura de 174 canal testo 1t - Abaa tienda online","isPartOf":{"@id":"https:\/\/abaa.mx\/tienda\/#website"},"primaryImageOfPage":{"@id":"https:\/\/abaa.mx\/tienda\/registrador-de-datos-de-temperatura-de-174-canal-testo-1t\/#primaryimage"},"image":{"@id":"https:\/\/abaa.mx\/tienda\/registrador-de-datos-de-temperatura-de-174-canal-testo-1t\/#primaryimage"},"thumbnailUrl":"https:\/\/abaa.mx\/tienda\/wp-content\/uploads\/2023\/09\/174T.jpg","datePublished":"2023-09-21T21:10:31+00:00","dateModified":"2023-09-21T21:10:32+00:00","breadcrumb":{"@id":"https:\/\/abaa.mx\/tienda\/registrador-de-datos-de-temperatura-de-174-canal-testo-1t\/#breadcrumb"},"inLanguage":"es","potentialAction":[{"@type":"ReadAction","target":["https:\/\/abaa.mx\/tienda\/registrador-de-datos-de-temperatura-de-174-canal-testo-1t\/"]}]},{"@type":"ImageObject","inLanguage":"es","@id":"https:\/\/abaa.mx\/tienda\/registrador-de-datos-de-temperatura-de-174-canal-testo-1t\/#primaryimage","url":"https:\/\/abaa.mx\/tienda\/wp-content\/uploads\/2023\/09\/174T.jpg","contentUrl":"https:\/\/abaa.mx\/tienda\/wp-content\/uploads\/2023\/09\/174T.jpg","width":270,"height":421,"caption":"174T"},{"@type":"BreadcrumbList","@id":"https:\/\/abaa.mx\/tienda\/registrador-de-datos-de-temperatura-de-174-canal-testo-1t\/#breadcrumb","itemListElement":[{"@type":"ListItem","position":1,"name":"Inicio","item":"https:\/\/abaa.mx\/tienda\/"},{"@type":"ListItem","position":2,"name":"Tienda","item":"https:\/\/abaa.mx\/tienda\/"},{"@type":"ListItem","position":3,"name":"registrador de datos de temperatura de 174 canal testo 1t"}]},{"@type":"WebSite","@id":"https:\/\/abaa.mx\/tienda\/#website","url":"https:\/\/abaa.mx\/tienda\/","name":"Abaa tienda online","description":"Instrumentos de medici\u00f3n","publisher":{"@id":"https:\/\/abaa.mx\/tienda\/#organization"},"potentialAction":[{"@type":"SearchAction","target":{"@type":"EntryPoint","urlTemplate":"https:\/\/abaa.mx\/tienda\/?s={search_term_string}"},"query-input":{"@type":"PropertyValueSpecification","valueRequired":true,"valueName":"search_term_string"}}],"inLanguage":"es"},{"@type":"Organization","@id":"https:\/\/abaa.mx\/tienda\/#organization","name":"Abaa tienda online","url":"https:\/\/abaa.mx\/tienda\/","logo":{"@type":"ImageObject","inLanguage":"es","@id":"https:\/\/abaa.mx\/tienda\/#\/schema\/logo\/image\/","url":"https:\/\/abaa.mx\/tienda\/wp-content\/uploads\/2024\/01\/abaa-metrologia-tienda.png","contentUrl":"https:\/\/abaa.mx\/tienda\/wp-content\/uploads\/2024\/01\/abaa-metrologia-tienda.png","width":300,"height":141,"caption":"Abaa tienda online"},"image":{"@id":"https:\/\/abaa.mx\/tienda\/#\/schema\/logo\/image\/"}}]}},"_links":{"self":[{"href":"https:\/\/abaa.mx\/tienda\/wp-json\/wp\/v2\/product\/2525","targetHints":{"allow":["GET"]}}],"collection":[{"href":"https:\/\/abaa.mx\/tienda\/wp-json\/wp\/v2\/product"}],"about":[{"href":"https:\/\/abaa.mx\/tienda\/wp-json\/wp\/v2\/types\/product"}],"replies":[{"embeddable":true,"href":"https:\/\/abaa.mx\/tienda\/wp-json\/wp\/v2\/comments?post=2525"}],"wp:featuredmedia":[{"embeddable":true,"href":"https:\/\/abaa.mx\/tienda\/wp-json\/wp\/v2\/media\/2536"}],"wp:attachment":[{"href":"https:\/\/abaa.mx\/tienda\/wp-json\/wp\/v2\/media?parent=2525"}],"wp:term":[{"taxonomy":"product_brand","embeddable":true,"href":"https:\/\/abaa.mx\/tienda\/wp-json\/wp\/v2\/product_brand?post=2525"},{"taxonomy":"product_cat","embeddable":true,"href":"https:\/\/abaa.mx\/tienda\/wp-json\/wp\/v2\/product_cat?post=2525"},{"taxonomy":"product_tag","embeddable":true,"href":"https:\/\/abaa.mx\/tienda\/wp-json\/wp\/v2\/product_tag?post=2525"}],"curies":[{"name":"wp","href":"https:\/\/api.w.org\/{rel}","templated":true}]}}