{"id":2520,"date":"2023-09-21T19:19:53","date_gmt":"2023-09-21T19:19:53","guid":{"rendered":"https:\/\/abaa.mx\/tienda\/?post_type=product&#038;p=2520"},"modified":"2023-11-27T20:04:47","modified_gmt":"2023-11-27T20:04:47","slug":"multimetro-digital-y-kit-de-unidad-de-prueba-fluke-117-prv240","status":"publish","type":"product","link":"https:\/\/abaa.mx\/tienda\/multimetro-digital-y-kit-de-unidad-de-prueba-fluke-117-prv240\/","title":{"rendered":"Mult\u00edmetro digital y kit de unidad de prueba fluke-117-prv240"},"content":{"rendered":"<p>&nbsp;<\/p>\n<p>Ideal para aplicaciones como edificios comerciales, hospitales y escuelas, este mult\u00edmetro viene equipado con True-RMS. Este instrumento ayuda a prevenir lecturas falsas causadas por voltaje fantasma debido a la detecci\u00f3n de voltaje sin contacto integrada, los voltios autom\u00e1ticos y las funciones LoZ. Adem\u00e1s, esta herramienta viene suministrada con lecturas m\u00ednimas \/ m\u00e1ximas \/ promedio y mide la frecuencia, la capacitancia y una interfaz f\u00e1cil de usar. Probado para un uso seguro en entornos CAT III 600 V y dise\u00f1ado en varias caracter\u00edsticas para que sea m\u00e1s f\u00e1cil y r\u00e1pido para usted obtener las mediciones que necesita.<\/p>\n<p>&nbsp;<\/p>\n<p><strong>Funciones:<\/strong><\/p>\n<ul>\n<li>Tecnolog\u00eda VoltAlert para la detecci\u00f3n de voltaje sin contacto.<\/li>\n<li>Selecci\u00f3n autom\u00e1tica de voltaje CA\/CC AutoVolt.<\/li>\n<li>LoZ: ayuda a prevenir lecturas falsas debido al voltaje fantasma.<\/li>\n<li>Gran retroiluminaci\u00f3n LED blanca para trabajar en \u00e1reas poco iluminadas.<\/li>\n<li>True-rms para mediciones precisas en cargas no lineales.<\/li>\n<li>Mide 10 A (sobrecarga de 20 A durante 30 segundos).<\/li>\n<li>Resistencia, continuidad, frecuencia y capacitancia.<\/li>\n<li>M\u00edn.\/m\u00e1x\/promedio para registrar las fluctuaciones de la se\u00f1al.<\/li>\n<li>Compatible con colgador magn\u00e9tico opcional (ToolPak) para funcionamiento manos libres.<\/li>\n<li>Preciso y f\u00e1cil de usar.<\/li>\n<li>Proporciona baja impedancia de entrada para ayudar a prevenir lecturas falsas debido al voltaje fantasma.<\/li>\n<li>CAT III 600 V con clasificaci\u00f3n de seguridad.<\/li>\n<\/ul>\n<p>&nbsp;<\/p>\n<p><strong>Aplicaciones<\/strong><\/p>\n<ul>\n<li>Edificios comerciales.<\/li>\n<li>Hospitales.<\/li>\n<li>Escuelas.<\/li>\n<\/ul>\n<p>&nbsp;<\/p>\n<h4 style=\"text-align: center;\">Fluke FLUKE-117\/PRV240<\/h4>\n<table class=\"table table-striped\">\n<tbody>\n<tr>\n<td colspan=\"2\"><strong>Mult\u00edmetro<\/strong><\/td>\n<\/tr>\n<tr>\n<td>Milivoltios de CC<\/td>\n<td>Rango: 600.0 mV Resoluci\u00f3n: 0.1 mV<\/p>\n<p>Precisi\u00f3n: \u00b10.5% de lectura + 2 recuentos<\/td>\n<\/tr>\n<tr>\n<td>Voltios DC<\/td>\n<td>Rango: 6.000 V, 60.00 V, 600.0 V Resoluci\u00f3n: 0.001 V, 0.01 V, 0.1 V<\/td>\n<\/tr>\n<tr>\n<td>Exactitud<\/td>\n<td>\u00b10.5% de lectura + 2 cuentas<\/td>\n<\/tr>\n<tr>\n<td>Continuidad<\/td>\n<td>Rango: 600 \u03a9<br \/>\nResoluci\u00f3n: 1 \u03a9<br \/>\nPrecisi\u00f3n: Beeper en &lt;20 &amp;ohm; apagado&gt; 250 \u03a9; Detecta aperturas o cortocircuitos de 500 \u03bcs o m\u00e1s<br \/>\nTensi\u00f3n m\u00e1xima entre cualquier terminal y tierra a tierra: 600 V<\/td>\n<\/tr>\n<tr>\n<td>Protecci\u00f3n contra sobretensiones<\/td>\n<td>Pico de 6 kV seg\u00fan IEC 61010-1 600 V CAT III, Grado de contaminaci\u00f3n 2<\/td>\n<\/tr>\n<tr>\n<td>Fusible para una entrada<\/td>\n<td>11 A, 1000 V FUSIBLE R\u00c1PIDO<\/td>\n<\/tr>\n<tr>\n<td>Monitor<\/td>\n<td>Digital: 6000 recuentos, actualizaciones 4\/seg<\/td>\n<\/tr>\n<tr>\n<td>Gr\u00e1fico de barras<\/td>\n<td>33 segmentos, actualizaciones 32\/seg<\/td>\n<\/tr>\n<tr>\n<td>Temperatura<\/td>\n<td>En funcionamiento: de 14 a 122 \u00b0C (10 a 50 \u00b0F) Almacenamiento: -40 a 140 \u00b0F (-40 a 60 \u00b0C)<\/td>\n<\/tr>\n<tr>\n<td colspan=\"2\"><strong>Unidad de prueba<\/strong><\/td>\n<\/tr>\n<tr>\n<td>Voltaje de salida: 240 V AC RMS o DC<\/td>\n<td>\u00b110 % \u22651 M\u03a9<\/td>\n<\/tr>\n<tr>\n<td>Voltaje de salida: carga LoZ &gt;3 k\u03a9<\/td>\n<td>60 V AC t\u00edpico; 50 V CA RMS m\u00ednimo<\/td>\n<\/tr>\n<tr>\n<td>Indicador LED de encendido<\/td>\n<td>Se enciende cuando el voltaje de salida est\u00e1 presente<\/td>\n<\/tr>\n<tr>\n<td>Bater\u00eda<\/td>\n<td>4 pilas alcalinas AA NEDA (24 A IEC LR03)<\/td>\n<\/tr>\n<tr>\n<td>Duraci\u00f3n de la bater\u00eda<\/td>\n<td>5000 ciclos de prueba (5 segundos de duraci\u00f3n) con carga de &gt;1 M\u03a9, 300 pruebas como m\u00ednimo con una carga de &gt;3 k\u03a9<\/td>\n<\/tr>\n<tr>\n<td>Temperatura de funcionamiento<\/td>\n<td>14 a 122\u00b0F (-10 a 50\u00b0C)<\/td>\n<\/tr>\n<tr>\n<td>Humedad de funcionamiento<\/td>\n<td>0 a 90% (0 a 35\u00b0C)<\/td>\n<\/tr>\n<tr>\n<td>Altitud de funcionamiento<\/td>\n<td>6561,68&#8242; (2000 m)<\/td>\n<\/tr>\n<tr>\n<td>Seguridad<\/td>\n<td>IEC61010-1, IEC61010-2-030<\/td>\n<\/tr>\n<tr>\n<td>Certificaci\u00f3n<\/td>\n<td>CSA-CUS, CE<\/td>\n<\/tr>\n<tr>\n<td>Dimensiones<\/td>\n<td>4,6 x 2,9 x 1,1&#8243; (11,7 x 7,4 x 2,8 cm)<\/td>\n<\/tr>\n<tr>\n<td>Peso<\/td>\n<td>8 oz (0,23 kg) incluye bater\u00edas<\/td>\n<\/tr>\n<\/tbody>\n<\/table>\n","protected":false},"excerpt":{"rendered":"<p>El mult\u00edmetro digital y el kit de unidad de prueba se pueden utilizar en varias mediciones. El mult\u00edmetro digital incluye detecci\u00f3n de voltaje sin contacto integrada y funciones Auto Volts y LoZ, mientras que la unidad de prueba verifica de manera f\u00e1cil y segura las herramientas de prueba. Esta combinaci\u00f3n es port\u00e1til y aporta precisi\u00f3n y seguridad en el lugar de trabajo.<\/p>\n","protected":false},"featured_media":2523,"comment_status":"open","ping_status":"closed","template":"","meta":{"_joinchat":[]},"product_brand":[],"product_cat":[15],"product_tag":[],"class_list":{"0":"post-2520","1":"product","2":"type-product","3":"status-publish","4":"has-post-thumbnail","6":"product_cat-sin-categorizar","8":"first","9":"instock","10":"shipping-taxable","11":"product-type-simple"},"yoast_head":"<!-- This site is optimized with the Yoast SEO plugin v26.4 - https:\/\/yoast.com\/wordpress\/plugins\/seo\/ -->\n<title>Mult\u00edmetro digital y kit de unidad de prueba fluke-117-prv240 - Abaa tienda online<\/title>\n<meta name=\"robots\" content=\"index, follow, max-snippet:-1, max-image-preview:large, max-video-preview:-1\" \/>\n<link rel=\"canonical\" href=\"https:\/\/abaa.mx\/tienda\/multimetro-digital-y-kit-de-unidad-de-prueba-fluke-117-prv240\/\" \/>\n<meta property=\"og:locale\" content=\"es_MX\" \/>\n<meta property=\"og:type\" content=\"article\" \/>\n<meta property=\"og:title\" content=\"Mult\u00edmetro digital y kit de unidad de prueba fluke-117-prv240 - Abaa tienda online\" \/>\n<meta property=\"og:description\" content=\"El mult\u00edmetro digital y el kit de unidad de prueba se pueden utilizar en varias mediciones. El mult\u00edmetro digital incluye detecci\u00f3n de voltaje sin contacto integrada y funciones Auto Volts y LoZ, mientras que la unidad de prueba verifica de manera f\u00e1cil y segura las herramientas de prueba. Esta combinaci\u00f3n es port\u00e1til y aporta precisi\u00f3n y seguridad en el lugar de trabajo.\" \/>\n<meta property=\"og:url\" content=\"https:\/\/abaa.mx\/tienda\/multimetro-digital-y-kit-de-unidad-de-prueba-fluke-117-prv240\/\" \/>\n<meta property=\"og:site_name\" content=\"Abaa tienda online\" \/>\n<meta property=\"article:modified_time\" content=\"2023-11-27T20:04:47+00:00\" \/>\n<meta property=\"og:image\" content=\"https:\/\/abaa.mx\/tienda\/wp-content\/uploads\/2023\/09\/FLUKE-117-PRV240.jpg\" \/>\n\t<meta property=\"og:image:width\" content=\"640\" \/>\n\t<meta property=\"og:image:height\" content=\"640\" \/>\n\t<meta property=\"og:image:type\" content=\"image\/jpeg\" \/>\n<meta name=\"twitter:card\" content=\"summary_large_image\" \/>\n<meta name=\"twitter:label1\" content=\"Tiempo de lectura\" \/>\n\t<meta name=\"twitter:data1\" content=\"3 minutos\" \/>\n<script type=\"application\/ld+json\" class=\"yoast-schema-graph\">{\"@context\":\"https:\/\/schema.org\",\"@graph\":[{\"@type\":\"WebPage\",\"@id\":\"https:\/\/abaa.mx\/tienda\/multimetro-digital-y-kit-de-unidad-de-prueba-fluke-117-prv240\/\",\"url\":\"https:\/\/abaa.mx\/tienda\/multimetro-digital-y-kit-de-unidad-de-prueba-fluke-117-prv240\/\",\"name\":\"Mult\u00edmetro digital y kit de unidad de prueba fluke-117-prv240 - Abaa tienda online\",\"isPartOf\":{\"@id\":\"https:\/\/abaa.mx\/tienda\/#website\"},\"primaryImageOfPage\":{\"@id\":\"https:\/\/abaa.mx\/tienda\/multimetro-digital-y-kit-de-unidad-de-prueba-fluke-117-prv240\/#primaryimage\"},\"image\":{\"@id\":\"https:\/\/abaa.mx\/tienda\/multimetro-digital-y-kit-de-unidad-de-prueba-fluke-117-prv240\/#primaryimage\"},\"thumbnailUrl\":\"https:\/\/abaa.mx\/tienda\/wp-content\/uploads\/2023\/09\/FLUKE-117-PRV240.jpg\",\"datePublished\":\"2023-09-21T19:19:53+00:00\",\"dateModified\":\"2023-11-27T20:04:47+00:00\",\"breadcrumb\":{\"@id\":\"https:\/\/abaa.mx\/tienda\/multimetro-digital-y-kit-de-unidad-de-prueba-fluke-117-prv240\/#breadcrumb\"},\"inLanguage\":\"es\",\"potentialAction\":[{\"@type\":\"ReadAction\",\"target\":[\"https:\/\/abaa.mx\/tienda\/multimetro-digital-y-kit-de-unidad-de-prueba-fluke-117-prv240\/\"]}]},{\"@type\":\"ImageObject\",\"inLanguage\":\"es\",\"@id\":\"https:\/\/abaa.mx\/tienda\/multimetro-digital-y-kit-de-unidad-de-prueba-fluke-117-prv240\/#primaryimage\",\"url\":\"https:\/\/abaa.mx\/tienda\/wp-content\/uploads\/2023\/09\/FLUKE-117-PRV240.jpg\",\"contentUrl\":\"https:\/\/abaa.mx\/tienda\/wp-content\/uploads\/2023\/09\/FLUKE-117-PRV240.jpg\",\"width\":640,\"height\":640,\"caption\":\"fluke-117-prv240\"},{\"@type\":\"BreadcrumbList\",\"@id\":\"https:\/\/abaa.mx\/tienda\/multimetro-digital-y-kit-de-unidad-de-prueba-fluke-117-prv240\/#breadcrumb\",\"itemListElement\":[{\"@type\":\"ListItem\",\"position\":1,\"name\":\"Inicio\",\"item\":\"https:\/\/abaa.mx\/tienda\/\"},{\"@type\":\"ListItem\",\"position\":2,\"name\":\"Tienda\",\"item\":\"https:\/\/abaa.mx\/tienda\/\"},{\"@type\":\"ListItem\",\"position\":3,\"name\":\"Mult\u00edmetro digital y kit de unidad de prueba fluke-117-prv240\"}]},{\"@type\":\"WebSite\",\"@id\":\"https:\/\/abaa.mx\/tienda\/#website\",\"url\":\"https:\/\/abaa.mx\/tienda\/\",\"name\":\"Abaa tienda online\",\"description\":\"Instrumentos de medici\u00f3n\",\"publisher\":{\"@id\":\"https:\/\/abaa.mx\/tienda\/#organization\"},\"potentialAction\":[{\"@type\":\"SearchAction\",\"target\":{\"@type\":\"EntryPoint\",\"urlTemplate\":\"https:\/\/abaa.mx\/tienda\/?s={search_term_string}\"},\"query-input\":{\"@type\":\"PropertyValueSpecification\",\"valueRequired\":true,\"valueName\":\"search_term_string\"}}],\"inLanguage\":\"es\"},{\"@type\":\"Organization\",\"@id\":\"https:\/\/abaa.mx\/tienda\/#organization\",\"name\":\"Abaa tienda online\",\"url\":\"https:\/\/abaa.mx\/tienda\/\",\"logo\":{\"@type\":\"ImageObject\",\"inLanguage\":\"es\",\"@id\":\"https:\/\/abaa.mx\/tienda\/#\/schema\/logo\/image\/\",\"url\":\"https:\/\/abaa.mx\/tienda\/wp-content\/uploads\/2024\/01\/abaa-metrologia-tienda.png\",\"contentUrl\":\"https:\/\/abaa.mx\/tienda\/wp-content\/uploads\/2024\/01\/abaa-metrologia-tienda.png\",\"width\":300,\"height\":141,\"caption\":\"Abaa tienda online\"},\"image\":{\"@id\":\"https:\/\/abaa.mx\/tienda\/#\/schema\/logo\/image\/\"}}]}<\/script>\n<!-- \/ Yoast SEO plugin. -->","yoast_head_json":{"title":"Mult\u00edmetro digital y kit de unidad de prueba fluke-117-prv240 - Abaa tienda online","robots":{"index":"index","follow":"follow","max-snippet":"max-snippet:-1","max-image-preview":"max-image-preview:large","max-video-preview":"max-video-preview:-1"},"canonical":"https:\/\/abaa.mx\/tienda\/multimetro-digital-y-kit-de-unidad-de-prueba-fluke-117-prv240\/","og_locale":"es_MX","og_type":"article","og_title":"Mult\u00edmetro digital y kit de unidad de prueba fluke-117-prv240 - Abaa tienda online","og_description":"El mult\u00edmetro digital y el kit de unidad de prueba se pueden utilizar en varias mediciones. El mult\u00edmetro digital incluye detecci\u00f3n de voltaje sin contacto integrada y funciones Auto Volts y LoZ, mientras que la unidad de prueba verifica de manera f\u00e1cil y segura las herramientas de prueba. Esta combinaci\u00f3n es port\u00e1til y aporta precisi\u00f3n y seguridad en el lugar de trabajo.","og_url":"https:\/\/abaa.mx\/tienda\/multimetro-digital-y-kit-de-unidad-de-prueba-fluke-117-prv240\/","og_site_name":"Abaa tienda online","article_modified_time":"2023-11-27T20:04:47+00:00","og_image":[{"width":640,"height":640,"url":"https:\/\/abaa.mx\/tienda\/wp-content\/uploads\/2023\/09\/FLUKE-117-PRV240.jpg","type":"image\/jpeg"}],"twitter_card":"summary_large_image","twitter_misc":{"Tiempo de lectura":"3 minutos"},"schema":{"@context":"https:\/\/schema.org","@graph":[{"@type":"WebPage","@id":"https:\/\/abaa.mx\/tienda\/multimetro-digital-y-kit-de-unidad-de-prueba-fluke-117-prv240\/","url":"https:\/\/abaa.mx\/tienda\/multimetro-digital-y-kit-de-unidad-de-prueba-fluke-117-prv240\/","name":"Mult\u00edmetro digital y kit de unidad de prueba fluke-117-prv240 - Abaa tienda online","isPartOf":{"@id":"https:\/\/abaa.mx\/tienda\/#website"},"primaryImageOfPage":{"@id":"https:\/\/abaa.mx\/tienda\/multimetro-digital-y-kit-de-unidad-de-prueba-fluke-117-prv240\/#primaryimage"},"image":{"@id":"https:\/\/abaa.mx\/tienda\/multimetro-digital-y-kit-de-unidad-de-prueba-fluke-117-prv240\/#primaryimage"},"thumbnailUrl":"https:\/\/abaa.mx\/tienda\/wp-content\/uploads\/2023\/09\/FLUKE-117-PRV240.jpg","datePublished":"2023-09-21T19:19:53+00:00","dateModified":"2023-11-27T20:04:47+00:00","breadcrumb":{"@id":"https:\/\/abaa.mx\/tienda\/multimetro-digital-y-kit-de-unidad-de-prueba-fluke-117-prv240\/#breadcrumb"},"inLanguage":"es","potentialAction":[{"@type":"ReadAction","target":["https:\/\/abaa.mx\/tienda\/multimetro-digital-y-kit-de-unidad-de-prueba-fluke-117-prv240\/"]}]},{"@type":"ImageObject","inLanguage":"es","@id":"https:\/\/abaa.mx\/tienda\/multimetro-digital-y-kit-de-unidad-de-prueba-fluke-117-prv240\/#primaryimage","url":"https:\/\/abaa.mx\/tienda\/wp-content\/uploads\/2023\/09\/FLUKE-117-PRV240.jpg","contentUrl":"https:\/\/abaa.mx\/tienda\/wp-content\/uploads\/2023\/09\/FLUKE-117-PRV240.jpg","width":640,"height":640,"caption":"fluke-117-prv240"},{"@type":"BreadcrumbList","@id":"https:\/\/abaa.mx\/tienda\/multimetro-digital-y-kit-de-unidad-de-prueba-fluke-117-prv240\/#breadcrumb","itemListElement":[{"@type":"ListItem","position":1,"name":"Inicio","item":"https:\/\/abaa.mx\/tienda\/"},{"@type":"ListItem","position":2,"name":"Tienda","item":"https:\/\/abaa.mx\/tienda\/"},{"@type":"ListItem","position":3,"name":"Mult\u00edmetro digital y kit de unidad de prueba fluke-117-prv240"}]},{"@type":"WebSite","@id":"https:\/\/abaa.mx\/tienda\/#website","url":"https:\/\/abaa.mx\/tienda\/","name":"Abaa tienda online","description":"Instrumentos de medici\u00f3n","publisher":{"@id":"https:\/\/abaa.mx\/tienda\/#organization"},"potentialAction":[{"@type":"SearchAction","target":{"@type":"EntryPoint","urlTemplate":"https:\/\/abaa.mx\/tienda\/?s={search_term_string}"},"query-input":{"@type":"PropertyValueSpecification","valueRequired":true,"valueName":"search_term_string"}}],"inLanguage":"es"},{"@type":"Organization","@id":"https:\/\/abaa.mx\/tienda\/#organization","name":"Abaa tienda online","url":"https:\/\/abaa.mx\/tienda\/","logo":{"@type":"ImageObject","inLanguage":"es","@id":"https:\/\/abaa.mx\/tienda\/#\/schema\/logo\/image\/","url":"https:\/\/abaa.mx\/tienda\/wp-content\/uploads\/2024\/01\/abaa-metrologia-tienda.png","contentUrl":"https:\/\/abaa.mx\/tienda\/wp-content\/uploads\/2024\/01\/abaa-metrologia-tienda.png","width":300,"height":141,"caption":"Abaa tienda online"},"image":{"@id":"https:\/\/abaa.mx\/tienda\/#\/schema\/logo\/image\/"}}]}},"_links":{"self":[{"href":"https:\/\/abaa.mx\/tienda\/wp-json\/wp\/v2\/product\/2520","targetHints":{"allow":["GET"]}}],"collection":[{"href":"https:\/\/abaa.mx\/tienda\/wp-json\/wp\/v2\/product"}],"about":[{"href":"https:\/\/abaa.mx\/tienda\/wp-json\/wp\/v2\/types\/product"}],"replies":[{"embeddable":true,"href":"https:\/\/abaa.mx\/tienda\/wp-json\/wp\/v2\/comments?post=2520"}],"wp:featuredmedia":[{"embeddable":true,"href":"https:\/\/abaa.mx\/tienda\/wp-json\/wp\/v2\/media\/2523"}],"wp:attachment":[{"href":"https:\/\/abaa.mx\/tienda\/wp-json\/wp\/v2\/media?parent=2520"}],"wp:term":[{"taxonomy":"product_brand","embeddable":true,"href":"https:\/\/abaa.mx\/tienda\/wp-json\/wp\/v2\/product_brand?post=2520"},{"taxonomy":"product_cat","embeddable":true,"href":"https:\/\/abaa.mx\/tienda\/wp-json\/wp\/v2\/product_cat?post=2520"},{"taxonomy":"product_tag","embeddable":true,"href":"https:\/\/abaa.mx\/tienda\/wp-json\/wp\/v2\/product_tag?post=2520"}],"curies":[{"name":"wp","href":"https:\/\/api.w.org\/{rel}","templated":true}]}}