{"id":2487,"date":"2023-09-21T17:39:30","date_gmt":"2023-09-21T17:39:30","guid":{"rendered":"https:\/\/abaa.mx\/tienda\/?post_type=product&#038;p=2487"},"modified":"2023-09-21T17:50:57","modified_gmt":"2023-09-21T17:50:57","slug":"pls-hgi180g-inserto-de-vidrio-de-carcasa-para-el-pls-180g","status":"publish","type":"product","link":"https:\/\/abaa.mx\/tienda\/pls-hgi180g-inserto-de-vidrio-de-carcasa-para-el-pls-180g\/","title":{"rendered":"pls hgi180g inserto de vidrio de carcasa para el pls 180g"},"content":{"rendered":"<p><strong>Vidrio de repuesto para el PLS 180G Cross Line Green Laser Level.<\/strong><\/p>\n<ul>\n<li>PLS HGI180G inserto de vidrio de carcasa para el PLS 180G\n<div class=\"a-column a-span6\">\n<div class=\"a-row a-spacing-base\">\n<div class=\"a-row a-expander-container a-expander-extend-container\">\n<div class=\"a-row\">\n<div class=\"a-column a-span6\">\n<h1 class=\"a-size-medium a-spacing-small\">Especificaciones t\u00e9cnicas<\/h1>\n<\/div>\n<\/div>\n<div class=\"a-expander-content a-expander-extend-content\" aria-expanded=\"true\">\n<div class=\"a-row a-expander-container a-expander-inline-container\">\n<div class=\"a-expander-content a-expander-section-content a-section-expander-inner\" aria-expanded=\"true\">\n<table id=\"productDetails_techSpec_section_1\" class=\"a-keyvalue prodDetTable\" role=\"presentation\">\n<tbody>\n<tr>\n<th class=\"a-color-secondary a-size-base prodDetSectionEntry\">Fabricante<\/th>\n<td class=\"a-size-base prodDetAttrValue\">\u200eFluke<\/td>\n<\/tr>\n<tr>\n<th class=\"a-color-secondary a-size-base prodDetSectionEntry\">N\u00famero de parte<\/th>\n<td class=\"a-size-base prodDetAttrValue\">\u200ePLS-HGI180G<\/td>\n<\/tr>\n<tr>\n<th class=\"a-color-secondary a-size-base prodDetSectionEntry\">Cantidad de paquetes de art\u00edculos<\/th>\n<td class=\"a-size-base prodDetAttrValue\">\u200e1<\/td>\n<\/tr>\n<tr>\n<th class=\"a-color-secondary a-size-base prodDetSectionEntry\">\u00bfSe necesitan bater\u00edas?<\/th>\n<td class=\"a-size-base prodDetAttrValue\">\u200eNo<\/td>\n<\/tr>\n<tr>\n<th class=\"a-color-secondary a-size-base prodDetSectionEntry\">Longitud<\/th>\n<td class=\"a-size-base prodDetAttrValue\">\u200e4,4 inches<\/td>\n<\/tr>\n<tr>\n<th class=\"a-color-secondary a-size-base prodDetSectionEntry\">Ancho<\/th>\n<td class=\"a-size-base prodDetAttrValue\">\u200e3 inches<\/td>\n<\/tr>\n<tr>\n<th class=\"a-color-secondary a-size-base prodDetSectionEntry\">Altura<\/th>\n<td class=\"a-size-base prodDetAttrValue\">\u200e3,2 inches<\/td>\n<\/tr>\n<\/tbody>\n<\/table>\n<\/div>\n<\/div>\n<\/div>\n<\/div>\n<\/div>\n<div class=\"a-row a-spacing-base\"><\/div>\n<\/div>\n<div class=\"a-column a-span6 a-span-last\">\n<div class=\"a-row a-spacing-base\">\n<div id=\"productDetails_db_sections\" class=\"a-section\">\n<h1 class=\"a-size-medium a-spacing-small secHeader\">Informaci\u00f3n adicional<\/h1>\n<div class=\"a-section table-padding\">\n<table id=\"productDetails_detailBullets_sections1\" class=\"a-keyvalue prodDetTable\" role=\"presentation\">\n<tbody>\n<tr>\n<th class=\"a-color-secondary a-size-base prodDetSectionEntry\">Dimensiones del producto<\/th>\n<td class=\"a-size-base prodDetAttrValue\">11,18 x 7,62 x 8,13 cm; 72 g<\/td>\n<\/tr>\n<tr>\n<th class=\"a-color-secondary a-size-base prodDetSectionEntry\">N\u00famero de modelo del producto<\/th>\n<td class=\"a-size-base prodDetAttrValue\">PLS-HGI180G<\/td>\n<\/tr>\n<tr>\n<th class=\"a-color-secondary a-size-base prodDetSectionEntry\">ASIN<\/th>\n<td class=\"a-size-base prodDetAttrValue\">B07QMDWBXV<\/td>\n<\/tr>\n<tr>\n<th class=\"a-color-secondary a-size-base prodDetSectionEntry\">Producto en Amazon.com.mx desde<\/th>\n<td class=\"a-size-base prodDetAttrValue\">22 abril 2019<\/td>\n<\/tr>\n<\/tbody>\n<\/table>\n<ul>\n<li>\n<h2>Descripci\u00f3n general del producto: Cristal de repuesto para PLS 180R<\/h2>\n<div id=\"overview-grid\">\n<div id=\"fluke-product-display-overview\">\n<div id=\"overview_content\">\n<p>Los niveles l\u00e1ser PLS son instrumentos duraderos de calidad profesional, dise\u00f1ados pensando en la fiabilidad y destinados a los entornos de construcci\u00f3n m\u00e1s exigentes. No obstante, incluso el cristal del nivel l\u00e1ser m\u00e1s robusto puede romperse si se deja caer desde una distancia suficientemente alta. Para seguir trabajando seg\u00fan lo previsto, Pacific Laser Systems, una empresa de Fluke, presenta los cristales de repuesto para niveles l\u00e1ser PLS, que permiten cambiar el cristal roto de un nivel l\u00e1ser r\u00e1pidamente sobre el terreno.<\/p>\n<p>Gracias a los nuevos cristales de repuesto PLS HGI, podr\u00e1 sustituir el cristal roto de un nivel l\u00e1ser PLS sobre el terreno con un simple destornillador de estrella, sin necesidad de llevarlo a reparar.<\/p>\n<p>Hay cristales de repuesto disponibles para los modelos 3R, 3G, 5R, 5G, 6R, 6G, 180R y 180G.<\/p>\n<\/div>\n<\/div>\n<\/div>\n<\/li>\n<\/ul>\n<\/div>\n<\/div>\n<\/div>\n<\/div>\n<\/li>\n<\/ul>\n","protected":false},"excerpt":{"rendered":"<p>Vidrio de repuesto para el PLS 180G Cross Line Green Laser Level.<\/p>\n","protected":false},"featured_media":2497,"comment_status":"open","ping_status":"closed","template":"","meta":{"_joinchat":[]},"product_brand":[],"product_cat":[15],"product_tag":[],"class_list":{"0":"post-2487","1":"product","2":"type-product","3":"status-publish","4":"has-post-thumbnail","6":"product_cat-sin-categorizar","8":"first","9":"instock","10":"shipping-taxable","11":"product-type-simple"},"yoast_head":"<!-- This site is optimized with the Yoast SEO plugin v26.4 - https:\/\/yoast.com\/wordpress\/plugins\/seo\/ -->\n<title>pls hgi180g inserto de vidrio de carcasa para el pls 180g - Abaa tienda online<\/title>\n<meta name=\"robots\" content=\"index, follow, max-snippet:-1, max-image-preview:large, max-video-preview:-1\" \/>\n<link rel=\"canonical\" href=\"https:\/\/abaa.mx\/tienda\/pls-hgi180g-inserto-de-vidrio-de-carcasa-para-el-pls-180g\/\" \/>\n<meta property=\"og:locale\" content=\"es_MX\" \/>\n<meta property=\"og:type\" content=\"article\" \/>\n<meta property=\"og:title\" content=\"pls hgi180g inserto de vidrio de carcasa para el pls 180g - Abaa tienda online\" \/>\n<meta property=\"og:description\" content=\"Vidrio de repuesto para el PLS 180G Cross Line Green Laser Level.\" \/>\n<meta property=\"og:url\" content=\"https:\/\/abaa.mx\/tienda\/pls-hgi180g-inserto-de-vidrio-de-carcasa-para-el-pls-180g\/\" \/>\n<meta property=\"og:site_name\" content=\"Abaa tienda online\" \/>\n<meta property=\"article:modified_time\" content=\"2023-09-21T17:50:57+00:00\" \/>\n<meta property=\"og:image\" content=\"https:\/\/abaa.mx\/tienda\/wp-content\/uploads\/2023\/09\/HGI180G.jpg\" \/>\n\t<meta property=\"og:image:width\" content=\"270\" \/>\n\t<meta property=\"og:image:height\" content=\"274\" \/>\n\t<meta property=\"og:image:type\" content=\"image\/jpeg\" \/>\n<meta name=\"twitter:card\" content=\"summary_large_image\" \/>\n<meta name=\"twitter:label1\" content=\"Tiempo de lectura\" \/>\n\t<meta name=\"twitter:data1\" content=\"2 minutos\" \/>\n<script type=\"application\/ld+json\" class=\"yoast-schema-graph\">{\"@context\":\"https:\/\/schema.org\",\"@graph\":[{\"@type\":\"WebPage\",\"@id\":\"https:\/\/abaa.mx\/tienda\/pls-hgi180g-inserto-de-vidrio-de-carcasa-para-el-pls-180g\/\",\"url\":\"https:\/\/abaa.mx\/tienda\/pls-hgi180g-inserto-de-vidrio-de-carcasa-para-el-pls-180g\/\",\"name\":\"pls hgi180g inserto de vidrio de carcasa para el pls 180g - Abaa tienda online\",\"isPartOf\":{\"@id\":\"https:\/\/abaa.mx\/tienda\/#website\"},\"primaryImageOfPage\":{\"@id\":\"https:\/\/abaa.mx\/tienda\/pls-hgi180g-inserto-de-vidrio-de-carcasa-para-el-pls-180g\/#primaryimage\"},\"image\":{\"@id\":\"https:\/\/abaa.mx\/tienda\/pls-hgi180g-inserto-de-vidrio-de-carcasa-para-el-pls-180g\/#primaryimage\"},\"thumbnailUrl\":\"https:\/\/abaa.mx\/tienda\/wp-content\/uploads\/2023\/09\/HGI180G.jpg\",\"datePublished\":\"2023-09-21T17:39:30+00:00\",\"dateModified\":\"2023-09-21T17:50:57+00:00\",\"breadcrumb\":{\"@id\":\"https:\/\/abaa.mx\/tienda\/pls-hgi180g-inserto-de-vidrio-de-carcasa-para-el-pls-180g\/#breadcrumb\"},\"inLanguage\":\"es\",\"potentialAction\":[{\"@type\":\"ReadAction\",\"target\":[\"https:\/\/abaa.mx\/tienda\/pls-hgi180g-inserto-de-vidrio-de-carcasa-para-el-pls-180g\/\"]}]},{\"@type\":\"ImageObject\",\"inLanguage\":\"es\",\"@id\":\"https:\/\/abaa.mx\/tienda\/pls-hgi180g-inserto-de-vidrio-de-carcasa-para-el-pls-180g\/#primaryimage\",\"url\":\"https:\/\/abaa.mx\/tienda\/wp-content\/uploads\/2023\/09\/HGI180G.jpg\",\"contentUrl\":\"https:\/\/abaa.mx\/tienda\/wp-content\/uploads\/2023\/09\/HGI180G.jpg\",\"width\":270,\"height\":274,\"caption\":\"HGI180G\"},{\"@type\":\"BreadcrumbList\",\"@id\":\"https:\/\/abaa.mx\/tienda\/pls-hgi180g-inserto-de-vidrio-de-carcasa-para-el-pls-180g\/#breadcrumb\",\"itemListElement\":[{\"@type\":\"ListItem\",\"position\":1,\"name\":\"Inicio\",\"item\":\"https:\/\/abaa.mx\/tienda\/\"},{\"@type\":\"ListItem\",\"position\":2,\"name\":\"Tienda\",\"item\":\"https:\/\/abaa.mx\/tienda\/\"},{\"@type\":\"ListItem\",\"position\":3,\"name\":\"pls hgi180g inserto de vidrio de carcasa para el pls 180g\"}]},{\"@type\":\"WebSite\",\"@id\":\"https:\/\/abaa.mx\/tienda\/#website\",\"url\":\"https:\/\/abaa.mx\/tienda\/\",\"name\":\"Abaa tienda online\",\"description\":\"Instrumentos de medici\u00f3n\",\"publisher\":{\"@id\":\"https:\/\/abaa.mx\/tienda\/#organization\"},\"potentialAction\":[{\"@type\":\"SearchAction\",\"target\":{\"@type\":\"EntryPoint\",\"urlTemplate\":\"https:\/\/abaa.mx\/tienda\/?s={search_term_string}\"},\"query-input\":{\"@type\":\"PropertyValueSpecification\",\"valueRequired\":true,\"valueName\":\"search_term_string\"}}],\"inLanguage\":\"es\"},{\"@type\":\"Organization\",\"@id\":\"https:\/\/abaa.mx\/tienda\/#organization\",\"name\":\"Abaa tienda online\",\"url\":\"https:\/\/abaa.mx\/tienda\/\",\"logo\":{\"@type\":\"ImageObject\",\"inLanguage\":\"es\",\"@id\":\"https:\/\/abaa.mx\/tienda\/#\/schema\/logo\/image\/\",\"url\":\"https:\/\/abaa.mx\/tienda\/wp-content\/uploads\/2024\/01\/abaa-metrologia-tienda.png\",\"contentUrl\":\"https:\/\/abaa.mx\/tienda\/wp-content\/uploads\/2024\/01\/abaa-metrologia-tienda.png\",\"width\":300,\"height\":141,\"caption\":\"Abaa tienda online\"},\"image\":{\"@id\":\"https:\/\/abaa.mx\/tienda\/#\/schema\/logo\/image\/\"}}]}<\/script>\n<!-- \/ Yoast SEO plugin. -->","yoast_head_json":{"title":"pls hgi180g inserto de vidrio de carcasa para el pls 180g - Abaa tienda online","robots":{"index":"index","follow":"follow","max-snippet":"max-snippet:-1","max-image-preview":"max-image-preview:large","max-video-preview":"max-video-preview:-1"},"canonical":"https:\/\/abaa.mx\/tienda\/pls-hgi180g-inserto-de-vidrio-de-carcasa-para-el-pls-180g\/","og_locale":"es_MX","og_type":"article","og_title":"pls hgi180g inserto de vidrio de carcasa para el pls 180g - Abaa tienda online","og_description":"Vidrio de repuesto para el PLS 180G Cross Line Green Laser Level.","og_url":"https:\/\/abaa.mx\/tienda\/pls-hgi180g-inserto-de-vidrio-de-carcasa-para-el-pls-180g\/","og_site_name":"Abaa tienda online","article_modified_time":"2023-09-21T17:50:57+00:00","og_image":[{"width":270,"height":274,"url":"https:\/\/abaa.mx\/tienda\/wp-content\/uploads\/2023\/09\/HGI180G.jpg","type":"image\/jpeg"}],"twitter_card":"summary_large_image","twitter_misc":{"Tiempo de lectura":"2 minutos"},"schema":{"@context":"https:\/\/schema.org","@graph":[{"@type":"WebPage","@id":"https:\/\/abaa.mx\/tienda\/pls-hgi180g-inserto-de-vidrio-de-carcasa-para-el-pls-180g\/","url":"https:\/\/abaa.mx\/tienda\/pls-hgi180g-inserto-de-vidrio-de-carcasa-para-el-pls-180g\/","name":"pls hgi180g inserto de vidrio de carcasa para el pls 180g - Abaa tienda online","isPartOf":{"@id":"https:\/\/abaa.mx\/tienda\/#website"},"primaryImageOfPage":{"@id":"https:\/\/abaa.mx\/tienda\/pls-hgi180g-inserto-de-vidrio-de-carcasa-para-el-pls-180g\/#primaryimage"},"image":{"@id":"https:\/\/abaa.mx\/tienda\/pls-hgi180g-inserto-de-vidrio-de-carcasa-para-el-pls-180g\/#primaryimage"},"thumbnailUrl":"https:\/\/abaa.mx\/tienda\/wp-content\/uploads\/2023\/09\/HGI180G.jpg","datePublished":"2023-09-21T17:39:30+00:00","dateModified":"2023-09-21T17:50:57+00:00","breadcrumb":{"@id":"https:\/\/abaa.mx\/tienda\/pls-hgi180g-inserto-de-vidrio-de-carcasa-para-el-pls-180g\/#breadcrumb"},"inLanguage":"es","potentialAction":[{"@type":"ReadAction","target":["https:\/\/abaa.mx\/tienda\/pls-hgi180g-inserto-de-vidrio-de-carcasa-para-el-pls-180g\/"]}]},{"@type":"ImageObject","inLanguage":"es","@id":"https:\/\/abaa.mx\/tienda\/pls-hgi180g-inserto-de-vidrio-de-carcasa-para-el-pls-180g\/#primaryimage","url":"https:\/\/abaa.mx\/tienda\/wp-content\/uploads\/2023\/09\/HGI180G.jpg","contentUrl":"https:\/\/abaa.mx\/tienda\/wp-content\/uploads\/2023\/09\/HGI180G.jpg","width":270,"height":274,"caption":"HGI180G"},{"@type":"BreadcrumbList","@id":"https:\/\/abaa.mx\/tienda\/pls-hgi180g-inserto-de-vidrio-de-carcasa-para-el-pls-180g\/#breadcrumb","itemListElement":[{"@type":"ListItem","position":1,"name":"Inicio","item":"https:\/\/abaa.mx\/tienda\/"},{"@type":"ListItem","position":2,"name":"Tienda","item":"https:\/\/abaa.mx\/tienda\/"},{"@type":"ListItem","position":3,"name":"pls hgi180g inserto de vidrio de carcasa para el pls 180g"}]},{"@type":"WebSite","@id":"https:\/\/abaa.mx\/tienda\/#website","url":"https:\/\/abaa.mx\/tienda\/","name":"Abaa tienda online","description":"Instrumentos de medici\u00f3n","publisher":{"@id":"https:\/\/abaa.mx\/tienda\/#organization"},"potentialAction":[{"@type":"SearchAction","target":{"@type":"EntryPoint","urlTemplate":"https:\/\/abaa.mx\/tienda\/?s={search_term_string}"},"query-input":{"@type":"PropertyValueSpecification","valueRequired":true,"valueName":"search_term_string"}}],"inLanguage":"es"},{"@type":"Organization","@id":"https:\/\/abaa.mx\/tienda\/#organization","name":"Abaa tienda online","url":"https:\/\/abaa.mx\/tienda\/","logo":{"@type":"ImageObject","inLanguage":"es","@id":"https:\/\/abaa.mx\/tienda\/#\/schema\/logo\/image\/","url":"https:\/\/abaa.mx\/tienda\/wp-content\/uploads\/2024\/01\/abaa-metrologia-tienda.png","contentUrl":"https:\/\/abaa.mx\/tienda\/wp-content\/uploads\/2024\/01\/abaa-metrologia-tienda.png","width":300,"height":141,"caption":"Abaa tienda online"},"image":{"@id":"https:\/\/abaa.mx\/tienda\/#\/schema\/logo\/image\/"}}]}},"_links":{"self":[{"href":"https:\/\/abaa.mx\/tienda\/wp-json\/wp\/v2\/product\/2487","targetHints":{"allow":["GET"]}}],"collection":[{"href":"https:\/\/abaa.mx\/tienda\/wp-json\/wp\/v2\/product"}],"about":[{"href":"https:\/\/abaa.mx\/tienda\/wp-json\/wp\/v2\/types\/product"}],"replies":[{"embeddable":true,"href":"https:\/\/abaa.mx\/tienda\/wp-json\/wp\/v2\/comments?post=2487"}],"wp:featuredmedia":[{"embeddable":true,"href":"https:\/\/abaa.mx\/tienda\/wp-json\/wp\/v2\/media\/2497"}],"wp:attachment":[{"href":"https:\/\/abaa.mx\/tienda\/wp-json\/wp\/v2\/media?parent=2487"}],"wp:term":[{"taxonomy":"product_brand","embeddable":true,"href":"https:\/\/abaa.mx\/tienda\/wp-json\/wp\/v2\/product_brand?post=2487"},{"taxonomy":"product_cat","embeddable":true,"href":"https:\/\/abaa.mx\/tienda\/wp-json\/wp\/v2\/product_cat?post=2487"},{"taxonomy":"product_tag","embeddable":true,"href":"https:\/\/abaa.mx\/tienda\/wp-json\/wp\/v2\/product_tag?post=2487"}],"curies":[{"name":"wp","href":"https:\/\/api.w.org\/{rel}","templated":true}]}}