{"id":2486,"date":"2023-09-21T17:36:23","date_gmt":"2023-09-21T17:36:23","guid":{"rendered":"https:\/\/abaa.mx\/tienda\/?post_type=product&#038;p=2486"},"modified":"2023-11-27T21:07:13","modified_gmt":"2023-11-27T21:07:13","slug":"fluke-t5-600-62-max-1ac-ii-probador-electrico-termometro-ir-y-kit-de-detector-de-voltaje","status":"publish","type":"product","link":"https:\/\/abaa.mx\/tienda\/fluke-t5-600-62-max-1ac-ii-probador-electrico-termometro-ir-y-kit-de-detector-de-voltaje\/","title":{"rendered":"fluke t5 &#8211; 600-62 max+-1ac &#8211; ii probador el\u00e9ctrico term\u00f3metro ir y kit de detector de voltaje"},"content":{"rendered":"<p>Una herramienta de soluci\u00f3n de problemas compacta ideal para entornos de hasta 600 V, este probador es para verificar el voltaje, la continuidad y la corriente. Seleccione voltios, ohmios o corriente, y el probador har\u00e1 el resto. Adem\u00e1s, este instrumento viene equipado con medici\u00f3n de corriente OpenJaw que permite a los usuarios verificar la corriente de hasta 100 A sin interrumpir el circuito.<\/p>\n<p>Las sondas de prueba desmontables SlimReach est\u00e1n personalizadas para los est\u00e1ndares el\u00e9ctricos nacionales. Adem\u00e1s, sus resistentes cables de prueba aceptan accesorios opcionales como clips y sondas especiales. Los cables de prueba se guardan cuidadosamente en la parte posterior del probador, lo que facilita su transporte en la bolsa de herramientas. Agregue la funda opcional y podr\u00e1 sujetar la herramienta a su cintur\u00f3n.<\/p>\n<p>&nbsp;<\/p>\n<p><strong>Funciones<\/strong><\/p>\n<ul>\n<li>Mide autom\u00e1ticamente voltios ac y voltios dc con resoluci\u00f3n digital precisa.<\/li>\n<li>Muestra resistencia a 1000 \u03a9.<\/li>\n<li>Medici\u00f3n de corriente OpenJaw f\u00e1cil y precisa.<\/li>\n<li>Beeper de continuidad.<\/li>\n<li>Dise\u00f1o compacto con almacenamiento de sonda ordenado.<\/li>\n<li>Lo suficientemente resistente como para soportar una ca\u00edda de 9 m (8,3 pies).<\/li>\n<li>Las puntas de sonda SlimReach desmontables est\u00e1n personalizadas para los est\u00e1ndares el\u00e9ctricos nacionales.<\/li>\n<li>Los cables de prueba aceptan clips de prueba de accesorios de Fluke.<\/li>\n<li>Categor\u00eda de sobretensi\u00f3n: 600 V ac\/dc, CAT III.<\/li>\n<li>Permanezca conectado mucho m\u00e1s tiempo que el probador de tipo solenoide.<\/li>\n<li>Modo de apagado autom\u00e1tico para conservar la vida \u00fatil de la bater\u00eda.<\/li>\n<li>La funda opcional se fija a una correa y guarda cuidadosamente los cables de prueba.<\/li>\n<li>Todas las entradas est\u00e1n protegidas con clasificaci\u00f3n EN61010-1 CAT III 600 V. UL, CSA.<\/li>\n<\/ul>\n<p>&nbsp;<\/p>\n<p><strong>Funciones:<\/strong><\/p>\n<ul>\n<li>Resistente al polvo y al agua, clasificaci\u00f3n IP54.<\/li>\n<li>Resistente prueba de ca\u00edda de 9,8&#8242; (3 m).<\/li>\n<li>Dise\u00f1o ergon\u00f3mico para un ajuste m\u00e1s natural de la mano.<\/li>\n<li>Peque\u00f1o y ligero; Se engancha a su cintur\u00f3n de herramientas o al lazo del cintur\u00f3n o cabe f\u00e1cilmente en su caja de herramientas.<\/li>\n<li>Distancia al lugar; La tecnolog\u00eda l\u00e1ser precisa permite mediciones m\u00e1s precisas y repetibles.<\/li>\n<li>L\u00e1seres duales; Viene equipado con l\u00e1seres giratorios duales para ayudarlo a identificar el \u00e1rea a medir, el \u00e1rea de medici\u00f3n es el punto entre los puntos.<\/li>\n<li>La gran pantalla retroiluminada facilita la lectura de los datos, incluso en \u00e1reas oscuras.<\/li>\n<li>Muestra la temperatura m\u00ednima, m\u00e1xima o media, o la diferencia entre dos mediciones.<\/li>\n<li>Alarmas altas y bajas para una visualizaci\u00f3n r\u00e1pida de las mediciones fuera de los l\u00edmites.<\/li>\n<li>Alimentado por una sola bater\u00eda AA est\u00e1ndar.<\/li>\n<\/ul>\n<p>&nbsp;<\/p>\n<p><strong>Detector de voltaje de CA Fluke 1AC-A1-II<\/strong><\/p>\n<p>F\u00e1cil de llevar en el bolsillo de su camisa y con autocomprobaci\u00f3n continua para que siempre sepa que est\u00e1 funcionando, este detector de voltaje sin contacto le permite probar r\u00e1pidamente los circuitos energizados en el lugar de trabajo o en el hogar.<\/p>\n<p>&nbsp;<\/p>\n<p><strong>Funciones<\/strong><\/p>\n<ul>\n<li>Detecci\u00f3n de voltaje de 90 V a 1000 V ac o 200 V a 1000 V ac.<\/li>\n<li>Robusto y fiable.<\/li>\n<\/ul>\n<p>&nbsp;<\/p>\n<h4>Especificaciones del Fluke T5-600\/62-MAX+\/1AC<\/h4>\n<table class=\"table table-striped\">\n<tbody>\n<tr>\n<td colspan=\"2\"><strong>Especificaciones generales<\/strong><\/td>\n<\/tr>\n<tr>\n<td>Apertura de la mand\u00edbula<\/td>\n<td>0,5 mm (12,9&#8243;)<\/td>\n<\/tr>\n<tr>\n<td>Tama\u00f1o m\u00e1ximo de alambre<\/td>\n<td>Cable THHN 1\/0<\/td>\n<\/tr>\n<tr>\n<td>Rango de corriente AC RMS<\/td>\n<td>De 0 a 100,0 A<\/td>\n<\/tr>\n<tr>\n<td>Precisi\u00f3n de corriente alterna (50\/60 Hz)<\/td>\n<td>3% \u00b1 3 recuentos<\/td>\n<\/tr>\n<tr>\n<td>Respuesta AC<\/td>\n<td>Promedio<\/td>\n<\/tr>\n<tr>\n<td>Rango de voltaje AC<\/td>\n<td>0 a 600 V<\/td>\n<\/tr>\n<tr>\n<td>Precisi\u00f3n de voltaje de CA<\/td>\n<td>1.5% \u00b1 2 cuentas<\/td>\n<\/tr>\n<tr>\n<td>Rango de voltaje DC<\/td>\n<td>0 a 600 V<\/td>\n<\/tr>\n<tr>\n<td>Precisi\u00f3n de voltaje de CC<\/td>\n<td>1% \u00b1 1 recuento<\/td>\n<\/tr>\n<tr>\n<td>Rango de resistencia<\/td>\n<td>0 a 1000 \u03a9<\/td>\n<\/tr>\n<tr>\n<td>Umbral de pitido de continuidad<\/td>\n<td>Encendido a las &lt;25 \u03a9, apagado a &gt;400 \u03a9<\/td>\n<\/tr>\n<tr>\n<td>Umbral LED indicador de voltios<\/td>\n<td>Garantizado por 30 V AC<\/td>\n<\/tr>\n<tr>\n<td colspan=\"2\"><strong>Especificaciones ambientales<\/strong><\/td>\n<\/tr>\n<tr>\n<td>Temperatura de funcionamiento<\/td>\n<td>50 a 122\u00b0F (10 a 50\u00b0C)<\/td>\n<\/tr>\n<tr>\n<td>Temperatura de almacenamiento<\/td>\n<td>-22 a 140\u00b0F (-30 a 60\u00b0C)<\/td>\n<\/tr>\n<tr>\n<td>Humedad (sin condensaci\u00f3n)<\/td>\n<td>0 a 95% a 41 a 86\u00b0F (5 a 30\u00b0C) 0 a 75% a 86 a 104\u00b0F (30 a 40\u00b0C) 0 a 45% a 104 \u00b0F a 122 a 40\u00b0F (50 a &lt;&gt;\u00b0C)<\/td>\n<\/tr>\n<tr>\n<td>Resistencia al polvo\/agua<\/td>\n<td>S\u00ed<\/td>\n<\/tr>\n<tr>\n<td>Altitud de funcionamiento<\/td>\n<td>6561,7&#8242; (2000 m)<\/td>\n<\/tr>\n<tr>\n<td>Coeficiente de temperatura<\/td>\n<td>0,1 x (precisi\u00f3n especificada)\/\u00b0C (&lt;18 \u00b0C o &gt;28 \u00b0C)<\/td>\n<\/tr>\n<tr>\n<td colspan=\"2\"><strong>Especificaciones de seguridad<\/strong><\/td>\n<\/tr>\n<tr>\n<td>Categor\u00eda de sobretensi\u00f3n<\/td>\n<td>CAT III 600 V CA\/CC (EN61010-1)<\/td>\n<\/tr>\n<tr>\n<td>Aprobaciones de agencias<\/td>\n<td>CSA, TUV y CE<\/td>\n<\/tr>\n<tr>\n<td>Voltaje m\u00e1ximo<\/td>\n<td>Entre cualquier terminal y tierra<\/td>\n<\/tr>\n<tr>\n<td colspan=\"2\"><strong>Especificaciones mec\u00e1nicas<\/strong><\/td>\n<\/tr>\n<tr>\n<td>Ciclo de calibraci\u00f3n<\/td>\n<td>Un a\u00f1o<\/td>\n<\/tr>\n<tr>\n<td>Apertura del sensor de corriente<\/td>\n<td>0,5 mm (12,9&#8243;)<\/td>\n<\/tr>\n<tr>\n<td>Indicador de bater\u00eda baja<\/td>\n<td>S\u00ed<\/td>\n<\/tr>\n<tr>\n<td>Tipo de bater\u00eda<\/td>\n<td>2 pilas AA<\/td>\n<\/tr>\n<tr>\n<td>Duraci\u00f3n de la bater\u00eda<\/td>\n<td>Cloruro de zinc de 200 horas, alcalino de 400 horas<\/td>\n<\/tr>\n<tr>\n<td>Dimensiones<\/td>\n<td>1,2 x 2 x 8&#8243; (30,5 x 51 x 203 mm)<\/td>\n<\/tr>\n<tr>\n<td>Peso<\/td>\n<td>0,66 lb (300 g)<\/td>\n<\/tr>\n<\/tbody>\n<\/table>\n","protected":false},"excerpt":{"rendered":"<p>Una herramienta de soluci\u00f3n de problemas compacta ideal para entornos de hasta 600 V, este probador es para verificar el voltaje, la continuidad y la corriente. Seleccione voltios, ohmios o corriente, y el probador har\u00e1 el resto. Adem\u00e1s, este instrumento viene equipado con medici\u00f3n de corriente OpenJaw que permite a los usuarios verificar la corriente de hasta 100 A sin interrumpir el circuito.<\/p>\n<p>&nbsp;<\/p>\n","protected":false},"featured_media":2494,"comment_status":"open","ping_status":"closed","template":"","meta":{"_joinchat":[]},"product_brand":[],"product_cat":[15],"product_tag":[],"class_list":{"0":"post-2486","1":"product","2":"type-product","3":"status-publish","4":"has-post-thumbnail","6":"product_cat-sin-categorizar","8":"first","9":"instock","10":"shipping-taxable","11":"product-type-simple"},"yoast_head":"<!-- This site is optimized with the Yoast SEO plugin v26.4 - https:\/\/yoast.com\/wordpress\/plugins\/seo\/ -->\n<title>fluke t5 - 600-62 max+-1ac - ii probador el\u00e9ctrico term\u00f3metro ir y kit de detector de voltaje - Abaa tienda online<\/title>\n<meta name=\"robots\" content=\"index, follow, max-snippet:-1, max-image-preview:large, max-video-preview:-1\" \/>\n<link rel=\"canonical\" href=\"https:\/\/abaa.mx\/tienda\/fluke-t5-600-62-max-1ac-ii-probador-electrico-termometro-ir-y-kit-de-detector-de-voltaje\/\" \/>\n<meta property=\"og:locale\" content=\"es_MX\" \/>\n<meta property=\"og:type\" content=\"article\" \/>\n<meta property=\"og:title\" content=\"fluke t5 - 600-62 max+-1ac - ii probador el\u00e9ctrico term\u00f3metro ir y kit de detector de voltaje - Abaa tienda online\" \/>\n<meta property=\"og:description\" content=\"Una herramienta de soluci\u00f3n de problemas compacta ideal para entornos de hasta 600 V, este probador es para verificar el voltaje, la continuidad y la corriente. Seleccione voltios, ohmios o corriente, y el probador har\u00e1 el resto. Adem\u00e1s, este instrumento viene equipado con medici\u00f3n de corriente OpenJaw que permite a los usuarios verificar la corriente de hasta 100 A sin interrumpir el circuito.  &nbsp;\" \/>\n<meta property=\"og:url\" content=\"https:\/\/abaa.mx\/tienda\/fluke-t5-600-62-max-1ac-ii-probador-electrico-termometro-ir-y-kit-de-detector-de-voltaje\/\" \/>\n<meta property=\"og:site_name\" content=\"Abaa tienda online\" \/>\n<meta property=\"article:modified_time\" content=\"2023-11-27T21:07:13+00:00\" \/>\n<meta property=\"og:image\" content=\"https:\/\/abaa.mx\/tienda\/wp-content\/uploads\/2023\/09\/T5-600-62-MAX-1AC.jpg\" \/>\n\t<meta property=\"og:image:width\" content=\"270\" \/>\n\t<meta property=\"og:image:height\" content=\"270\" \/>\n\t<meta property=\"og:image:type\" content=\"image\/jpeg\" \/>\n<meta name=\"twitter:card\" content=\"summary_large_image\" \/>\n<meta name=\"twitter:label1\" content=\"Tiempo de lectura\" \/>\n\t<meta name=\"twitter:data1\" content=\"4 minutos\" \/>\n<script type=\"application\/ld+json\" class=\"yoast-schema-graph\">{\"@context\":\"https:\/\/schema.org\",\"@graph\":[{\"@type\":\"WebPage\",\"@id\":\"https:\/\/abaa.mx\/tienda\/fluke-t5-600-62-max-1ac-ii-probador-electrico-termometro-ir-y-kit-de-detector-de-voltaje\/\",\"url\":\"https:\/\/abaa.mx\/tienda\/fluke-t5-600-62-max-1ac-ii-probador-electrico-termometro-ir-y-kit-de-detector-de-voltaje\/\",\"name\":\"fluke t5 - 600-62 max+-1ac - ii probador el\u00e9ctrico term\u00f3metro ir y kit de detector de voltaje - Abaa tienda online\",\"isPartOf\":{\"@id\":\"https:\/\/abaa.mx\/tienda\/#website\"},\"primaryImageOfPage\":{\"@id\":\"https:\/\/abaa.mx\/tienda\/fluke-t5-600-62-max-1ac-ii-probador-electrico-termometro-ir-y-kit-de-detector-de-voltaje\/#primaryimage\"},\"image\":{\"@id\":\"https:\/\/abaa.mx\/tienda\/fluke-t5-600-62-max-1ac-ii-probador-electrico-termometro-ir-y-kit-de-detector-de-voltaje\/#primaryimage\"},\"thumbnailUrl\":\"https:\/\/abaa.mx\/tienda\/wp-content\/uploads\/2023\/09\/T5-600-62-MAX-1AC.jpg\",\"datePublished\":\"2023-09-21T17:36:23+00:00\",\"dateModified\":\"2023-11-27T21:07:13+00:00\",\"breadcrumb\":{\"@id\":\"https:\/\/abaa.mx\/tienda\/fluke-t5-600-62-max-1ac-ii-probador-electrico-termometro-ir-y-kit-de-detector-de-voltaje\/#breadcrumb\"},\"inLanguage\":\"es\",\"potentialAction\":[{\"@type\":\"ReadAction\",\"target\":[\"https:\/\/abaa.mx\/tienda\/fluke-t5-600-62-max-1ac-ii-probador-electrico-termometro-ir-y-kit-de-detector-de-voltaje\/\"]}]},{\"@type\":\"ImageObject\",\"inLanguage\":\"es\",\"@id\":\"https:\/\/abaa.mx\/tienda\/fluke-t5-600-62-max-1ac-ii-probador-electrico-termometro-ir-y-kit-de-detector-de-voltaje\/#primaryimage\",\"url\":\"https:\/\/abaa.mx\/tienda\/wp-content\/uploads\/2023\/09\/T5-600-62-MAX-1AC.jpg\",\"contentUrl\":\"https:\/\/abaa.mx\/tienda\/wp-content\/uploads\/2023\/09\/T5-600-62-MAX-1AC.jpg\",\"width\":270,\"height\":270,\"caption\":\"T5-600-62-MAX+-1AC\"},{\"@type\":\"BreadcrumbList\",\"@id\":\"https:\/\/abaa.mx\/tienda\/fluke-t5-600-62-max-1ac-ii-probador-electrico-termometro-ir-y-kit-de-detector-de-voltaje\/#breadcrumb\",\"itemListElement\":[{\"@type\":\"ListItem\",\"position\":1,\"name\":\"Inicio\",\"item\":\"https:\/\/abaa.mx\/tienda\/\"},{\"@type\":\"ListItem\",\"position\":2,\"name\":\"Tienda\",\"item\":\"https:\/\/abaa.mx\/tienda\/\"},{\"@type\":\"ListItem\",\"position\":3,\"name\":\"fluke t5 &#8211; 600-62 max+-1ac &#8211; ii probador el\u00e9ctrico term\u00f3metro ir y kit de detector de voltaje\"}]},{\"@type\":\"WebSite\",\"@id\":\"https:\/\/abaa.mx\/tienda\/#website\",\"url\":\"https:\/\/abaa.mx\/tienda\/\",\"name\":\"Abaa tienda online\",\"description\":\"Instrumentos de medici\u00f3n\",\"publisher\":{\"@id\":\"https:\/\/abaa.mx\/tienda\/#organization\"},\"potentialAction\":[{\"@type\":\"SearchAction\",\"target\":{\"@type\":\"EntryPoint\",\"urlTemplate\":\"https:\/\/abaa.mx\/tienda\/?s={search_term_string}\"},\"query-input\":{\"@type\":\"PropertyValueSpecification\",\"valueRequired\":true,\"valueName\":\"search_term_string\"}}],\"inLanguage\":\"es\"},{\"@type\":\"Organization\",\"@id\":\"https:\/\/abaa.mx\/tienda\/#organization\",\"name\":\"Abaa tienda online\",\"url\":\"https:\/\/abaa.mx\/tienda\/\",\"logo\":{\"@type\":\"ImageObject\",\"inLanguage\":\"es\",\"@id\":\"https:\/\/abaa.mx\/tienda\/#\/schema\/logo\/image\/\",\"url\":\"https:\/\/abaa.mx\/tienda\/wp-content\/uploads\/2024\/01\/abaa-metrologia-tienda.png\",\"contentUrl\":\"https:\/\/abaa.mx\/tienda\/wp-content\/uploads\/2024\/01\/abaa-metrologia-tienda.png\",\"width\":300,\"height\":141,\"caption\":\"Abaa tienda online\"},\"image\":{\"@id\":\"https:\/\/abaa.mx\/tienda\/#\/schema\/logo\/image\/\"}}]}<\/script>\n<!-- \/ Yoast SEO plugin. -->","yoast_head_json":{"title":"fluke t5 - 600-62 max+-1ac - ii probador el\u00e9ctrico term\u00f3metro ir y kit de detector de voltaje - Abaa tienda online","robots":{"index":"index","follow":"follow","max-snippet":"max-snippet:-1","max-image-preview":"max-image-preview:large","max-video-preview":"max-video-preview:-1"},"canonical":"https:\/\/abaa.mx\/tienda\/fluke-t5-600-62-max-1ac-ii-probador-electrico-termometro-ir-y-kit-de-detector-de-voltaje\/","og_locale":"es_MX","og_type":"article","og_title":"fluke t5 - 600-62 max+-1ac - ii probador el\u00e9ctrico term\u00f3metro ir y kit de detector de voltaje - Abaa tienda online","og_description":"Una herramienta de soluci\u00f3n de problemas compacta ideal para entornos de hasta 600 V, este probador es para verificar el voltaje, la continuidad y la corriente. Seleccione voltios, ohmios o corriente, y el probador har\u00e1 el resto. Adem\u00e1s, este instrumento viene equipado con medici\u00f3n de corriente OpenJaw que permite a los usuarios verificar la corriente de hasta 100 A sin interrumpir el circuito.  &nbsp;","og_url":"https:\/\/abaa.mx\/tienda\/fluke-t5-600-62-max-1ac-ii-probador-electrico-termometro-ir-y-kit-de-detector-de-voltaje\/","og_site_name":"Abaa tienda online","article_modified_time":"2023-11-27T21:07:13+00:00","og_image":[{"width":270,"height":270,"url":"https:\/\/abaa.mx\/tienda\/wp-content\/uploads\/2023\/09\/T5-600-62-MAX-1AC.jpg","type":"image\/jpeg"}],"twitter_card":"summary_large_image","twitter_misc":{"Tiempo de lectura":"4 minutos"},"schema":{"@context":"https:\/\/schema.org","@graph":[{"@type":"WebPage","@id":"https:\/\/abaa.mx\/tienda\/fluke-t5-600-62-max-1ac-ii-probador-electrico-termometro-ir-y-kit-de-detector-de-voltaje\/","url":"https:\/\/abaa.mx\/tienda\/fluke-t5-600-62-max-1ac-ii-probador-electrico-termometro-ir-y-kit-de-detector-de-voltaje\/","name":"fluke t5 - 600-62 max+-1ac - ii probador el\u00e9ctrico term\u00f3metro ir y kit de detector de voltaje - Abaa tienda online","isPartOf":{"@id":"https:\/\/abaa.mx\/tienda\/#website"},"primaryImageOfPage":{"@id":"https:\/\/abaa.mx\/tienda\/fluke-t5-600-62-max-1ac-ii-probador-electrico-termometro-ir-y-kit-de-detector-de-voltaje\/#primaryimage"},"image":{"@id":"https:\/\/abaa.mx\/tienda\/fluke-t5-600-62-max-1ac-ii-probador-electrico-termometro-ir-y-kit-de-detector-de-voltaje\/#primaryimage"},"thumbnailUrl":"https:\/\/abaa.mx\/tienda\/wp-content\/uploads\/2023\/09\/T5-600-62-MAX-1AC.jpg","datePublished":"2023-09-21T17:36:23+00:00","dateModified":"2023-11-27T21:07:13+00:00","breadcrumb":{"@id":"https:\/\/abaa.mx\/tienda\/fluke-t5-600-62-max-1ac-ii-probador-electrico-termometro-ir-y-kit-de-detector-de-voltaje\/#breadcrumb"},"inLanguage":"es","potentialAction":[{"@type":"ReadAction","target":["https:\/\/abaa.mx\/tienda\/fluke-t5-600-62-max-1ac-ii-probador-electrico-termometro-ir-y-kit-de-detector-de-voltaje\/"]}]},{"@type":"ImageObject","inLanguage":"es","@id":"https:\/\/abaa.mx\/tienda\/fluke-t5-600-62-max-1ac-ii-probador-electrico-termometro-ir-y-kit-de-detector-de-voltaje\/#primaryimage","url":"https:\/\/abaa.mx\/tienda\/wp-content\/uploads\/2023\/09\/T5-600-62-MAX-1AC.jpg","contentUrl":"https:\/\/abaa.mx\/tienda\/wp-content\/uploads\/2023\/09\/T5-600-62-MAX-1AC.jpg","width":270,"height":270,"caption":"T5-600-62-MAX+-1AC"},{"@type":"BreadcrumbList","@id":"https:\/\/abaa.mx\/tienda\/fluke-t5-600-62-max-1ac-ii-probador-electrico-termometro-ir-y-kit-de-detector-de-voltaje\/#breadcrumb","itemListElement":[{"@type":"ListItem","position":1,"name":"Inicio","item":"https:\/\/abaa.mx\/tienda\/"},{"@type":"ListItem","position":2,"name":"Tienda","item":"https:\/\/abaa.mx\/tienda\/"},{"@type":"ListItem","position":3,"name":"fluke t5 &#8211; 600-62 max+-1ac &#8211; ii probador el\u00e9ctrico term\u00f3metro ir y kit de detector de voltaje"}]},{"@type":"WebSite","@id":"https:\/\/abaa.mx\/tienda\/#website","url":"https:\/\/abaa.mx\/tienda\/","name":"Abaa tienda online","description":"Instrumentos de medici\u00f3n","publisher":{"@id":"https:\/\/abaa.mx\/tienda\/#organization"},"potentialAction":[{"@type":"SearchAction","target":{"@type":"EntryPoint","urlTemplate":"https:\/\/abaa.mx\/tienda\/?s={search_term_string}"},"query-input":{"@type":"PropertyValueSpecification","valueRequired":true,"valueName":"search_term_string"}}],"inLanguage":"es"},{"@type":"Organization","@id":"https:\/\/abaa.mx\/tienda\/#organization","name":"Abaa tienda online","url":"https:\/\/abaa.mx\/tienda\/","logo":{"@type":"ImageObject","inLanguage":"es","@id":"https:\/\/abaa.mx\/tienda\/#\/schema\/logo\/image\/","url":"https:\/\/abaa.mx\/tienda\/wp-content\/uploads\/2024\/01\/abaa-metrologia-tienda.png","contentUrl":"https:\/\/abaa.mx\/tienda\/wp-content\/uploads\/2024\/01\/abaa-metrologia-tienda.png","width":300,"height":141,"caption":"Abaa tienda online"},"image":{"@id":"https:\/\/abaa.mx\/tienda\/#\/schema\/logo\/image\/"}}]}},"_links":{"self":[{"href":"https:\/\/abaa.mx\/tienda\/wp-json\/wp\/v2\/product\/2486","targetHints":{"allow":["GET"]}}],"collection":[{"href":"https:\/\/abaa.mx\/tienda\/wp-json\/wp\/v2\/product"}],"about":[{"href":"https:\/\/abaa.mx\/tienda\/wp-json\/wp\/v2\/types\/product"}],"replies":[{"embeddable":true,"href":"https:\/\/abaa.mx\/tienda\/wp-json\/wp\/v2\/comments?post=2486"}],"wp:featuredmedia":[{"embeddable":true,"href":"https:\/\/abaa.mx\/tienda\/wp-json\/wp\/v2\/media\/2494"}],"wp:attachment":[{"href":"https:\/\/abaa.mx\/tienda\/wp-json\/wp\/v2\/media?parent=2486"}],"wp:term":[{"taxonomy":"product_brand","embeddable":true,"href":"https:\/\/abaa.mx\/tienda\/wp-json\/wp\/v2\/product_brand?post=2486"},{"taxonomy":"product_cat","embeddable":true,"href":"https:\/\/abaa.mx\/tienda\/wp-json\/wp\/v2\/product_cat?post=2486"},{"taxonomy":"product_tag","embeddable":true,"href":"https:\/\/abaa.mx\/tienda\/wp-json\/wp\/v2\/product_tag?post=2486"}],"curies":[{"name":"wp","href":"https:\/\/api.w.org\/{rel}","templated":true}]}}