{"id":2462,"date":"2023-09-21T16:55:35","date_gmt":"2023-09-21T16:55:35","guid":{"rendered":"https:\/\/abaa.mx\/tienda\/?post_type=product&#038;p=2462"},"modified":"2023-11-28T14:53:37","modified_gmt":"2023-11-28T14:53:37","slug":"fluke-1623a-h-156-termohigrometro-de-precision-kit-de-alta-precision-dewk-cable-rs-50-de-232-pies","status":"publish","type":"product","link":"https:\/\/abaa.mx\/tienda\/fluke-1623a-h-156-termohigrometro-de-precision-kit-de-alta-precision-dewk-cable-rs-50-de-232-pies\/","title":{"rendered":"Fluke 1623A-H-156 termohigr\u00f3metro de precisi\u00f3n, kit de alta precisi\u00f3n DewK, cable RS-50 de 232 pies"},"content":{"rendered":"<p>&nbsp;<\/p>\n<p><strong>Funciones<\/strong><\/p>\n<ul>\n<li>Precisi\u00f3n superior.<\/li>\n<li>Red habilitada.<\/li>\n<li>Potentes herramientas de registro y an\u00e1lisis.<\/li>\n<li>Gran memoria.<\/li>\n<li>Software actualizado.<\/li>\n<\/ul>\n<p>&nbsp;<\/p>\n<h4>Fluke 1623A-H-156 Especificaciones<\/h4>\n<table class=\"table table-striped\">\n<tbody>\n<tr>\n<td>Rango de operaci\u00f3n<\/td>\n<td>32 a 122\u00b0F (0 a 50\u00b0C); 0 a 100% HR<\/td>\n<\/tr>\n<tr>\n<td>Precisi\u00f3n de temperatura calibrada (modelo &#8220;H&#8221;)<\/td>\n<td>\u00b10.125\u00b0C de 16 a 24\u00b0C<\/td>\n<\/tr>\n<tr>\n<td>Precisi\u00f3n de temperatura calibrada (modelo &#8220;S&#8221;)<\/td>\n<td>\u00b10.45\u00b0F de 59 a 95\u00b0F (\u00b10.25\u00b0C de 15 a 35\u00b0C)<\/td>\n<\/tr>\n<tr>\n<td>Precisi\u00f3n RH calibrada (modelo &#8220;H&#8221;)<\/td>\n<td>\u00b11,5% HR de 20 a 70% HR<\/td>\n<\/tr>\n<tr>\n<td>Precisi\u00f3n RH calibrada (modelo &#8220;S&#8221;)<\/td>\n<td>\u00b12% HR de 20 a 70% HR<\/td>\n<\/tr>\n<tr>\n<td>Rendimiento extrapolado esperado (no certificado)<\/td>\n<td>\u00b10.9\u00b0F (\u00b10.5\u00b0C) fuera del rango calibrado; \u00b13% HR fuera del rango calibrado<\/td>\n<\/tr>\n<tr>\n<td>Precisi\u00f3n de temperatura Delta<\/td>\n<td>\u00b10.045 \u00b0 F para cambios de \u00b1 1 \u00b0 dentro de 59 a 95 \u00b0 F (\u00b10.025 \u00b0 C para cambios de \u00b1 1 \u00b0 dentro de 15 a 35 \u00b0 C)<\/td>\n<\/tr>\n<tr>\n<td>Resoluci\u00f3n de temperatura<\/td>\n<td>El usuario puede seleccionar hasta 0,001 \u00b0F\/\u00b0C en la pantalla del panel frontal (0,01 \u00b0 grabado)<\/td>\n<\/tr>\n<tr>\n<td>Precisi\u00f3n de humedad Delta<\/td>\n<td>\u00b11,0% HR para cambios del \u00b15% dentro de 20 a 70% HR<\/td>\n<\/tr>\n<tr>\n<td>Resoluci\u00f3n RH<\/td>\n<td>El usuario puede seleccionar hasta un 0,01% en la pantalla del panel frontal (0,1% grabado)<\/td>\n<\/tr>\n<tr>\n<td>Memoria<\/td>\n<td>400.000 lecturas individuales t\u00edpicas con sello de fecha\/hora<\/td>\n<\/tr>\n<tr>\n<td>Alarmas<\/td>\n<td>Alarmas visuales, audibles y externas protegidas por contrase\u00f1a para temperatura, tasa de temperatura, HR, velocidad de HR y condiciones de falla<\/td>\n<\/tr>\n<tr>\n<td>Conectividad<\/td>\n<td>Ethernet, RS-232, RF (opcional)<\/td>\n<\/tr>\n<tr>\n<td>Montura<\/td>\n<td>Montado en la pared (hardware incluido) o colocado en una mesa de trabajo<\/td>\n<\/tr>\n<tr>\n<td>Poder<\/td>\n<td>12V DC desde una fuente de alimentaci\u00f3n externa de 100 a 240V DC<\/td>\n<\/tr>\n<tr>\n<td>Bater\u00eda de respaldo<\/td>\n<td>La bater\u00eda est\u00e1ndar de 9V permite la medici\u00f3n continua durante las interrupciones de energ\u00eda<\/td>\n<\/tr>\n<tr>\n<td>Tama\u00f1o (DewK) (H x W x D)<\/td>\n<td>4,9 x 8,3 x 2 pulgadas (125 x 211 x 51 mm)<\/td>\n<\/tr>\n<tr>\n<td>Tama\u00f1o (sensores) (L x di\u00e1metro)<\/td>\n<td>3,1 x 0,75 pulgadas (79 x 19 mm)<\/td>\n<\/tr>\n<\/tbody>\n<\/table>\n","protected":false},"excerpt":{"rendered":"<p>Este termohigr\u00f3metro de roc\u00edo tiene 2 sensores calibrados intercambiables.<\/p>\n<p>&nbsp;<\/p>\n","protected":false},"featured_media":2467,"comment_status":"open","ping_status":"closed","template":"","meta":{"_joinchat":[]},"product_brand":[],"product_cat":[15],"product_tag":[],"class_list":{"0":"post-2462","1":"product","2":"type-product","3":"status-publish","4":"has-post-thumbnail","6":"product_cat-sin-categorizar","8":"first","9":"instock","10":"shipping-taxable","11":"product-type-simple"},"yoast_head":"<!-- This site is optimized with the Yoast SEO plugin v26.4 - https:\/\/yoast.com\/wordpress\/plugins\/seo\/ -->\n<title>Fluke 1623A-H-156 termohigr\u00f3metro de precisi\u00f3n, kit de alta precisi\u00f3n DewK, cable RS-50 de 232 pies - Abaa tienda online<\/title>\n<meta name=\"robots\" content=\"index, follow, max-snippet:-1, max-image-preview:large, max-video-preview:-1\" \/>\n<link rel=\"canonical\" href=\"https:\/\/abaa.mx\/tienda\/fluke-1623a-h-156-termohigrometro-de-precision-kit-de-alta-precision-dewk-cable-rs-50-de-232-pies\/\" \/>\n<meta property=\"og:locale\" content=\"es_MX\" \/>\n<meta property=\"og:type\" content=\"article\" \/>\n<meta property=\"og:title\" content=\"Fluke 1623A-H-156 termohigr\u00f3metro de precisi\u00f3n, kit de alta precisi\u00f3n DewK, cable RS-50 de 232 pies - Abaa tienda online\" \/>\n<meta property=\"og:description\" content=\"Este termohigr\u00f3metro de roc\u00edo tiene 2 sensores calibrados intercambiables.  &nbsp;\" \/>\n<meta property=\"og:url\" content=\"https:\/\/abaa.mx\/tienda\/fluke-1623a-h-156-termohigrometro-de-precision-kit-de-alta-precision-dewk-cable-rs-50-de-232-pies\/\" \/>\n<meta property=\"og:site_name\" content=\"Abaa tienda online\" \/>\n<meta property=\"article:modified_time\" content=\"2023-11-28T14:53:37+00:00\" \/>\n<meta property=\"og:image\" content=\"https:\/\/abaa.mx\/tienda\/wp-content\/uploads\/2023\/09\/1623A-H-156.jpg\" \/>\n\t<meta property=\"og:image:width\" content=\"270\" \/>\n\t<meta property=\"og:image:height\" content=\"243\" \/>\n\t<meta property=\"og:image:type\" content=\"image\/jpeg\" \/>\n<meta name=\"twitter:card\" content=\"summary_large_image\" \/>\n<meta name=\"twitter:label1\" content=\"Tiempo de lectura\" \/>\n\t<meta name=\"twitter:data1\" content=\"2 minutos\" \/>\n<script type=\"application\/ld+json\" class=\"yoast-schema-graph\">{\"@context\":\"https:\/\/schema.org\",\"@graph\":[{\"@type\":\"WebPage\",\"@id\":\"https:\/\/abaa.mx\/tienda\/fluke-1623a-h-156-termohigrometro-de-precision-kit-de-alta-precision-dewk-cable-rs-50-de-232-pies\/\",\"url\":\"https:\/\/abaa.mx\/tienda\/fluke-1623a-h-156-termohigrometro-de-precision-kit-de-alta-precision-dewk-cable-rs-50-de-232-pies\/\",\"name\":\"Fluke 1623A-H-156 termohigr\u00f3metro de precisi\u00f3n, kit de alta precisi\u00f3n DewK, cable RS-50 de 232 pies - Abaa tienda online\",\"isPartOf\":{\"@id\":\"https:\/\/abaa.mx\/tienda\/#website\"},\"primaryImageOfPage\":{\"@id\":\"https:\/\/abaa.mx\/tienda\/fluke-1623a-h-156-termohigrometro-de-precision-kit-de-alta-precision-dewk-cable-rs-50-de-232-pies\/#primaryimage\"},\"image\":{\"@id\":\"https:\/\/abaa.mx\/tienda\/fluke-1623a-h-156-termohigrometro-de-precision-kit-de-alta-precision-dewk-cable-rs-50-de-232-pies\/#primaryimage\"},\"thumbnailUrl\":\"https:\/\/abaa.mx\/tienda\/wp-content\/uploads\/2023\/09\/1623A-H-156.jpg\",\"datePublished\":\"2023-09-21T16:55:35+00:00\",\"dateModified\":\"2023-11-28T14:53:37+00:00\",\"breadcrumb\":{\"@id\":\"https:\/\/abaa.mx\/tienda\/fluke-1623a-h-156-termohigrometro-de-precision-kit-de-alta-precision-dewk-cable-rs-50-de-232-pies\/#breadcrumb\"},\"inLanguage\":\"es\",\"potentialAction\":[{\"@type\":\"ReadAction\",\"target\":[\"https:\/\/abaa.mx\/tienda\/fluke-1623a-h-156-termohigrometro-de-precision-kit-de-alta-precision-dewk-cable-rs-50-de-232-pies\/\"]}]},{\"@type\":\"ImageObject\",\"inLanguage\":\"es\",\"@id\":\"https:\/\/abaa.mx\/tienda\/fluke-1623a-h-156-termohigrometro-de-precision-kit-de-alta-precision-dewk-cable-rs-50-de-232-pies\/#primaryimage\",\"url\":\"https:\/\/abaa.mx\/tienda\/wp-content\/uploads\/2023\/09\/1623A-H-156.jpg\",\"contentUrl\":\"https:\/\/abaa.mx\/tienda\/wp-content\/uploads\/2023\/09\/1623A-H-156.jpg\",\"width\":270,\"height\":243,\"caption\":\"1623A-H-156\"},{\"@type\":\"BreadcrumbList\",\"@id\":\"https:\/\/abaa.mx\/tienda\/fluke-1623a-h-156-termohigrometro-de-precision-kit-de-alta-precision-dewk-cable-rs-50-de-232-pies\/#breadcrumb\",\"itemListElement\":[{\"@type\":\"ListItem\",\"position\":1,\"name\":\"Inicio\",\"item\":\"https:\/\/abaa.mx\/tienda\/\"},{\"@type\":\"ListItem\",\"position\":2,\"name\":\"Tienda\",\"item\":\"https:\/\/abaa.mx\/tienda\/\"},{\"@type\":\"ListItem\",\"position\":3,\"name\":\"Fluke 1623A-H-156 termohigr\u00f3metro de precisi\u00f3n, kit de alta precisi\u00f3n DewK, cable RS-50 de 232 pies\"}]},{\"@type\":\"WebSite\",\"@id\":\"https:\/\/abaa.mx\/tienda\/#website\",\"url\":\"https:\/\/abaa.mx\/tienda\/\",\"name\":\"Abaa tienda online\",\"description\":\"Instrumentos de medici\u00f3n\",\"publisher\":{\"@id\":\"https:\/\/abaa.mx\/tienda\/#organization\"},\"potentialAction\":[{\"@type\":\"SearchAction\",\"target\":{\"@type\":\"EntryPoint\",\"urlTemplate\":\"https:\/\/abaa.mx\/tienda\/?s={search_term_string}\"},\"query-input\":{\"@type\":\"PropertyValueSpecification\",\"valueRequired\":true,\"valueName\":\"search_term_string\"}}],\"inLanguage\":\"es\"},{\"@type\":\"Organization\",\"@id\":\"https:\/\/abaa.mx\/tienda\/#organization\",\"name\":\"Abaa tienda online\",\"url\":\"https:\/\/abaa.mx\/tienda\/\",\"logo\":{\"@type\":\"ImageObject\",\"inLanguage\":\"es\",\"@id\":\"https:\/\/abaa.mx\/tienda\/#\/schema\/logo\/image\/\",\"url\":\"https:\/\/abaa.mx\/tienda\/wp-content\/uploads\/2024\/01\/abaa-metrologia-tienda.png\",\"contentUrl\":\"https:\/\/abaa.mx\/tienda\/wp-content\/uploads\/2024\/01\/abaa-metrologia-tienda.png\",\"width\":300,\"height\":141,\"caption\":\"Abaa tienda online\"},\"image\":{\"@id\":\"https:\/\/abaa.mx\/tienda\/#\/schema\/logo\/image\/\"}}]}<\/script>\n<!-- \/ Yoast SEO plugin. -->","yoast_head_json":{"title":"Fluke 1623A-H-156 termohigr\u00f3metro de precisi\u00f3n, kit de alta precisi\u00f3n DewK, cable RS-50 de 232 pies - Abaa tienda online","robots":{"index":"index","follow":"follow","max-snippet":"max-snippet:-1","max-image-preview":"max-image-preview:large","max-video-preview":"max-video-preview:-1"},"canonical":"https:\/\/abaa.mx\/tienda\/fluke-1623a-h-156-termohigrometro-de-precision-kit-de-alta-precision-dewk-cable-rs-50-de-232-pies\/","og_locale":"es_MX","og_type":"article","og_title":"Fluke 1623A-H-156 termohigr\u00f3metro de precisi\u00f3n, kit de alta precisi\u00f3n DewK, cable RS-50 de 232 pies - Abaa tienda online","og_description":"Este termohigr\u00f3metro de roc\u00edo tiene 2 sensores calibrados intercambiables.  &nbsp;","og_url":"https:\/\/abaa.mx\/tienda\/fluke-1623a-h-156-termohigrometro-de-precision-kit-de-alta-precision-dewk-cable-rs-50-de-232-pies\/","og_site_name":"Abaa tienda online","article_modified_time":"2023-11-28T14:53:37+00:00","og_image":[{"width":270,"height":243,"url":"https:\/\/abaa.mx\/tienda\/wp-content\/uploads\/2023\/09\/1623A-H-156.jpg","type":"image\/jpeg"}],"twitter_card":"summary_large_image","twitter_misc":{"Tiempo de lectura":"2 minutos"},"schema":{"@context":"https:\/\/schema.org","@graph":[{"@type":"WebPage","@id":"https:\/\/abaa.mx\/tienda\/fluke-1623a-h-156-termohigrometro-de-precision-kit-de-alta-precision-dewk-cable-rs-50-de-232-pies\/","url":"https:\/\/abaa.mx\/tienda\/fluke-1623a-h-156-termohigrometro-de-precision-kit-de-alta-precision-dewk-cable-rs-50-de-232-pies\/","name":"Fluke 1623A-H-156 termohigr\u00f3metro de precisi\u00f3n, kit de alta precisi\u00f3n DewK, cable RS-50 de 232 pies - Abaa tienda online","isPartOf":{"@id":"https:\/\/abaa.mx\/tienda\/#website"},"primaryImageOfPage":{"@id":"https:\/\/abaa.mx\/tienda\/fluke-1623a-h-156-termohigrometro-de-precision-kit-de-alta-precision-dewk-cable-rs-50-de-232-pies\/#primaryimage"},"image":{"@id":"https:\/\/abaa.mx\/tienda\/fluke-1623a-h-156-termohigrometro-de-precision-kit-de-alta-precision-dewk-cable-rs-50-de-232-pies\/#primaryimage"},"thumbnailUrl":"https:\/\/abaa.mx\/tienda\/wp-content\/uploads\/2023\/09\/1623A-H-156.jpg","datePublished":"2023-09-21T16:55:35+00:00","dateModified":"2023-11-28T14:53:37+00:00","breadcrumb":{"@id":"https:\/\/abaa.mx\/tienda\/fluke-1623a-h-156-termohigrometro-de-precision-kit-de-alta-precision-dewk-cable-rs-50-de-232-pies\/#breadcrumb"},"inLanguage":"es","potentialAction":[{"@type":"ReadAction","target":["https:\/\/abaa.mx\/tienda\/fluke-1623a-h-156-termohigrometro-de-precision-kit-de-alta-precision-dewk-cable-rs-50-de-232-pies\/"]}]},{"@type":"ImageObject","inLanguage":"es","@id":"https:\/\/abaa.mx\/tienda\/fluke-1623a-h-156-termohigrometro-de-precision-kit-de-alta-precision-dewk-cable-rs-50-de-232-pies\/#primaryimage","url":"https:\/\/abaa.mx\/tienda\/wp-content\/uploads\/2023\/09\/1623A-H-156.jpg","contentUrl":"https:\/\/abaa.mx\/tienda\/wp-content\/uploads\/2023\/09\/1623A-H-156.jpg","width":270,"height":243,"caption":"1623A-H-156"},{"@type":"BreadcrumbList","@id":"https:\/\/abaa.mx\/tienda\/fluke-1623a-h-156-termohigrometro-de-precision-kit-de-alta-precision-dewk-cable-rs-50-de-232-pies\/#breadcrumb","itemListElement":[{"@type":"ListItem","position":1,"name":"Inicio","item":"https:\/\/abaa.mx\/tienda\/"},{"@type":"ListItem","position":2,"name":"Tienda","item":"https:\/\/abaa.mx\/tienda\/"},{"@type":"ListItem","position":3,"name":"Fluke 1623A-H-156 termohigr\u00f3metro de precisi\u00f3n, kit de alta precisi\u00f3n DewK, cable RS-50 de 232 pies"}]},{"@type":"WebSite","@id":"https:\/\/abaa.mx\/tienda\/#website","url":"https:\/\/abaa.mx\/tienda\/","name":"Abaa tienda online","description":"Instrumentos de medici\u00f3n","publisher":{"@id":"https:\/\/abaa.mx\/tienda\/#organization"},"potentialAction":[{"@type":"SearchAction","target":{"@type":"EntryPoint","urlTemplate":"https:\/\/abaa.mx\/tienda\/?s={search_term_string}"},"query-input":{"@type":"PropertyValueSpecification","valueRequired":true,"valueName":"search_term_string"}}],"inLanguage":"es"},{"@type":"Organization","@id":"https:\/\/abaa.mx\/tienda\/#organization","name":"Abaa tienda online","url":"https:\/\/abaa.mx\/tienda\/","logo":{"@type":"ImageObject","inLanguage":"es","@id":"https:\/\/abaa.mx\/tienda\/#\/schema\/logo\/image\/","url":"https:\/\/abaa.mx\/tienda\/wp-content\/uploads\/2024\/01\/abaa-metrologia-tienda.png","contentUrl":"https:\/\/abaa.mx\/tienda\/wp-content\/uploads\/2024\/01\/abaa-metrologia-tienda.png","width":300,"height":141,"caption":"Abaa tienda online"},"image":{"@id":"https:\/\/abaa.mx\/tienda\/#\/schema\/logo\/image\/"}}]}},"_links":{"self":[{"href":"https:\/\/abaa.mx\/tienda\/wp-json\/wp\/v2\/product\/2462","targetHints":{"allow":["GET"]}}],"collection":[{"href":"https:\/\/abaa.mx\/tienda\/wp-json\/wp\/v2\/product"}],"about":[{"href":"https:\/\/abaa.mx\/tienda\/wp-json\/wp\/v2\/types\/product"}],"replies":[{"embeddable":true,"href":"https:\/\/abaa.mx\/tienda\/wp-json\/wp\/v2\/comments?post=2462"}],"wp:featuredmedia":[{"embeddable":true,"href":"https:\/\/abaa.mx\/tienda\/wp-json\/wp\/v2\/media\/2467"}],"wp:attachment":[{"href":"https:\/\/abaa.mx\/tienda\/wp-json\/wp\/v2\/media?parent=2462"}],"wp:term":[{"taxonomy":"product_brand","embeddable":true,"href":"https:\/\/abaa.mx\/tienda\/wp-json\/wp\/v2\/product_brand?post=2462"},{"taxonomy":"product_cat","embeddable":true,"href":"https:\/\/abaa.mx\/tienda\/wp-json\/wp\/v2\/product_cat?post=2462"},{"taxonomy":"product_tag","embeddable":true,"href":"https:\/\/abaa.mx\/tienda\/wp-json\/wp\/v2\/product_tag?post=2462"}],"curies":[{"name":"wp","href":"https:\/\/api.w.org\/{rel}","templated":true}]}}