{"id":2426,"date":"2023-09-21T16:15:36","date_gmt":"2023-09-21T16:15:36","guid":{"rendered":"https:\/\/abaa.mx\/tienda\/?post_type=product&#038;p=2426"},"modified":"2023-11-28T15:25:27","modified_gmt":"2023-11-28T15:25:27","slug":"multimetro-digital-fluke-289-imsk-con-kit-combinado-de-abrazadera-de-corriente-i400","status":"publish","type":"product","link":"https:\/\/abaa.mx\/tienda\/multimetro-digital-fluke-289-imsk-con-kit-combinado-de-abrazadera-de-corriente-i400\/","title":{"rendered":"Mult\u00edmetro digital fluke 289-imsk con kit combinado de abrazadera de corriente i400"},"content":{"rendered":"<p>&nbsp;<\/p>\n<p><strong>Caracter\u00edsticas:<\/strong><\/p>\n<ul>\n<li>Gran cuenta de 50,000, M\u00faltiples conjuntos de informaci\u00f3n de medici\u00f3n pueden mostrarse simult\u00e1neamente al mismo tiempo.<\/li>\n<li>\u00a0La funci\u00f3n de registro con TrendCapture es una herramienta esencial para documentar el rendimiento. Traza las mediciones como una sola l\u00ednea para ayudar a detectar anomal\u00edas de se\u00f1al a lo largo del tiempo, almacenando hasta 10,000 lecturas. Con TrendCapture integrado, puede ver gr\u00e1ficamente las lecturas registradas sin un PC.<\/li>\n<li>Registrar varias sesiones o registrar datos continuamente.<\/li>\n<li>Bot\u00f3n i-info en las pantallas de ayuda a bordo para funciones de medici\u00f3n.<\/li>\n<\/ul>\n<p>&nbsp;<\/p>\n<p><strong>Juego de clips de cocodrilo AC72 de FLUKE:<\/strong><\/p>\n<ul>\n<li>Pinzas de cocodrilo deslizables (rojo, negro) para TL71\/TL75.<\/li>\n<li>Las mordazas proporcionan una apertura de 8 mm.<\/li>\n<li>CAT IV 600 V, CAT III 1000 V, clasificaci\u00f3n 10 A. Listado por UL.<\/li>\n<\/ul>\n<p>&nbsp;<\/p>\n","protected":false},"excerpt":{"rendered":"<p>La funci\u00f3n de registro con TrendCapture es una herramienta esencial para documentar el rendimiento. Traza las mediciones como una sola l\u00ednea para ayudar a detectar anomal\u00edas de se\u00f1al a lo largo del tiempo, almacenando hasta 10,000 lecturas. Con TrendCapture integrado, puede ver gr\u00e1ficamente las lecturas registradas sin un PC.<\/p>\n","protected":false},"featured_media":2443,"comment_status":"open","ping_status":"closed","template":"","meta":{"_joinchat":[]},"product_brand":[],"product_cat":[15],"product_tag":[],"class_list":{"0":"post-2426","1":"product","2":"type-product","3":"status-publish","4":"has-post-thumbnail","6":"product_cat-sin-categorizar","8":"first","9":"instock","10":"shipping-taxable","11":"product-type-simple"},"yoast_head":"<!-- This site is optimized with the Yoast SEO plugin v26.4 - https:\/\/yoast.com\/wordpress\/plugins\/seo\/ -->\n<title>Mult\u00edmetro digital fluke 289-imsk con kit combinado de abrazadera de corriente i400 - Abaa tienda online<\/title>\n<meta name=\"robots\" content=\"index, follow, max-snippet:-1, max-image-preview:large, max-video-preview:-1\" \/>\n<link rel=\"canonical\" href=\"https:\/\/abaa.mx\/tienda\/multimetro-digital-fluke-289-imsk-con-kit-combinado-de-abrazadera-de-corriente-i400\/\" \/>\n<meta property=\"og:locale\" content=\"es_MX\" \/>\n<meta property=\"og:type\" content=\"article\" \/>\n<meta property=\"og:title\" content=\"Mult\u00edmetro digital fluke 289-imsk con kit combinado de abrazadera de corriente i400 - Abaa tienda online\" \/>\n<meta property=\"og:description\" content=\"La funci\u00f3n de registro con TrendCapture es una herramienta esencial para documentar el rendimiento. Traza las mediciones como una sola l\u00ednea para ayudar a detectar anomal\u00edas de se\u00f1al a lo largo del tiempo, almacenando hasta 10,000 lecturas. Con TrendCapture integrado, puede ver gr\u00e1ficamente las lecturas registradas sin un PC.\" \/>\n<meta property=\"og:url\" content=\"https:\/\/abaa.mx\/tienda\/multimetro-digital-fluke-289-imsk-con-kit-combinado-de-abrazadera-de-corriente-i400\/\" \/>\n<meta property=\"og:site_name\" content=\"Abaa tienda online\" \/>\n<meta property=\"article:modified_time\" content=\"2023-11-28T15:25:27+00:00\" \/>\n<meta property=\"og:image\" content=\"https:\/\/abaa.mx\/tienda\/wp-content\/uploads\/2023\/09\/289-IMSK.jpg\" \/>\n\t<meta property=\"og:image:width\" content=\"270\" \/>\n\t<meta property=\"og:image:height\" content=\"500\" \/>\n\t<meta property=\"og:image:type\" content=\"image\/jpeg\" \/>\n<meta name=\"twitter:card\" content=\"summary_large_image\" \/>\n<meta name=\"twitter:label1\" content=\"Tiempo de lectura\" \/>\n\t<meta name=\"twitter:data1\" content=\"1 minuto\" \/>\n<script type=\"application\/ld+json\" class=\"yoast-schema-graph\">{\"@context\":\"https:\/\/schema.org\",\"@graph\":[{\"@type\":\"WebPage\",\"@id\":\"https:\/\/abaa.mx\/tienda\/multimetro-digital-fluke-289-imsk-con-kit-combinado-de-abrazadera-de-corriente-i400\/\",\"url\":\"https:\/\/abaa.mx\/tienda\/multimetro-digital-fluke-289-imsk-con-kit-combinado-de-abrazadera-de-corriente-i400\/\",\"name\":\"Mult\u00edmetro digital fluke 289-imsk con kit combinado de abrazadera de corriente i400 - Abaa tienda online\",\"isPartOf\":{\"@id\":\"https:\/\/abaa.mx\/tienda\/#website\"},\"primaryImageOfPage\":{\"@id\":\"https:\/\/abaa.mx\/tienda\/multimetro-digital-fluke-289-imsk-con-kit-combinado-de-abrazadera-de-corriente-i400\/#primaryimage\"},\"image\":{\"@id\":\"https:\/\/abaa.mx\/tienda\/multimetro-digital-fluke-289-imsk-con-kit-combinado-de-abrazadera-de-corriente-i400\/#primaryimage\"},\"thumbnailUrl\":\"https:\/\/abaa.mx\/tienda\/wp-content\/uploads\/2023\/09\/289-IMSK.jpg\",\"datePublished\":\"2023-09-21T16:15:36+00:00\",\"dateModified\":\"2023-11-28T15:25:27+00:00\",\"breadcrumb\":{\"@id\":\"https:\/\/abaa.mx\/tienda\/multimetro-digital-fluke-289-imsk-con-kit-combinado-de-abrazadera-de-corriente-i400\/#breadcrumb\"},\"inLanguage\":\"es\",\"potentialAction\":[{\"@type\":\"ReadAction\",\"target\":[\"https:\/\/abaa.mx\/tienda\/multimetro-digital-fluke-289-imsk-con-kit-combinado-de-abrazadera-de-corriente-i400\/\"]}]},{\"@type\":\"ImageObject\",\"inLanguage\":\"es\",\"@id\":\"https:\/\/abaa.mx\/tienda\/multimetro-digital-fluke-289-imsk-con-kit-combinado-de-abrazadera-de-corriente-i400\/#primaryimage\",\"url\":\"https:\/\/abaa.mx\/tienda\/wp-content\/uploads\/2023\/09\/289-IMSK.jpg\",\"contentUrl\":\"https:\/\/abaa.mx\/tienda\/wp-content\/uploads\/2023\/09\/289-IMSK.jpg\",\"width\":270,\"height\":500,\"caption\":\"fluke 289-imsk con kit combinado de abrazadera de corriente i400\"},{\"@type\":\"BreadcrumbList\",\"@id\":\"https:\/\/abaa.mx\/tienda\/multimetro-digital-fluke-289-imsk-con-kit-combinado-de-abrazadera-de-corriente-i400\/#breadcrumb\",\"itemListElement\":[{\"@type\":\"ListItem\",\"position\":1,\"name\":\"Inicio\",\"item\":\"https:\/\/abaa.mx\/tienda\/\"},{\"@type\":\"ListItem\",\"position\":2,\"name\":\"Tienda\",\"item\":\"https:\/\/abaa.mx\/tienda\/\"},{\"@type\":\"ListItem\",\"position\":3,\"name\":\"Mult\u00edmetro digital fluke 289-imsk con kit combinado de abrazadera de corriente i400\"}]},{\"@type\":\"WebSite\",\"@id\":\"https:\/\/abaa.mx\/tienda\/#website\",\"url\":\"https:\/\/abaa.mx\/tienda\/\",\"name\":\"Abaa tienda online\",\"description\":\"Instrumentos de medici\u00f3n\",\"publisher\":{\"@id\":\"https:\/\/abaa.mx\/tienda\/#organization\"},\"potentialAction\":[{\"@type\":\"SearchAction\",\"target\":{\"@type\":\"EntryPoint\",\"urlTemplate\":\"https:\/\/abaa.mx\/tienda\/?s={search_term_string}\"},\"query-input\":{\"@type\":\"PropertyValueSpecification\",\"valueRequired\":true,\"valueName\":\"search_term_string\"}}],\"inLanguage\":\"es\"},{\"@type\":\"Organization\",\"@id\":\"https:\/\/abaa.mx\/tienda\/#organization\",\"name\":\"Abaa tienda online\",\"url\":\"https:\/\/abaa.mx\/tienda\/\",\"logo\":{\"@type\":\"ImageObject\",\"inLanguage\":\"es\",\"@id\":\"https:\/\/abaa.mx\/tienda\/#\/schema\/logo\/image\/\",\"url\":\"https:\/\/abaa.mx\/tienda\/wp-content\/uploads\/2024\/01\/abaa-metrologia-tienda.png\",\"contentUrl\":\"https:\/\/abaa.mx\/tienda\/wp-content\/uploads\/2024\/01\/abaa-metrologia-tienda.png\",\"width\":300,\"height\":141,\"caption\":\"Abaa tienda online\"},\"image\":{\"@id\":\"https:\/\/abaa.mx\/tienda\/#\/schema\/logo\/image\/\"}}]}<\/script>\n<!-- \/ Yoast SEO plugin. -->","yoast_head_json":{"title":"Mult\u00edmetro digital fluke 289-imsk con kit combinado de abrazadera de corriente i400 - Abaa tienda online","robots":{"index":"index","follow":"follow","max-snippet":"max-snippet:-1","max-image-preview":"max-image-preview:large","max-video-preview":"max-video-preview:-1"},"canonical":"https:\/\/abaa.mx\/tienda\/multimetro-digital-fluke-289-imsk-con-kit-combinado-de-abrazadera-de-corriente-i400\/","og_locale":"es_MX","og_type":"article","og_title":"Mult\u00edmetro digital fluke 289-imsk con kit combinado de abrazadera de corriente i400 - Abaa tienda online","og_description":"La funci\u00f3n de registro con TrendCapture es una herramienta esencial para documentar el rendimiento. Traza las mediciones como una sola l\u00ednea para ayudar a detectar anomal\u00edas de se\u00f1al a lo largo del tiempo, almacenando hasta 10,000 lecturas. Con TrendCapture integrado, puede ver gr\u00e1ficamente las lecturas registradas sin un PC.","og_url":"https:\/\/abaa.mx\/tienda\/multimetro-digital-fluke-289-imsk-con-kit-combinado-de-abrazadera-de-corriente-i400\/","og_site_name":"Abaa tienda online","article_modified_time":"2023-11-28T15:25:27+00:00","og_image":[{"width":270,"height":500,"url":"https:\/\/abaa.mx\/tienda\/wp-content\/uploads\/2023\/09\/289-IMSK.jpg","type":"image\/jpeg"}],"twitter_card":"summary_large_image","twitter_misc":{"Tiempo de lectura":"1 minuto"},"schema":{"@context":"https:\/\/schema.org","@graph":[{"@type":"WebPage","@id":"https:\/\/abaa.mx\/tienda\/multimetro-digital-fluke-289-imsk-con-kit-combinado-de-abrazadera-de-corriente-i400\/","url":"https:\/\/abaa.mx\/tienda\/multimetro-digital-fluke-289-imsk-con-kit-combinado-de-abrazadera-de-corriente-i400\/","name":"Mult\u00edmetro digital fluke 289-imsk con kit combinado de abrazadera de corriente i400 - Abaa tienda online","isPartOf":{"@id":"https:\/\/abaa.mx\/tienda\/#website"},"primaryImageOfPage":{"@id":"https:\/\/abaa.mx\/tienda\/multimetro-digital-fluke-289-imsk-con-kit-combinado-de-abrazadera-de-corriente-i400\/#primaryimage"},"image":{"@id":"https:\/\/abaa.mx\/tienda\/multimetro-digital-fluke-289-imsk-con-kit-combinado-de-abrazadera-de-corriente-i400\/#primaryimage"},"thumbnailUrl":"https:\/\/abaa.mx\/tienda\/wp-content\/uploads\/2023\/09\/289-IMSK.jpg","datePublished":"2023-09-21T16:15:36+00:00","dateModified":"2023-11-28T15:25:27+00:00","breadcrumb":{"@id":"https:\/\/abaa.mx\/tienda\/multimetro-digital-fluke-289-imsk-con-kit-combinado-de-abrazadera-de-corriente-i400\/#breadcrumb"},"inLanguage":"es","potentialAction":[{"@type":"ReadAction","target":["https:\/\/abaa.mx\/tienda\/multimetro-digital-fluke-289-imsk-con-kit-combinado-de-abrazadera-de-corriente-i400\/"]}]},{"@type":"ImageObject","inLanguage":"es","@id":"https:\/\/abaa.mx\/tienda\/multimetro-digital-fluke-289-imsk-con-kit-combinado-de-abrazadera-de-corriente-i400\/#primaryimage","url":"https:\/\/abaa.mx\/tienda\/wp-content\/uploads\/2023\/09\/289-IMSK.jpg","contentUrl":"https:\/\/abaa.mx\/tienda\/wp-content\/uploads\/2023\/09\/289-IMSK.jpg","width":270,"height":500,"caption":"fluke 289-imsk con kit combinado de abrazadera de corriente i400"},{"@type":"BreadcrumbList","@id":"https:\/\/abaa.mx\/tienda\/multimetro-digital-fluke-289-imsk-con-kit-combinado-de-abrazadera-de-corriente-i400\/#breadcrumb","itemListElement":[{"@type":"ListItem","position":1,"name":"Inicio","item":"https:\/\/abaa.mx\/tienda\/"},{"@type":"ListItem","position":2,"name":"Tienda","item":"https:\/\/abaa.mx\/tienda\/"},{"@type":"ListItem","position":3,"name":"Mult\u00edmetro digital fluke 289-imsk con kit combinado de abrazadera de corriente i400"}]},{"@type":"WebSite","@id":"https:\/\/abaa.mx\/tienda\/#website","url":"https:\/\/abaa.mx\/tienda\/","name":"Abaa tienda online","description":"Instrumentos de medici\u00f3n","publisher":{"@id":"https:\/\/abaa.mx\/tienda\/#organization"},"potentialAction":[{"@type":"SearchAction","target":{"@type":"EntryPoint","urlTemplate":"https:\/\/abaa.mx\/tienda\/?s={search_term_string}"},"query-input":{"@type":"PropertyValueSpecification","valueRequired":true,"valueName":"search_term_string"}}],"inLanguage":"es"},{"@type":"Organization","@id":"https:\/\/abaa.mx\/tienda\/#organization","name":"Abaa tienda online","url":"https:\/\/abaa.mx\/tienda\/","logo":{"@type":"ImageObject","inLanguage":"es","@id":"https:\/\/abaa.mx\/tienda\/#\/schema\/logo\/image\/","url":"https:\/\/abaa.mx\/tienda\/wp-content\/uploads\/2024\/01\/abaa-metrologia-tienda.png","contentUrl":"https:\/\/abaa.mx\/tienda\/wp-content\/uploads\/2024\/01\/abaa-metrologia-tienda.png","width":300,"height":141,"caption":"Abaa tienda online"},"image":{"@id":"https:\/\/abaa.mx\/tienda\/#\/schema\/logo\/image\/"}}]}},"_links":{"self":[{"href":"https:\/\/abaa.mx\/tienda\/wp-json\/wp\/v2\/product\/2426","targetHints":{"allow":["GET"]}}],"collection":[{"href":"https:\/\/abaa.mx\/tienda\/wp-json\/wp\/v2\/product"}],"about":[{"href":"https:\/\/abaa.mx\/tienda\/wp-json\/wp\/v2\/types\/product"}],"replies":[{"embeddable":true,"href":"https:\/\/abaa.mx\/tienda\/wp-json\/wp\/v2\/comments?post=2426"}],"wp:featuredmedia":[{"embeddable":true,"href":"https:\/\/abaa.mx\/tienda\/wp-json\/wp\/v2\/media\/2443"}],"wp:attachment":[{"href":"https:\/\/abaa.mx\/tienda\/wp-json\/wp\/v2\/media?parent=2426"}],"wp:term":[{"taxonomy":"product_brand","embeddable":true,"href":"https:\/\/abaa.mx\/tienda\/wp-json\/wp\/v2\/product_brand?post=2426"},{"taxonomy":"product_cat","embeddable":true,"href":"https:\/\/abaa.mx\/tienda\/wp-json\/wp\/v2\/product_cat?post=2426"},{"taxonomy":"product_tag","embeddable":true,"href":"https:\/\/abaa.mx\/tienda\/wp-json\/wp\/v2\/product_tag?post=2426"}],"curies":[{"name":"wp","href":"https:\/\/api.w.org\/{rel}","templated":true}]}}