{"id":2356,"date":"2023-09-20T21:51:32","date_gmt":"2023-09-20T21:51:32","guid":{"rendered":"https:\/\/abaa.mx\/tienda\/?post_type=product&#038;p=2356"},"modified":"2023-11-28T17:45:38","modified_gmt":"2023-11-28T17:45:38","slug":"fluke-1523-p2-termometro-de-referencia-5628-prt-bundle","status":"publish","type":"product","link":"https:\/\/abaa.mx\/tienda\/fluke-1523-p2-termometro-de-referencia-5628-prt-bundle\/","title":{"rendered":"Cuenta Metros Lineal Mecanico de 0-99,999.9 metros JM316"},"content":{"rendered":"<p>Cuenta Metros Lineal Mecanico de 0-99,999.9 metros JM316<\/p>\n","protected":false},"excerpt":{"rendered":"<p>Este es un contador de 6 d\u00edgitos, mide la longitud del art\u00edculo por medio de la acumulaci\u00f3n de la maquinaria de contacto entre la rueda de rodadura y el objeto. Se refiere a medir la longitud del producto en maquinaria textil, impresi\u00f3n, pel\u00edcula de pl\u00e1stico y de cuero sint\u00e9tico as\u00ed como cable en l\u00ednea.<\/p>\n<p><strong>CARACTER\u00cdSTICAS:<\/strong><\/p>\n<p><strong>Barra horizontal puntos:<\/strong><\/p>\n<ul>\n<li>lectura a 6 d\u00edgitos.<\/li>\n<li>tama\u00f1o de la rueda 106.1 mm.<\/li>\n<li>palanca de restablecimiento a 0.<\/li>\n<li>rango de medici\u00f3n: 0-99,999.9 m.<\/li>\n<li>precisi\u00f3n: + -0.04%.<\/li>\n<li>velocidad m\u00e1xima: 360 rpm.<\/li>\n<li>temperatura de uso: -15 \u00b0 &#8211; 55 \u00b0 c.<\/li>\n<li>dimensiones: 172.5mmx64.5mmx45.7mm.<\/li>\n<li>peso 0.5 kgs.<\/li>\n<\/ul>\n<p><strong>Tama\u00f1o y di\u00e1metro del equipo:<\/strong><\/p>\n<ul>\n<li>barra horizontal puntos<\/li>\n<li>di\u00e1metro de las ruedas: 11,5 cms.<\/li>\n<li>tama\u00f1o de la rueda: 33,5 cms.<\/li>\n<li>eje met\u00e1lico: 3,5 cm x 0,6 cm.<\/li>\n<li>caja contador: 8.2 cm x 5.6 cm x 4.6 cm.<\/li>\n<li>tama\u00f1o de los d\u00edgitos 6.5 mm.<\/li>\n<\/ul>\n","protected":false},"featured_media":9452,"comment_status":"open","ping_status":"closed","template":"","meta":{"_joinchat":[]},"product_brand":[],"product_cat":[15],"product_tag":[],"class_list":{"0":"post-2356","1":"product","2":"type-product","3":"status-publish","4":"has-post-thumbnail","6":"product_cat-sin-categorizar","8":"first","9":"instock","10":"shipping-taxable","11":"product-type-simple"},"yoast_head":"<!-- This site is optimized with the Yoast SEO plugin v26.4 - https:\/\/yoast.com\/wordpress\/plugins\/seo\/ -->\n<title>Cuenta Metros Lineal Mecanico de 0-99,999.9 metros JM316 - Abaa tienda online<\/title>\n<meta name=\"robots\" content=\"index, follow, max-snippet:-1, max-image-preview:large, max-video-preview:-1\" \/>\n<link rel=\"canonical\" href=\"https:\/\/abaa.mx\/tienda\/fluke-1523-p2-termometro-de-referencia-5628-prt-bundle\/\" \/>\n<meta property=\"og:locale\" content=\"es_MX\" \/>\n<meta property=\"og:type\" content=\"article\" \/>\n<meta property=\"og:title\" content=\"Cuenta Metros Lineal Mecanico de 0-99,999.9 metros JM316 - Abaa tienda online\" \/>\n<meta property=\"og:description\" content=\"Este es un contador de 6 d\u00edgitos, mide la longitud del art\u00edculo por medio de la acumulaci\u00f3n de la maquinaria de contacto entre la rueda de rodadura y el objeto. Se refiere a medir la longitud del producto en maquinaria textil, impresi\u00f3n, pel\u00edcula de pl\u00e1stico y de cuero sint\u00e9tico as\u00ed como cable en l\u00ednea.  CARACTER\u00cdSTICAS:  Barra horizontal puntos:   lectura a 6 d\u00edgitos.  tama\u00f1o de la rueda 106.1 mm.  palanca de restablecimiento a 0.  rango de medici\u00f3n: 0-99,999.9 m.  precisi\u00f3n: + -0.04%.  velocidad m\u00e1xima: 360 rpm.  temperatura de uso: -15 \u00b0 - 55 \u00b0 c.  dimensiones: 172.5mmx64.5mmx45.7mm.  peso 0.5 kgs.  Tama\u00f1o y di\u00e1metro del equipo:   barra horizontal puntos  di\u00e1metro de las ruedas: 11,5 cms.  tama\u00f1o de la rueda: 33,5 cms.  eje met\u00e1lico: 3,5 cm x 0,6 cm.  caja contador: 8.2 cm x 5.6 cm x 4.6 cm.  tama\u00f1o de los d\u00edgitos 6.5 mm.\" \/>\n<meta property=\"og:url\" content=\"https:\/\/abaa.mx\/tienda\/fluke-1523-p2-termometro-de-referencia-5628-prt-bundle\/\" \/>\n<meta property=\"og:site_name\" content=\"Abaa tienda online\" \/>\n<meta property=\"article:modified_time\" content=\"2023-11-28T17:45:38+00:00\" \/>\n<meta property=\"og:image\" content=\"https:\/\/abaa.mx\/tienda\/wp-content\/uploads\/2023\/09\/ALFAMETRIC-JM316.jpg\" \/>\n\t<meta property=\"og:image:width\" content=\"467\" \/>\n\t<meta property=\"og:image:height\" content=\"339\" \/>\n\t<meta property=\"og:image:type\" content=\"image\/jpeg\" \/>\n<meta name=\"twitter:card\" content=\"summary_large_image\" \/>\n<meta name=\"twitter:label1\" content=\"Tiempo de lectura\" \/>\n\t<meta name=\"twitter:data1\" content=\"1 minuto\" \/>\n<script type=\"application\/ld+json\" class=\"yoast-schema-graph\">{\"@context\":\"https:\/\/schema.org\",\"@graph\":[{\"@type\":\"WebPage\",\"@id\":\"https:\/\/abaa.mx\/tienda\/fluke-1523-p2-termometro-de-referencia-5628-prt-bundle\/\",\"url\":\"https:\/\/abaa.mx\/tienda\/fluke-1523-p2-termometro-de-referencia-5628-prt-bundle\/\",\"name\":\"Cuenta Metros Lineal Mecanico de 0-99,999.9 metros JM316 - Abaa tienda online\",\"isPartOf\":{\"@id\":\"https:\/\/abaa.mx\/tienda\/#website\"},\"primaryImageOfPage\":{\"@id\":\"https:\/\/abaa.mx\/tienda\/fluke-1523-p2-termometro-de-referencia-5628-prt-bundle\/#primaryimage\"},\"image\":{\"@id\":\"https:\/\/abaa.mx\/tienda\/fluke-1523-p2-termometro-de-referencia-5628-prt-bundle\/#primaryimage\"},\"thumbnailUrl\":\"https:\/\/abaa.mx\/tienda\/wp-content\/uploads\/2023\/09\/ALFAMETRIC-JM316.jpg\",\"datePublished\":\"2023-09-20T21:51:32+00:00\",\"dateModified\":\"2023-11-28T17:45:38+00:00\",\"breadcrumb\":{\"@id\":\"https:\/\/abaa.mx\/tienda\/fluke-1523-p2-termometro-de-referencia-5628-prt-bundle\/#breadcrumb\"},\"inLanguage\":\"es\",\"potentialAction\":[{\"@type\":\"ReadAction\",\"target\":[\"https:\/\/abaa.mx\/tienda\/fluke-1523-p2-termometro-de-referencia-5628-prt-bundle\/\"]}]},{\"@type\":\"ImageObject\",\"inLanguage\":\"es\",\"@id\":\"https:\/\/abaa.mx\/tienda\/fluke-1523-p2-termometro-de-referencia-5628-prt-bundle\/#primaryimage\",\"url\":\"https:\/\/abaa.mx\/tienda\/wp-content\/uploads\/2023\/09\/ALFAMETRIC-JM316.jpg\",\"contentUrl\":\"https:\/\/abaa.mx\/tienda\/wp-content\/uploads\/2023\/09\/ALFAMETRIC-JM316.jpg\",\"width\":467,\"height\":339,\"caption\":\"ALFAMETRIC-JM316\"},{\"@type\":\"BreadcrumbList\",\"@id\":\"https:\/\/abaa.mx\/tienda\/fluke-1523-p2-termometro-de-referencia-5628-prt-bundle\/#breadcrumb\",\"itemListElement\":[{\"@type\":\"ListItem\",\"position\":1,\"name\":\"Inicio\",\"item\":\"https:\/\/abaa.mx\/tienda\/\"},{\"@type\":\"ListItem\",\"position\":2,\"name\":\"Tienda\",\"item\":\"https:\/\/abaa.mx\/tienda\/\"},{\"@type\":\"ListItem\",\"position\":3,\"name\":\"Cuenta Metros Lineal Mecanico de 0-99,999.9 metros JM316\"}]},{\"@type\":\"WebSite\",\"@id\":\"https:\/\/abaa.mx\/tienda\/#website\",\"url\":\"https:\/\/abaa.mx\/tienda\/\",\"name\":\"Abaa tienda online\",\"description\":\"Instrumentos de medici\u00f3n\",\"publisher\":{\"@id\":\"https:\/\/abaa.mx\/tienda\/#organization\"},\"potentialAction\":[{\"@type\":\"SearchAction\",\"target\":{\"@type\":\"EntryPoint\",\"urlTemplate\":\"https:\/\/abaa.mx\/tienda\/?s={search_term_string}\"},\"query-input\":{\"@type\":\"PropertyValueSpecification\",\"valueRequired\":true,\"valueName\":\"search_term_string\"}}],\"inLanguage\":\"es\"},{\"@type\":\"Organization\",\"@id\":\"https:\/\/abaa.mx\/tienda\/#organization\",\"name\":\"Abaa tienda online\",\"url\":\"https:\/\/abaa.mx\/tienda\/\",\"logo\":{\"@type\":\"ImageObject\",\"inLanguage\":\"es\",\"@id\":\"https:\/\/abaa.mx\/tienda\/#\/schema\/logo\/image\/\",\"url\":\"https:\/\/abaa.mx\/tienda\/wp-content\/uploads\/2024\/01\/abaa-metrologia-tienda.png\",\"contentUrl\":\"https:\/\/abaa.mx\/tienda\/wp-content\/uploads\/2024\/01\/abaa-metrologia-tienda.png\",\"width\":300,\"height\":141,\"caption\":\"Abaa tienda online\"},\"image\":{\"@id\":\"https:\/\/abaa.mx\/tienda\/#\/schema\/logo\/image\/\"}}]}<\/script>\n<!-- \/ Yoast SEO plugin. -->","yoast_head_json":{"title":"Cuenta Metros Lineal Mecanico de 0-99,999.9 metros JM316 - Abaa tienda online","robots":{"index":"index","follow":"follow","max-snippet":"max-snippet:-1","max-image-preview":"max-image-preview:large","max-video-preview":"max-video-preview:-1"},"canonical":"https:\/\/abaa.mx\/tienda\/fluke-1523-p2-termometro-de-referencia-5628-prt-bundle\/","og_locale":"es_MX","og_type":"article","og_title":"Cuenta Metros Lineal Mecanico de 0-99,999.9 metros JM316 - Abaa tienda online","og_description":"Este es un contador de 6 d\u00edgitos, mide la longitud del art\u00edculo por medio de la acumulaci\u00f3n de la maquinaria de contacto entre la rueda de rodadura y el objeto. Se refiere a medir la longitud del producto en maquinaria textil, impresi\u00f3n, pel\u00edcula de pl\u00e1stico y de cuero sint\u00e9tico as\u00ed como cable en l\u00ednea.  CARACTER\u00cdSTICAS:  Barra horizontal puntos:   lectura a 6 d\u00edgitos.  tama\u00f1o de la rueda 106.1 mm.  palanca de restablecimiento a 0.  rango de medici\u00f3n: 0-99,999.9 m.  precisi\u00f3n: + -0.04%.  velocidad m\u00e1xima: 360 rpm.  temperatura de uso: -15 \u00b0 - 55 \u00b0 c.  dimensiones: 172.5mmx64.5mmx45.7mm.  peso 0.5 kgs.  Tama\u00f1o y di\u00e1metro del equipo:   barra horizontal puntos  di\u00e1metro de las ruedas: 11,5 cms.  tama\u00f1o de la rueda: 33,5 cms.  eje met\u00e1lico: 3,5 cm x 0,6 cm.  caja contador: 8.2 cm x 5.6 cm x 4.6 cm.  tama\u00f1o de los d\u00edgitos 6.5 mm.","og_url":"https:\/\/abaa.mx\/tienda\/fluke-1523-p2-termometro-de-referencia-5628-prt-bundle\/","og_site_name":"Abaa tienda online","article_modified_time":"2023-11-28T17:45:38+00:00","og_image":[{"width":467,"height":339,"url":"https:\/\/abaa.mx\/tienda\/wp-content\/uploads\/2023\/09\/ALFAMETRIC-JM316.jpg","type":"image\/jpeg"}],"twitter_card":"summary_large_image","twitter_misc":{"Tiempo de lectura":"1 minuto"},"schema":{"@context":"https:\/\/schema.org","@graph":[{"@type":"WebPage","@id":"https:\/\/abaa.mx\/tienda\/fluke-1523-p2-termometro-de-referencia-5628-prt-bundle\/","url":"https:\/\/abaa.mx\/tienda\/fluke-1523-p2-termometro-de-referencia-5628-prt-bundle\/","name":"Cuenta Metros Lineal Mecanico de 0-99,999.9 metros JM316 - Abaa tienda online","isPartOf":{"@id":"https:\/\/abaa.mx\/tienda\/#website"},"primaryImageOfPage":{"@id":"https:\/\/abaa.mx\/tienda\/fluke-1523-p2-termometro-de-referencia-5628-prt-bundle\/#primaryimage"},"image":{"@id":"https:\/\/abaa.mx\/tienda\/fluke-1523-p2-termometro-de-referencia-5628-prt-bundle\/#primaryimage"},"thumbnailUrl":"https:\/\/abaa.mx\/tienda\/wp-content\/uploads\/2023\/09\/ALFAMETRIC-JM316.jpg","datePublished":"2023-09-20T21:51:32+00:00","dateModified":"2023-11-28T17:45:38+00:00","breadcrumb":{"@id":"https:\/\/abaa.mx\/tienda\/fluke-1523-p2-termometro-de-referencia-5628-prt-bundle\/#breadcrumb"},"inLanguage":"es","potentialAction":[{"@type":"ReadAction","target":["https:\/\/abaa.mx\/tienda\/fluke-1523-p2-termometro-de-referencia-5628-prt-bundle\/"]}]},{"@type":"ImageObject","inLanguage":"es","@id":"https:\/\/abaa.mx\/tienda\/fluke-1523-p2-termometro-de-referencia-5628-prt-bundle\/#primaryimage","url":"https:\/\/abaa.mx\/tienda\/wp-content\/uploads\/2023\/09\/ALFAMETRIC-JM316.jpg","contentUrl":"https:\/\/abaa.mx\/tienda\/wp-content\/uploads\/2023\/09\/ALFAMETRIC-JM316.jpg","width":467,"height":339,"caption":"ALFAMETRIC-JM316"},{"@type":"BreadcrumbList","@id":"https:\/\/abaa.mx\/tienda\/fluke-1523-p2-termometro-de-referencia-5628-prt-bundle\/#breadcrumb","itemListElement":[{"@type":"ListItem","position":1,"name":"Inicio","item":"https:\/\/abaa.mx\/tienda\/"},{"@type":"ListItem","position":2,"name":"Tienda","item":"https:\/\/abaa.mx\/tienda\/"},{"@type":"ListItem","position":3,"name":"Cuenta Metros Lineal Mecanico de 0-99,999.9 metros JM316"}]},{"@type":"WebSite","@id":"https:\/\/abaa.mx\/tienda\/#website","url":"https:\/\/abaa.mx\/tienda\/","name":"Abaa tienda online","description":"Instrumentos de medici\u00f3n","publisher":{"@id":"https:\/\/abaa.mx\/tienda\/#organization"},"potentialAction":[{"@type":"SearchAction","target":{"@type":"EntryPoint","urlTemplate":"https:\/\/abaa.mx\/tienda\/?s={search_term_string}"},"query-input":{"@type":"PropertyValueSpecification","valueRequired":true,"valueName":"search_term_string"}}],"inLanguage":"es"},{"@type":"Organization","@id":"https:\/\/abaa.mx\/tienda\/#organization","name":"Abaa tienda online","url":"https:\/\/abaa.mx\/tienda\/","logo":{"@type":"ImageObject","inLanguage":"es","@id":"https:\/\/abaa.mx\/tienda\/#\/schema\/logo\/image\/","url":"https:\/\/abaa.mx\/tienda\/wp-content\/uploads\/2024\/01\/abaa-metrologia-tienda.png","contentUrl":"https:\/\/abaa.mx\/tienda\/wp-content\/uploads\/2024\/01\/abaa-metrologia-tienda.png","width":300,"height":141,"caption":"Abaa tienda online"},"image":{"@id":"https:\/\/abaa.mx\/tienda\/#\/schema\/logo\/image\/"}}]}},"_links":{"self":[{"href":"https:\/\/abaa.mx\/tienda\/wp-json\/wp\/v2\/product\/2356","targetHints":{"allow":["GET"]}}],"collection":[{"href":"https:\/\/abaa.mx\/tienda\/wp-json\/wp\/v2\/product"}],"about":[{"href":"https:\/\/abaa.mx\/tienda\/wp-json\/wp\/v2\/types\/product"}],"replies":[{"embeddable":true,"href":"https:\/\/abaa.mx\/tienda\/wp-json\/wp\/v2\/comments?post=2356"}],"wp:featuredmedia":[{"embeddable":true,"href":"https:\/\/abaa.mx\/tienda\/wp-json\/wp\/v2\/media\/9452"}],"wp:attachment":[{"href":"https:\/\/abaa.mx\/tienda\/wp-json\/wp\/v2\/media?parent=2356"}],"wp:term":[{"taxonomy":"product_brand","embeddable":true,"href":"https:\/\/abaa.mx\/tienda\/wp-json\/wp\/v2\/product_brand?post=2356"},{"taxonomy":"product_cat","embeddable":true,"href":"https:\/\/abaa.mx\/tienda\/wp-json\/wp\/v2\/product_cat?post=2356"},{"taxonomy":"product_tag","embeddable":true,"href":"https:\/\/abaa.mx\/tienda\/wp-json\/wp\/v2\/product_tag?post=2356"}],"curies":[{"name":"wp","href":"https:\/\/api.w.org\/{rel}","templated":true}]}}