{"id":2328,"date":"2023-09-20T21:34:22","date_gmt":"2023-09-20T21:34:22","guid":{"rendered":"https:\/\/abaa.mx\/tienda\/?post_type=product&#038;p=2328"},"modified":"2023-11-28T17:23:08","modified_gmt":"2023-11-28T17:23:08","slug":"multimetro-termico-inalambrico-true-rms-279fc-iflex-de-fluke-con-iflex","status":"publish","type":"product","link":"https:\/\/abaa.mx\/tienda\/multimetro-termico-inalambrico-true-rms-279fc-iflex-de-fluke-con-iflex\/","title":{"rendered":"Mult\u00edmetro t\u00e9rmico inal\u00e1mbrico true rms 279fc-iflex de fluke con iflex"},"content":{"rendered":"<p>&nbsp;<\/p>\n<p><strong>Encontrar. Reparar. Validar. Informe.<\/strong><\/p>\n<p>Encuentre, repare, valide e informe muchos problemas el\u00e9ctricos de forma r\u00e1pida y segura con este mult\u00edmetro digital con todas las funciones y im\u00e1genes t\u00e9rmicas integradas.<\/p>\n<p>&nbsp;<\/p>\n<p><strong>Funciones:<\/strong><\/p>\n<ul>\n<li>Mult\u00edmetro con todas las funciones con c\u00e1mara termogr\u00e1fica integrada.<\/li>\n<li>15 funciones de medici\u00f3n que incluyen: voltaje de CA con filtro de paso bajo, voltaje de CC, resistencia, continuidad, capacitancia, prueba de diodo, M\u00edn. \/ Max \/ Avg, corriente de CA (con iFlex), frecuencia.<\/li>\n<li>La termograf\u00eda revela muchos problemas el\u00e9ctricos de forma r\u00e1pida y segura, lo que elimina la necesidad de pruebas y validaciones que requieren mucho tiempo..<\/li>\n<li>La herramienta dos en uno est\u00e1 dise\u00f1ada para aumentar la productividad, \u00a1sin necesidad de volver al cami\u00f3n o a la oficina para recuperar una c\u00e1mara compartida o esperar a que el term\u00f3grafo haga m\u00e1s en menos tiempo!.<\/li>\n<li>iFlex ampl\u00eda sus capacidades de medici\u00f3n en espacios reducidos y dif\u00edciles de alcanzar para la medici\u00f3n de corriente (hasta 2500 A AC).<\/li>\n<li>Dise\u00f1ado para durabilidad, construido para soportar una ca\u00edda de 9.8 &#8216;(3 m), doble aislamiento con funda de goma elevada para una mayor protecci\u00f3n.<\/li>\n<li>Guarde mediciones e im\u00e1genes mientras se comunica de forma inal\u00e1mbrica con un tel\u00e9fono inteligente a una distancia de hasta 20 pies\/6,1 m (sin obstrucciones).<\/li>\n<li>La bater\u00eda recargable de iones de litio permite un d\u00eda completo de trabajo (10+ horas) en condiciones normales.<\/li>\n<li>Apagado autom\u00e1tico para ahorrar energ\u00eda de la bater\u00eda.<\/li>\n<li>Categor\u00eda de medici\u00f3n CAT III 1000 V, CAT IV 600 V.<\/li>\n<\/ul>\n<p>&nbsp;<\/p>\n<p><strong>Localice el problema inmediatamente:<\/strong><\/p>\n<p>El escaneo con este mult\u00edmetro t\u00e9rmico permite a los usuarios localizar problemas el\u00e9ctricos r\u00e1pidamente y desde una distancia segura. Adem\u00e1s, es una herramienta de soluci\u00f3n de problemas ideal para equipos el\u00e9ctricos, debido a su capacidad para verificar puntos calientes en equipos y transformadores de alto voltaje y detectar el calentamiento de fusibles, cables, aisladores, conectores, empalmes e interruptores.<\/p>\n<p>&nbsp;<\/p>\n<p><strong>Funcionalidad ampliada:<\/strong><\/p>\n<p>Compatible con iFlex (una abrazadera de corriente flexible) para ampliar sus capacidades de medici\u00f3n y entrar en espacios reducidos y dif\u00edciles de alcanzar para la medici\u00f3n de corriente (hasta 2500 A AC). La gran pantalla LCD a todo color hace que la visualizaci\u00f3n de im\u00e1genes y lecturas sea m\u00e1s f\u00e1cil y clara. La bater\u00eda recargable de 10 horas y m\u00e1s te mantiene activo todo el d\u00eda en condiciones normales.<\/p>\n<h5><\/h5>\n<p><strong>Comunique sus resultados:<\/strong><\/p>\n<p>Con Fluke Connect integrado, transmita los resultados de forma inal\u00e1mbrica a un smartphone y ahorre tiempo en la generaci\u00f3n de informes para validar que el trabajo est\u00e1 completo. Solucione mejor los problemas al monitorear instant\u00e1neamente las mediciones en vivo en la pantalla de su tel\u00e9fono inteligente. Cree y env\u00ede informes por correo electr\u00f3nico directamente desde el campo.<\/p>\n<p>&nbsp;<\/p>\n<p><strong>Aplicaciones:<\/strong><\/p>\n<ul>\n<li>El\u00e9ctrico.<\/li>\n<\/ul>\n<h4>Especificaciones del Fluke 279FC\/IFLEX<\/h4>\n<table class=\"table table-striped\">\n<tbody>\n<tr>\n<td colspan=\"2\"><strong>Voltaje de CA<\/strong><\/td>\n<\/tr>\n<tr>\n<td>Rango\/Resoluci\u00f3n<\/td>\n<td>600,0\/0,1 mV<br \/>\n6.000\/0,001 V 60,00\/0,01 V 600,0\/0,1 V 1000\/1 V<\/td>\n<\/tr>\n<tr>\n<td>Exactitud<\/td>\n<td>45 a 65 Hz: 1,0 % + 3<br \/>\n65 a 200 Hz: 4,0 % + 3<br \/>\n200 a 500 Hz: 15 % + 3<\/td>\n<\/tr>\n<tr>\n<td colspan=\"2\"><strong>CA mV<\/strong><\/td>\n<\/tr>\n<tr>\n<td>Rango\/Resoluci\u00f3n<\/td>\n<td>600,0\/0,1 mV<\/td>\n<\/tr>\n<tr>\n<td>Exactitud<\/td>\n<td>45 a 500 Hz: 1,0% + 3<\/td>\n<\/tr>\n<tr>\n<td colspan=\"2\"><strong>Voltaje de CC<\/strong><\/td>\n<\/tr>\n<tr>\n<td>Rango\/Resoluci\u00f3n<\/td>\n<td>6.000\/0.001 V 60.00\/0.01 V 600.0\/0.1 V 1000\/1 V<\/td>\n<\/tr>\n<tr>\n<td>Exactitud<\/td>\n<td>6, 60, 600 V: 0.09% + 2 1000 V:<br \/>\n0.15% + 2<\/td>\n<\/tr>\n<tr>\n<td colspan=\"2\"><strong>DC mV<\/strong><\/td>\n<\/tr>\n<tr>\n<td>Rango\/Resoluci\u00f3n<\/td>\n<td>600,0\/0,1 mV<\/td>\n<\/tr>\n<tr>\n<td colspan=\"2\"><strong>Continuidad<\/strong><\/td>\n<\/tr>\n<tr>\n<td>Rango\/Resoluci\u00f3n<\/td>\n<td>600\/1 \u03a9<\/td>\n<\/tr>\n<tr>\n<td>Exactitud<\/td>\n<td>El medidor emite pitidos a &lt;25 \u03a9, el beeper detecta aperturas o cortocircuitos de 600 \u03bcs o m\u00e1s<\/td>\n<\/tr>\n<tr>\n<td colspan=\"2\"><strong>Resistencia<\/strong><\/td>\n<\/tr>\n<tr>\n<td>Rango\/Resoluci\u00f3n<\/td>\n<td>600,0\/0,1 \u03a9<br \/>\n6,000\/0,001 k\u03a9 60,00\/0,01 k\u03a9600,0\/0,1 k\u03a9<br \/>\n6,000\/0,001 M\u03a9<br \/>\n50,00\/0,01 M\u03a9<\/td>\n<\/tr>\n<tr>\n<td>Exactitud<\/td>\n<td>600 \u03a9: 0,5 % + 2<br \/>\n6 a 600 k\u03a9: 0,5 % + 1<br \/>\n50 M\u03a9: 1,5 % + 3<\/td>\n<\/tr>\n<tr>\n<td colspan=\"2\"><strong>Prueba de diodo<\/strong><\/td>\n<\/tr>\n<tr>\n<td>Rango\/Resoluci\u00f3n<\/td>\n<td>2.000\/0.001 V<\/td>\n<\/tr>\n<tr>\n<td>Exactitud<\/td>\n<td>1% + 2<\/td>\n<\/tr>\n<tr>\n<td colspan=\"2\"><strong>Capacitancia<\/strong><\/td>\n<\/tr>\n<tr>\n<td>Rango\/Resoluci\u00f3n<\/td>\n<td>1000\/1 nF 10.00\/0.01 \u03bcF 100.0\/0.1 \u03bcF 9999\/1 \u03bcF<\/td>\n<\/tr>\n<tr>\n<td>Exactitud<\/td>\n<td>1000 nF a 100 \u03bcF: 1.2% + 2<br \/>\n9999 \u03bcF: 10% t\u00edpico<\/td>\n<\/tr>\n<tr>\n<td colspan=\"2\"><strong>Corriente alterna<\/strong><\/td>\n<\/tr>\n<tr>\n<td>Rango\/Resoluci\u00f3n<\/td>\n<td>999.9\/0.1 A 2500\/1 A<br \/>\n(con iFlex)<\/td>\n<\/tr>\n<tr>\n<td>Exactitud<\/td>\n<td>45 a 500 Hz: 3,0% + 5<\/td>\n<\/tr>\n<tr>\n<td colspan=\"2\"><strong>Frecuencia<\/strong><\/td>\n<\/tr>\n<tr>\n<td>Rango\/Resoluci\u00f3n<\/td>\n<td>99,99\/0,01 Hz<br \/>\n999,9\/0,1 Hz<\/td>\n<\/tr>\n<tr>\n<td>Exactitud<\/td>\n<td>0.1% + 1<\/td>\n<\/tr>\n<tr>\n<td colspan=\"2\"><strong>Caracter\u00edsticas de entrada<\/strong><\/td>\n<\/tr>\n<tr>\n<td>Voltaje de CA<\/td>\n<td>Impedancia de entrada (nominal): &gt;10 M\u03a9 &lt;100 pF<br \/>\nRelaci\u00f3n de rechazo de modo com\u00fan (desequilibrio de 1 k\u03a9): &gt;60 dB, CC a 60 Hz<br \/>\nProtecci\u00f3n contra sobrecarga: 1100 V rms<\/td>\n<\/tr>\n<tr>\n<td>Voltaje de CC<\/td>\n<td>Impedancia de entrada (nominal): &gt;10 M\u03a9 &lt;100 pF<br \/>\nRelaci\u00f3n de rechazo de modo com\u00fan (desequilibrio de 1 k\u03a9): &gt;120 dB en CC, 50 Hz o 60 Hz Rechazo de modo normal: &gt;60 dB a 50 Hz o 60 Hz<br \/>\nProtecci\u00f3n contra<br \/>\nsobrecarga: 1100 V rms<\/td>\n<\/tr>\n<tr>\n<td>AC mV\/DC mV<\/td>\n<td>Impedancia de entrada (nominal): &gt;10 M\u03a9 &lt;100 pF<br \/>\nRelaci\u00f3n de rechazo de modo com\u00fan (desequilibrio de 1 k\u03a9): &gt;120 dB en CC, 50 Hz o 60 Hz Rechazo de modo normal: &gt;60 dB a 50 Hz o 60 Hz<br \/>\nProtecci\u00f3n contra<br \/>\nsobrecarga: 1100 V rms<\/td>\n<\/tr>\n<tr>\n<td>Resistencia\/capacitancia<\/td>\n<td>Voltaje de prueba de circuito abierto: &lt;2.7 V dc Voltaje a escala completa a 6 M\u03a9: &lt;0.7 V dc Voltaje a escala completa 50 M\u03a9: &lt;0.9 V dc<\/p>\n<p>Corriente de cortocircuito t\u00edpica: &lt;350 mA<br \/>\nProtecci\u00f3n contra sobrecarga: 1100 V rms<\/td>\n<\/tr>\n<tr>\n<td>Prueba de continuidad\/diodo<\/td>\n<td>Voltaje de prueba de circuito abierto: &lt;2.7 V dc Voltaje a escala completa: 2.000 V dc<\/p>\n<p>Corriente de cortocircuito t\u00edpica: &lt;1.1 mA<\/td>\n<\/tr>\n<tr>\n<td colspan=\"2\"><strong>Precisi\u00f3n de grabaci\u00f3n MIN\/MAX<\/strong><\/td>\n<\/tr>\n<tr>\n<td>Funciones de CA<\/td>\n<td>40 recuentos para cambios &gt; 900 ms de duraci\u00f3n<\/td>\n<\/tr>\n<tr>\n<td>Funciones de CC<\/td>\n<td>12 recuentos para cambios &gt; 350 ms de duraci\u00f3n<\/td>\n<\/tr>\n<tr>\n<td colspan=\"2\"><strong>Temperatura de la c\u00e1mara infrarroja<\/strong><\/td>\n<\/tr>\n<tr>\n<td>Rango de temperatura<\/td>\n<td>14 a 392\u00b0F (-10 a 200\u00b0C)<\/td>\n<\/tr>\n<tr>\n<td>Resoluci\u00f3n de medici\u00f3n<\/td>\n<td>0.1\u00b0C<\/td>\n<\/tr>\n<tr>\n<td>Medici\u00f3n de temperatura<\/td>\n<td>S\u00ed, punto central<\/td>\n<\/tr>\n<tr>\n<td>Exactitud<\/td>\n<td>\u00b15 \u00b0C o \u00b15 %, si esta cifra es mayor, a 25 \u00b0C (ambiente) para temperaturas objetivo inferiores a 20 \u00b0C, a\u00f1adir 0,05 \u00b0C por cada \u00b0C<\/td>\n<\/tr>\n<tr>\n<td>Emisividad<\/td>\n<td>0,95 fijo<\/td>\n<\/tr>\n<tr>\n<td colspan=\"2\"><strong>Rendimiento de imagen<\/strong><\/td>\n<\/tr>\n<tr>\n<td>Resoluci\u00f3n<\/td>\n<td>102 x 77<\/td>\n<\/tr>\n<tr>\n<td>Frecuencia de captura de im\u00e1genes<\/td>\n<td>8 Hz<\/td>\n<\/tr>\n<tr>\n<td>Tipo de detector<\/td>\n<td>\u00d3xido de vanadio no refrigerado<\/td>\n<\/tr>\n<tr>\n<td>Sensibilidad t\u00e9rmica (NETD)<\/td>\n<td>\u2264200 mK<\/td>\n<\/tr>\n<tr>\n<td>Banda espectral infrarroja<\/td>\n<td>7,5 a 14 \u03bcm<\/td>\n<\/tr>\n<tr>\n<td>Distancia al lugar<\/td>\n<td>162:1<\/td>\n<\/tr>\n<tr>\n<td>Campo de visi\u00f3n<\/td>\n<td>36 x 27\u00b0<\/td>\n<\/tr>\n<tr>\n<td>Mecanismo de enfoque<\/td>\n<td>Enfoque fijo<\/td>\n<\/tr>\n<tr>\n<td colspan=\"2\"><strong>Presentaci\u00f3n de im\u00e1genes<\/strong><\/td>\n<\/tr>\n<tr>\n<td>Paleta<\/td>\n<td>Arco de hierro<\/td>\n<\/tr>\n<tr>\n<td>Nivel y envergadura<\/td>\n<td>Autom\u00e1tico<\/td>\n<\/tr>\n<tr>\n<td colspan=\"2\"><strong>Captura de im\u00e1genes y almacenamiento de datos<\/strong><\/td>\n<\/tr>\n<tr>\n<td>Captura de im\u00e1genes<\/td>\n<td>Imagen disponible para revisi\u00f3n antes de guardar<\/td>\n<\/tr>\n<tr>\n<td>Medio de almacenamiento<\/td>\n<td>La memoria interna almacena hasta 100 im\u00e1genes<\/td>\n<\/tr>\n<tr>\n<td>Transferencia de im\u00e1genes<\/td>\n<td>Fluke Connect\/SmartView<\/td>\n<\/tr>\n<tr>\n<td>Formato de archivo<\/td>\n<td>Ost<\/td>\n<\/tr>\n<tr>\n<td>Tama\u00f1o de la pantalla<\/td>\n<td>3,5&#8243; (8,9 cm) en diagonal<\/td>\n<\/tr>\n<\/tbody>\n<\/table>\n","protected":false},"excerpt":{"rendered":"<p>Con la capacidad de escanear, este mult\u00edmetro t\u00e9rmico permite a los usuarios encontrar problemas el\u00e9ctricos a distancia. Esta herramienta tambi\u00e9n verifica los puntos calientes en equipos y transformadores de alto voltaje e identifica el calentamiento de fusibles, cables, aisladores, conectores, empalmes e interruptores. Adem\u00e1s, viene equipado con la sonda iFlex.<\/p>\n","protected":false},"featured_media":2332,"comment_status":"open","ping_status":"closed","template":"","meta":{"_joinchat":[]},"product_brand":[],"product_cat":[15],"product_tag":[],"class_list":{"0":"post-2328","1":"product","2":"type-product","3":"status-publish","4":"has-post-thumbnail","6":"product_cat-sin-categorizar","8":"first","9":"instock","10":"shipping-taxable","11":"product-type-simple"},"yoast_head":"<!-- This site is optimized with the Yoast SEO plugin v26.4 - https:\/\/yoast.com\/wordpress\/plugins\/seo\/ -->\n<title>Mult\u00edmetro t\u00e9rmico inal\u00e1mbrico true rms 279fc-iflex de fluke con iflex - Abaa tienda online<\/title>\n<meta name=\"robots\" content=\"index, follow, max-snippet:-1, max-image-preview:large, max-video-preview:-1\" \/>\n<link rel=\"canonical\" href=\"https:\/\/abaa.mx\/tienda\/multimetro-termico-inalambrico-true-rms-279fc-iflex-de-fluke-con-iflex\/\" \/>\n<meta property=\"og:locale\" content=\"es_MX\" \/>\n<meta property=\"og:type\" content=\"article\" \/>\n<meta property=\"og:title\" content=\"Mult\u00edmetro t\u00e9rmico inal\u00e1mbrico true rms 279fc-iflex de fluke con iflex - Abaa tienda online\" \/>\n<meta property=\"og:description\" content=\"Con la capacidad de escanear, este mult\u00edmetro t\u00e9rmico permite a los usuarios encontrar problemas el\u00e9ctricos a distancia. Esta herramienta tambi\u00e9n verifica los puntos calientes en equipos y transformadores de alto voltaje e identifica el calentamiento de fusibles, cables, aisladores, conectores, empalmes e interruptores. Adem\u00e1s, viene equipado con la sonda iFlex.\" \/>\n<meta property=\"og:url\" content=\"https:\/\/abaa.mx\/tienda\/multimetro-termico-inalambrico-true-rms-279fc-iflex-de-fluke-con-iflex\/\" \/>\n<meta property=\"og:site_name\" content=\"Abaa tienda online\" \/>\n<meta property=\"article:modified_time\" content=\"2023-11-28T17:23:08+00:00\" \/>\n<meta property=\"og:image\" content=\"https:\/\/abaa.mx\/tienda\/wp-content\/uploads\/2023\/09\/279FC-IFLEX.png\" \/>\n\t<meta property=\"og:image:width\" content=\"1080\" \/>\n\t<meta property=\"og:image:height\" content=\"711\" \/>\n\t<meta property=\"og:image:type\" content=\"image\/png\" \/>\n<meta name=\"twitter:card\" content=\"summary_large_image\" \/>\n<meta name=\"twitter:label1\" content=\"Tiempo de lectura\" \/>\n\t<meta name=\"twitter:data1\" content=\"5 minutos\" \/>\n<script type=\"application\/ld+json\" class=\"yoast-schema-graph\">{\"@context\":\"https:\/\/schema.org\",\"@graph\":[{\"@type\":\"WebPage\",\"@id\":\"https:\/\/abaa.mx\/tienda\/multimetro-termico-inalambrico-true-rms-279fc-iflex-de-fluke-con-iflex\/\",\"url\":\"https:\/\/abaa.mx\/tienda\/multimetro-termico-inalambrico-true-rms-279fc-iflex-de-fluke-con-iflex\/\",\"name\":\"Mult\u00edmetro t\u00e9rmico inal\u00e1mbrico true rms 279fc-iflex de fluke con iflex - Abaa tienda online\",\"isPartOf\":{\"@id\":\"https:\/\/abaa.mx\/tienda\/#website\"},\"primaryImageOfPage\":{\"@id\":\"https:\/\/abaa.mx\/tienda\/multimetro-termico-inalambrico-true-rms-279fc-iflex-de-fluke-con-iflex\/#primaryimage\"},\"image\":{\"@id\":\"https:\/\/abaa.mx\/tienda\/multimetro-termico-inalambrico-true-rms-279fc-iflex-de-fluke-con-iflex\/#primaryimage\"},\"thumbnailUrl\":\"https:\/\/abaa.mx\/tienda\/wp-content\/uploads\/2023\/09\/279FC-IFLEX.png\",\"datePublished\":\"2023-09-20T21:34:22+00:00\",\"dateModified\":\"2023-11-28T17:23:08+00:00\",\"breadcrumb\":{\"@id\":\"https:\/\/abaa.mx\/tienda\/multimetro-termico-inalambrico-true-rms-279fc-iflex-de-fluke-con-iflex\/#breadcrumb\"},\"inLanguage\":\"es\",\"potentialAction\":[{\"@type\":\"ReadAction\",\"target\":[\"https:\/\/abaa.mx\/tienda\/multimetro-termico-inalambrico-true-rms-279fc-iflex-de-fluke-con-iflex\/\"]}]},{\"@type\":\"ImageObject\",\"inLanguage\":\"es\",\"@id\":\"https:\/\/abaa.mx\/tienda\/multimetro-termico-inalambrico-true-rms-279fc-iflex-de-fluke-con-iflex\/#primaryimage\",\"url\":\"https:\/\/abaa.mx\/tienda\/wp-content\/uploads\/2023\/09\/279FC-IFLEX.png\",\"contentUrl\":\"https:\/\/abaa.mx\/tienda\/wp-content\/uploads\/2023\/09\/279FC-IFLEX.png\",\"width\":1080,\"height\":711,\"caption\":\"multimetro-termico-inalambrico-true-rms-279fc-iflex-de-fluke-con-iflex\"},{\"@type\":\"BreadcrumbList\",\"@id\":\"https:\/\/abaa.mx\/tienda\/multimetro-termico-inalambrico-true-rms-279fc-iflex-de-fluke-con-iflex\/#breadcrumb\",\"itemListElement\":[{\"@type\":\"ListItem\",\"position\":1,\"name\":\"Inicio\",\"item\":\"https:\/\/abaa.mx\/tienda\/\"},{\"@type\":\"ListItem\",\"position\":2,\"name\":\"Tienda\",\"item\":\"https:\/\/abaa.mx\/tienda\/\"},{\"@type\":\"ListItem\",\"position\":3,\"name\":\"Mult\u00edmetro t\u00e9rmico inal\u00e1mbrico true rms 279fc-iflex de fluke con iflex\"}]},{\"@type\":\"WebSite\",\"@id\":\"https:\/\/abaa.mx\/tienda\/#website\",\"url\":\"https:\/\/abaa.mx\/tienda\/\",\"name\":\"Abaa tienda online\",\"description\":\"Instrumentos de medici\u00f3n\",\"publisher\":{\"@id\":\"https:\/\/abaa.mx\/tienda\/#organization\"},\"potentialAction\":[{\"@type\":\"SearchAction\",\"target\":{\"@type\":\"EntryPoint\",\"urlTemplate\":\"https:\/\/abaa.mx\/tienda\/?s={search_term_string}\"},\"query-input\":{\"@type\":\"PropertyValueSpecification\",\"valueRequired\":true,\"valueName\":\"search_term_string\"}}],\"inLanguage\":\"es\"},{\"@type\":\"Organization\",\"@id\":\"https:\/\/abaa.mx\/tienda\/#organization\",\"name\":\"Abaa tienda online\",\"url\":\"https:\/\/abaa.mx\/tienda\/\",\"logo\":{\"@type\":\"ImageObject\",\"inLanguage\":\"es\",\"@id\":\"https:\/\/abaa.mx\/tienda\/#\/schema\/logo\/image\/\",\"url\":\"https:\/\/abaa.mx\/tienda\/wp-content\/uploads\/2024\/01\/abaa-metrologia-tienda.png\",\"contentUrl\":\"https:\/\/abaa.mx\/tienda\/wp-content\/uploads\/2024\/01\/abaa-metrologia-tienda.png\",\"width\":300,\"height\":141,\"caption\":\"Abaa tienda online\"},\"image\":{\"@id\":\"https:\/\/abaa.mx\/tienda\/#\/schema\/logo\/image\/\"}}]}<\/script>\n<!-- \/ Yoast SEO plugin. -->","yoast_head_json":{"title":"Mult\u00edmetro t\u00e9rmico inal\u00e1mbrico true rms 279fc-iflex de fluke con iflex - Abaa tienda online","robots":{"index":"index","follow":"follow","max-snippet":"max-snippet:-1","max-image-preview":"max-image-preview:large","max-video-preview":"max-video-preview:-1"},"canonical":"https:\/\/abaa.mx\/tienda\/multimetro-termico-inalambrico-true-rms-279fc-iflex-de-fluke-con-iflex\/","og_locale":"es_MX","og_type":"article","og_title":"Mult\u00edmetro t\u00e9rmico inal\u00e1mbrico true rms 279fc-iflex de fluke con iflex - Abaa tienda online","og_description":"Con la capacidad de escanear, este mult\u00edmetro t\u00e9rmico permite a los usuarios encontrar problemas el\u00e9ctricos a distancia. Esta herramienta tambi\u00e9n verifica los puntos calientes en equipos y transformadores de alto voltaje e identifica el calentamiento de fusibles, cables, aisladores, conectores, empalmes e interruptores. Adem\u00e1s, viene equipado con la sonda iFlex.","og_url":"https:\/\/abaa.mx\/tienda\/multimetro-termico-inalambrico-true-rms-279fc-iflex-de-fluke-con-iflex\/","og_site_name":"Abaa tienda online","article_modified_time":"2023-11-28T17:23:08+00:00","og_image":[{"width":1080,"height":711,"url":"https:\/\/abaa.mx\/tienda\/wp-content\/uploads\/2023\/09\/279FC-IFLEX.png","type":"image\/png"}],"twitter_card":"summary_large_image","twitter_misc":{"Tiempo de lectura":"5 minutos"},"schema":{"@context":"https:\/\/schema.org","@graph":[{"@type":"WebPage","@id":"https:\/\/abaa.mx\/tienda\/multimetro-termico-inalambrico-true-rms-279fc-iflex-de-fluke-con-iflex\/","url":"https:\/\/abaa.mx\/tienda\/multimetro-termico-inalambrico-true-rms-279fc-iflex-de-fluke-con-iflex\/","name":"Mult\u00edmetro t\u00e9rmico inal\u00e1mbrico true rms 279fc-iflex de fluke con iflex - Abaa tienda online","isPartOf":{"@id":"https:\/\/abaa.mx\/tienda\/#website"},"primaryImageOfPage":{"@id":"https:\/\/abaa.mx\/tienda\/multimetro-termico-inalambrico-true-rms-279fc-iflex-de-fluke-con-iflex\/#primaryimage"},"image":{"@id":"https:\/\/abaa.mx\/tienda\/multimetro-termico-inalambrico-true-rms-279fc-iflex-de-fluke-con-iflex\/#primaryimage"},"thumbnailUrl":"https:\/\/abaa.mx\/tienda\/wp-content\/uploads\/2023\/09\/279FC-IFLEX.png","datePublished":"2023-09-20T21:34:22+00:00","dateModified":"2023-11-28T17:23:08+00:00","breadcrumb":{"@id":"https:\/\/abaa.mx\/tienda\/multimetro-termico-inalambrico-true-rms-279fc-iflex-de-fluke-con-iflex\/#breadcrumb"},"inLanguage":"es","potentialAction":[{"@type":"ReadAction","target":["https:\/\/abaa.mx\/tienda\/multimetro-termico-inalambrico-true-rms-279fc-iflex-de-fluke-con-iflex\/"]}]},{"@type":"ImageObject","inLanguage":"es","@id":"https:\/\/abaa.mx\/tienda\/multimetro-termico-inalambrico-true-rms-279fc-iflex-de-fluke-con-iflex\/#primaryimage","url":"https:\/\/abaa.mx\/tienda\/wp-content\/uploads\/2023\/09\/279FC-IFLEX.png","contentUrl":"https:\/\/abaa.mx\/tienda\/wp-content\/uploads\/2023\/09\/279FC-IFLEX.png","width":1080,"height":711,"caption":"multimetro-termico-inalambrico-true-rms-279fc-iflex-de-fluke-con-iflex"},{"@type":"BreadcrumbList","@id":"https:\/\/abaa.mx\/tienda\/multimetro-termico-inalambrico-true-rms-279fc-iflex-de-fluke-con-iflex\/#breadcrumb","itemListElement":[{"@type":"ListItem","position":1,"name":"Inicio","item":"https:\/\/abaa.mx\/tienda\/"},{"@type":"ListItem","position":2,"name":"Tienda","item":"https:\/\/abaa.mx\/tienda\/"},{"@type":"ListItem","position":3,"name":"Mult\u00edmetro t\u00e9rmico inal\u00e1mbrico true rms 279fc-iflex de fluke con iflex"}]},{"@type":"WebSite","@id":"https:\/\/abaa.mx\/tienda\/#website","url":"https:\/\/abaa.mx\/tienda\/","name":"Abaa tienda online","description":"Instrumentos de medici\u00f3n","publisher":{"@id":"https:\/\/abaa.mx\/tienda\/#organization"},"potentialAction":[{"@type":"SearchAction","target":{"@type":"EntryPoint","urlTemplate":"https:\/\/abaa.mx\/tienda\/?s={search_term_string}"},"query-input":{"@type":"PropertyValueSpecification","valueRequired":true,"valueName":"search_term_string"}}],"inLanguage":"es"},{"@type":"Organization","@id":"https:\/\/abaa.mx\/tienda\/#organization","name":"Abaa tienda online","url":"https:\/\/abaa.mx\/tienda\/","logo":{"@type":"ImageObject","inLanguage":"es","@id":"https:\/\/abaa.mx\/tienda\/#\/schema\/logo\/image\/","url":"https:\/\/abaa.mx\/tienda\/wp-content\/uploads\/2024\/01\/abaa-metrologia-tienda.png","contentUrl":"https:\/\/abaa.mx\/tienda\/wp-content\/uploads\/2024\/01\/abaa-metrologia-tienda.png","width":300,"height":141,"caption":"Abaa tienda online"},"image":{"@id":"https:\/\/abaa.mx\/tienda\/#\/schema\/logo\/image\/"}}]}},"_links":{"self":[{"href":"https:\/\/abaa.mx\/tienda\/wp-json\/wp\/v2\/product\/2328","targetHints":{"allow":["GET"]}}],"collection":[{"href":"https:\/\/abaa.mx\/tienda\/wp-json\/wp\/v2\/product"}],"about":[{"href":"https:\/\/abaa.mx\/tienda\/wp-json\/wp\/v2\/types\/product"}],"replies":[{"embeddable":true,"href":"https:\/\/abaa.mx\/tienda\/wp-json\/wp\/v2\/comments?post=2328"}],"wp:featuredmedia":[{"embeddable":true,"href":"https:\/\/abaa.mx\/tienda\/wp-json\/wp\/v2\/media\/2332"}],"wp:attachment":[{"href":"https:\/\/abaa.mx\/tienda\/wp-json\/wp\/v2\/media?parent=2328"}],"wp:term":[{"taxonomy":"product_brand","embeddable":true,"href":"https:\/\/abaa.mx\/tienda\/wp-json\/wp\/v2\/product_brand?post=2328"},{"taxonomy":"product_cat","embeddable":true,"href":"https:\/\/abaa.mx\/tienda\/wp-json\/wp\/v2\/product_cat?post=2328"},{"taxonomy":"product_tag","embeddable":true,"href":"https:\/\/abaa.mx\/tienda\/wp-json\/wp\/v2\/product_tag?post=2328"}],"curies":[{"name":"wp","href":"https:\/\/api.w.org\/{rel}","templated":true}]}}