{"id":2184,"date":"2023-09-20T15:16:14","date_gmt":"2023-09-20T15:16:14","guid":{"rendered":"https:\/\/abaa.mx\/tienda\/?post_type=product&#038;p=2184"},"modified":"2023-09-20T15:19:14","modified_gmt":"2023-09-20T15:19:14","slug":"multimetro-digital-fluke-115-cal-true-rms-calibrado-trazable-con-datos","status":"publish","type":"product","link":"https:\/\/abaa.mx\/tienda\/multimetro-digital-fluke-115-cal-true-rms-calibrado-trazable-con-datos\/","title":{"rendered":"Mult\u00edmetro digital fluke 115 cal true-rms, calibrado trazable con datos"},"content":{"rendered":"<h4>Ofertas de Fluke 115 CAL<\/h4>\n<p>El mult\u00edmetro digital Fluke 115 CAL True-RMS es ideal para que los electricistas de campo prueben circuitos. El mult\u00edmetro proporciona lecturas para cada propiedad relevante de un sistema sin cambiar entre dispositivos. Solo requiere una sola mano para operar, dejando la otra libre para ajustar el sistema o proporcionar seguridad adicional.<\/p>\n<h4><strong>Funciones<\/strong><\/h4>\n<ul>\n<li>Gran pantalla retroiluminada para leer f\u00e1cilmente los resultados<\/li>\n<li>Mide el voltaje y la corriente True-RMS<\/li>\n<li>Incluye lecturas de resistencia, continuidad, frecuencia y capacitancia<\/li>\n<li>Solo requiere una sola mano para operar<\/li>\n<\/ul>\n<h4>Especificaciones de Fluke 115 CAL<\/h4>\n<table class=\"table table-striped\">\n<tbody>\n<tr>\n<td>Monitor<\/td>\n<td>Digital<\/td>\n<\/tr>\n<tr>\n<td>Voltaje<\/td>\n<td>0,06 a 600 V CA; 0,001 a 600 V CC<\/td>\n<\/tr>\n<tr>\n<td>Frecuencia<\/td>\n<td>De 5 Hz a 100 kHz<\/td>\n<\/tr>\n<tr>\n<td>Resistencia<\/td>\n<td>0,1 \u03a9 a 40 M\u03a9<\/td>\n<\/tr>\n<\/tbody>\n<\/table>\n","protected":false},"excerpt":{"rendered":"<p>El mult\u00edmetro mide las propiedades el\u00e9ctricas de un circuito. Los resultados se env\u00edan a la pantalla para facilitar su visualizaci\u00f3n.<\/p>\n","protected":false},"featured_media":2199,"comment_status":"open","ping_status":"closed","template":"","meta":{"_joinchat":[]},"product_brand":[],"product_cat":[15],"product_tag":[],"class_list":{"0":"post-2184","1":"product","2":"type-product","3":"status-publish","4":"has-post-thumbnail","6":"product_cat-sin-categorizar","8":"first","9":"instock","10":"shipping-taxable","11":"product-type-simple"},"yoast_head":"<!-- This site is optimized with the Yoast SEO plugin v26.4 - https:\/\/yoast.com\/wordpress\/plugins\/seo\/ -->\n<title>Mult\u00edmetro digital fluke 115 cal true-rms, calibrado trazable con datos - Abaa tienda online<\/title>\n<meta name=\"robots\" content=\"index, follow, max-snippet:-1, max-image-preview:large, max-video-preview:-1\" \/>\n<link rel=\"canonical\" href=\"https:\/\/abaa.mx\/tienda\/multimetro-digital-fluke-115-cal-true-rms-calibrado-trazable-con-datos\/\" \/>\n<meta property=\"og:locale\" content=\"es_MX\" \/>\n<meta property=\"og:type\" content=\"article\" \/>\n<meta property=\"og:title\" content=\"Mult\u00edmetro digital fluke 115 cal true-rms, calibrado trazable con datos - Abaa tienda online\" \/>\n<meta property=\"og:description\" content=\"El mult\u00edmetro mide las propiedades el\u00e9ctricas de un circuito. Los resultados se env\u00edan a la pantalla para facilitar su visualizaci\u00f3n.\" \/>\n<meta property=\"og:url\" content=\"https:\/\/abaa.mx\/tienda\/multimetro-digital-fluke-115-cal-true-rms-calibrado-trazable-con-datos\/\" \/>\n<meta property=\"og:site_name\" content=\"Abaa tienda online\" \/>\n<meta property=\"article:modified_time\" content=\"2023-09-20T15:19:14+00:00\" \/>\n<meta property=\"og:image\" content=\"https:\/\/abaa.mx\/tienda\/wp-content\/uploads\/2023\/09\/115-CAL.jpg\" \/>\n\t<meta property=\"og:image:width\" content=\"620\" \/>\n\t<meta property=\"og:image:height\" content=\"620\" \/>\n\t<meta property=\"og:image:type\" content=\"image\/jpeg\" \/>\n<meta name=\"twitter:card\" content=\"summary_large_image\" \/>\n<meta name=\"twitter:label1\" content=\"Tiempo de lectura\" \/>\n\t<meta name=\"twitter:data1\" content=\"1 minuto\" \/>\n<script type=\"application\/ld+json\" class=\"yoast-schema-graph\">{\"@context\":\"https:\/\/schema.org\",\"@graph\":[{\"@type\":\"WebPage\",\"@id\":\"https:\/\/abaa.mx\/tienda\/multimetro-digital-fluke-115-cal-true-rms-calibrado-trazable-con-datos\/\",\"url\":\"https:\/\/abaa.mx\/tienda\/multimetro-digital-fluke-115-cal-true-rms-calibrado-trazable-con-datos\/\",\"name\":\"Mult\u00edmetro digital fluke 115 cal true-rms, calibrado trazable con datos - Abaa tienda online\",\"isPartOf\":{\"@id\":\"https:\/\/abaa.mx\/tienda\/#website\"},\"primaryImageOfPage\":{\"@id\":\"https:\/\/abaa.mx\/tienda\/multimetro-digital-fluke-115-cal-true-rms-calibrado-trazable-con-datos\/#primaryimage\"},\"image\":{\"@id\":\"https:\/\/abaa.mx\/tienda\/multimetro-digital-fluke-115-cal-true-rms-calibrado-trazable-con-datos\/#primaryimage\"},\"thumbnailUrl\":\"https:\/\/abaa.mx\/tienda\/wp-content\/uploads\/2023\/09\/115-CAL.jpg\",\"datePublished\":\"2023-09-20T15:16:14+00:00\",\"dateModified\":\"2023-09-20T15:19:14+00:00\",\"breadcrumb\":{\"@id\":\"https:\/\/abaa.mx\/tienda\/multimetro-digital-fluke-115-cal-true-rms-calibrado-trazable-con-datos\/#breadcrumb\"},\"inLanguage\":\"es\",\"potentialAction\":[{\"@type\":\"ReadAction\",\"target\":[\"https:\/\/abaa.mx\/tienda\/multimetro-digital-fluke-115-cal-true-rms-calibrado-trazable-con-datos\/\"]}]},{\"@type\":\"ImageObject\",\"inLanguage\":\"es\",\"@id\":\"https:\/\/abaa.mx\/tienda\/multimetro-digital-fluke-115-cal-true-rms-calibrado-trazable-con-datos\/#primaryimage\",\"url\":\"https:\/\/abaa.mx\/tienda\/wp-content\/uploads\/2023\/09\/115-CAL.jpg\",\"contentUrl\":\"https:\/\/abaa.mx\/tienda\/wp-content\/uploads\/2023\/09\/115-CAL.jpg\",\"width\":620,\"height\":620,\"caption\":\"115 CAL\"},{\"@type\":\"BreadcrumbList\",\"@id\":\"https:\/\/abaa.mx\/tienda\/multimetro-digital-fluke-115-cal-true-rms-calibrado-trazable-con-datos\/#breadcrumb\",\"itemListElement\":[{\"@type\":\"ListItem\",\"position\":1,\"name\":\"Inicio\",\"item\":\"https:\/\/abaa.mx\/tienda\/\"},{\"@type\":\"ListItem\",\"position\":2,\"name\":\"Tienda\",\"item\":\"https:\/\/abaa.mx\/tienda\/\"},{\"@type\":\"ListItem\",\"position\":3,\"name\":\"Mult\u00edmetro digital fluke 115 cal true-rms, calibrado trazable con datos\"}]},{\"@type\":\"WebSite\",\"@id\":\"https:\/\/abaa.mx\/tienda\/#website\",\"url\":\"https:\/\/abaa.mx\/tienda\/\",\"name\":\"Abaa tienda online\",\"description\":\"Instrumentos de medici\u00f3n\",\"publisher\":{\"@id\":\"https:\/\/abaa.mx\/tienda\/#organization\"},\"potentialAction\":[{\"@type\":\"SearchAction\",\"target\":{\"@type\":\"EntryPoint\",\"urlTemplate\":\"https:\/\/abaa.mx\/tienda\/?s={search_term_string}\"},\"query-input\":{\"@type\":\"PropertyValueSpecification\",\"valueRequired\":true,\"valueName\":\"search_term_string\"}}],\"inLanguage\":\"es\"},{\"@type\":\"Organization\",\"@id\":\"https:\/\/abaa.mx\/tienda\/#organization\",\"name\":\"Abaa tienda online\",\"url\":\"https:\/\/abaa.mx\/tienda\/\",\"logo\":{\"@type\":\"ImageObject\",\"inLanguage\":\"es\",\"@id\":\"https:\/\/abaa.mx\/tienda\/#\/schema\/logo\/image\/\",\"url\":\"https:\/\/abaa.mx\/tienda\/wp-content\/uploads\/2024\/01\/abaa-metrologia-tienda.png\",\"contentUrl\":\"https:\/\/abaa.mx\/tienda\/wp-content\/uploads\/2024\/01\/abaa-metrologia-tienda.png\",\"width\":300,\"height\":141,\"caption\":\"Abaa tienda online\"},\"image\":{\"@id\":\"https:\/\/abaa.mx\/tienda\/#\/schema\/logo\/image\/\"}}]}<\/script>\n<!-- \/ Yoast SEO plugin. -->","yoast_head_json":{"title":"Mult\u00edmetro digital fluke 115 cal true-rms, calibrado trazable con datos - Abaa tienda online","robots":{"index":"index","follow":"follow","max-snippet":"max-snippet:-1","max-image-preview":"max-image-preview:large","max-video-preview":"max-video-preview:-1"},"canonical":"https:\/\/abaa.mx\/tienda\/multimetro-digital-fluke-115-cal-true-rms-calibrado-trazable-con-datos\/","og_locale":"es_MX","og_type":"article","og_title":"Mult\u00edmetro digital fluke 115 cal true-rms, calibrado trazable con datos - Abaa tienda online","og_description":"El mult\u00edmetro mide las propiedades el\u00e9ctricas de un circuito. Los resultados se env\u00edan a la pantalla para facilitar su visualizaci\u00f3n.","og_url":"https:\/\/abaa.mx\/tienda\/multimetro-digital-fluke-115-cal-true-rms-calibrado-trazable-con-datos\/","og_site_name":"Abaa tienda online","article_modified_time":"2023-09-20T15:19:14+00:00","og_image":[{"width":620,"height":620,"url":"https:\/\/abaa.mx\/tienda\/wp-content\/uploads\/2023\/09\/115-CAL.jpg","type":"image\/jpeg"}],"twitter_card":"summary_large_image","twitter_misc":{"Tiempo de lectura":"1 minuto"},"schema":{"@context":"https:\/\/schema.org","@graph":[{"@type":"WebPage","@id":"https:\/\/abaa.mx\/tienda\/multimetro-digital-fluke-115-cal-true-rms-calibrado-trazable-con-datos\/","url":"https:\/\/abaa.mx\/tienda\/multimetro-digital-fluke-115-cal-true-rms-calibrado-trazable-con-datos\/","name":"Mult\u00edmetro digital fluke 115 cal true-rms, calibrado trazable con datos - Abaa tienda online","isPartOf":{"@id":"https:\/\/abaa.mx\/tienda\/#website"},"primaryImageOfPage":{"@id":"https:\/\/abaa.mx\/tienda\/multimetro-digital-fluke-115-cal-true-rms-calibrado-trazable-con-datos\/#primaryimage"},"image":{"@id":"https:\/\/abaa.mx\/tienda\/multimetro-digital-fluke-115-cal-true-rms-calibrado-trazable-con-datos\/#primaryimage"},"thumbnailUrl":"https:\/\/abaa.mx\/tienda\/wp-content\/uploads\/2023\/09\/115-CAL.jpg","datePublished":"2023-09-20T15:16:14+00:00","dateModified":"2023-09-20T15:19:14+00:00","breadcrumb":{"@id":"https:\/\/abaa.mx\/tienda\/multimetro-digital-fluke-115-cal-true-rms-calibrado-trazable-con-datos\/#breadcrumb"},"inLanguage":"es","potentialAction":[{"@type":"ReadAction","target":["https:\/\/abaa.mx\/tienda\/multimetro-digital-fluke-115-cal-true-rms-calibrado-trazable-con-datos\/"]}]},{"@type":"ImageObject","inLanguage":"es","@id":"https:\/\/abaa.mx\/tienda\/multimetro-digital-fluke-115-cal-true-rms-calibrado-trazable-con-datos\/#primaryimage","url":"https:\/\/abaa.mx\/tienda\/wp-content\/uploads\/2023\/09\/115-CAL.jpg","contentUrl":"https:\/\/abaa.mx\/tienda\/wp-content\/uploads\/2023\/09\/115-CAL.jpg","width":620,"height":620,"caption":"115 CAL"},{"@type":"BreadcrumbList","@id":"https:\/\/abaa.mx\/tienda\/multimetro-digital-fluke-115-cal-true-rms-calibrado-trazable-con-datos\/#breadcrumb","itemListElement":[{"@type":"ListItem","position":1,"name":"Inicio","item":"https:\/\/abaa.mx\/tienda\/"},{"@type":"ListItem","position":2,"name":"Tienda","item":"https:\/\/abaa.mx\/tienda\/"},{"@type":"ListItem","position":3,"name":"Mult\u00edmetro digital fluke 115 cal true-rms, calibrado trazable con datos"}]},{"@type":"WebSite","@id":"https:\/\/abaa.mx\/tienda\/#website","url":"https:\/\/abaa.mx\/tienda\/","name":"Abaa tienda online","description":"Instrumentos de medici\u00f3n","publisher":{"@id":"https:\/\/abaa.mx\/tienda\/#organization"},"potentialAction":[{"@type":"SearchAction","target":{"@type":"EntryPoint","urlTemplate":"https:\/\/abaa.mx\/tienda\/?s={search_term_string}"},"query-input":{"@type":"PropertyValueSpecification","valueRequired":true,"valueName":"search_term_string"}}],"inLanguage":"es"},{"@type":"Organization","@id":"https:\/\/abaa.mx\/tienda\/#organization","name":"Abaa tienda online","url":"https:\/\/abaa.mx\/tienda\/","logo":{"@type":"ImageObject","inLanguage":"es","@id":"https:\/\/abaa.mx\/tienda\/#\/schema\/logo\/image\/","url":"https:\/\/abaa.mx\/tienda\/wp-content\/uploads\/2024\/01\/abaa-metrologia-tienda.png","contentUrl":"https:\/\/abaa.mx\/tienda\/wp-content\/uploads\/2024\/01\/abaa-metrologia-tienda.png","width":300,"height":141,"caption":"Abaa tienda online"},"image":{"@id":"https:\/\/abaa.mx\/tienda\/#\/schema\/logo\/image\/"}}]}},"_links":{"self":[{"href":"https:\/\/abaa.mx\/tienda\/wp-json\/wp\/v2\/product\/2184","targetHints":{"allow":["GET"]}}],"collection":[{"href":"https:\/\/abaa.mx\/tienda\/wp-json\/wp\/v2\/product"}],"about":[{"href":"https:\/\/abaa.mx\/tienda\/wp-json\/wp\/v2\/types\/product"}],"replies":[{"embeddable":true,"href":"https:\/\/abaa.mx\/tienda\/wp-json\/wp\/v2\/comments?post=2184"}],"wp:featuredmedia":[{"embeddable":true,"href":"https:\/\/abaa.mx\/tienda\/wp-json\/wp\/v2\/media\/2199"}],"wp:attachment":[{"href":"https:\/\/abaa.mx\/tienda\/wp-json\/wp\/v2\/media?parent=2184"}],"wp:term":[{"taxonomy":"product_brand","embeddable":true,"href":"https:\/\/abaa.mx\/tienda\/wp-json\/wp\/v2\/product_brand?post=2184"},{"taxonomy":"product_cat","embeddable":true,"href":"https:\/\/abaa.mx\/tienda\/wp-json\/wp\/v2\/product_cat?post=2184"},{"taxonomy":"product_tag","embeddable":true,"href":"https:\/\/abaa.mx\/tienda\/wp-json\/wp\/v2\/product_tag?post=2184"}],"curies":[{"name":"wp","href":"https:\/\/api.w.org\/{rel}","templated":true}]}}