{"id":2165,"date":"2023-09-20T15:03:44","date_gmt":"2023-09-20T15:03:44","guid":{"rendered":"https:\/\/abaa.mx\/tienda\/?post_type=product&#038;p=2165"},"modified":"2023-09-20T15:03:45","modified_gmt":"2023-09-20T15:03:45","slug":"pinza-amperimetrica-fluke-353-true-rms-2000-a","status":"publish","type":"product","link":"https:\/\/abaa.mx\/tienda\/pinza-amperimetrica-fluke-353-true-rms-2000-a\/","title":{"rendered":"pinza amperim\u00e9trica fluke 353 true rms, 2000 a"},"content":{"rendered":"<div class=\"span10\">\n<div class=\"mhide ipad-view-setting\">\n<div class=\"row-fluid ProductTabs\">\n<div class=\"span12\">\n<div class=\"tab-content\">\n<div id=\"tab0\" class=\"product-tabs tab-pane  active\">\n<p><strong>Funciones<\/strong><\/p>\n<ul>\n<li>Maneje de manera confiable una amplia gama de aplicaciones de alta corriente con 2000 A AC y DC True RMS, 1400 A AC y 2000 A DC<\/li>\n<li>La gran capacidad de la mand\u00edbula de 2,3&#8243; (58 mm) es adecuada para conductores grandes o m\u00faltiples<\/li>\n<li>Clasificaci\u00f3n CAT IV 600 V, CAT III 1000 V para mayor protecci\u00f3n del usuario<\/li>\n<li>La medici\u00f3n de corriente en la corriente de subida captura la corriente de sobretensi\u00f3n de &#8220;encendido&#8221; con precisi\u00f3n y repetibilidad<\/li>\n<li>Mida con precisi\u00f3n la frecuencia de hasta 1 kHz para una soluci\u00f3n de problemas \u00f3ptima<\/li>\n<li>Analice r\u00e1pidamente las lecturas con las funciones MIN, MAX y AVG<\/li>\n<li>Una gran pantalla retroiluminada permite una f\u00e1cil visibilidad en \u00e1reas con poca luz<\/li>\n<li>Utilice la funci\u00f3n de retenci\u00f3n de pantalla para capturar lecturas incluso cuando la pantalla no se puede ver<\/li>\n<li>Utilice el filtro de paso bajo para suavizar las cargas ruidosas y estabilizar las lecturas<\/li>\n<\/ul>\n<h4>Especificaciones de Fluke 353<\/h4>\n<table class=\"table table-striped\">\n<tbody>\n<tr>\n<td colspan=\"2\"><strong>Medici\u00f3n de corriente CC y CA de 10 a 100 Hz<\/strong><\/td>\n<\/tr>\n<tr>\n<td>Gama<\/td>\n<td>40 A\/400 A\/2000 A\/1400 AC RMS<\/td>\n<\/tr>\n<tr>\n<td>Resoluci\u00f3n<\/td>\n<td>10 mA\/100 mA\/1 A<\/td>\n<\/tr>\n<tr>\n<td>Exactitud<\/td>\n<td>A: 1.5% rdg + 15 d\u00edgitos A: 1.5% rdg + 5 d\u00edgitos<\/td>\n<\/tr>\n<tr>\n<td>Nivel de activaci\u00f3n para Inrush<\/td>\n<td>0,50 A\/5,0 A\/5 A<\/td>\n<\/tr>\n<tr>\n<td>Nivel de disparo para el filtro Hz OFF<\/td>\n<td>2,50 A\/2,5 A\/8 A<\/td>\n<\/tr>\n<tr>\n<td>Nivel de disparo para el filtro Hz ON<\/td>\n<td>0,50 A\/2,5 A\/8 A<\/td>\n<\/tr>\n<tr>\n<td colspan=\"2\"><strong>Factor de cresta (50\/60 Hz)<\/strong><\/td>\n<\/tr>\n<tr>\n<td>Gama<\/td>\n<td>40 A\/400 A\/2000 A\/1400 AC RMS<\/td>\n<\/tr>\n<tr>\n<td>Factor de cresta<\/td>\n<td>2 a 33 A, 2,4 a 27 A 2 a 330 A, 2,4 a 270 A 2 a 1000 A, 2,4 a 833 A<\/td>\n<\/tr>\n<tr>\n<td colspan=\"2\"><strong>Medici\u00f3n de corriente AC 100.1 Hz a 1 kHz<\/strong><\/td>\n<\/tr>\n<tr>\n<td>Gama<\/td>\n<td>40 A\/400 A\/2000 A; 1400 AC RMS<\/td>\n<\/tr>\n<tr>\n<td>Resoluci\u00f3n<\/td>\n<td>10 mA\/100 mA\/1 A<\/td>\n<\/tr>\n<tr>\n<td>Exactitud<\/td>\n<td>10 A: 3,5% rdg + 15 d\u00edgitos 10 A: 3,5% rdg + 5 d\u00edgitos<\/td>\n<\/tr>\n<tr>\n<td>Nivel de activaci\u00f3n para Inrush<\/td>\n<td>0,50 A\/5,0 A\/5 A<\/td>\n<\/tr>\n<tr>\n<td>Nivel de disparo para el filtro Hz OFF<\/td>\n<td>2,50 A\/2,5 A\/8 A<\/td>\n<\/tr>\n<tr>\n<td>Nivel de disparo para el filtro Hz ON<\/td>\n<td>0,50 A\/2,5 A\/8 A<\/td>\n<\/tr>\n<tr>\n<td colspan=\"2\"><strong>Medici\u00f3n de frecuencia<\/strong><\/td>\n<\/tr>\n<tr>\n<td>Rango de medici\u00f3n<\/td>\n<td>De 5,0 Hz a 1 kHz<\/td>\n<\/tr>\n<tr>\n<td>Resoluci\u00f3n<\/td>\n<td>0,1 Hz (15 Hz a 399,9 Hz) 1 Hz (400 Hz a 1 kHz)<\/td>\n<\/tr>\n<tr>\n<td>Exactitud<\/td>\n<td>5,0 a 100 Hz: 0,2% + 2 recuentos 100,1 Hz a 1 kHz: 0,5% + 5 recuentos<\/td>\n<\/tr>\n<tr>\n<td colspan=\"2\"><strong>Especificaciones ambientales<\/strong><\/td>\n<\/tr>\n<tr>\n<td>Temperatura de funcionamiento<\/td>\n<td>De 32 a 122 \u00b0C (de 0 a 50 \u00b0F)<\/td>\n<\/tr>\n<tr>\n<td>Temperatura de almacenamiento<\/td>\n<td>-4 a 140\u00b0F (-20 a 60\u00b0C)<\/td>\n<\/tr>\n<tr>\n<td>Humedad de funcionamiento<\/td>\n<td>0 a 95% (sin condensaci\u00f3n)<\/td>\n<\/tr>\n<tr>\n<td>Altitud de funcionamiento<\/td>\n<td>6561,68&#8242; (2000 m)<\/td>\n<\/tr>\n<tr>\n<td>Altitud de almacenamiento<\/td>\n<td>32.808,4&#8242; (10.000 m)<\/td>\n<\/tr>\n<tr>\n<td>Clasificaci\u00f3n IP<\/td>\n<td>42 (solo para uso en interiores)<\/td>\n<\/tr>\n<tr>\n<td>Requisitos de la prueba de ca\u00edda<\/td>\n<td>3,28&#8242; (1 m)<\/td>\n<\/tr>\n<tr>\n<td>EMI, RFI, EMC<\/td>\n<td>FCC parte 15, IEC\/EN 61326-1:1997 clase B IEC\/EN 61326:1997 3V\/m, criterios de rendimiento B, EN61325<\/td>\n<\/tr>\n<tr>\n<td>Coeficientes de temperatura<\/td>\n<td>Corriente: 0.1% de lectura por \u00b0C fuera de 22\u00b0C a 24\u00b0C Voltaje: 0.1% de lectura por \u00b0C fuera de 22\u00b0C a 24\u00b0C<\/td>\n<\/tr>\n<tr>\n<td colspan=\"2\"><strong>Especificaciones generales<\/strong><\/td>\n<\/tr>\n<tr>\n<td>Bater\u00eda<\/td>\n<td>Tipo: 6 x 1.5 V AA NEDA 15 A o IEC LR6<br \/>\nVida: 100 horas<\/td>\n<\/tr>\n<tr>\n<td>Cables de prueba<\/td>\n<td>Clasificaci\u00f3n de hasta 1000 V<\/td>\n<\/tr>\n<tr>\n<td>Tama\u00f1o de la mand\u00edbula<\/td>\n<td>2 mm (28,58&#8243;)<\/td>\n<\/tr>\n<tr>\n<td>Dimensiones<\/td>\n<td>12 x 3,75 x 2&#8243; (300 x 98 x 52 mm)<\/td>\n<\/tr>\n<tr>\n<td>Peso<\/td>\n<td>1,8 lb (0,814 kg)<\/td>\n<\/tr>\n<tr>\n<td>Clasificaci\u00f3n de seguridad<\/td>\n<td>IEC 61010-2-032, 600 V CAT IV, 1000 V CAT III<\/td>\n<\/tr>\n<\/tbody>\n<\/table>\n<\/div>\n<\/div>\n<\/div>\n<\/div>\n<\/div>\n<\/div>\n","protected":false},"excerpt":{"rendered":"<div class=\"span10\">\n<div class=\"mhide ipad-view-setting\">\n<div class=\"row-fluid ProductTabs\">\n<div class=\"span12\">\n<div class=\"tab-content\">\n<div id=\"tab0\" class=\"product-tabs tab-pane  active\">\n<p><strong>Funciones<\/strong><\/p>\n<ul>\n<li>Maneje de manera confiable una amplia gama de aplicaciones de alta corriente con 2000 A AC y DC True RMS, 1400 A AC y 2000 A DC<\/li>\n<li>La gran capacidad de la mand\u00edbula de 2,3&#8243; (58 mm) es adecuada para conductores grandes o m\u00faltiples<\/li>\n<li>Clasificaci\u00f3n CAT IV 600 V, CAT III 1000 V para mayor protecci\u00f3n del usuario<\/li>\n<li>La medici\u00f3n de corriente en la corriente de subida captura la corriente de sobretensi\u00f3n de &#8220;encendido&#8221; con precisi\u00f3n y repetibilidad<\/li>\n<li>Mida con precisi\u00f3n la frecuencia de hasta 1 kHz para una soluci\u00f3n de problemas \u00f3ptima<\/li>\n<li>Analice r\u00e1pidamente las lecturas con las funciones MIN, MAX y AVG<\/li>\n<li>Una gran pantalla retroiluminada permite una f\u00e1cil visibilidad en \u00e1reas con poca luz<\/li>\n<li>Utilice la funci\u00f3n de retenci\u00f3n de pantalla para capturar lecturas incluso cuando la pantalla no se puede ver<\/li>\n<li>Utilice el filtro de paso bajo para suavizar las cargas ruidosas y estabilizar las lecturas<\/li>\n<\/ul>\n<p><a class=\"btn btn-info\" href=\"https:\/\/www.globaltestsupply.com\/pdfs\/cache\/www.globaltestsupply.com\/353\/bonuscontent-additional-2\/353-bonuscontent-additional-2.pdf\" target=\"_blank\" rel=\"noopener\">Gu\u00eda de selecci\u00f3n de abrazaderas Fluke<\/a><\/div>\n<\/div>\n<\/div>\n<\/div>\n<\/div>\n<\/div>\n","protected":false},"featured_media":2177,"comment_status":"open","ping_status":"closed","template":"","meta":{"_joinchat":[]},"product_brand":[],"product_cat":[15],"product_tag":[],"class_list":{"0":"post-2165","1":"product","2":"type-product","3":"status-publish","4":"has-post-thumbnail","6":"product_cat-sin-categorizar","8":"first","9":"instock","10":"shipping-taxable","11":"product-type-simple"},"yoast_head":"<!-- This site is optimized with the Yoast SEO plugin v26.4 - https:\/\/yoast.com\/wordpress\/plugins\/seo\/ -->\n<title>pinza amperim\u00e9trica fluke 353 true rms, 2000 a - Abaa tienda online<\/title>\n<meta name=\"robots\" content=\"index, follow, max-snippet:-1, max-image-preview:large, max-video-preview:-1\" \/>\n<link rel=\"canonical\" href=\"https:\/\/abaa.mx\/tienda\/pinza-amperimetrica-fluke-353-true-rms-2000-a\/\" \/>\n<meta property=\"og:locale\" content=\"es_MX\" \/>\n<meta property=\"og:type\" content=\"article\" \/>\n<meta property=\"og:title\" content=\"pinza amperim\u00e9trica fluke 353 true rms, 2000 a - Abaa tienda online\" \/>\n<meta property=\"og:description\" content=\"Funciones   Maneje de manera confiable una amplia gama de aplicaciones de alta corriente con 2000 A AC y DC True RMS, 1400 A AC y 2000 A DC  La gran capacidad de la mand\u00edbula de 2,3&quot; (58 mm) es adecuada para conductores grandes o m\u00faltiples  Clasificaci\u00f3n CAT IV 600 V, CAT III 1000 V para mayor protecci\u00f3n del usuario  La medici\u00f3n de corriente en la corriente de subida captura la corriente de sobretensi\u00f3n de &quot;encendido&quot; con precisi\u00f3n y repetibilidad  Mida con precisi\u00f3n la frecuencia de hasta 1 kHz para una soluci\u00f3n de problemas \u00f3ptima  Analice r\u00e1pidamente las lecturas con las funciones MIN, MAX y AVG  Una gran pantalla retroiluminada permite una f\u00e1cil visibilidad en \u00e1reas con poca luz  Utilice la funci\u00f3n de retenci\u00f3n de pantalla para capturar lecturas incluso cuando la pantalla no se puede ver  Utilice el filtro de paso bajo para suavizar las cargas ruidosas y estabilizar las lecturas  Gu\u00eda de selecci\u00f3n de abrazaderas Fluke\" \/>\n<meta property=\"og:url\" content=\"https:\/\/abaa.mx\/tienda\/pinza-amperimetrica-fluke-353-true-rms-2000-a\/\" \/>\n<meta property=\"og:site_name\" content=\"Abaa tienda online\" \/>\n<meta property=\"article:modified_time\" content=\"2023-09-20T15:03:45+00:00\" \/>\n<meta property=\"og:image\" content=\"https:\/\/abaa.mx\/tienda\/wp-content\/uploads\/2023\/09\/353.jpg\" \/>\n\t<meta property=\"og:image:width\" content=\"270\" \/>\n\t<meta property=\"og:image:height\" content=\"450\" \/>\n\t<meta property=\"og:image:type\" content=\"image\/jpeg\" \/>\n<meta name=\"twitter:card\" content=\"summary_large_image\" \/>\n<meta name=\"twitter:label1\" content=\"Tiempo de lectura\" \/>\n\t<meta name=\"twitter:data1\" content=\"3 minutos\" \/>\n<script type=\"application\/ld+json\" class=\"yoast-schema-graph\">{\"@context\":\"https:\/\/schema.org\",\"@graph\":[{\"@type\":\"WebPage\",\"@id\":\"https:\/\/abaa.mx\/tienda\/pinza-amperimetrica-fluke-353-true-rms-2000-a\/\",\"url\":\"https:\/\/abaa.mx\/tienda\/pinza-amperimetrica-fluke-353-true-rms-2000-a\/\",\"name\":\"pinza amperim\u00e9trica fluke 353 true rms, 2000 a - Abaa tienda online\",\"isPartOf\":{\"@id\":\"https:\/\/abaa.mx\/tienda\/#website\"},\"primaryImageOfPage\":{\"@id\":\"https:\/\/abaa.mx\/tienda\/pinza-amperimetrica-fluke-353-true-rms-2000-a\/#primaryimage\"},\"image\":{\"@id\":\"https:\/\/abaa.mx\/tienda\/pinza-amperimetrica-fluke-353-true-rms-2000-a\/#primaryimage\"},\"thumbnailUrl\":\"https:\/\/abaa.mx\/tienda\/wp-content\/uploads\/2023\/09\/353.jpg\",\"datePublished\":\"2023-09-20T15:03:44+00:00\",\"dateModified\":\"2023-09-20T15:03:45+00:00\",\"breadcrumb\":{\"@id\":\"https:\/\/abaa.mx\/tienda\/pinza-amperimetrica-fluke-353-true-rms-2000-a\/#breadcrumb\"},\"inLanguage\":\"es\",\"potentialAction\":[{\"@type\":\"ReadAction\",\"target\":[\"https:\/\/abaa.mx\/tienda\/pinza-amperimetrica-fluke-353-true-rms-2000-a\/\"]}]},{\"@type\":\"ImageObject\",\"inLanguage\":\"es\",\"@id\":\"https:\/\/abaa.mx\/tienda\/pinza-amperimetrica-fluke-353-true-rms-2000-a\/#primaryimage\",\"url\":\"https:\/\/abaa.mx\/tienda\/wp-content\/uploads\/2023\/09\/353.jpg\",\"contentUrl\":\"https:\/\/abaa.mx\/tienda\/wp-content\/uploads\/2023\/09\/353.jpg\",\"width\":270,\"height\":450,\"caption\":\"353\"},{\"@type\":\"BreadcrumbList\",\"@id\":\"https:\/\/abaa.mx\/tienda\/pinza-amperimetrica-fluke-353-true-rms-2000-a\/#breadcrumb\",\"itemListElement\":[{\"@type\":\"ListItem\",\"position\":1,\"name\":\"Inicio\",\"item\":\"https:\/\/abaa.mx\/tienda\/\"},{\"@type\":\"ListItem\",\"position\":2,\"name\":\"Tienda\",\"item\":\"https:\/\/abaa.mx\/tienda\/\"},{\"@type\":\"ListItem\",\"position\":3,\"name\":\"pinza amperim\u00e9trica fluke 353 true rms, 2000 a\"}]},{\"@type\":\"WebSite\",\"@id\":\"https:\/\/abaa.mx\/tienda\/#website\",\"url\":\"https:\/\/abaa.mx\/tienda\/\",\"name\":\"Abaa tienda online\",\"description\":\"Instrumentos de medici\u00f3n\",\"publisher\":{\"@id\":\"https:\/\/abaa.mx\/tienda\/#organization\"},\"potentialAction\":[{\"@type\":\"SearchAction\",\"target\":{\"@type\":\"EntryPoint\",\"urlTemplate\":\"https:\/\/abaa.mx\/tienda\/?s={search_term_string}\"},\"query-input\":{\"@type\":\"PropertyValueSpecification\",\"valueRequired\":true,\"valueName\":\"search_term_string\"}}],\"inLanguage\":\"es\"},{\"@type\":\"Organization\",\"@id\":\"https:\/\/abaa.mx\/tienda\/#organization\",\"name\":\"Abaa tienda online\",\"url\":\"https:\/\/abaa.mx\/tienda\/\",\"logo\":{\"@type\":\"ImageObject\",\"inLanguage\":\"es\",\"@id\":\"https:\/\/abaa.mx\/tienda\/#\/schema\/logo\/image\/\",\"url\":\"https:\/\/abaa.mx\/tienda\/wp-content\/uploads\/2024\/01\/abaa-metrologia-tienda.png\",\"contentUrl\":\"https:\/\/abaa.mx\/tienda\/wp-content\/uploads\/2024\/01\/abaa-metrologia-tienda.png\",\"width\":300,\"height\":141,\"caption\":\"Abaa tienda online\"},\"image\":{\"@id\":\"https:\/\/abaa.mx\/tienda\/#\/schema\/logo\/image\/\"}}]}<\/script>\n<!-- \/ Yoast SEO plugin. -->","yoast_head_json":{"title":"pinza amperim\u00e9trica fluke 353 true rms, 2000 a - Abaa tienda online","robots":{"index":"index","follow":"follow","max-snippet":"max-snippet:-1","max-image-preview":"max-image-preview:large","max-video-preview":"max-video-preview:-1"},"canonical":"https:\/\/abaa.mx\/tienda\/pinza-amperimetrica-fluke-353-true-rms-2000-a\/","og_locale":"es_MX","og_type":"article","og_title":"pinza amperim\u00e9trica fluke 353 true rms, 2000 a - Abaa tienda online","og_description":"Funciones   Maneje de manera confiable una amplia gama de aplicaciones de alta corriente con 2000 A AC y DC True RMS, 1400 A AC y 2000 A DC  La gran capacidad de la mand\u00edbula de 2,3\" (58 mm) es adecuada para conductores grandes o m\u00faltiples  Clasificaci\u00f3n CAT IV 600 V, CAT III 1000 V para mayor protecci\u00f3n del usuario  La medici\u00f3n de corriente en la corriente de subida captura la corriente de sobretensi\u00f3n de \"encendido\" con precisi\u00f3n y repetibilidad  Mida con precisi\u00f3n la frecuencia de hasta 1 kHz para una soluci\u00f3n de problemas \u00f3ptima  Analice r\u00e1pidamente las lecturas con las funciones MIN, MAX y AVG  Una gran pantalla retroiluminada permite una f\u00e1cil visibilidad en \u00e1reas con poca luz  Utilice la funci\u00f3n de retenci\u00f3n de pantalla para capturar lecturas incluso cuando la pantalla no se puede ver  Utilice el filtro de paso bajo para suavizar las cargas ruidosas y estabilizar las lecturas  Gu\u00eda de selecci\u00f3n de abrazaderas Fluke","og_url":"https:\/\/abaa.mx\/tienda\/pinza-amperimetrica-fluke-353-true-rms-2000-a\/","og_site_name":"Abaa tienda online","article_modified_time":"2023-09-20T15:03:45+00:00","og_image":[{"width":270,"height":450,"url":"https:\/\/abaa.mx\/tienda\/wp-content\/uploads\/2023\/09\/353.jpg","type":"image\/jpeg"}],"twitter_card":"summary_large_image","twitter_misc":{"Tiempo de lectura":"3 minutos"},"schema":{"@context":"https:\/\/schema.org","@graph":[{"@type":"WebPage","@id":"https:\/\/abaa.mx\/tienda\/pinza-amperimetrica-fluke-353-true-rms-2000-a\/","url":"https:\/\/abaa.mx\/tienda\/pinza-amperimetrica-fluke-353-true-rms-2000-a\/","name":"pinza amperim\u00e9trica fluke 353 true rms, 2000 a - Abaa tienda online","isPartOf":{"@id":"https:\/\/abaa.mx\/tienda\/#website"},"primaryImageOfPage":{"@id":"https:\/\/abaa.mx\/tienda\/pinza-amperimetrica-fluke-353-true-rms-2000-a\/#primaryimage"},"image":{"@id":"https:\/\/abaa.mx\/tienda\/pinza-amperimetrica-fluke-353-true-rms-2000-a\/#primaryimage"},"thumbnailUrl":"https:\/\/abaa.mx\/tienda\/wp-content\/uploads\/2023\/09\/353.jpg","datePublished":"2023-09-20T15:03:44+00:00","dateModified":"2023-09-20T15:03:45+00:00","breadcrumb":{"@id":"https:\/\/abaa.mx\/tienda\/pinza-amperimetrica-fluke-353-true-rms-2000-a\/#breadcrumb"},"inLanguage":"es","potentialAction":[{"@type":"ReadAction","target":["https:\/\/abaa.mx\/tienda\/pinza-amperimetrica-fluke-353-true-rms-2000-a\/"]}]},{"@type":"ImageObject","inLanguage":"es","@id":"https:\/\/abaa.mx\/tienda\/pinza-amperimetrica-fluke-353-true-rms-2000-a\/#primaryimage","url":"https:\/\/abaa.mx\/tienda\/wp-content\/uploads\/2023\/09\/353.jpg","contentUrl":"https:\/\/abaa.mx\/tienda\/wp-content\/uploads\/2023\/09\/353.jpg","width":270,"height":450,"caption":"353"},{"@type":"BreadcrumbList","@id":"https:\/\/abaa.mx\/tienda\/pinza-amperimetrica-fluke-353-true-rms-2000-a\/#breadcrumb","itemListElement":[{"@type":"ListItem","position":1,"name":"Inicio","item":"https:\/\/abaa.mx\/tienda\/"},{"@type":"ListItem","position":2,"name":"Tienda","item":"https:\/\/abaa.mx\/tienda\/"},{"@type":"ListItem","position":3,"name":"pinza amperim\u00e9trica fluke 353 true rms, 2000 a"}]},{"@type":"WebSite","@id":"https:\/\/abaa.mx\/tienda\/#website","url":"https:\/\/abaa.mx\/tienda\/","name":"Abaa tienda online","description":"Instrumentos de medici\u00f3n","publisher":{"@id":"https:\/\/abaa.mx\/tienda\/#organization"},"potentialAction":[{"@type":"SearchAction","target":{"@type":"EntryPoint","urlTemplate":"https:\/\/abaa.mx\/tienda\/?s={search_term_string}"},"query-input":{"@type":"PropertyValueSpecification","valueRequired":true,"valueName":"search_term_string"}}],"inLanguage":"es"},{"@type":"Organization","@id":"https:\/\/abaa.mx\/tienda\/#organization","name":"Abaa tienda online","url":"https:\/\/abaa.mx\/tienda\/","logo":{"@type":"ImageObject","inLanguage":"es","@id":"https:\/\/abaa.mx\/tienda\/#\/schema\/logo\/image\/","url":"https:\/\/abaa.mx\/tienda\/wp-content\/uploads\/2024\/01\/abaa-metrologia-tienda.png","contentUrl":"https:\/\/abaa.mx\/tienda\/wp-content\/uploads\/2024\/01\/abaa-metrologia-tienda.png","width":300,"height":141,"caption":"Abaa tienda online"},"image":{"@id":"https:\/\/abaa.mx\/tienda\/#\/schema\/logo\/image\/"}}]}},"_links":{"self":[{"href":"https:\/\/abaa.mx\/tienda\/wp-json\/wp\/v2\/product\/2165","targetHints":{"allow":["GET"]}}],"collection":[{"href":"https:\/\/abaa.mx\/tienda\/wp-json\/wp\/v2\/product"}],"about":[{"href":"https:\/\/abaa.mx\/tienda\/wp-json\/wp\/v2\/types\/product"}],"replies":[{"embeddable":true,"href":"https:\/\/abaa.mx\/tienda\/wp-json\/wp\/v2\/comments?post=2165"}],"wp:featuredmedia":[{"embeddable":true,"href":"https:\/\/abaa.mx\/tienda\/wp-json\/wp\/v2\/media\/2177"}],"wp:attachment":[{"href":"https:\/\/abaa.mx\/tienda\/wp-json\/wp\/v2\/media?parent=2165"}],"wp:term":[{"taxonomy":"product_brand","embeddable":true,"href":"https:\/\/abaa.mx\/tienda\/wp-json\/wp\/v2\/product_brand?post=2165"},{"taxonomy":"product_cat","embeddable":true,"href":"https:\/\/abaa.mx\/tienda\/wp-json\/wp\/v2\/product_cat?post=2165"},{"taxonomy":"product_tag","embeddable":true,"href":"https:\/\/abaa.mx\/tienda\/wp-json\/wp\/v2\/product_tag?post=2165"}],"curies":[{"name":"wp","href":"https:\/\/api.w.org\/{rel}","templated":true}]}}