{"id":2155,"date":"2023-09-20T14:54:40","date_gmt":"2023-09-20T14:54:40","guid":{"rendered":"https:\/\/abaa.mx\/tienda\/?post_type=product&#038;p=2155"},"modified":"2023-09-20T14:54:41","modified_gmt":"2023-09-20T14:54:41","slug":"pinza-amperimetrica-de-proceso-fluke-771-miliamperios","status":"publish","type":"product","link":"https:\/\/abaa.mx\/tienda\/pinza-amperimetrica-de-proceso-fluke-771-miliamperios\/","title":{"rendered":"pinza amperim\u00e9trica de proceso fluke 771 miliamperios"},"content":{"rendered":"<p>La pinza amperim\u00e9trica Fluke 771 mA est\u00e1 dise\u00f1ada para ahorrarle tiempo y dinero al eliminar las actividades que hacen perder tiempo. Ahora puede solucionar problemas y reparar bucles de 4-20 mA sin romper el bucle o derribar el sistema.<\/p>\n<p><strong>Funciones<\/strong><\/p>\n<ul>\n<li>Mida se\u00f1ales de 4 a 20 mA sin &#8220;romper el bucle&#8221;<\/li>\n<li>El mejor en su clase 0.2% de precisi\u00f3n<\/li>\n<li>Resoluci\u00f3n y sensibilidad de 0,01 mA<\/li>\n<li>Medir se\u00f1ales mA para PLC y E\/S anal\u00f3gicas del sistema de control<\/li>\n<li>Pantalla retroiluminada dual con medici\u00f3n de mA y porcentaje de 4 a 20 mA de envergadura<\/li>\n<li>Pinza desmontable con cable de extensi\u00f3n para mediciones en lugares estrechos<\/li>\n<li>Mida se\u00f1ales de 10 a 50 mA en sistemas de control m\u00e1s antiguos utilizando el rango de 99,9 mA<\/li>\n<li>Cambie autom\u00e1ticamente la salida de 4 a 20 mA para pruebas remotas<\/li>\n<li>Las funciones de ahorro de energ\u00eda, apagado autom\u00e1tico y tiempo de espera de retroiluminaci\u00f3n prolongan la duraci\u00f3n de la bater\u00eda<\/li>\n<\/ul>\n<p><strong>Aplicaciones<\/strong><\/p>\n<ul>\n<li>Petroqu\u00edmica<\/li>\n<li>Petr\u00f3leo y Gas<\/li>\n<li>Alimentos y bebidas<\/li>\n<li>Farmac\u00e9utico<\/li>\n<\/ul>\n<h4>Especificaciones de Fluke 771<\/h4>\n<table class=\"table table-striped\">\n<tbody>\n<tr>\n<td>Resoluci\u00f3n\/Rango<\/td>\n<td>De 0 a 20,99 mA<\/td>\n<\/tr>\n<tr>\n<td>Exactitud<\/td>\n<td>0.2% + 2 cuentas<\/td>\n<\/tr>\n<tr>\n<td>Resoluci\u00f3n\/Rango<\/td>\n<td>21,0 mA a 100,0 mA<\/td>\n<\/tr>\n<tr>\n<td>Exactitud<\/td>\n<td>1% + 5 cuentas<\/td>\n<\/tr>\n<tr>\n<td>Di\u00e1metro del conductor medible<\/td>\n<td>0,177&#8243; (4,5 mm) m\u00e1x.<\/td>\n<\/tr>\n<tr>\n<td>Clasificaci\u00f3n IP<\/td>\n<td>IP 40<\/td>\n<\/tr>\n<\/tbody>\n<\/table>\n","protected":false},"excerpt":{"rendered":"<p>La pinza amperim\u00e9trica Fluke 771 mA est\u00e1 dise\u00f1ada para ahorrarle tiempo y dinero al eliminar las actividades que hacen perder tiempo. Ahora puede solucionar problemas y reparar bucles de 4-20 mA sin romper el bucle o derribar el sistema.<\/p>\n","protected":false},"featured_media":2168,"comment_status":"open","ping_status":"closed","template":"","meta":{"_joinchat":[]},"product_brand":[],"product_cat":[15],"product_tag":[],"class_list":{"0":"post-2155","1":"product","2":"type-product","3":"status-publish","4":"has-post-thumbnail","6":"product_cat-sin-categorizar","8":"first","9":"instock","10":"shipping-taxable","11":"product-type-simple"},"yoast_head":"<!-- This site is optimized with the Yoast SEO plugin v26.4 - https:\/\/yoast.com\/wordpress\/plugins\/seo\/ -->\n<title>pinza amperim\u00e9trica de proceso fluke 771 miliamperios - Abaa tienda online<\/title>\n<meta name=\"robots\" content=\"index, follow, max-snippet:-1, max-image-preview:large, max-video-preview:-1\" \/>\n<link rel=\"canonical\" href=\"https:\/\/abaa.mx\/tienda\/pinza-amperimetrica-de-proceso-fluke-771-miliamperios\/\" \/>\n<meta property=\"og:locale\" content=\"es_MX\" \/>\n<meta property=\"og:type\" content=\"article\" \/>\n<meta property=\"og:title\" content=\"pinza amperim\u00e9trica de proceso fluke 771 miliamperios - Abaa tienda online\" \/>\n<meta property=\"og:description\" content=\"La pinza amperim\u00e9trica Fluke 771 mA est\u00e1 dise\u00f1ada para ahorrarle tiempo y dinero al eliminar las actividades que hacen perder tiempo. Ahora puede solucionar problemas y reparar bucles de 4-20 mA sin romper el bucle o derribar el sistema.\" \/>\n<meta property=\"og:url\" content=\"https:\/\/abaa.mx\/tienda\/pinza-amperimetrica-de-proceso-fluke-771-miliamperios\/\" \/>\n<meta property=\"og:site_name\" content=\"Abaa tienda online\" \/>\n<meta property=\"article:modified_time\" content=\"2023-09-20T14:54:41+00:00\" \/>\n<meta property=\"og:image\" content=\"https:\/\/abaa.mx\/tienda\/wp-content\/uploads\/2023\/09\/771.jpg\" \/>\n\t<meta property=\"og:image:width\" content=\"270\" \/>\n\t<meta property=\"og:image:height\" content=\"450\" \/>\n\t<meta property=\"og:image:type\" content=\"image\/jpeg\" \/>\n<meta name=\"twitter:card\" content=\"summary_large_image\" \/>\n<meta name=\"twitter:label1\" content=\"Tiempo de lectura\" \/>\n\t<meta name=\"twitter:data1\" content=\"1 minuto\" \/>\n<script type=\"application\/ld+json\" class=\"yoast-schema-graph\">{\"@context\":\"https:\/\/schema.org\",\"@graph\":[{\"@type\":\"WebPage\",\"@id\":\"https:\/\/abaa.mx\/tienda\/pinza-amperimetrica-de-proceso-fluke-771-miliamperios\/\",\"url\":\"https:\/\/abaa.mx\/tienda\/pinza-amperimetrica-de-proceso-fluke-771-miliamperios\/\",\"name\":\"pinza amperim\u00e9trica de proceso fluke 771 miliamperios - Abaa tienda online\",\"isPartOf\":{\"@id\":\"https:\/\/abaa.mx\/tienda\/#website\"},\"primaryImageOfPage\":{\"@id\":\"https:\/\/abaa.mx\/tienda\/pinza-amperimetrica-de-proceso-fluke-771-miliamperios\/#primaryimage\"},\"image\":{\"@id\":\"https:\/\/abaa.mx\/tienda\/pinza-amperimetrica-de-proceso-fluke-771-miliamperios\/#primaryimage\"},\"thumbnailUrl\":\"https:\/\/abaa.mx\/tienda\/wp-content\/uploads\/2023\/09\/771.jpg\",\"datePublished\":\"2023-09-20T14:54:40+00:00\",\"dateModified\":\"2023-09-20T14:54:41+00:00\",\"breadcrumb\":{\"@id\":\"https:\/\/abaa.mx\/tienda\/pinza-amperimetrica-de-proceso-fluke-771-miliamperios\/#breadcrumb\"},\"inLanguage\":\"es\",\"potentialAction\":[{\"@type\":\"ReadAction\",\"target\":[\"https:\/\/abaa.mx\/tienda\/pinza-amperimetrica-de-proceso-fluke-771-miliamperios\/\"]}]},{\"@type\":\"ImageObject\",\"inLanguage\":\"es\",\"@id\":\"https:\/\/abaa.mx\/tienda\/pinza-amperimetrica-de-proceso-fluke-771-miliamperios\/#primaryimage\",\"url\":\"https:\/\/abaa.mx\/tienda\/wp-content\/uploads\/2023\/09\/771.jpg\",\"contentUrl\":\"https:\/\/abaa.mx\/tienda\/wp-content\/uploads\/2023\/09\/771.jpg\",\"width\":270,\"height\":450,\"caption\":\"771\"},{\"@type\":\"BreadcrumbList\",\"@id\":\"https:\/\/abaa.mx\/tienda\/pinza-amperimetrica-de-proceso-fluke-771-miliamperios\/#breadcrumb\",\"itemListElement\":[{\"@type\":\"ListItem\",\"position\":1,\"name\":\"Inicio\",\"item\":\"https:\/\/abaa.mx\/tienda\/\"},{\"@type\":\"ListItem\",\"position\":2,\"name\":\"Tienda\",\"item\":\"https:\/\/abaa.mx\/tienda\/\"},{\"@type\":\"ListItem\",\"position\":3,\"name\":\"pinza amperim\u00e9trica de proceso fluke 771 miliamperios\"}]},{\"@type\":\"WebSite\",\"@id\":\"https:\/\/abaa.mx\/tienda\/#website\",\"url\":\"https:\/\/abaa.mx\/tienda\/\",\"name\":\"Abaa tienda online\",\"description\":\"Instrumentos de medici\u00f3n\",\"publisher\":{\"@id\":\"https:\/\/abaa.mx\/tienda\/#organization\"},\"potentialAction\":[{\"@type\":\"SearchAction\",\"target\":{\"@type\":\"EntryPoint\",\"urlTemplate\":\"https:\/\/abaa.mx\/tienda\/?s={search_term_string}\"},\"query-input\":{\"@type\":\"PropertyValueSpecification\",\"valueRequired\":true,\"valueName\":\"search_term_string\"}}],\"inLanguage\":\"es\"},{\"@type\":\"Organization\",\"@id\":\"https:\/\/abaa.mx\/tienda\/#organization\",\"name\":\"Abaa tienda online\",\"url\":\"https:\/\/abaa.mx\/tienda\/\",\"logo\":{\"@type\":\"ImageObject\",\"inLanguage\":\"es\",\"@id\":\"https:\/\/abaa.mx\/tienda\/#\/schema\/logo\/image\/\",\"url\":\"https:\/\/abaa.mx\/tienda\/wp-content\/uploads\/2024\/01\/abaa-metrologia-tienda.png\",\"contentUrl\":\"https:\/\/abaa.mx\/tienda\/wp-content\/uploads\/2024\/01\/abaa-metrologia-tienda.png\",\"width\":300,\"height\":141,\"caption\":\"Abaa tienda online\"},\"image\":{\"@id\":\"https:\/\/abaa.mx\/tienda\/#\/schema\/logo\/image\/\"}}]}<\/script>\n<!-- \/ Yoast SEO plugin. -->","yoast_head_json":{"title":"pinza amperim\u00e9trica de proceso fluke 771 miliamperios - Abaa tienda online","robots":{"index":"index","follow":"follow","max-snippet":"max-snippet:-1","max-image-preview":"max-image-preview:large","max-video-preview":"max-video-preview:-1"},"canonical":"https:\/\/abaa.mx\/tienda\/pinza-amperimetrica-de-proceso-fluke-771-miliamperios\/","og_locale":"es_MX","og_type":"article","og_title":"pinza amperim\u00e9trica de proceso fluke 771 miliamperios - Abaa tienda online","og_description":"La pinza amperim\u00e9trica Fluke 771 mA est\u00e1 dise\u00f1ada para ahorrarle tiempo y dinero al eliminar las actividades que hacen perder tiempo. Ahora puede solucionar problemas y reparar bucles de 4-20 mA sin romper el bucle o derribar el sistema.","og_url":"https:\/\/abaa.mx\/tienda\/pinza-amperimetrica-de-proceso-fluke-771-miliamperios\/","og_site_name":"Abaa tienda online","article_modified_time":"2023-09-20T14:54:41+00:00","og_image":[{"width":270,"height":450,"url":"https:\/\/abaa.mx\/tienda\/wp-content\/uploads\/2023\/09\/771.jpg","type":"image\/jpeg"}],"twitter_card":"summary_large_image","twitter_misc":{"Tiempo de lectura":"1 minuto"},"schema":{"@context":"https:\/\/schema.org","@graph":[{"@type":"WebPage","@id":"https:\/\/abaa.mx\/tienda\/pinza-amperimetrica-de-proceso-fluke-771-miliamperios\/","url":"https:\/\/abaa.mx\/tienda\/pinza-amperimetrica-de-proceso-fluke-771-miliamperios\/","name":"pinza amperim\u00e9trica de proceso fluke 771 miliamperios - Abaa tienda online","isPartOf":{"@id":"https:\/\/abaa.mx\/tienda\/#website"},"primaryImageOfPage":{"@id":"https:\/\/abaa.mx\/tienda\/pinza-amperimetrica-de-proceso-fluke-771-miliamperios\/#primaryimage"},"image":{"@id":"https:\/\/abaa.mx\/tienda\/pinza-amperimetrica-de-proceso-fluke-771-miliamperios\/#primaryimage"},"thumbnailUrl":"https:\/\/abaa.mx\/tienda\/wp-content\/uploads\/2023\/09\/771.jpg","datePublished":"2023-09-20T14:54:40+00:00","dateModified":"2023-09-20T14:54:41+00:00","breadcrumb":{"@id":"https:\/\/abaa.mx\/tienda\/pinza-amperimetrica-de-proceso-fluke-771-miliamperios\/#breadcrumb"},"inLanguage":"es","potentialAction":[{"@type":"ReadAction","target":["https:\/\/abaa.mx\/tienda\/pinza-amperimetrica-de-proceso-fluke-771-miliamperios\/"]}]},{"@type":"ImageObject","inLanguage":"es","@id":"https:\/\/abaa.mx\/tienda\/pinza-amperimetrica-de-proceso-fluke-771-miliamperios\/#primaryimage","url":"https:\/\/abaa.mx\/tienda\/wp-content\/uploads\/2023\/09\/771.jpg","contentUrl":"https:\/\/abaa.mx\/tienda\/wp-content\/uploads\/2023\/09\/771.jpg","width":270,"height":450,"caption":"771"},{"@type":"BreadcrumbList","@id":"https:\/\/abaa.mx\/tienda\/pinza-amperimetrica-de-proceso-fluke-771-miliamperios\/#breadcrumb","itemListElement":[{"@type":"ListItem","position":1,"name":"Inicio","item":"https:\/\/abaa.mx\/tienda\/"},{"@type":"ListItem","position":2,"name":"Tienda","item":"https:\/\/abaa.mx\/tienda\/"},{"@type":"ListItem","position":3,"name":"pinza amperim\u00e9trica de proceso fluke 771 miliamperios"}]},{"@type":"WebSite","@id":"https:\/\/abaa.mx\/tienda\/#website","url":"https:\/\/abaa.mx\/tienda\/","name":"Abaa tienda online","description":"Instrumentos de medici\u00f3n","publisher":{"@id":"https:\/\/abaa.mx\/tienda\/#organization"},"potentialAction":[{"@type":"SearchAction","target":{"@type":"EntryPoint","urlTemplate":"https:\/\/abaa.mx\/tienda\/?s={search_term_string}"},"query-input":{"@type":"PropertyValueSpecification","valueRequired":true,"valueName":"search_term_string"}}],"inLanguage":"es"},{"@type":"Organization","@id":"https:\/\/abaa.mx\/tienda\/#organization","name":"Abaa tienda online","url":"https:\/\/abaa.mx\/tienda\/","logo":{"@type":"ImageObject","inLanguage":"es","@id":"https:\/\/abaa.mx\/tienda\/#\/schema\/logo\/image\/","url":"https:\/\/abaa.mx\/tienda\/wp-content\/uploads\/2024\/01\/abaa-metrologia-tienda.png","contentUrl":"https:\/\/abaa.mx\/tienda\/wp-content\/uploads\/2024\/01\/abaa-metrologia-tienda.png","width":300,"height":141,"caption":"Abaa tienda online"},"image":{"@id":"https:\/\/abaa.mx\/tienda\/#\/schema\/logo\/image\/"}}]}},"_links":{"self":[{"href":"https:\/\/abaa.mx\/tienda\/wp-json\/wp\/v2\/product\/2155","targetHints":{"allow":["GET"]}}],"collection":[{"href":"https:\/\/abaa.mx\/tienda\/wp-json\/wp\/v2\/product"}],"about":[{"href":"https:\/\/abaa.mx\/tienda\/wp-json\/wp\/v2\/types\/product"}],"replies":[{"embeddable":true,"href":"https:\/\/abaa.mx\/tienda\/wp-json\/wp\/v2\/comments?post=2155"}],"wp:featuredmedia":[{"embeddable":true,"href":"https:\/\/abaa.mx\/tienda\/wp-json\/wp\/v2\/media\/2168"}],"wp:attachment":[{"href":"https:\/\/abaa.mx\/tienda\/wp-json\/wp\/v2\/media?parent=2155"}],"wp:term":[{"taxonomy":"product_brand","embeddable":true,"href":"https:\/\/abaa.mx\/tienda\/wp-json\/wp\/v2\/product_brand?post=2155"},{"taxonomy":"product_cat","embeddable":true,"href":"https:\/\/abaa.mx\/tienda\/wp-json\/wp\/v2\/product_cat?post=2155"},{"taxonomy":"product_tag","embeddable":true,"href":"https:\/\/abaa.mx\/tienda\/wp-json\/wp\/v2\/product_tag?post=2155"}],"curies":[{"name":"wp","href":"https:\/\/api.w.org\/{rel}","templated":true}]}}