{"id":2144,"date":"2023-09-20T14:45:37","date_gmt":"2023-09-20T14:45:37","guid":{"rendered":"https:\/\/abaa.mx\/tienda\/?post_type=product&#038;p=2144"},"modified":"2023-09-20T14:45:37","modified_gmt":"2023-09-20T14:45:37","slug":"pinza-amperimetrica-fluke-355-true-rms-2000-a","status":"publish","type":"product","link":"https:\/\/abaa.mx\/tienda\/pinza-amperimetrica-fluke-355-true-rms-2000-a\/","title":{"rendered":"pinza amperim\u00e9trica fluke 355 true rms, 2000 a"},"content":{"rendered":"<p><strong>Herramientas vers\u00e1tiles y resistentes para aplicaciones con altas corrientes<\/strong><\/p>\n<p>Tome lecturas confiables con este medidor de pinza True RMS con confianza. Ideal para mediciones de alta corriente de hasta 2000 A, esta pinza amperim\u00e9trica cuenta con una mand\u00edbula extra ancha que se sujeta f\u00e1cilmente alrededor de conductores grandes que generalmente se encuentran en aplicaciones de alta corriente. Con un dise\u00f1o robusto y CAT IV 600 V, las clasificaciones CAT III 1000 V proporcionan un elemento adicional de protecci\u00f3n al tomar mediciones de alta potencia.<\/p>\n<p>Se pueden tomar mediciones m\u00e1ximas precisas utilizando el modo de corriente de entrada, ideal para motores y cargas inductivas. Adem\u00e1s, mide el voltaje y la resistencia, lo que hace que esta herramienta sea ideal para servicios p\u00fablicos, contratistas el\u00e9ctricos y t\u00e9cnicos de servicio industrial.<\/p>\n<p><strong>Funciones<\/strong><\/p>\n<ul>\n<li>Maneje de manera confiable una amplia gama de aplicaciones de alta corriente con 2000A AC\/DC True-RMS, 1400A AC y 2000A DC<\/li>\n<li>La gran capacidad de la mand\u00edbula de 58 mm (2,3&#8243;) es adecuada para conductores grandes o m\u00faltiples<\/li>\n<li>Clasificaci\u00f3n CAT IV 600 V, CAT III 1000 V para mayor protecci\u00f3n del usuario<\/li>\n<li>La medici\u00f3n de corriente en la corriente de subida captura la corriente de sobretensi\u00f3n de &#8220;encendido&#8221; con precisi\u00f3n y repetibilidad<\/li>\n<li>La medici\u00f3n de alto voltaje de 1000 V CA + CC True RMS, 600 V CA y 1000 V CC permite a los usuarios realizar m\u00faltiples pruebas con una sola herramienta<\/li>\n<li>La resistencia a 400 kW junto con un beeper de continuidad, proporcionan la comodidad de un mult\u00edmetro<\/li>\n<li>Mida con precisi\u00f3n la frecuencia de hasta 1 kHz para una soluci\u00f3n de problemas \u00f3ptima<\/li>\n<li>Analice r\u00e1pidamente las lecturas con las funciones MIN, MAX y AVG<\/li>\n<li>Una gran pantalla retroiluminada permite una f\u00e1cil visibilidad en \u00e1reas con poca luz<\/li>\n<li>Utilice la funci\u00f3n de retenci\u00f3n de pantalla para capturar lecturas incluso cuando la pantalla no se puede ver<\/li>\n<li>Utilice el filtro de paso bajo para suavizar las cargas ruidosas y estabilizar las lecturas<\/li>\n<\/ul>\n<p><strong>Aplicaciones<\/strong><\/p>\n<ul>\n<li>Industrial y de servicios p\u00fablicos<\/li>\n<li>Alta corriente<\/li>\n<\/ul>\n<h4>Especificaciones de Fluke 355<\/h4>\n<table class=\"table table-striped\">\n<tbody>\n<tr>\n<td colspan=\"2\"><strong>Medici\u00f3n de corriente CC y CA de 10 a 100 Hz<\/strong><\/td>\n<\/tr>\n<tr>\n<td>Gama<\/td>\n<td>40 A\/400 A\/2000 A\/1400 AC RMS<\/td>\n<\/tr>\n<tr>\n<td>Resoluci\u00f3n<\/td>\n<td>10 mA\/100 mA\/1 A<\/td>\n<\/tr>\n<tr>\n<td>Exactitud<\/td>\n<td>A: 1.5% rdg + 15 d\u00edgitos A: 1.5% rdg + 5 d\u00edgitos<\/td>\n<\/tr>\n<tr>\n<td>Nivel de activaci\u00f3n para Inrush<\/td>\n<td>0,50 A\/5,0 A\/5 A<\/td>\n<\/tr>\n<tr>\n<td>Nivel de disparo para el filtro Hz OFF<\/td>\n<td>2,50 A\/2,5 A\/8 A<\/td>\n<\/tr>\n<tr>\n<td>Nivel de disparo para el filtro Hz ON<\/td>\n<td>0,50 A\/2,5 A\/8 A<\/td>\n<\/tr>\n<tr>\n<td colspan=\"2\"><strong>Factor de cresta (50\/60 Hz)<\/strong><\/td>\n<\/tr>\n<tr>\n<td>Gama<\/td>\n<td>40 A\/400 A\/2000 A\/1400 AC RMS<\/td>\n<\/tr>\n<tr>\n<td>Factor de cresta<\/td>\n<td>2 a 33 A, 2,4 a 27 A 2 a 330 A, 2,4 a 270 A 2 a 1000 A, 2,4 a 833 A<\/td>\n<\/tr>\n<tr>\n<td colspan=\"2\"><strong>Medici\u00f3n de corriente AC 100.1 Hz a 1 kHz<\/strong><\/td>\n<\/tr>\n<tr>\n<td>Gama<\/td>\n<td>40 A\/400 A\/2000 A; 1400 AC RMS<\/td>\n<\/tr>\n<tr>\n<td>Resoluci\u00f3n<\/td>\n<td>10 mA\/100 mA\/1 A<\/td>\n<\/tr>\n<tr>\n<td>Exactitud<\/td>\n<td>10 A: 3,5% rdg + 15 d\u00edgitos 10 A: 3,5% rdg + 5 d\u00edgitos<\/td>\n<\/tr>\n<tr>\n<td>Nivel de activaci\u00f3n para Inrush<\/td>\n<td>0,50 A\/5,0 A\/5 A<\/td>\n<\/tr>\n<tr>\n<td>Nivel de disparo para el filtro Hz OFF<\/td>\n<td>2,50 A\/2,5 A\/8 A<\/td>\n<\/tr>\n<tr>\n<td>Nivel de disparo para el filtro Hz ON<\/td>\n<td>0,50 A\/2,5 A\/8 A<\/td>\n<\/tr>\n<tr>\n<td colspan=\"2\"><strong>Medici\u00f3n de voltaje CC y CA 10 a 100 Hz (los rangos de 600 y 1000 V tienen un 10% sobre el rango de 660 y 1100 V respectivamente)<\/strong><\/td>\n<\/tr>\n<tr>\n<td>Gama<\/td>\n<td>4 V\/40 V\/400 V\/600 V AC RMS\/1000 VDC<\/td>\n<\/tr>\n<tr>\n<td>Resoluci\u00f3n<\/td>\n<td>1 mV\/10 mV\/100 mV\/1 V<\/td>\n<\/tr>\n<tr>\n<td>Exactitud<\/td>\n<td>1% RDG + 10 d\u00edgitos 1% RDG + 5 d\u00edgitos<\/td>\n<\/tr>\n<tr>\n<td>Nivel de disparo para el filtro Hz OFF<\/td>\n<td>0,25 V\/6 V<\/td>\n<\/tr>\n<tr>\n<td>Nivel de disparo para el filtro Hz ON<\/td>\n<td>0,25 V\/6 V<\/td>\n<\/tr>\n<tr>\n<td colspan=\"2\"><strong>Medici\u00f3n de voltaje AC 100.1 Hz a 1 kHz (los rangos de 600 y 1000 V tienen un 10% sobre el rango de 660 y 1100 V respectivamente)<\/strong><\/td>\n<\/tr>\n<tr>\n<td>Gama<\/td>\n<td>4 V\/40 V\/400 V\/600 V AC RMS\/1000 VDC<\/td>\n<\/tr>\n<tr>\n<td>Resoluci\u00f3n<\/td>\n<td>1 mV\/10 mV\/100 mV\/1 V<\/td>\n<\/tr>\n<tr>\n<td>Exactitud<\/td>\n<td>3% RDG + 10 d\u00edgitos 3% RDG + 5 d\u00edgitos<\/td>\n<\/tr>\n<tr>\n<td>Nivel de disparo para el filtro Hz OFF<\/td>\n<td>0,050 V\/0,25 V\/6 V<\/td>\n<\/tr>\n<tr>\n<td>Nivel de disparo para el filtro Hz ON<\/td>\n<td>0,050 V\/0,25 V\/6 V<\/td>\n<\/tr>\n<tr>\n<td colspan=\"2\"><strong>Medici\u00f3n de ohmios<\/strong><\/td>\n<\/tr>\n<tr>\n<td>Gama<\/td>\n<td>4 k\u03a9\/40 k\u03a9\/400 k\u03a9<\/td>\n<\/tr>\n<tr>\n<td>Resoluci\u00f3n<\/td>\n<td>0.1 \u03a9\/ 1 \u03a9\/ 10 \u03a9\/ 100 \u03a9<\/td>\n<\/tr>\n<tr>\n<td>Exactitud<\/td>\n<td>1.5% + 5 d\u00edgitos<\/td>\n<\/tr>\n<tr>\n<td colspan=\"2\"><strong>Beeper de continuidad<\/strong><\/td>\n<\/tr>\n<tr>\n<td>Encendido y apagado<\/td>\n<td>Encendido a las \u2264 30 \u03a9 a las &gt; 100 \u03a9<\/td>\n<\/tr>\n<tr>\n<td colspan=\"2\"><strong>Medici\u00f3n de frecuencia<\/strong><\/td>\n<\/tr>\n<tr>\n<td>Rango de medici\u00f3n<\/td>\n<td>De 5,0 Hz a 1 kHz<\/td>\n<\/tr>\n<tr>\n<td>Resoluci\u00f3n<\/td>\n<td>0,1 Hz (15 Hz a 399,9 Hz) 1 Hz (400 Hz a 1 kHz)<\/td>\n<\/tr>\n<tr>\n<td>Exactitud<\/td>\n<td>5,0 a 100 Hz: 0,2% + 2 recuentos 100,1 Hz a 1 kHz: 0,5% + 5 recuentos<\/td>\n<\/tr>\n<tr>\n<td colspan=\"2\"><strong>Especificaciones ambientales<\/strong><\/td>\n<\/tr>\n<tr>\n<td>Temperatura de funcionamiento<\/td>\n<td>De 32 a 122 \u00b0C (de 0 a 50 \u00b0F)<\/td>\n<\/tr>\n<tr>\n<td>Temperatura de almacenamiento<\/td>\n<td>-4 a 140\u00b0F (-20 a 60\u00b0C)<\/td>\n<\/tr>\n<tr>\n<td>Humedad de funcionamiento<\/td>\n<td>0 a 95% (sin condensaci\u00f3n)<\/td>\n<\/tr>\n<tr>\n<td>Altitud de funcionamiento<\/td>\n<td>6561,68&#8242; (2000 m)<\/td>\n<\/tr>\n<tr>\n<td>Altitud de almacenamiento<\/td>\n<td>32.808,4&#8242; (10.000 m)<\/td>\n<\/tr>\n<tr>\n<td>Clasificaci\u00f3n IP<\/td>\n<td>42 (solo para uso en interiores)<\/td>\n<\/tr>\n<tr>\n<td>Requisitos de la prueba de ca\u00edda<\/td>\n<td>3,28&#8242; (1 m)<\/td>\n<\/tr>\n<tr>\n<td>EMI, RFI, EMC<\/td>\n<td>FCC parte 15, IEC\/EN 61326-1:1997 clase B IEC\/EN 61326:1997 3V\/m, criterios de rendimiento B, EN61325<\/td>\n<\/tr>\n<tr>\n<td>Coeficientes de temperatura<\/td>\n<td>Corriente: 0.1% de lectura por \u00b0C fuera de 22 a 24\u00b0C Voltaje: 0.1% de lectura por \u00b0C fuera de 22 a 24\u00b0C<\/td>\n<\/tr>\n<tr>\n<td colspan=\"2\"><strong>Especificaciones generales<\/strong><\/td>\n<\/tr>\n<tr>\n<td>Bater\u00eda<\/td>\n<td>Tipo: 6 x 1.5 V AA NEDA 15 A o IEC LR6<br \/>\nVida: 100 horas<\/td>\n<\/tr>\n<tr>\n<td>Cables de prueba<\/td>\n<td>Clasificaci\u00f3n de hasta 1000 V<\/td>\n<\/tr>\n<tr>\n<td>Tama\u00f1o de la mand\u00edbula<\/td>\n<td>2 mm (28,58&#8243;)<\/td>\n<\/tr>\n<tr>\n<td>Dimensiones<\/td>\n<td>12 x 3,75 x 2&#8243; (300 x 98 x 52 mm)<\/td>\n<\/tr>\n<tr>\n<td>Peso<\/td>\n<td>1,8 lb (0,814 kg)<\/td>\n<\/tr>\n<tr>\n<td>Clasificaci\u00f3n de seguridad<\/td>\n<td>IEC 61010-2-032, 600 V CAT IV, 1000 V CAT III<\/td>\n<\/tr>\n<\/tbody>\n<\/table>\n","protected":false},"excerpt":{"rendered":"<p><strong>Herramientas vers\u00e1tiles y resistentes para aplicaciones con altas corrientes<\/strong><\/p>\n<p>Tome lecturas confiables con este medidor de pinza True RMS con confianza. Ideal para mediciones de alta corriente de hasta 2000 A, esta pinza amperim\u00e9trica cuenta con una mand\u00edbula extra ancha que se sujeta f\u00e1cilmente alrededor de conductores grandes que generalmente se encuentran en aplicaciones de alta corriente. Con un dise\u00f1o robusto y CAT IV 600 V, las clasificaciones CAT III 1000 V proporcionan un elemento adicional de protecci\u00f3n al tomar mediciones de alta potencia.<\/p>\n<p>Se pueden tomar mediciones m\u00e1ximas precisas utilizando el modo de corriente de entrada, ideal para motores y cargas inductivas. Adem\u00e1s, mide el voltaje y la resistencia, lo que hace que esta herramienta sea ideal para servicios p\u00fablicos, contratistas el\u00e9ctricos y t\u00e9cnicos de servicio industrial.<\/p>\n","protected":false},"featured_media":2159,"comment_status":"open","ping_status":"closed","template":"","meta":{"_joinchat":[]},"product_brand":[],"product_cat":[15],"product_tag":[],"class_list":{"0":"post-2144","1":"product","2":"type-product","3":"status-publish","4":"has-post-thumbnail","6":"product_cat-sin-categorizar","8":"first","9":"instock","10":"shipping-taxable","11":"product-type-simple"},"yoast_head":"<!-- This site is optimized with the Yoast SEO plugin v26.4 - https:\/\/yoast.com\/wordpress\/plugins\/seo\/ -->\n<title>pinza amperim\u00e9trica fluke 355 true rms, 2000 a - Abaa tienda online<\/title>\n<meta name=\"robots\" content=\"index, follow, max-snippet:-1, max-image-preview:large, max-video-preview:-1\" \/>\n<link rel=\"canonical\" href=\"https:\/\/abaa.mx\/tienda\/pinza-amperimetrica-fluke-355-true-rms-2000-a\/\" \/>\n<meta property=\"og:locale\" content=\"es_MX\" \/>\n<meta property=\"og:type\" content=\"article\" \/>\n<meta property=\"og:title\" content=\"pinza amperim\u00e9trica fluke 355 true rms, 2000 a - Abaa tienda online\" \/>\n<meta property=\"og:description\" content=\"Herramientas vers\u00e1tiles y resistentes para aplicaciones con altas corrientes  Tome lecturas confiables con este medidor de pinza True RMS con confianza. Ideal para mediciones de alta corriente de hasta 2000 A, esta pinza amperim\u00e9trica cuenta con una mand\u00edbula extra ancha que se sujeta f\u00e1cilmente alrededor de conductores grandes que generalmente se encuentran en aplicaciones de alta corriente. Con un dise\u00f1o robusto y CAT IV 600 V, las clasificaciones CAT III 1000 V proporcionan un elemento adicional de protecci\u00f3n al tomar mediciones de alta potencia.  Se pueden tomar mediciones m\u00e1ximas precisas utilizando el modo de corriente de entrada, ideal para motores y cargas inductivas. Adem\u00e1s, mide el voltaje y la resistencia, lo que hace que esta herramienta sea ideal para servicios p\u00fablicos, contratistas el\u00e9ctricos y t\u00e9cnicos de servicio industrial.\" \/>\n<meta property=\"og:url\" content=\"https:\/\/abaa.mx\/tienda\/pinza-amperimetrica-fluke-355-true-rms-2000-a\/\" \/>\n<meta property=\"og:site_name\" content=\"Abaa tienda online\" \/>\n<meta property=\"og:image\" content=\"https:\/\/abaa.mx\/tienda\/wp-content\/uploads\/2023\/09\/355.jpg\" \/>\n\t<meta property=\"og:image:width\" content=\"270\" \/>\n\t<meta property=\"og:image:height\" content=\"450\" \/>\n\t<meta property=\"og:image:type\" content=\"image\/jpeg\" \/>\n<meta name=\"twitter:card\" content=\"summary_large_image\" \/>\n<meta name=\"twitter:label1\" content=\"Tiempo de lectura\" \/>\n\t<meta name=\"twitter:data1\" content=\"5 minutos\" \/>\n<script type=\"application\/ld+json\" class=\"yoast-schema-graph\">{\"@context\":\"https:\/\/schema.org\",\"@graph\":[{\"@type\":\"WebPage\",\"@id\":\"https:\/\/abaa.mx\/tienda\/pinza-amperimetrica-fluke-355-true-rms-2000-a\/\",\"url\":\"https:\/\/abaa.mx\/tienda\/pinza-amperimetrica-fluke-355-true-rms-2000-a\/\",\"name\":\"pinza amperim\u00e9trica fluke 355 true rms, 2000 a - Abaa tienda online\",\"isPartOf\":{\"@id\":\"https:\/\/abaa.mx\/tienda\/#website\"},\"primaryImageOfPage\":{\"@id\":\"https:\/\/abaa.mx\/tienda\/pinza-amperimetrica-fluke-355-true-rms-2000-a\/#primaryimage\"},\"image\":{\"@id\":\"https:\/\/abaa.mx\/tienda\/pinza-amperimetrica-fluke-355-true-rms-2000-a\/#primaryimage\"},\"thumbnailUrl\":\"https:\/\/abaa.mx\/tienda\/wp-content\/uploads\/2023\/09\/355.jpg\",\"datePublished\":\"2023-09-20T14:45:37+00:00\",\"breadcrumb\":{\"@id\":\"https:\/\/abaa.mx\/tienda\/pinza-amperimetrica-fluke-355-true-rms-2000-a\/#breadcrumb\"},\"inLanguage\":\"es\",\"potentialAction\":[{\"@type\":\"ReadAction\",\"target\":[\"https:\/\/abaa.mx\/tienda\/pinza-amperimetrica-fluke-355-true-rms-2000-a\/\"]}]},{\"@type\":\"ImageObject\",\"inLanguage\":\"es\",\"@id\":\"https:\/\/abaa.mx\/tienda\/pinza-amperimetrica-fluke-355-true-rms-2000-a\/#primaryimage\",\"url\":\"https:\/\/abaa.mx\/tienda\/wp-content\/uploads\/2023\/09\/355.jpg\",\"contentUrl\":\"https:\/\/abaa.mx\/tienda\/wp-content\/uploads\/2023\/09\/355.jpg\",\"width\":270,\"height\":450,\"caption\":\"355\"},{\"@type\":\"BreadcrumbList\",\"@id\":\"https:\/\/abaa.mx\/tienda\/pinza-amperimetrica-fluke-355-true-rms-2000-a\/#breadcrumb\",\"itemListElement\":[{\"@type\":\"ListItem\",\"position\":1,\"name\":\"Inicio\",\"item\":\"https:\/\/abaa.mx\/tienda\/\"},{\"@type\":\"ListItem\",\"position\":2,\"name\":\"Tienda\",\"item\":\"https:\/\/abaa.mx\/tienda\/\"},{\"@type\":\"ListItem\",\"position\":3,\"name\":\"pinza amperim\u00e9trica fluke 355 true rms, 2000 a\"}]},{\"@type\":\"WebSite\",\"@id\":\"https:\/\/abaa.mx\/tienda\/#website\",\"url\":\"https:\/\/abaa.mx\/tienda\/\",\"name\":\"Abaa tienda online\",\"description\":\"Instrumentos de medici\u00f3n\",\"publisher\":{\"@id\":\"https:\/\/abaa.mx\/tienda\/#organization\"},\"potentialAction\":[{\"@type\":\"SearchAction\",\"target\":{\"@type\":\"EntryPoint\",\"urlTemplate\":\"https:\/\/abaa.mx\/tienda\/?s={search_term_string}\"},\"query-input\":{\"@type\":\"PropertyValueSpecification\",\"valueRequired\":true,\"valueName\":\"search_term_string\"}}],\"inLanguage\":\"es\"},{\"@type\":\"Organization\",\"@id\":\"https:\/\/abaa.mx\/tienda\/#organization\",\"name\":\"Abaa tienda online\",\"url\":\"https:\/\/abaa.mx\/tienda\/\",\"logo\":{\"@type\":\"ImageObject\",\"inLanguage\":\"es\",\"@id\":\"https:\/\/abaa.mx\/tienda\/#\/schema\/logo\/image\/\",\"url\":\"https:\/\/abaa.mx\/tienda\/wp-content\/uploads\/2024\/01\/abaa-metrologia-tienda.png\",\"contentUrl\":\"https:\/\/abaa.mx\/tienda\/wp-content\/uploads\/2024\/01\/abaa-metrologia-tienda.png\",\"width\":300,\"height\":141,\"caption\":\"Abaa tienda online\"},\"image\":{\"@id\":\"https:\/\/abaa.mx\/tienda\/#\/schema\/logo\/image\/\"}}]}<\/script>\n<!-- \/ Yoast SEO plugin. -->","yoast_head_json":{"title":"pinza amperim\u00e9trica fluke 355 true rms, 2000 a - Abaa tienda online","robots":{"index":"index","follow":"follow","max-snippet":"max-snippet:-1","max-image-preview":"max-image-preview:large","max-video-preview":"max-video-preview:-1"},"canonical":"https:\/\/abaa.mx\/tienda\/pinza-amperimetrica-fluke-355-true-rms-2000-a\/","og_locale":"es_MX","og_type":"article","og_title":"pinza amperim\u00e9trica fluke 355 true rms, 2000 a - Abaa tienda online","og_description":"Herramientas vers\u00e1tiles y resistentes para aplicaciones con altas corrientes  Tome lecturas confiables con este medidor de pinza True RMS con confianza. Ideal para mediciones de alta corriente de hasta 2000 A, esta pinza amperim\u00e9trica cuenta con una mand\u00edbula extra ancha que se sujeta f\u00e1cilmente alrededor de conductores grandes que generalmente se encuentran en aplicaciones de alta corriente. Con un dise\u00f1o robusto y CAT IV 600 V, las clasificaciones CAT III 1000 V proporcionan un elemento adicional de protecci\u00f3n al tomar mediciones de alta potencia.  Se pueden tomar mediciones m\u00e1ximas precisas utilizando el modo de corriente de entrada, ideal para motores y cargas inductivas. Adem\u00e1s, mide el voltaje y la resistencia, lo que hace que esta herramienta sea ideal para servicios p\u00fablicos, contratistas el\u00e9ctricos y t\u00e9cnicos de servicio industrial.","og_url":"https:\/\/abaa.mx\/tienda\/pinza-amperimetrica-fluke-355-true-rms-2000-a\/","og_site_name":"Abaa tienda online","og_image":[{"width":270,"height":450,"url":"https:\/\/abaa.mx\/tienda\/wp-content\/uploads\/2023\/09\/355.jpg","type":"image\/jpeg"}],"twitter_card":"summary_large_image","twitter_misc":{"Tiempo de lectura":"5 minutos"},"schema":{"@context":"https:\/\/schema.org","@graph":[{"@type":"WebPage","@id":"https:\/\/abaa.mx\/tienda\/pinza-amperimetrica-fluke-355-true-rms-2000-a\/","url":"https:\/\/abaa.mx\/tienda\/pinza-amperimetrica-fluke-355-true-rms-2000-a\/","name":"pinza amperim\u00e9trica fluke 355 true rms, 2000 a - Abaa tienda online","isPartOf":{"@id":"https:\/\/abaa.mx\/tienda\/#website"},"primaryImageOfPage":{"@id":"https:\/\/abaa.mx\/tienda\/pinza-amperimetrica-fluke-355-true-rms-2000-a\/#primaryimage"},"image":{"@id":"https:\/\/abaa.mx\/tienda\/pinza-amperimetrica-fluke-355-true-rms-2000-a\/#primaryimage"},"thumbnailUrl":"https:\/\/abaa.mx\/tienda\/wp-content\/uploads\/2023\/09\/355.jpg","datePublished":"2023-09-20T14:45:37+00:00","breadcrumb":{"@id":"https:\/\/abaa.mx\/tienda\/pinza-amperimetrica-fluke-355-true-rms-2000-a\/#breadcrumb"},"inLanguage":"es","potentialAction":[{"@type":"ReadAction","target":["https:\/\/abaa.mx\/tienda\/pinza-amperimetrica-fluke-355-true-rms-2000-a\/"]}]},{"@type":"ImageObject","inLanguage":"es","@id":"https:\/\/abaa.mx\/tienda\/pinza-amperimetrica-fluke-355-true-rms-2000-a\/#primaryimage","url":"https:\/\/abaa.mx\/tienda\/wp-content\/uploads\/2023\/09\/355.jpg","contentUrl":"https:\/\/abaa.mx\/tienda\/wp-content\/uploads\/2023\/09\/355.jpg","width":270,"height":450,"caption":"355"},{"@type":"BreadcrumbList","@id":"https:\/\/abaa.mx\/tienda\/pinza-amperimetrica-fluke-355-true-rms-2000-a\/#breadcrumb","itemListElement":[{"@type":"ListItem","position":1,"name":"Inicio","item":"https:\/\/abaa.mx\/tienda\/"},{"@type":"ListItem","position":2,"name":"Tienda","item":"https:\/\/abaa.mx\/tienda\/"},{"@type":"ListItem","position":3,"name":"pinza amperim\u00e9trica fluke 355 true rms, 2000 a"}]},{"@type":"WebSite","@id":"https:\/\/abaa.mx\/tienda\/#website","url":"https:\/\/abaa.mx\/tienda\/","name":"Abaa tienda online","description":"Instrumentos de medici\u00f3n","publisher":{"@id":"https:\/\/abaa.mx\/tienda\/#organization"},"potentialAction":[{"@type":"SearchAction","target":{"@type":"EntryPoint","urlTemplate":"https:\/\/abaa.mx\/tienda\/?s={search_term_string}"},"query-input":{"@type":"PropertyValueSpecification","valueRequired":true,"valueName":"search_term_string"}}],"inLanguage":"es"},{"@type":"Organization","@id":"https:\/\/abaa.mx\/tienda\/#organization","name":"Abaa tienda online","url":"https:\/\/abaa.mx\/tienda\/","logo":{"@type":"ImageObject","inLanguage":"es","@id":"https:\/\/abaa.mx\/tienda\/#\/schema\/logo\/image\/","url":"https:\/\/abaa.mx\/tienda\/wp-content\/uploads\/2024\/01\/abaa-metrologia-tienda.png","contentUrl":"https:\/\/abaa.mx\/tienda\/wp-content\/uploads\/2024\/01\/abaa-metrologia-tienda.png","width":300,"height":141,"caption":"Abaa tienda online"},"image":{"@id":"https:\/\/abaa.mx\/tienda\/#\/schema\/logo\/image\/"}}]}},"_links":{"self":[{"href":"https:\/\/abaa.mx\/tienda\/wp-json\/wp\/v2\/product\/2144","targetHints":{"allow":["GET"]}}],"collection":[{"href":"https:\/\/abaa.mx\/tienda\/wp-json\/wp\/v2\/product"}],"about":[{"href":"https:\/\/abaa.mx\/tienda\/wp-json\/wp\/v2\/types\/product"}],"replies":[{"embeddable":true,"href":"https:\/\/abaa.mx\/tienda\/wp-json\/wp\/v2\/comments?post=2144"}],"wp:featuredmedia":[{"embeddable":true,"href":"https:\/\/abaa.mx\/tienda\/wp-json\/wp\/v2\/media\/2159"}],"wp:attachment":[{"href":"https:\/\/abaa.mx\/tienda\/wp-json\/wp\/v2\/media?parent=2144"}],"wp:term":[{"taxonomy":"product_brand","embeddable":true,"href":"https:\/\/abaa.mx\/tienda\/wp-json\/wp\/v2\/product_brand?post=2144"},{"taxonomy":"product_cat","embeddable":true,"href":"https:\/\/abaa.mx\/tienda\/wp-json\/wp\/v2\/product_cat?post=2144"},{"taxonomy":"product_tag","embeddable":true,"href":"https:\/\/abaa.mx\/tienda\/wp-json\/wp\/v2\/product_tag?post=2144"}],"curies":[{"name":"wp","href":"https:\/\/api.w.org\/{rel}","templated":true}]}}