{"id":2129,"date":"2023-09-20T14:32:46","date_gmt":"2023-09-20T14:32:46","guid":{"rendered":"https:\/\/abaa.mx\/tienda\/?post_type=product&#038;p=2129"},"modified":"2023-09-20T14:32:46","modified_gmt":"2023-09-20T14:32:46","slug":"pinza-amperimetrica-de-proceso-fluke-de-773-miliamperios-de-4-a-20-ma","status":"publish","type":"product","link":"https:\/\/abaa.mx\/tienda\/pinza-amperimetrica-de-proceso-fluke-de-773-miliamperios-de-4-a-20-ma\/","title":{"rendered":"pinza amperim\u00e9trica de proceso fluke de 773 miliamperios, de 4 a 20 ma"},"content":{"rendered":"<p><strong>Una pinza amperim\u00e9trica de proceso ahorra tiempo y dinero al medir las se\u00f1ales de salida sin apagar el sistema<\/strong><\/p>\n<p>Capaz de medir se\u00f1ales de 4 a 20 mA cinco veces m\u00e1s r\u00e1pido que un mult\u00edmetro tradicional sin romper el bucle. Eso significa que este medidor de pinza de proceso permite al usuario solucionar problemas de un dispositivo en vivo sin necesidad de apagarlo y posiblemente perderse algo que sucede en el proceso.<\/p>\n<p>Ideal para la resoluci\u00f3n de problemas de transmisores, v\u00e1lvulas y controladores l\u00f3gicos programables (PLC) que se encuentran en las plantas de proceso, este instrumento tambi\u00e9n mide CC de bajo nivel y correlaciona la indicaci\u00f3n del proceso con el valor f\u00edsico real. Y mide hasta 99,0 mA sin contacto, incluidas las se\u00f1ales de 10 a 50 mA en sistemas de control m\u00e1s antiguos.<\/p>\n<p>Adem\u00e1s, esta herramienta fuente y mide voltaje de CC, por lo tanto, se puede usar para solucionar problemas de dispositivos de entrada y salida de voltaje. El usuario puede separar la secci\u00f3n de abrazadera del medidor y usarla como una mand\u00edbula remota, conectada al cuerpo principal por un cable de extensi\u00f3n para facilitar la toma de medidas en espacios reducidos. Adem\u00e1s, las funciones de apagado autom\u00e1tico ahorran bater\u00eda para que pueda trabajar m\u00e1s tiempo sin cargar las bater\u00edas.<\/p>\n<p><strong>Funciones<\/strong><\/p>\n<ul>\n<li>Calibrador de bucle que mide se\u00f1ales de 4 a 20 mA sin romper el bucle<\/li>\n<li>Se\u00f1ales de fuente de 4 a 20 mA para probar E\/S o E\/P del sistema de control<\/li>\n<li>Simular se\u00f1ales de 4 a 20 mA para probar E\/S del sistema de control<\/li>\n<li>Mida se\u00f1ales de 4 a 20 mA con medici\u00f3n en circuito<\/li>\n<li>Mida simult\u00e1neamente mA en circuito con una potencia de bucle de 24 V para alimentar y probar transmisores<\/li>\n<li>Se\u00f1ales de salida de fuente mA en una rampa lineal o salida escalonada del 25 %: cambie autom\u00e1ticamente la salida de 4 a 20 mA para pruebas remotas<\/li>\n<li>Las funciones de ahorro de energ\u00eda, apagado autom\u00e1tico y tiempo de espera de retroiluminaci\u00f3n prolongan la duraci\u00f3n de la bater\u00eda<\/li>\n<li>Medici\u00f3n de voltaje de CC para verificar fuentes de alimentaci\u00f3n de 24 V o se\u00f1ales de E\/S de voltaje<\/li>\n<li>Fuente de voltaje de CC para probar dispositivos de entrada que aceptan una se\u00f1al de 1 a 5 voltios o de 0 a 10 voltios<\/li>\n<li>La salida mA a escala proporciona una se\u00f1al mA continua que corresponde a la se\u00f1al de 4 a 20 mA medida por la abrazadera mA: la se\u00f1al mA de salida permite que un DMM de registro u otro dispositivo grabe la se\u00f1al de 4 a 20 mA sin romper el bucle<\/li>\n<li>mA in\/out: mida simult\u00e1neamente la se\u00f1al mA con la pinza y emita una se\u00f1al mA &#8211; aplique una se\u00f1al de entrada mA a un dispositivo y mida su salida de 4 a 20 mA en dispositivos como v\u00e1lvulas o aisladores mA<\/li>\n<li>Rampa lineal de salida de voltaje o salida de paso del 25 %: cambie autom\u00e1ticamente la salida de voltaje para pruebas remotas<\/li>\n<li>Ofrece una resoluci\u00f3n y sensibilidad de 0,01 mA<\/li>\n<li>Proyector de medici\u00f3n para iluminar cables dif\u00edciles de ver en carcasa oscura<\/li>\n<li>Mide se\u00f1ales de 10 a 50 mA en sistemas de control m\u00e1s antiguos utilizando el rango de 99,9 mA<\/li>\n<\/ul>\n<p><strong>Aplicaciones<\/strong><\/p>\n<ul>\n<li>Soluci\u00f3n de problemas de transmisores<\/li>\n<li>Soluci\u00f3n de problemas de v\u00e1lvulas<\/li>\n<li>Resoluci\u00f3n de problemas de controladores l\u00f3gicos programables (PLC) encontrados en plantas de proceso<\/li>\n<\/ul>\n<h4>Especificaciones de Fluke 773<\/h4>\n<table class=\"table table-striped\">\n<tbody>\n<tr>\n<td colspan=\"2\"><strong>Medici\u00f3n mA (medida por abrazadera)<\/strong><\/td>\n<\/tr>\n<tr>\n<td>Resoluci\u00f3n\/Rango<\/td>\n<td>0 a 20.99 mA<\/td>\n<\/tr>\n<tr>\n<td>Exactitud<\/td>\n<td>0.2% + 5 cuentas<\/td>\n<\/tr>\n<tr>\n<td>Resoluci\u00f3n\/Rango<\/td>\n<td>De 21,0 a 100,0 mA<\/td>\n<\/tr>\n<tr>\n<td>Exactitud<\/td>\n<td>1% + 5 cuentas<\/td>\n<\/tr>\n<tr>\n<td colspan=\"2\"><strong>Medici\u00f3n mA (medida en serie con conectores de prueba)<\/strong><\/td>\n<\/tr>\n<tr>\n<td>Resoluci\u00f3n\/Rango<\/td>\n<td>0 a 24.00 mA<\/td>\n<\/tr>\n<tr>\n<td>Exactitud<\/td>\n<td>0.2% + 2 cuentas<\/td>\n<\/tr>\n<tr>\n<td colspan=\"2\"><strong>Fuente mA (unidad mA m\u00e1xima: 24 mA en 1000 \u03a9)<\/strong><\/td>\n<\/tr>\n<tr>\n<td>Resoluci\u00f3n\/Rango<\/td>\n<td>0 a 24.00 mA<\/td>\n<\/tr>\n<tr>\n<td>Exactitud<\/td>\n<td>0.2% + 2 cuentas<\/td>\n<\/tr>\n<tr>\n<td colspan=\"2\"><strong>Simular mA (voltaje m\u00e1ximo 50 V DC)<\/strong><\/td>\n<\/tr>\n<tr>\n<td>Resoluci\u00f3n\/Rango<\/td>\n<td>0 a 24.00 mA<\/td>\n<\/tr>\n<tr>\n<td>Exactitud<\/td>\n<td>0.2% + 2 cuentas<\/td>\n<\/tr>\n<tr>\n<td colspan=\"2\"><strong>Fuente de voltaje (corriente m\u00e1xima de accionamiento de 2 mA)<\/strong><\/td>\n<\/tr>\n<tr>\n<td>Resoluci\u00f3n\/Rango<\/td>\n<td>0 a 10,00 V CC<\/td>\n<\/tr>\n<tr>\n<td>Exactitud<\/td>\n<td>0.2% + 2 cuentas<\/td>\n<\/tr>\n<tr>\n<td colspan=\"2\"><strong>Medida de voltaje<\/strong><\/td>\n<\/tr>\n<tr>\n<td>Resoluci\u00f3n\/Rango<\/td>\n<td>0 a 30,00 V CC<\/td>\n<\/tr>\n<tr>\n<td>Exactitud<\/td>\n<td>0.2% + 2 cuentas<\/td>\n<\/tr>\n<tr>\n<td colspan=\"2\"><strong>Especificaciones generales<\/strong><\/td>\n<\/tr>\n<tr>\n<td>Di\u00e1metro del conductor medible<\/td>\n<td>0,177&#8243; (4,5 mm) m\u00e1x.<\/td>\n<\/tr>\n<tr>\n<td>Temperatura de funcionamiento<\/td>\n<td>14 a 122\u00b0F (-10 a 50\u00b0C)<\/td>\n<\/tr>\n<tr>\n<td>Temperatura de almacenamiento<\/td>\n<td>-13 a 140\u00b0F (-25 a 60\u00b0C)<\/td>\n<\/tr>\n<tr>\n<td>Humedad de funcionamiento<\/td>\n<td>&lt;90% a &lt;86\u00b0F (30\u00b0C) &lt;75% a 86 a 131\u00b0F (30 a 55\u00b0C)<\/td>\n<\/tr>\n<tr>\n<td>Altitud de funcionamiento<\/td>\n<td>0 a 6561,7&#8242; (0 a 2000 m)<\/td>\n<\/tr>\n<tr>\n<td>Dimensiones<\/td>\n<td><span>2<\/span><sup>7<\/sup><span>\u2044<\/span><sub>8<\/sub><span>\u00a0x 5\/11 x &lt;&gt;<\/span><sup>5<\/sup><span>\u2044<\/span><sub>8<\/sub><span>&#8221; (44 x 70 x 246 mm)<\/span><\/td>\n<\/tr>\n<tr>\n<td>Peso<\/td>\n<td>0,9 lb (410 g)<\/td>\n<\/tr>\n<tr>\n<td>Clasificaci\u00f3n IP<\/td>\n<td>IP 40<\/td>\n<\/tr>\n<\/tbody>\n<\/table>\n","protected":false},"excerpt":{"rendered":"<p><strong>Una pinza amperim\u00e9trica de proceso ahorra tiempo y dinero al medir las se\u00f1ales de salida sin apagar el sistema<\/strong><\/p>\n<p>Capaz de medir se\u00f1ales de 4 a 20 mA cinco veces m\u00e1s r\u00e1pido que un mult\u00edmetro tradicional sin romper el bucle. Eso significa que este medidor de pinza de proceso permite al usuario solucionar problemas de un dispositivo en vivo sin necesidad de apagarlo y posiblemente perderse algo que sucede en el proceso.<\/p>\n","protected":false},"featured_media":2143,"comment_status":"open","ping_status":"closed","template":"","meta":{"_joinchat":[]},"product_brand":[],"product_cat":[15],"product_tag":[],"class_list":{"0":"post-2129","1":"product","2":"type-product","3":"status-publish","4":"has-post-thumbnail","6":"product_cat-sin-categorizar","8":"first","9":"instock","10":"shipping-taxable","11":"product-type-simple"},"yoast_head":"<!-- This site is optimized with the Yoast SEO plugin v26.4 - https:\/\/yoast.com\/wordpress\/plugins\/seo\/ -->\n<title>pinza amperim\u00e9trica de proceso fluke de 773 miliamperios, de 4 a 20 ma - Abaa tienda online<\/title>\n<meta name=\"robots\" content=\"index, follow, max-snippet:-1, max-image-preview:large, max-video-preview:-1\" \/>\n<link rel=\"canonical\" href=\"https:\/\/abaa.mx\/tienda\/pinza-amperimetrica-de-proceso-fluke-de-773-miliamperios-de-4-a-20-ma\/\" \/>\n<meta property=\"og:locale\" content=\"es_MX\" \/>\n<meta property=\"og:type\" content=\"article\" \/>\n<meta property=\"og:title\" content=\"pinza amperim\u00e9trica de proceso fluke de 773 miliamperios, de 4 a 20 ma - Abaa tienda online\" \/>\n<meta property=\"og:description\" content=\"Una pinza amperim\u00e9trica de proceso ahorra tiempo y dinero al medir las se\u00f1ales de salida sin apagar el sistema  Capaz de medir se\u00f1ales de 4 a 20 mA cinco veces m\u00e1s r\u00e1pido que un mult\u00edmetro tradicional sin romper el bucle. Eso significa que este medidor de pinza de proceso permite al usuario solucionar problemas de un dispositivo en vivo sin necesidad de apagarlo y posiblemente perderse algo que sucede en el proceso.\" \/>\n<meta property=\"og:url\" content=\"https:\/\/abaa.mx\/tienda\/pinza-amperimetrica-de-proceso-fluke-de-773-miliamperios-de-4-a-20-ma\/\" \/>\n<meta property=\"og:site_name\" content=\"Abaa tienda online\" \/>\n<meta property=\"og:image\" content=\"https:\/\/abaa.mx\/tienda\/wp-content\/uploads\/2023\/09\/773.jpg\" \/>\n\t<meta property=\"og:image:width\" content=\"270\" \/>\n\t<meta property=\"og:image:height\" content=\"450\" \/>\n\t<meta property=\"og:image:type\" content=\"image\/jpeg\" \/>\n<meta name=\"twitter:card\" content=\"summary_large_image\" \/>\n<meta name=\"twitter:label1\" content=\"Tiempo de lectura\" \/>\n\t<meta name=\"twitter:data1\" content=\"4 minutos\" \/>\n<script type=\"application\/ld+json\" class=\"yoast-schema-graph\">{\"@context\":\"https:\/\/schema.org\",\"@graph\":[{\"@type\":\"WebPage\",\"@id\":\"https:\/\/abaa.mx\/tienda\/pinza-amperimetrica-de-proceso-fluke-de-773-miliamperios-de-4-a-20-ma\/\",\"url\":\"https:\/\/abaa.mx\/tienda\/pinza-amperimetrica-de-proceso-fluke-de-773-miliamperios-de-4-a-20-ma\/\",\"name\":\"pinza amperim\u00e9trica de proceso fluke de 773 miliamperios, de 4 a 20 ma - Abaa tienda online\",\"isPartOf\":{\"@id\":\"https:\/\/abaa.mx\/tienda\/#website\"},\"primaryImageOfPage\":{\"@id\":\"https:\/\/abaa.mx\/tienda\/pinza-amperimetrica-de-proceso-fluke-de-773-miliamperios-de-4-a-20-ma\/#primaryimage\"},\"image\":{\"@id\":\"https:\/\/abaa.mx\/tienda\/pinza-amperimetrica-de-proceso-fluke-de-773-miliamperios-de-4-a-20-ma\/#primaryimage\"},\"thumbnailUrl\":\"https:\/\/abaa.mx\/tienda\/wp-content\/uploads\/2023\/09\/773.jpg\",\"datePublished\":\"2023-09-20T14:32:46+00:00\",\"breadcrumb\":{\"@id\":\"https:\/\/abaa.mx\/tienda\/pinza-amperimetrica-de-proceso-fluke-de-773-miliamperios-de-4-a-20-ma\/#breadcrumb\"},\"inLanguage\":\"es\",\"potentialAction\":[{\"@type\":\"ReadAction\",\"target\":[\"https:\/\/abaa.mx\/tienda\/pinza-amperimetrica-de-proceso-fluke-de-773-miliamperios-de-4-a-20-ma\/\"]}]},{\"@type\":\"ImageObject\",\"inLanguage\":\"es\",\"@id\":\"https:\/\/abaa.mx\/tienda\/pinza-amperimetrica-de-proceso-fluke-de-773-miliamperios-de-4-a-20-ma\/#primaryimage\",\"url\":\"https:\/\/abaa.mx\/tienda\/wp-content\/uploads\/2023\/09\/773.jpg\",\"contentUrl\":\"https:\/\/abaa.mx\/tienda\/wp-content\/uploads\/2023\/09\/773.jpg\",\"width\":270,\"height\":450,\"caption\":\"773\"},{\"@type\":\"BreadcrumbList\",\"@id\":\"https:\/\/abaa.mx\/tienda\/pinza-amperimetrica-de-proceso-fluke-de-773-miliamperios-de-4-a-20-ma\/#breadcrumb\",\"itemListElement\":[{\"@type\":\"ListItem\",\"position\":1,\"name\":\"Inicio\",\"item\":\"https:\/\/abaa.mx\/tienda\/\"},{\"@type\":\"ListItem\",\"position\":2,\"name\":\"Tienda\",\"item\":\"https:\/\/abaa.mx\/tienda\/\"},{\"@type\":\"ListItem\",\"position\":3,\"name\":\"pinza amperim\u00e9trica de proceso fluke de 773 miliamperios, de 4 a 20 ma\"}]},{\"@type\":\"WebSite\",\"@id\":\"https:\/\/abaa.mx\/tienda\/#website\",\"url\":\"https:\/\/abaa.mx\/tienda\/\",\"name\":\"Abaa tienda online\",\"description\":\"Instrumentos de medici\u00f3n\",\"publisher\":{\"@id\":\"https:\/\/abaa.mx\/tienda\/#organization\"},\"potentialAction\":[{\"@type\":\"SearchAction\",\"target\":{\"@type\":\"EntryPoint\",\"urlTemplate\":\"https:\/\/abaa.mx\/tienda\/?s={search_term_string}\"},\"query-input\":{\"@type\":\"PropertyValueSpecification\",\"valueRequired\":true,\"valueName\":\"search_term_string\"}}],\"inLanguage\":\"es\"},{\"@type\":\"Organization\",\"@id\":\"https:\/\/abaa.mx\/tienda\/#organization\",\"name\":\"Abaa tienda online\",\"url\":\"https:\/\/abaa.mx\/tienda\/\",\"logo\":{\"@type\":\"ImageObject\",\"inLanguage\":\"es\",\"@id\":\"https:\/\/abaa.mx\/tienda\/#\/schema\/logo\/image\/\",\"url\":\"https:\/\/abaa.mx\/tienda\/wp-content\/uploads\/2024\/01\/abaa-metrologia-tienda.png\",\"contentUrl\":\"https:\/\/abaa.mx\/tienda\/wp-content\/uploads\/2024\/01\/abaa-metrologia-tienda.png\",\"width\":300,\"height\":141,\"caption\":\"Abaa tienda online\"},\"image\":{\"@id\":\"https:\/\/abaa.mx\/tienda\/#\/schema\/logo\/image\/\"}}]}<\/script>\n<!-- \/ Yoast SEO plugin. -->","yoast_head_json":{"title":"pinza amperim\u00e9trica de proceso fluke de 773 miliamperios, de 4 a 20 ma - Abaa tienda online","robots":{"index":"index","follow":"follow","max-snippet":"max-snippet:-1","max-image-preview":"max-image-preview:large","max-video-preview":"max-video-preview:-1"},"canonical":"https:\/\/abaa.mx\/tienda\/pinza-amperimetrica-de-proceso-fluke-de-773-miliamperios-de-4-a-20-ma\/","og_locale":"es_MX","og_type":"article","og_title":"pinza amperim\u00e9trica de proceso fluke de 773 miliamperios, de 4 a 20 ma - Abaa tienda online","og_description":"Una pinza amperim\u00e9trica de proceso ahorra tiempo y dinero al medir las se\u00f1ales de salida sin apagar el sistema  Capaz de medir se\u00f1ales de 4 a 20 mA cinco veces m\u00e1s r\u00e1pido que un mult\u00edmetro tradicional sin romper el bucle. Eso significa que este medidor de pinza de proceso permite al usuario solucionar problemas de un dispositivo en vivo sin necesidad de apagarlo y posiblemente perderse algo que sucede en el proceso.","og_url":"https:\/\/abaa.mx\/tienda\/pinza-amperimetrica-de-proceso-fluke-de-773-miliamperios-de-4-a-20-ma\/","og_site_name":"Abaa tienda online","og_image":[{"width":270,"height":450,"url":"https:\/\/abaa.mx\/tienda\/wp-content\/uploads\/2023\/09\/773.jpg","type":"image\/jpeg"}],"twitter_card":"summary_large_image","twitter_misc":{"Tiempo de lectura":"4 minutos"},"schema":{"@context":"https:\/\/schema.org","@graph":[{"@type":"WebPage","@id":"https:\/\/abaa.mx\/tienda\/pinza-amperimetrica-de-proceso-fluke-de-773-miliamperios-de-4-a-20-ma\/","url":"https:\/\/abaa.mx\/tienda\/pinza-amperimetrica-de-proceso-fluke-de-773-miliamperios-de-4-a-20-ma\/","name":"pinza amperim\u00e9trica de proceso fluke de 773 miliamperios, de 4 a 20 ma - Abaa tienda online","isPartOf":{"@id":"https:\/\/abaa.mx\/tienda\/#website"},"primaryImageOfPage":{"@id":"https:\/\/abaa.mx\/tienda\/pinza-amperimetrica-de-proceso-fluke-de-773-miliamperios-de-4-a-20-ma\/#primaryimage"},"image":{"@id":"https:\/\/abaa.mx\/tienda\/pinza-amperimetrica-de-proceso-fluke-de-773-miliamperios-de-4-a-20-ma\/#primaryimage"},"thumbnailUrl":"https:\/\/abaa.mx\/tienda\/wp-content\/uploads\/2023\/09\/773.jpg","datePublished":"2023-09-20T14:32:46+00:00","breadcrumb":{"@id":"https:\/\/abaa.mx\/tienda\/pinza-amperimetrica-de-proceso-fluke-de-773-miliamperios-de-4-a-20-ma\/#breadcrumb"},"inLanguage":"es","potentialAction":[{"@type":"ReadAction","target":["https:\/\/abaa.mx\/tienda\/pinza-amperimetrica-de-proceso-fluke-de-773-miliamperios-de-4-a-20-ma\/"]}]},{"@type":"ImageObject","inLanguage":"es","@id":"https:\/\/abaa.mx\/tienda\/pinza-amperimetrica-de-proceso-fluke-de-773-miliamperios-de-4-a-20-ma\/#primaryimage","url":"https:\/\/abaa.mx\/tienda\/wp-content\/uploads\/2023\/09\/773.jpg","contentUrl":"https:\/\/abaa.mx\/tienda\/wp-content\/uploads\/2023\/09\/773.jpg","width":270,"height":450,"caption":"773"},{"@type":"BreadcrumbList","@id":"https:\/\/abaa.mx\/tienda\/pinza-amperimetrica-de-proceso-fluke-de-773-miliamperios-de-4-a-20-ma\/#breadcrumb","itemListElement":[{"@type":"ListItem","position":1,"name":"Inicio","item":"https:\/\/abaa.mx\/tienda\/"},{"@type":"ListItem","position":2,"name":"Tienda","item":"https:\/\/abaa.mx\/tienda\/"},{"@type":"ListItem","position":3,"name":"pinza amperim\u00e9trica de proceso fluke de 773 miliamperios, de 4 a 20 ma"}]},{"@type":"WebSite","@id":"https:\/\/abaa.mx\/tienda\/#website","url":"https:\/\/abaa.mx\/tienda\/","name":"Abaa tienda online","description":"Instrumentos de medici\u00f3n","publisher":{"@id":"https:\/\/abaa.mx\/tienda\/#organization"},"potentialAction":[{"@type":"SearchAction","target":{"@type":"EntryPoint","urlTemplate":"https:\/\/abaa.mx\/tienda\/?s={search_term_string}"},"query-input":{"@type":"PropertyValueSpecification","valueRequired":true,"valueName":"search_term_string"}}],"inLanguage":"es"},{"@type":"Organization","@id":"https:\/\/abaa.mx\/tienda\/#organization","name":"Abaa tienda online","url":"https:\/\/abaa.mx\/tienda\/","logo":{"@type":"ImageObject","inLanguage":"es","@id":"https:\/\/abaa.mx\/tienda\/#\/schema\/logo\/image\/","url":"https:\/\/abaa.mx\/tienda\/wp-content\/uploads\/2024\/01\/abaa-metrologia-tienda.png","contentUrl":"https:\/\/abaa.mx\/tienda\/wp-content\/uploads\/2024\/01\/abaa-metrologia-tienda.png","width":300,"height":141,"caption":"Abaa tienda online"},"image":{"@id":"https:\/\/abaa.mx\/tienda\/#\/schema\/logo\/image\/"}}]}},"_links":{"self":[{"href":"https:\/\/abaa.mx\/tienda\/wp-json\/wp\/v2\/product\/2129","targetHints":{"allow":["GET"]}}],"collection":[{"href":"https:\/\/abaa.mx\/tienda\/wp-json\/wp\/v2\/product"}],"about":[{"href":"https:\/\/abaa.mx\/tienda\/wp-json\/wp\/v2\/types\/product"}],"replies":[{"embeddable":true,"href":"https:\/\/abaa.mx\/tienda\/wp-json\/wp\/v2\/comments?post=2129"}],"wp:featuredmedia":[{"embeddable":true,"href":"https:\/\/abaa.mx\/tienda\/wp-json\/wp\/v2\/media\/2143"}],"wp:attachment":[{"href":"https:\/\/abaa.mx\/tienda\/wp-json\/wp\/v2\/media?parent=2129"}],"wp:term":[{"taxonomy":"product_brand","embeddable":true,"href":"https:\/\/abaa.mx\/tienda\/wp-json\/wp\/v2\/product_brand?post=2129"},{"taxonomy":"product_cat","embeddable":true,"href":"https:\/\/abaa.mx\/tienda\/wp-json\/wp\/v2\/product_cat?post=2129"},{"taxonomy":"product_tag","embeddable":true,"href":"https:\/\/abaa.mx\/tienda\/wp-json\/wp\/v2\/product_tag?post=2129"}],"curies":[{"name":"wp","href":"https:\/\/api.w.org\/{rel}","templated":true}]}}