{"id":2128,"date":"2023-09-20T14:30:11","date_gmt":"2023-09-20T14:30:11","guid":{"rendered":"https:\/\/abaa.mx\/tienda\/?post_type=product&#038;p=2128"},"modified":"2023-09-20T14:30:12","modified_gmt":"2023-09-20T14:30:12","slug":"pinza-amperimetrica-de-ca-fluke-373-true-rms-600-a","status":"publish","type":"product","link":"https:\/\/abaa.mx\/tienda\/pinza-amperimetrica-de-ca-fluke-373-true-rms-600-a\/","title":{"rendered":"pinza amperim\u00e9trica de ca fluke 373 true rms, 600 a"},"content":{"rendered":"<p><strong>La pinza amperim\u00e9trica de CA True RMS hace el trabajo para cualquier aplicaci\u00f3n de medici\u00f3n de corriente solo de CA<\/strong><\/p>\n<p>Ideal para situaciones de medici\u00f3n de corriente solo CA, esta pinza amperim\u00e9trica cuenta con mediciones de voltaje y corriente de CA True RMS. Esta unidad le permite medir corriente alterna de hasta 600 A, voltaje de CA de hasta 600 V, voltaje de CC de hasta 600 V y resistencia de hasta 6000 \u03a9.<\/p>\n<p>Para simplificar el uso, cuenta con una pantalla retroiluminada grande y f\u00e1cil de leer, que proporciona una mejor visibilidad en condiciones de poca luz. Adem\u00e1s, este medidor establece autom\u00e1ticamente el rango de medici\u00f3n adecuado en funci\u00f3n del voltaje actual cuando lo enciende, por lo que no tiene que mover el interruptor mientras realiza la medici\u00f3n.<\/p>\n<p><strong>Funciones<\/strong><\/p>\n<ul>\n<li>El procesamiento de se\u00f1ales de \u00faltima generaci\u00f3n permite su uso en entornos el\u00e9ctricos ruidosos al tiempo que proporciona lecturas estables<\/li>\n<li>La pantalla retroiluminada grande y f\u00e1cil de leer establece autom\u00e1ticamente el rango de medici\u00f3n correcto para que no tenga que cambiar las posiciones de los interruptores mientras realiza una medici\u00f3n<\/li>\n<li>CAT IV 300 V, CAT III 600 V<\/li>\n<\/ul>\n<p><strong>Capacidad de medici\u00f3n<\/strong><\/p>\n<ul>\n<li>Medici\u00f3n de corriente alterna de 600 A con mand\u00edbula fija<\/li>\n<li>Medici\u00f3n de voltaje de 600 V CA y CC<\/li>\n<li>Voltaje y corriente de CA RMS reales para mediciones precisas en se\u00f1ales no lineales<\/li>\n<li>Medici\u00f3n de resistencia hasta 6000 \u03a9 con detecci\u00f3n de continuidad<\/li>\n<li>Medici\u00f3n de capacitancia de 1000 \u03bcF<\/li>\n<\/ul>\n<p><strong>Aplicaciones<\/strong><\/p>\n<ul>\n<li>Medici\u00f3n de corriente solo de CA<\/li>\n<\/ul>\n<h4>Especificaciones de Fluke 373<\/h4>\n<table class=\"table table-striped\">\n<tbody>\n<tr>\n<td colspan=\"2\"><strong>Corriente alterna<\/strong><\/td>\n<\/tr>\n<tr>\n<td>Gama<\/td>\n<td>600,0 A<\/td>\n<\/tr>\n<tr>\n<td>Resoluci\u00f3n<\/td>\n<td>0,1 A<\/td>\n<\/tr>\n<tr>\n<td>Exactitud<\/td>\n<td>2% \u00b1 5 d\u00edgitos (48 a 62 Hz)<\/td>\n<\/tr>\n<tr>\n<td>Factor de cresta (50\/60 Hz)<\/td>\n<td>2.5 a 600 A<\/td>\n<\/tr>\n<tr>\n<td colspan=\"2\"><strong>Voltaje de CA<\/strong><\/td>\n<\/tr>\n<tr>\n<td>Gama<\/td>\n<td>600,0 V<\/td>\n<\/tr>\n<tr>\n<td>Resoluci\u00f3n<\/td>\n<td>0,1 V<\/td>\n<\/tr>\n<tr>\n<td>Exactitud<\/td>\n<td>1,0% \u00b1 5 d\u00edgitos (48 a 62 Hz)<\/td>\n<\/tr>\n<tr>\n<td colspan=\"2\"><strong>Voltaje de CC<\/strong><\/td>\n<\/tr>\n<tr>\n<td>Gama<\/td>\n<td>600,0 V<\/td>\n<\/tr>\n<tr>\n<td>Resoluci\u00f3n<\/td>\n<td>0,1 V<\/td>\n<\/tr>\n<tr>\n<td>Exactitud<\/td>\n<td>1% \u00b1 5 d\u00edgitos<\/td>\n<\/tr>\n<tr>\n<td colspan=\"2\"><strong>Resistencia<\/strong><\/td>\n<\/tr>\n<tr>\n<td>Gama<\/td>\n<td>600.0\/6000 \u03a9<\/td>\n<\/tr>\n<tr>\n<td>Resoluci\u00f3n<\/td>\n<td>0.1\/1 \u03a9<\/td>\n<\/tr>\n<tr>\n<td>Exactitud<\/td>\n<td>1% \u00b1 5 d\u00edgitos<\/td>\n<\/tr>\n<tr>\n<td>Beeper de continuidad<\/td>\n<td>30 \u03a9<\/td>\n<\/tr>\n<tr>\n<td colspan=\"2\"><strong>Capacitancia<\/strong><\/td>\n<\/tr>\n<tr>\n<td>Gama<\/td>\n<td>10.0 a 100.0 \u03bcF\/1000 \u03bcF<\/td>\n<\/tr>\n<tr>\n<td>Resoluci\u00f3n<\/td>\n<td>0.1\/1 \u03bcF<\/td>\n<\/tr>\n<tr>\n<td>Exactitud<\/td>\n<td>1.9% \u00b1 2 d\u00edgitos<\/td>\n<\/tr>\n<tr>\n<td colspan=\"2\"><strong>Especificaciones ambientales<\/strong><\/td>\n<\/tr>\n<tr>\n<td>Temperatura de funcionamiento<\/td>\n<td>14 a 122\u00b0F (-10 a 50\u00b0C)<\/td>\n<\/tr>\n<tr>\n<td>Temperatura de almacenamiento<\/td>\n<td>-40 a 140\u00b0F (-40 a 60\u00b0C)<\/td>\n<\/tr>\n<tr>\n<td>Humedad de funcionamiento<\/td>\n<td>Sin condensaci\u00f3n a 50\u00b0F (&lt;10\u00b0C) \u226490% HR a 50 a 86 \u00b0F (10 a 30 \u00b0C) \u226475% HR a 86 a 104 \u00b0F (30 a 40 \u00b0C) \u226445% HR a 104 a 122 \u00b0F (40 a 50 \u00b0C) (sin condensaci\u00f3n)<\/td>\n<\/tr>\n<tr>\n<td>Altitud de funcionamiento<\/td>\n<td>9842,52&#8242; (3000 m)<\/td>\n<\/tr>\n<tr>\n<td>Altitud de almacenamiento<\/td>\n<td>39.370,1&#8242; (12.000 m)<\/td>\n<\/tr>\n<tr>\n<td>EMI, EMC<\/td>\n<td>Cumple con todos los requisitos aplicables en EN61326-1:2006<\/td>\n<\/tr>\n<tr>\n<td>Coeficientes de temperatura<\/td>\n<td>Agregue 0.1 x precisi\u00f3n especificada para cada \u00b0C por encima de 28\u00b0C o por debajo de 18\u00b0C<\/td>\n<\/tr>\n<tr>\n<td>Cumplimiento de seguridad<\/td>\n<td>ANSI\/ISA S82.02.01:2004 CAN\/CSA-C22.2 No. 61010-1-04<\/p>\n<p>IEC\/EN 61010-1:2001, 600V CAT III, 300V CAT IV<br \/>\nGrado de contaminaci\u00f3n 2 EN\/IEC 61010-2-32:2002<\/p>\n<p>EN\/IEC 61010-031:2002\/A1:2008<\/td>\n<\/tr>\n<tr>\n<td colspan=\"2\"><strong>Especificaciones generales<\/strong><\/td>\n<\/tr>\n<tr>\n<td>Bater\u00edas<\/td>\n<td>2 x AA<br \/>\nNEDA 15 A<br \/>\nIEC LR6<\/td>\n<\/tr>\n<tr>\n<td>Dimensiones<\/td>\n<td>9,1 x 3,35 x 1,8&#8243; (232 x 85 x 45 mm)<\/td>\n<\/tr>\n<tr>\n<td>Peso<\/td>\n<td>0,82 lb (370 g)<\/td>\n<\/tr>\n<\/tbody>\n<\/table>\n","protected":false},"excerpt":{"rendered":"<p><strong>La pinza amperim\u00e9trica de CA True RMS hace el trabajo para cualquier aplicaci\u00f3n de medici\u00f3n de corriente solo de CA<\/strong><\/p>\n<p>Ideal para situaciones de medici\u00f3n de corriente solo CA, esta pinza amperim\u00e9trica cuenta con mediciones de voltaje y corriente de CA True RMS. Esta unidad le permite medir corriente alterna de hasta 600 A, voltaje de CA de hasta 600 V, voltaje de CC de hasta 600 V y resistencia de hasta 6000 \u03a9.<\/p>\n<p>Para simplificar el uso, cuenta con una pantalla retroiluminada grande y f\u00e1cil de leer, que proporciona una mejor visibilidad en condiciones de poca luz. Adem\u00e1s, este medidor establece autom\u00e1ticamente el rango de medici\u00f3n adecuado en funci\u00f3n del voltaje actual cuando lo enciende, por lo que no tiene que mover el interruptor mientras realiza la medici\u00f3n.<\/p>\n","protected":false},"featured_media":2139,"comment_status":"open","ping_status":"closed","template":"","meta":{"_joinchat":[]},"product_brand":[],"product_cat":[15],"product_tag":[],"class_list":{"0":"post-2128","1":"product","2":"type-product","3":"status-publish","4":"has-post-thumbnail","6":"product_cat-sin-categorizar","8":"first","9":"instock","10":"shipping-taxable","11":"product-type-simple"},"yoast_head":"<!-- This site is optimized with the Yoast SEO plugin v26.4 - https:\/\/yoast.com\/wordpress\/plugins\/seo\/ -->\n<title>pinza amperim\u00e9trica de ca fluke 373 true rms, 600 a - Abaa tienda online<\/title>\n<meta name=\"robots\" content=\"index, follow, max-snippet:-1, max-image-preview:large, max-video-preview:-1\" \/>\n<link rel=\"canonical\" href=\"https:\/\/abaa.mx\/tienda\/pinza-amperimetrica-de-ca-fluke-373-true-rms-600-a\/\" \/>\n<meta property=\"og:locale\" content=\"es_MX\" \/>\n<meta property=\"og:type\" content=\"article\" \/>\n<meta property=\"og:title\" content=\"pinza amperim\u00e9trica de ca fluke 373 true rms, 600 a - Abaa tienda online\" \/>\n<meta property=\"og:description\" content=\"La pinza amperim\u00e9trica de CA True RMS hace el trabajo para cualquier aplicaci\u00f3n de medici\u00f3n de corriente solo de CA  Ideal para situaciones de medici\u00f3n de corriente solo CA, esta pinza amperim\u00e9trica cuenta con mediciones de voltaje y corriente de CA True RMS. Esta unidad le permite medir corriente alterna de hasta 600 A, voltaje de CA de hasta 600 V, voltaje de CC de hasta 600 V y resistencia de hasta 6000 \u03a9.  Para simplificar el uso, cuenta con una pantalla retroiluminada grande y f\u00e1cil de leer, que proporciona una mejor visibilidad en condiciones de poca luz. Adem\u00e1s, este medidor establece autom\u00e1ticamente el rango de medici\u00f3n adecuado en funci\u00f3n del voltaje actual cuando lo enciende, por lo que no tiene que mover el interruptor mientras realiza la medici\u00f3n.\" \/>\n<meta property=\"og:url\" content=\"https:\/\/abaa.mx\/tienda\/pinza-amperimetrica-de-ca-fluke-373-true-rms-600-a\/\" \/>\n<meta property=\"og:site_name\" content=\"Abaa tienda online\" \/>\n<meta property=\"article:modified_time\" content=\"2023-09-20T14:30:12+00:00\" \/>\n<meta property=\"og:image\" content=\"https:\/\/abaa.mx\/tienda\/wp-content\/uploads\/2023\/09\/fluke-373.jpg\" \/>\n\t<meta property=\"og:image:width\" content=\"270\" \/>\n\t<meta property=\"og:image:height\" content=\"500\" \/>\n\t<meta property=\"og:image:type\" content=\"image\/jpeg\" \/>\n<meta name=\"twitter:card\" content=\"summary_large_image\" \/>\n<meta name=\"twitter:label1\" content=\"Tiempo de lectura\" \/>\n\t<meta name=\"twitter:data1\" content=\"3 minutos\" \/>\n<script type=\"application\/ld+json\" class=\"yoast-schema-graph\">{\"@context\":\"https:\/\/schema.org\",\"@graph\":[{\"@type\":\"WebPage\",\"@id\":\"https:\/\/abaa.mx\/tienda\/pinza-amperimetrica-de-ca-fluke-373-true-rms-600-a\/\",\"url\":\"https:\/\/abaa.mx\/tienda\/pinza-amperimetrica-de-ca-fluke-373-true-rms-600-a\/\",\"name\":\"pinza amperim\u00e9trica de ca fluke 373 true rms, 600 a - Abaa tienda online\",\"isPartOf\":{\"@id\":\"https:\/\/abaa.mx\/tienda\/#website\"},\"primaryImageOfPage\":{\"@id\":\"https:\/\/abaa.mx\/tienda\/pinza-amperimetrica-de-ca-fluke-373-true-rms-600-a\/#primaryimage\"},\"image\":{\"@id\":\"https:\/\/abaa.mx\/tienda\/pinza-amperimetrica-de-ca-fluke-373-true-rms-600-a\/#primaryimage\"},\"thumbnailUrl\":\"https:\/\/abaa.mx\/tienda\/wp-content\/uploads\/2023\/09\/fluke-373.jpg\",\"datePublished\":\"2023-09-20T14:30:11+00:00\",\"dateModified\":\"2023-09-20T14:30:12+00:00\",\"breadcrumb\":{\"@id\":\"https:\/\/abaa.mx\/tienda\/pinza-amperimetrica-de-ca-fluke-373-true-rms-600-a\/#breadcrumb\"},\"inLanguage\":\"es\",\"potentialAction\":[{\"@type\":\"ReadAction\",\"target\":[\"https:\/\/abaa.mx\/tienda\/pinza-amperimetrica-de-ca-fluke-373-true-rms-600-a\/\"]}]},{\"@type\":\"ImageObject\",\"inLanguage\":\"es\",\"@id\":\"https:\/\/abaa.mx\/tienda\/pinza-amperimetrica-de-ca-fluke-373-true-rms-600-a\/#primaryimage\",\"url\":\"https:\/\/abaa.mx\/tienda\/wp-content\/uploads\/2023\/09\/fluke-373.jpg\",\"contentUrl\":\"https:\/\/abaa.mx\/tienda\/wp-content\/uploads\/2023\/09\/fluke-373.jpg\",\"width\":270,\"height\":500,\"caption\":\"fluke 373\"},{\"@type\":\"BreadcrumbList\",\"@id\":\"https:\/\/abaa.mx\/tienda\/pinza-amperimetrica-de-ca-fluke-373-true-rms-600-a\/#breadcrumb\",\"itemListElement\":[{\"@type\":\"ListItem\",\"position\":1,\"name\":\"Inicio\",\"item\":\"https:\/\/abaa.mx\/tienda\/\"},{\"@type\":\"ListItem\",\"position\":2,\"name\":\"Tienda\",\"item\":\"https:\/\/abaa.mx\/tienda\/\"},{\"@type\":\"ListItem\",\"position\":3,\"name\":\"pinza amperim\u00e9trica de ca fluke 373 true rms, 600 a\"}]},{\"@type\":\"WebSite\",\"@id\":\"https:\/\/abaa.mx\/tienda\/#website\",\"url\":\"https:\/\/abaa.mx\/tienda\/\",\"name\":\"Abaa tienda online\",\"description\":\"Instrumentos de medici\u00f3n\",\"publisher\":{\"@id\":\"https:\/\/abaa.mx\/tienda\/#organization\"},\"potentialAction\":[{\"@type\":\"SearchAction\",\"target\":{\"@type\":\"EntryPoint\",\"urlTemplate\":\"https:\/\/abaa.mx\/tienda\/?s={search_term_string}\"},\"query-input\":{\"@type\":\"PropertyValueSpecification\",\"valueRequired\":true,\"valueName\":\"search_term_string\"}}],\"inLanguage\":\"es\"},{\"@type\":\"Organization\",\"@id\":\"https:\/\/abaa.mx\/tienda\/#organization\",\"name\":\"Abaa tienda online\",\"url\":\"https:\/\/abaa.mx\/tienda\/\",\"logo\":{\"@type\":\"ImageObject\",\"inLanguage\":\"es\",\"@id\":\"https:\/\/abaa.mx\/tienda\/#\/schema\/logo\/image\/\",\"url\":\"https:\/\/abaa.mx\/tienda\/wp-content\/uploads\/2024\/01\/abaa-metrologia-tienda.png\",\"contentUrl\":\"https:\/\/abaa.mx\/tienda\/wp-content\/uploads\/2024\/01\/abaa-metrologia-tienda.png\",\"width\":300,\"height\":141,\"caption\":\"Abaa tienda online\"},\"image\":{\"@id\":\"https:\/\/abaa.mx\/tienda\/#\/schema\/logo\/image\/\"}}]}<\/script>\n<!-- \/ Yoast SEO plugin. -->","yoast_head_json":{"title":"pinza amperim\u00e9trica de ca fluke 373 true rms, 600 a - Abaa tienda online","robots":{"index":"index","follow":"follow","max-snippet":"max-snippet:-1","max-image-preview":"max-image-preview:large","max-video-preview":"max-video-preview:-1"},"canonical":"https:\/\/abaa.mx\/tienda\/pinza-amperimetrica-de-ca-fluke-373-true-rms-600-a\/","og_locale":"es_MX","og_type":"article","og_title":"pinza amperim\u00e9trica de ca fluke 373 true rms, 600 a - Abaa tienda online","og_description":"La pinza amperim\u00e9trica de CA True RMS hace el trabajo para cualquier aplicaci\u00f3n de medici\u00f3n de corriente solo de CA  Ideal para situaciones de medici\u00f3n de corriente solo CA, esta pinza amperim\u00e9trica cuenta con mediciones de voltaje y corriente de CA True RMS. Esta unidad le permite medir corriente alterna de hasta 600 A, voltaje de CA de hasta 600 V, voltaje de CC de hasta 600 V y resistencia de hasta 6000 \u03a9.  Para simplificar el uso, cuenta con una pantalla retroiluminada grande y f\u00e1cil de leer, que proporciona una mejor visibilidad en condiciones de poca luz. Adem\u00e1s, este medidor establece autom\u00e1ticamente el rango de medici\u00f3n adecuado en funci\u00f3n del voltaje actual cuando lo enciende, por lo que no tiene que mover el interruptor mientras realiza la medici\u00f3n.","og_url":"https:\/\/abaa.mx\/tienda\/pinza-amperimetrica-de-ca-fluke-373-true-rms-600-a\/","og_site_name":"Abaa tienda online","article_modified_time":"2023-09-20T14:30:12+00:00","og_image":[{"width":270,"height":500,"url":"https:\/\/abaa.mx\/tienda\/wp-content\/uploads\/2023\/09\/fluke-373.jpg","type":"image\/jpeg"}],"twitter_card":"summary_large_image","twitter_misc":{"Tiempo de lectura":"3 minutos"},"schema":{"@context":"https:\/\/schema.org","@graph":[{"@type":"WebPage","@id":"https:\/\/abaa.mx\/tienda\/pinza-amperimetrica-de-ca-fluke-373-true-rms-600-a\/","url":"https:\/\/abaa.mx\/tienda\/pinza-amperimetrica-de-ca-fluke-373-true-rms-600-a\/","name":"pinza amperim\u00e9trica de ca fluke 373 true rms, 600 a - Abaa tienda online","isPartOf":{"@id":"https:\/\/abaa.mx\/tienda\/#website"},"primaryImageOfPage":{"@id":"https:\/\/abaa.mx\/tienda\/pinza-amperimetrica-de-ca-fluke-373-true-rms-600-a\/#primaryimage"},"image":{"@id":"https:\/\/abaa.mx\/tienda\/pinza-amperimetrica-de-ca-fluke-373-true-rms-600-a\/#primaryimage"},"thumbnailUrl":"https:\/\/abaa.mx\/tienda\/wp-content\/uploads\/2023\/09\/fluke-373.jpg","datePublished":"2023-09-20T14:30:11+00:00","dateModified":"2023-09-20T14:30:12+00:00","breadcrumb":{"@id":"https:\/\/abaa.mx\/tienda\/pinza-amperimetrica-de-ca-fluke-373-true-rms-600-a\/#breadcrumb"},"inLanguage":"es","potentialAction":[{"@type":"ReadAction","target":["https:\/\/abaa.mx\/tienda\/pinza-amperimetrica-de-ca-fluke-373-true-rms-600-a\/"]}]},{"@type":"ImageObject","inLanguage":"es","@id":"https:\/\/abaa.mx\/tienda\/pinza-amperimetrica-de-ca-fluke-373-true-rms-600-a\/#primaryimage","url":"https:\/\/abaa.mx\/tienda\/wp-content\/uploads\/2023\/09\/fluke-373.jpg","contentUrl":"https:\/\/abaa.mx\/tienda\/wp-content\/uploads\/2023\/09\/fluke-373.jpg","width":270,"height":500,"caption":"fluke 373"},{"@type":"BreadcrumbList","@id":"https:\/\/abaa.mx\/tienda\/pinza-amperimetrica-de-ca-fluke-373-true-rms-600-a\/#breadcrumb","itemListElement":[{"@type":"ListItem","position":1,"name":"Inicio","item":"https:\/\/abaa.mx\/tienda\/"},{"@type":"ListItem","position":2,"name":"Tienda","item":"https:\/\/abaa.mx\/tienda\/"},{"@type":"ListItem","position":3,"name":"pinza amperim\u00e9trica de ca fluke 373 true rms, 600 a"}]},{"@type":"WebSite","@id":"https:\/\/abaa.mx\/tienda\/#website","url":"https:\/\/abaa.mx\/tienda\/","name":"Abaa tienda online","description":"Instrumentos de medici\u00f3n","publisher":{"@id":"https:\/\/abaa.mx\/tienda\/#organization"},"potentialAction":[{"@type":"SearchAction","target":{"@type":"EntryPoint","urlTemplate":"https:\/\/abaa.mx\/tienda\/?s={search_term_string}"},"query-input":{"@type":"PropertyValueSpecification","valueRequired":true,"valueName":"search_term_string"}}],"inLanguage":"es"},{"@type":"Organization","@id":"https:\/\/abaa.mx\/tienda\/#organization","name":"Abaa tienda online","url":"https:\/\/abaa.mx\/tienda\/","logo":{"@type":"ImageObject","inLanguage":"es","@id":"https:\/\/abaa.mx\/tienda\/#\/schema\/logo\/image\/","url":"https:\/\/abaa.mx\/tienda\/wp-content\/uploads\/2024\/01\/abaa-metrologia-tienda.png","contentUrl":"https:\/\/abaa.mx\/tienda\/wp-content\/uploads\/2024\/01\/abaa-metrologia-tienda.png","width":300,"height":141,"caption":"Abaa tienda online"},"image":{"@id":"https:\/\/abaa.mx\/tienda\/#\/schema\/logo\/image\/"}}]}},"_links":{"self":[{"href":"https:\/\/abaa.mx\/tienda\/wp-json\/wp\/v2\/product\/2128","targetHints":{"allow":["GET"]}}],"collection":[{"href":"https:\/\/abaa.mx\/tienda\/wp-json\/wp\/v2\/product"}],"about":[{"href":"https:\/\/abaa.mx\/tienda\/wp-json\/wp\/v2\/types\/product"}],"replies":[{"embeddable":true,"href":"https:\/\/abaa.mx\/tienda\/wp-json\/wp\/v2\/comments?post=2128"}],"wp:featuredmedia":[{"embeddable":true,"href":"https:\/\/abaa.mx\/tienda\/wp-json\/wp\/v2\/media\/2139"}],"wp:attachment":[{"href":"https:\/\/abaa.mx\/tienda\/wp-json\/wp\/v2\/media?parent=2128"}],"wp:term":[{"taxonomy":"product_brand","embeddable":true,"href":"https:\/\/abaa.mx\/tienda\/wp-json\/wp\/v2\/product_brand?post=2128"},{"taxonomy":"product_cat","embeddable":true,"href":"https:\/\/abaa.mx\/tienda\/wp-json\/wp\/v2\/product_cat?post=2128"},{"taxonomy":"product_tag","embeddable":true,"href":"https:\/\/abaa.mx\/tienda\/wp-json\/wp\/v2\/product_tag?post=2128"}],"curies":[{"name":"wp","href":"https:\/\/api.w.org\/{rel}","templated":true}]}}