{"id":2119,"date":"2023-09-19T21:46:56","date_gmt":"2023-09-19T21:46:56","guid":{"rendered":"https:\/\/abaa.mx\/tienda\/?post_type=product&#038;p=2119"},"modified":"2023-09-19T21:46:57","modified_gmt":"2023-09-19T21:46:57","slug":"multimetro-digital-fluke-87v-max-true-rms-con-termometro-incorporado","status":"publish","type":"product","link":"https:\/\/abaa.mx\/tienda\/multimetro-digital-fluke-87v-max-true-rms-con-termometro-incorporado\/","title":{"rendered":"Mult\u00edmetro digital fluke 87v-max true rms con term\u00f3metro incorporado"},"content":{"rendered":"<h4>Ofertas de Fluke 87V-MAX<\/h4>\n<p>Solucione la mayor\u00eda de los problemas el\u00e9ctricos con este mult\u00edmetro True-rms capaz de funcionar en temperaturas de -40 a 131 \u00b0F (-40 a 55 \u00b0C). Adem\u00e1s, este mult\u00edmetro cuenta con un filtro de paso bajo para mediciones precisas en VFD y blindaje para bloquear las lecturas de ruido de alta frecuencia y alta energ\u00eda.<\/p>\n<h5><strong>Funciones<\/strong><\/h5>\n<ul>\n<li>Voltaje y corriente de CA true-rms para mediciones precisas en se\u00f1ales no lineales<\/li>\n<li>Mide hasta 1.000 V CA y CC<\/li>\n<li>Mide hasta 10 A (20 A durante 30 segundos)<\/li>\n<li>Frecuencia hasta 200 kHz<\/li>\n<li>La funci\u00f3n templada incorporada le permite tomar lecturas de temperatura sin tener que llevar un instrumento separado utilizando el termopar suministrado<\/li>\n<li>Grabaci\u00f3n m\u00ednima\/m\u00e1xima\/media, m\u00e1s 250 \u03bcs de pico m\u00ednimo-m\u00e1ximo para capturar variaciones autom\u00e1ticamente<\/li>\n<li>Funci\u00f3n \u00fanica para mediciones precisas de voltaje y frecuencia en variadores de frecuencia (VFD) y otros equipos el\u00e9ctricamente ruidosos<\/li>\n<li>Grandes d\u00edgitos de pantalla, retroiluminaci\u00f3n blanca brillante de 2 niveles y botones de teclado retroiluminados para una mayor visibilidad<\/li>\n<li>Modo de visualizaci\u00f3n de alta resoluci\u00f3n de 19,999 cuentas<\/li>\n<li>Bater\u00eda de larga duraci\u00f3n (800 horas)<\/li>\n<\/ul>\n<h5><strong>Clasificaci\u00f3n IP67<\/strong><\/h5>\n<p>Totalmente impermeable y a prueba de polvo, para trabajar de forma fiable en todos los lugares en los que necesite trabajar.<\/p>\n<h5><strong>Soporta ca\u00eddas de hasta 13 pies (4 metros)<\/strong><\/h5>\n<p>El mult\u00edmetro digital m\u00e1s resistente de Fluke. El 87V MAX est\u00e1 construido con una funda de resistencia industrial y una funda extra\u00edble. La funda funciona como un soporte de sonda de prueba para la operaci\u00f3n con una sola mano.<\/p>\n<h5><strong>Funciona siempre y cuando lo hagas<\/strong><\/h5>\n<p>El 87V MAX proporciona el doble de duraci\u00f3n de la bater\u00eda del 87V original.<\/p>\n<h5><strong>Soporta el calor y el fr\u00edo<\/strong><\/h5>\n<p>El medidor tiene un rango de temperatura de funcionamiento extendido de -40 (hasta 20 minutos) a 131 \u00b0 F [-40 (por hasta 20 minutos) a 55 \u00b0 C].<\/p>\n<h5><strong>Aplicaciones<\/strong><\/h5>\n<ul>\n<li>Accionamientos de motor<\/li>\n<\/ul>\n<h4>Especificaciones de Fluke 87V-MAX<\/h4>\n<table class=\"table table-striped\">\n<tbody>\n<tr>\n<td>Voltaje<\/td>\n<td>CC:<br \/>\nResoluci\u00f3n m\u00e1xima: 0,1 mV a 1000 V Precisi\u00f3n: 0,05 % + 1<br \/>\nCA:Resoluci\u00f3n m\u00e1xima: 0,1<br \/>\nmV a 1000 V<\/p>\n<p>Precisi\u00f3n:<br \/>\n0,7 % + 4<\/td>\n<\/tr>\n<tr>\n<td>Actual<\/td>\n<td>CC:<br \/>\nResoluci\u00f3n m\u00e1xima: 0,1 \u03bcA a 10 A a 1000 V<br \/>\nPrecisi\u00f3n: 0,2 % + 2<br \/>\nAC:Resoluci\u00f3n m\u00e1xima: 0,1 \u03bcA a 10 A<\/p>\n<p>Precisi\u00f3n:<br \/>\n1,0 % + 2<\/td>\n<\/tr>\n<tr>\n<td>Resistencia<\/td>\n<td>Resoluci\u00f3n m\u00e1xima: 0,1 \u03a9 a 50 M\u03a9<\/td>\n<\/tr>\n<tr>\n<td>Capacitancia<\/td>\n<td>0.01 nF a 9999 \u03bcF<\/td>\n<\/tr>\n<tr>\n<td>Frecuencia<\/td>\n<td>De 0,5 Hz a 199,99 kHz<\/td>\n<\/tr>\n<tr>\n<td>Temperatura<\/td>\n<td>-328 a 1994\u00b0F (-200 a 10905\u00b0C)<\/td>\n<\/tr>\n<tr>\n<td>Filtro de paso bajo (medici\u00f3n en VFD)<\/td>\n<td>S\u00ed<\/td>\n<\/tr>\n<tr>\n<td>Captura de transitorios m\u00e1ximos<\/td>\n<td>250 \u03bcs<\/td>\n<\/tr>\n<tr>\n<td>M\u00ednimo\/M\u00e1ximo\/Promedio<\/td>\n<td>S\u00ed<\/td>\n<\/tr>\n<tr>\n<td>Retenci\u00f3n de lectura<\/td>\n<td>S\u00ed<\/td>\n<\/tr>\n<tr>\n<td>Lecturas relativas (cero)<\/td>\n<td>S\u00ed<\/td>\n<\/tr>\n<tr>\n<td>Clasificaci\u00f3n de seguridad<\/td>\n<td>CAT IV 600 V\/CAT III 1000 V<\/td>\n<\/tr>\n<tr>\n<td>Monitor<\/td>\n<td>Gr\u00e1fico de barras\/retroiluminaci\u00f3n<\/td>\n<\/tr>\n<tr>\n<td>Prueba de ca\u00edda<\/td>\n<td>Prueba de ca\u00edda de 13&#8242; (4 m)<\/td>\n<\/tr>\n<tr>\n<td>A prueba de polvo \/ impermeable<\/td>\n<td>S\u00ed, clasificaci\u00f3n IP 67<\/td>\n<\/tr>\n<tr>\n<td>Poder<\/td>\n<td>Tipo: Tres pilas<br \/>\nAA Duraci\u00f3n: 800 horas<\/td>\n<\/tr>\n<tr>\n<td>Dimensiones<\/td>\n<td>2,4 x 4,3 x 8,5&#8243; (6,0 x 10,1 x 21,5 cm)<\/td>\n<\/tr>\n<tr>\n<td>Peso<\/td>\n<td>1,54 libras (698,5 g)<\/td>\n<\/tr>\n<\/tbody>\n<\/table>\n","protected":false},"excerpt":{"rendered":"<p>Solucione la mayor\u00eda de los problemas el\u00e9ctricos con este mult\u00edmetro digital True RMS. Esta unidad cuenta con una clasificaci\u00f3n IP67, lo que la hace impermeable y a prueba de polvo. Adem\u00e1s, est\u00e1 construido para soportar una ca\u00edda de 13 pies (4 m), lo que lo hace ideal para entornos dif\u00edciles.<\/p>\n","protected":false},"featured_media":2121,"comment_status":"open","ping_status":"closed","template":"","meta":{"_joinchat":[]},"product_brand":[],"product_cat":[15],"product_tag":[],"class_list":{"0":"post-2119","1":"product","2":"type-product","3":"status-publish","4":"has-post-thumbnail","6":"product_cat-sin-categorizar","8":"first","9":"instock","10":"shipping-taxable","11":"product-type-simple"},"yoast_head":"<!-- This site is optimized with the Yoast SEO plugin v26.4 - https:\/\/yoast.com\/wordpress\/plugins\/seo\/ -->\n<title>Mult\u00edmetro digital fluke 87v-max true rms con term\u00f3metro incorporado - Abaa tienda online<\/title>\n<meta name=\"robots\" content=\"index, follow, max-snippet:-1, max-image-preview:large, max-video-preview:-1\" \/>\n<link rel=\"canonical\" href=\"https:\/\/abaa.mx\/tienda\/multimetro-digital-fluke-87v-max-true-rms-con-termometro-incorporado\/\" \/>\n<meta property=\"og:locale\" content=\"es_MX\" \/>\n<meta property=\"og:type\" content=\"article\" \/>\n<meta property=\"og:title\" content=\"Mult\u00edmetro digital fluke 87v-max true rms con term\u00f3metro incorporado - Abaa tienda online\" \/>\n<meta property=\"og:description\" content=\"Solucione la mayor\u00eda de los problemas el\u00e9ctricos con este mult\u00edmetro digital True RMS. Esta unidad cuenta con una clasificaci\u00f3n IP67, lo que la hace impermeable y a prueba de polvo. Adem\u00e1s, est\u00e1 construido para soportar una ca\u00edda de 13 pies (4 m), lo que lo hace ideal para entornos dif\u00edciles.\" \/>\n<meta property=\"og:url\" content=\"https:\/\/abaa.mx\/tienda\/multimetro-digital-fluke-87v-max-true-rms-con-termometro-incorporado\/\" \/>\n<meta property=\"og:site_name\" content=\"Abaa tienda online\" \/>\n<meta property=\"article:modified_time\" content=\"2023-09-19T21:46:57+00:00\" \/>\n<meta property=\"og:image\" content=\"https:\/\/abaa.mx\/tienda\/wp-content\/uploads\/2023\/09\/87V-MAX.jpg\" \/>\n\t<meta property=\"og:image:width\" content=\"270\" \/>\n\t<meta property=\"og:image:height\" content=\"500\" \/>\n\t<meta property=\"og:image:type\" content=\"image\/jpeg\" \/>\n<meta name=\"twitter:card\" content=\"summary_large_image\" \/>\n<meta name=\"twitter:label1\" content=\"Tiempo de lectura\" \/>\n\t<meta name=\"twitter:data1\" content=\"3 minutos\" \/>\n<script type=\"application\/ld+json\" class=\"yoast-schema-graph\">{\"@context\":\"https:\/\/schema.org\",\"@graph\":[{\"@type\":\"WebPage\",\"@id\":\"https:\/\/abaa.mx\/tienda\/multimetro-digital-fluke-87v-max-true-rms-con-termometro-incorporado\/\",\"url\":\"https:\/\/abaa.mx\/tienda\/multimetro-digital-fluke-87v-max-true-rms-con-termometro-incorporado\/\",\"name\":\"Mult\u00edmetro digital fluke 87v-max true rms con term\u00f3metro incorporado - Abaa tienda online\",\"isPartOf\":{\"@id\":\"https:\/\/abaa.mx\/tienda\/#website\"},\"primaryImageOfPage\":{\"@id\":\"https:\/\/abaa.mx\/tienda\/multimetro-digital-fluke-87v-max-true-rms-con-termometro-incorporado\/#primaryimage\"},\"image\":{\"@id\":\"https:\/\/abaa.mx\/tienda\/multimetro-digital-fluke-87v-max-true-rms-con-termometro-incorporado\/#primaryimage\"},\"thumbnailUrl\":\"https:\/\/abaa.mx\/tienda\/wp-content\/uploads\/2023\/09\/87V-MAX.jpg\",\"datePublished\":\"2023-09-19T21:46:56+00:00\",\"dateModified\":\"2023-09-19T21:46:57+00:00\",\"breadcrumb\":{\"@id\":\"https:\/\/abaa.mx\/tienda\/multimetro-digital-fluke-87v-max-true-rms-con-termometro-incorporado\/#breadcrumb\"},\"inLanguage\":\"es\",\"potentialAction\":[{\"@type\":\"ReadAction\",\"target\":[\"https:\/\/abaa.mx\/tienda\/multimetro-digital-fluke-87v-max-true-rms-con-termometro-incorporado\/\"]}]},{\"@type\":\"ImageObject\",\"inLanguage\":\"es\",\"@id\":\"https:\/\/abaa.mx\/tienda\/multimetro-digital-fluke-87v-max-true-rms-con-termometro-incorporado\/#primaryimage\",\"url\":\"https:\/\/abaa.mx\/tienda\/wp-content\/uploads\/2023\/09\/87V-MAX.jpg\",\"contentUrl\":\"https:\/\/abaa.mx\/tienda\/wp-content\/uploads\/2023\/09\/87V-MAX.jpg\",\"width\":270,\"height\":500,\"caption\":\"multimetro-digital-fluke-87v-max-true-rms-con-termometro-incorporado\"},{\"@type\":\"BreadcrumbList\",\"@id\":\"https:\/\/abaa.mx\/tienda\/multimetro-digital-fluke-87v-max-true-rms-con-termometro-incorporado\/#breadcrumb\",\"itemListElement\":[{\"@type\":\"ListItem\",\"position\":1,\"name\":\"Inicio\",\"item\":\"https:\/\/abaa.mx\/tienda\/\"},{\"@type\":\"ListItem\",\"position\":2,\"name\":\"Tienda\",\"item\":\"https:\/\/abaa.mx\/tienda\/\"},{\"@type\":\"ListItem\",\"position\":3,\"name\":\"Mult\u00edmetro digital fluke 87v-max true rms con term\u00f3metro incorporado\"}]},{\"@type\":\"WebSite\",\"@id\":\"https:\/\/abaa.mx\/tienda\/#website\",\"url\":\"https:\/\/abaa.mx\/tienda\/\",\"name\":\"Abaa tienda online\",\"description\":\"Instrumentos de medici\u00f3n\",\"publisher\":{\"@id\":\"https:\/\/abaa.mx\/tienda\/#organization\"},\"potentialAction\":[{\"@type\":\"SearchAction\",\"target\":{\"@type\":\"EntryPoint\",\"urlTemplate\":\"https:\/\/abaa.mx\/tienda\/?s={search_term_string}\"},\"query-input\":{\"@type\":\"PropertyValueSpecification\",\"valueRequired\":true,\"valueName\":\"search_term_string\"}}],\"inLanguage\":\"es\"},{\"@type\":\"Organization\",\"@id\":\"https:\/\/abaa.mx\/tienda\/#organization\",\"name\":\"Abaa tienda online\",\"url\":\"https:\/\/abaa.mx\/tienda\/\",\"logo\":{\"@type\":\"ImageObject\",\"inLanguage\":\"es\",\"@id\":\"https:\/\/abaa.mx\/tienda\/#\/schema\/logo\/image\/\",\"url\":\"https:\/\/abaa.mx\/tienda\/wp-content\/uploads\/2024\/01\/abaa-metrologia-tienda.png\",\"contentUrl\":\"https:\/\/abaa.mx\/tienda\/wp-content\/uploads\/2024\/01\/abaa-metrologia-tienda.png\",\"width\":300,\"height\":141,\"caption\":\"Abaa tienda online\"},\"image\":{\"@id\":\"https:\/\/abaa.mx\/tienda\/#\/schema\/logo\/image\/\"}}]}<\/script>\n<!-- \/ Yoast SEO plugin. -->","yoast_head_json":{"title":"Mult\u00edmetro digital fluke 87v-max true rms con term\u00f3metro incorporado - Abaa tienda online","robots":{"index":"index","follow":"follow","max-snippet":"max-snippet:-1","max-image-preview":"max-image-preview:large","max-video-preview":"max-video-preview:-1"},"canonical":"https:\/\/abaa.mx\/tienda\/multimetro-digital-fluke-87v-max-true-rms-con-termometro-incorporado\/","og_locale":"es_MX","og_type":"article","og_title":"Mult\u00edmetro digital fluke 87v-max true rms con term\u00f3metro incorporado - Abaa tienda online","og_description":"Solucione la mayor\u00eda de los problemas el\u00e9ctricos con este mult\u00edmetro digital True RMS. Esta unidad cuenta con una clasificaci\u00f3n IP67, lo que la hace impermeable y a prueba de polvo. Adem\u00e1s, est\u00e1 construido para soportar una ca\u00edda de 13 pies (4 m), lo que lo hace ideal para entornos dif\u00edciles.","og_url":"https:\/\/abaa.mx\/tienda\/multimetro-digital-fluke-87v-max-true-rms-con-termometro-incorporado\/","og_site_name":"Abaa tienda online","article_modified_time":"2023-09-19T21:46:57+00:00","og_image":[{"width":270,"height":500,"url":"https:\/\/abaa.mx\/tienda\/wp-content\/uploads\/2023\/09\/87V-MAX.jpg","type":"image\/jpeg"}],"twitter_card":"summary_large_image","twitter_misc":{"Tiempo de lectura":"3 minutos"},"schema":{"@context":"https:\/\/schema.org","@graph":[{"@type":"WebPage","@id":"https:\/\/abaa.mx\/tienda\/multimetro-digital-fluke-87v-max-true-rms-con-termometro-incorporado\/","url":"https:\/\/abaa.mx\/tienda\/multimetro-digital-fluke-87v-max-true-rms-con-termometro-incorporado\/","name":"Mult\u00edmetro digital fluke 87v-max true rms con term\u00f3metro incorporado - Abaa tienda online","isPartOf":{"@id":"https:\/\/abaa.mx\/tienda\/#website"},"primaryImageOfPage":{"@id":"https:\/\/abaa.mx\/tienda\/multimetro-digital-fluke-87v-max-true-rms-con-termometro-incorporado\/#primaryimage"},"image":{"@id":"https:\/\/abaa.mx\/tienda\/multimetro-digital-fluke-87v-max-true-rms-con-termometro-incorporado\/#primaryimage"},"thumbnailUrl":"https:\/\/abaa.mx\/tienda\/wp-content\/uploads\/2023\/09\/87V-MAX.jpg","datePublished":"2023-09-19T21:46:56+00:00","dateModified":"2023-09-19T21:46:57+00:00","breadcrumb":{"@id":"https:\/\/abaa.mx\/tienda\/multimetro-digital-fluke-87v-max-true-rms-con-termometro-incorporado\/#breadcrumb"},"inLanguage":"es","potentialAction":[{"@type":"ReadAction","target":["https:\/\/abaa.mx\/tienda\/multimetro-digital-fluke-87v-max-true-rms-con-termometro-incorporado\/"]}]},{"@type":"ImageObject","inLanguage":"es","@id":"https:\/\/abaa.mx\/tienda\/multimetro-digital-fluke-87v-max-true-rms-con-termometro-incorporado\/#primaryimage","url":"https:\/\/abaa.mx\/tienda\/wp-content\/uploads\/2023\/09\/87V-MAX.jpg","contentUrl":"https:\/\/abaa.mx\/tienda\/wp-content\/uploads\/2023\/09\/87V-MAX.jpg","width":270,"height":500,"caption":"multimetro-digital-fluke-87v-max-true-rms-con-termometro-incorporado"},{"@type":"BreadcrumbList","@id":"https:\/\/abaa.mx\/tienda\/multimetro-digital-fluke-87v-max-true-rms-con-termometro-incorporado\/#breadcrumb","itemListElement":[{"@type":"ListItem","position":1,"name":"Inicio","item":"https:\/\/abaa.mx\/tienda\/"},{"@type":"ListItem","position":2,"name":"Tienda","item":"https:\/\/abaa.mx\/tienda\/"},{"@type":"ListItem","position":3,"name":"Mult\u00edmetro digital fluke 87v-max true rms con term\u00f3metro incorporado"}]},{"@type":"WebSite","@id":"https:\/\/abaa.mx\/tienda\/#website","url":"https:\/\/abaa.mx\/tienda\/","name":"Abaa tienda online","description":"Instrumentos de medici\u00f3n","publisher":{"@id":"https:\/\/abaa.mx\/tienda\/#organization"},"potentialAction":[{"@type":"SearchAction","target":{"@type":"EntryPoint","urlTemplate":"https:\/\/abaa.mx\/tienda\/?s={search_term_string}"},"query-input":{"@type":"PropertyValueSpecification","valueRequired":true,"valueName":"search_term_string"}}],"inLanguage":"es"},{"@type":"Organization","@id":"https:\/\/abaa.mx\/tienda\/#organization","name":"Abaa tienda online","url":"https:\/\/abaa.mx\/tienda\/","logo":{"@type":"ImageObject","inLanguage":"es","@id":"https:\/\/abaa.mx\/tienda\/#\/schema\/logo\/image\/","url":"https:\/\/abaa.mx\/tienda\/wp-content\/uploads\/2024\/01\/abaa-metrologia-tienda.png","contentUrl":"https:\/\/abaa.mx\/tienda\/wp-content\/uploads\/2024\/01\/abaa-metrologia-tienda.png","width":300,"height":141,"caption":"Abaa tienda online"},"image":{"@id":"https:\/\/abaa.mx\/tienda\/#\/schema\/logo\/image\/"}}]}},"_links":{"self":[{"href":"https:\/\/abaa.mx\/tienda\/wp-json\/wp\/v2\/product\/2119","targetHints":{"allow":["GET"]}}],"collection":[{"href":"https:\/\/abaa.mx\/tienda\/wp-json\/wp\/v2\/product"}],"about":[{"href":"https:\/\/abaa.mx\/tienda\/wp-json\/wp\/v2\/types\/product"}],"replies":[{"embeddable":true,"href":"https:\/\/abaa.mx\/tienda\/wp-json\/wp\/v2\/comments?post=2119"}],"wp:featuredmedia":[{"embeddable":true,"href":"https:\/\/abaa.mx\/tienda\/wp-json\/wp\/v2\/media\/2121"}],"wp:attachment":[{"href":"https:\/\/abaa.mx\/tienda\/wp-json\/wp\/v2\/media?parent=2119"}],"wp:term":[{"taxonomy":"product_brand","embeddable":true,"href":"https:\/\/abaa.mx\/tienda\/wp-json\/wp\/v2\/product_brand?post=2119"},{"taxonomy":"product_cat","embeddable":true,"href":"https:\/\/abaa.mx\/tienda\/wp-json\/wp\/v2\/product_cat?post=2119"},{"taxonomy":"product_tag","embeddable":true,"href":"https:\/\/abaa.mx\/tienda\/wp-json\/wp\/v2\/product_tag?post=2119"}],"curies":[{"name":"wp","href":"https:\/\/api.w.org\/{rel}","templated":true}]}}