{"id":2068,"date":"2023-09-19T19:55:30","date_gmt":"2023-09-19T19:55:30","guid":{"rendered":"https:\/\/abaa.mx\/tienda\/?post_type=product&#038;p=2068"},"modified":"2023-09-19T19:55:30","modified_gmt":"2023-09-19T19:55:30","slug":"pinza-amperimetrica-fluke-323-true-rms-400-a","status":"publish","type":"product","link":"https:\/\/abaa.mx\/tienda\/pinza-amperimetrica-fluke-323-true-rms-400-a\/","title":{"rendered":"pinza amperim\u00e9trica fluke 323 true rms, 400 a"},"content":{"rendered":"<p>Ofrece un rendimiento robusto y fiable e incluye mediciones True RMS, ergonom\u00eda optimizada y pantalla de gran tama\u00f1o, lo que lo hace ideal para la resoluci\u00f3n de problemas. Esta pinza amperim\u00e9trica forma parte de la serie 320 y est\u00e1 dise\u00f1ada para funcionar en los entornos m\u00e1s dif\u00edciles, y le proporciona resultados fiables y sin ruido. Su tama\u00f1o delgado y compacto y su dise\u00f1o resistente lo hacen ideal para medir corrientes de hasta 400 A en compartimentos de cable estrechos. \u00daselo para verificar la presencia de corriente de carga, voltaje de CA, continuidad de circuitos, interruptores, fusibles y contactos.<\/p>\n<p><strong>Funciones<\/strong><\/p>\n<ul>\n<li>Pinza amperim\u00e9trica True-RMS b\u00e1sica robusta y fiable para medir una corriente de hasta 400 A<\/li>\n<li>Mide la corriente alterna a 400 A<\/li>\n<li>Mide voltaje de CA y voltaje de CC a 600 V<\/li>\n<li>Proporciona voltaje y corriente de CA RMS verdadero para mediciones precisas en se\u00f1ales no lineales<\/li>\n<li>Mide la resistencia a 4 k\u03a9 con detecci\u00f3n de continuidad<\/li>\n<li>Dise\u00f1o delgado y ergon\u00f3mico para medir en compartimentos de cables estrechos<\/li>\n<li>Presenta las mediciones en una pantalla grande y f\u00e1cil de leer<\/li>\n<li>La funci\u00f3n Hold captura una lectura en la pantalla<\/li>\n<li>CAT III 600 V, CAT IV 300 V<\/li>\n<\/ul>\n<p><strong>Aplicaciones<\/strong><\/p>\n<ul>\n<li>El\u00e9ctrico<\/li>\n<li>Comercial<\/li>\n<li>Residencial<\/li>\n<li>Mantenimiento de la planta<\/li>\n<li>HVAC\/R<br \/>\n<h4>Especificaciones de Fluke 323<\/h4>\n<table class=\"table table-striped\">\n<tbody>\n<tr>\n<td>Corriente alterna<\/td>\n<td>Rango: 400 A<br \/>\nPrecisi\u00f3n: 2% \u00b15 d\u00edgitos (45 a 65 Hz), 2.5% \u00b15 d\u00edgitos (65 a 400 Hz)<\/td>\n<\/tr>\n<tr>\n<td>Voltaje de CA<\/td>\n<td>Rango: 600 V<br \/>\nPrecisi\u00f3n: 1.5% \u00b15 d\u00edgitos<\/td>\n<\/tr>\n<tr>\n<td>Voltaje de CC<\/td>\n<td>Rango: 600 V<br \/>\nPrecisi\u00f3n: 1.0% \u00b15 d\u00edgitos<\/td>\n<\/tr>\n<tr>\n<td>Resistencia<\/td>\n<td>Rango: 400.0 \u03a9\/ 4000 \u03a9<br \/>\nPrecisi\u00f3n: 1.0% \u00b15 d\u00edgitos<\/td>\n<\/tr>\n<tr>\n<td>Continuidad<\/td>\n<td>\u226470 \u03a9<\/td>\n<\/tr>\n<tr>\n<td>Respuesta AC<\/td>\n<td>RMS verdadero<\/td>\n<\/tr>\n<tr>\n<td>Retenci\u00f3n de datos<\/td>\n<td>S\u00ed<\/td>\n<\/tr>\n<tr>\n<td>Di\u00e1metro m\u00e1ximo del alambre<\/td>\n<td>1,2&#8243; (30 mm) (600 MCM)<\/td>\n<\/tr>\n<tr>\n<td>Dimensiones<\/td>\n<td>8,15 x 2,95 x 1,34&#8243; (207 x 75 x 34 mm)<\/td>\n<\/tr>\n<tr>\n<td>Peso<\/td>\n<td>0,6 lb (265 g)<\/td>\n<\/tr>\n<tr>\n<td>Clasificaci\u00f3n de categor\u00edas<\/td>\n<td>CAT III 600V, CAT IV 300V<\/td>\n<\/tr>\n<\/tbody>\n<\/table>\n<\/li>\n<\/ul>\n","protected":false},"excerpt":{"rendered":"<p>Ofrece un rendimiento robusto y fiable e incluye mediciones True RMS, ergonom\u00eda optimizada y pantalla de gran tama\u00f1o, lo que lo hace ideal para la resoluci\u00f3n de problemas. Esta pinza amperim\u00e9trica forma parte de la serie 320 y est\u00e1 dise\u00f1ada para funcionar en los entornos m\u00e1s dif\u00edciles, y le proporciona resultados fiables y sin ruido. Su tama\u00f1o delgado y compacto y su dise\u00f1o resistente lo hacen ideal para medir corrientes de hasta 400 A en compartimentos de cable estrechos. \u00daselo para verificar la presencia de corriente de carga, voltaje de CA, continuidad de circuitos, interruptores,<\/p>\n","protected":false},"featured_media":2080,"comment_status":"open","ping_status":"closed","template":"","meta":{"_joinchat":[]},"product_brand":[],"product_cat":[15],"product_tag":[],"class_list":{"0":"post-2068","1":"product","2":"type-product","3":"status-publish","4":"has-post-thumbnail","6":"product_cat-sin-categorizar","8":"first","9":"instock","10":"shipping-taxable","11":"product-type-simple"},"yoast_head":"<!-- This site is optimized with the Yoast SEO plugin v26.4 - https:\/\/yoast.com\/wordpress\/plugins\/seo\/ -->\n<title>pinza amperim\u00e9trica fluke 323 true rms, 400 a - Abaa tienda online<\/title>\n<meta name=\"robots\" content=\"index, follow, max-snippet:-1, max-image-preview:large, max-video-preview:-1\" \/>\n<link rel=\"canonical\" href=\"https:\/\/abaa.mx\/tienda\/pinza-amperimetrica-fluke-323-true-rms-400-a\/\" \/>\n<meta property=\"og:locale\" content=\"es_MX\" \/>\n<meta property=\"og:type\" content=\"article\" \/>\n<meta property=\"og:title\" content=\"pinza amperim\u00e9trica fluke 323 true rms, 400 a - Abaa tienda online\" \/>\n<meta property=\"og:description\" content=\"Ofrece un rendimiento robusto y fiable e incluye mediciones True RMS, ergonom\u00eda optimizada y pantalla de gran tama\u00f1o, lo que lo hace ideal para la resoluci\u00f3n de problemas. Esta pinza amperim\u00e9trica forma parte de la serie 320 y est\u00e1 dise\u00f1ada para funcionar en los entornos m\u00e1s dif\u00edciles, y le proporciona resultados fiables y sin ruido. Su tama\u00f1o delgado y compacto y su dise\u00f1o resistente lo hacen ideal para medir corrientes de hasta 400 A en compartimentos de cable estrechos. \u00daselo para verificar la presencia de corriente de carga, voltaje de CA, continuidad de circuitos, interruptores,\" \/>\n<meta property=\"og:url\" content=\"https:\/\/abaa.mx\/tienda\/pinza-amperimetrica-fluke-323-true-rms-400-a\/\" \/>\n<meta property=\"og:site_name\" content=\"Abaa tienda online\" \/>\n<meta property=\"og:image\" content=\"https:\/\/abaa.mx\/tienda\/wp-content\/uploads\/2023\/09\/323.jpeg\" \/>\n\t<meta property=\"og:image:width\" content=\"791\" \/>\n\t<meta property=\"og:image:height\" content=\"800\" \/>\n\t<meta property=\"og:image:type\" content=\"image\/jpeg\" \/>\n<meta name=\"twitter:card\" content=\"summary_large_image\" \/>\n<meta name=\"twitter:label1\" content=\"Tiempo de lectura\" \/>\n\t<meta name=\"twitter:data1\" content=\"2 minutos\" \/>\n<script type=\"application\/ld+json\" class=\"yoast-schema-graph\">{\"@context\":\"https:\/\/schema.org\",\"@graph\":[{\"@type\":\"WebPage\",\"@id\":\"https:\/\/abaa.mx\/tienda\/pinza-amperimetrica-fluke-323-true-rms-400-a\/\",\"url\":\"https:\/\/abaa.mx\/tienda\/pinza-amperimetrica-fluke-323-true-rms-400-a\/\",\"name\":\"pinza amperim\u00e9trica fluke 323 true rms, 400 a - Abaa tienda online\",\"isPartOf\":{\"@id\":\"https:\/\/abaa.mx\/tienda\/#website\"},\"primaryImageOfPage\":{\"@id\":\"https:\/\/abaa.mx\/tienda\/pinza-amperimetrica-fluke-323-true-rms-400-a\/#primaryimage\"},\"image\":{\"@id\":\"https:\/\/abaa.mx\/tienda\/pinza-amperimetrica-fluke-323-true-rms-400-a\/#primaryimage\"},\"thumbnailUrl\":\"https:\/\/abaa.mx\/tienda\/wp-content\/uploads\/2023\/09\/323.jpeg\",\"datePublished\":\"2023-09-19T19:55:30+00:00\",\"breadcrumb\":{\"@id\":\"https:\/\/abaa.mx\/tienda\/pinza-amperimetrica-fluke-323-true-rms-400-a\/#breadcrumb\"},\"inLanguage\":\"es\",\"potentialAction\":[{\"@type\":\"ReadAction\",\"target\":[\"https:\/\/abaa.mx\/tienda\/pinza-amperimetrica-fluke-323-true-rms-400-a\/\"]}]},{\"@type\":\"ImageObject\",\"inLanguage\":\"es\",\"@id\":\"https:\/\/abaa.mx\/tienda\/pinza-amperimetrica-fluke-323-true-rms-400-a\/#primaryimage\",\"url\":\"https:\/\/abaa.mx\/tienda\/wp-content\/uploads\/2023\/09\/323.jpeg\",\"contentUrl\":\"https:\/\/abaa.mx\/tienda\/wp-content\/uploads\/2023\/09\/323.jpeg\",\"width\":791,\"height\":800,\"caption\":\"323\"},{\"@type\":\"BreadcrumbList\",\"@id\":\"https:\/\/abaa.mx\/tienda\/pinza-amperimetrica-fluke-323-true-rms-400-a\/#breadcrumb\",\"itemListElement\":[{\"@type\":\"ListItem\",\"position\":1,\"name\":\"Inicio\",\"item\":\"https:\/\/abaa.mx\/tienda\/\"},{\"@type\":\"ListItem\",\"position\":2,\"name\":\"Tienda\",\"item\":\"https:\/\/abaa.mx\/tienda\/\"},{\"@type\":\"ListItem\",\"position\":3,\"name\":\"pinza amperim\u00e9trica fluke 323 true rms, 400 a\"}]},{\"@type\":\"WebSite\",\"@id\":\"https:\/\/abaa.mx\/tienda\/#website\",\"url\":\"https:\/\/abaa.mx\/tienda\/\",\"name\":\"Abaa tienda online\",\"description\":\"Instrumentos de medici\u00f3n\",\"publisher\":{\"@id\":\"https:\/\/abaa.mx\/tienda\/#organization\"},\"potentialAction\":[{\"@type\":\"SearchAction\",\"target\":{\"@type\":\"EntryPoint\",\"urlTemplate\":\"https:\/\/abaa.mx\/tienda\/?s={search_term_string}\"},\"query-input\":{\"@type\":\"PropertyValueSpecification\",\"valueRequired\":true,\"valueName\":\"search_term_string\"}}],\"inLanguage\":\"es\"},{\"@type\":\"Organization\",\"@id\":\"https:\/\/abaa.mx\/tienda\/#organization\",\"name\":\"Abaa tienda online\",\"url\":\"https:\/\/abaa.mx\/tienda\/\",\"logo\":{\"@type\":\"ImageObject\",\"inLanguage\":\"es\",\"@id\":\"https:\/\/abaa.mx\/tienda\/#\/schema\/logo\/image\/\",\"url\":\"https:\/\/abaa.mx\/tienda\/wp-content\/uploads\/2024\/01\/abaa-metrologia-tienda.png\",\"contentUrl\":\"https:\/\/abaa.mx\/tienda\/wp-content\/uploads\/2024\/01\/abaa-metrologia-tienda.png\",\"width\":300,\"height\":141,\"caption\":\"Abaa tienda online\"},\"image\":{\"@id\":\"https:\/\/abaa.mx\/tienda\/#\/schema\/logo\/image\/\"}}]}<\/script>\n<!-- \/ Yoast SEO plugin. -->","yoast_head_json":{"title":"pinza amperim\u00e9trica fluke 323 true rms, 400 a - Abaa tienda online","robots":{"index":"index","follow":"follow","max-snippet":"max-snippet:-1","max-image-preview":"max-image-preview:large","max-video-preview":"max-video-preview:-1"},"canonical":"https:\/\/abaa.mx\/tienda\/pinza-amperimetrica-fluke-323-true-rms-400-a\/","og_locale":"es_MX","og_type":"article","og_title":"pinza amperim\u00e9trica fluke 323 true rms, 400 a - Abaa tienda online","og_description":"Ofrece un rendimiento robusto y fiable e incluye mediciones True RMS, ergonom\u00eda optimizada y pantalla de gran tama\u00f1o, lo que lo hace ideal para la resoluci\u00f3n de problemas. Esta pinza amperim\u00e9trica forma parte de la serie 320 y est\u00e1 dise\u00f1ada para funcionar en los entornos m\u00e1s dif\u00edciles, y le proporciona resultados fiables y sin ruido. Su tama\u00f1o delgado y compacto y su dise\u00f1o resistente lo hacen ideal para medir corrientes de hasta 400 A en compartimentos de cable estrechos. \u00daselo para verificar la presencia de corriente de carga, voltaje de CA, continuidad de circuitos, interruptores,","og_url":"https:\/\/abaa.mx\/tienda\/pinza-amperimetrica-fluke-323-true-rms-400-a\/","og_site_name":"Abaa tienda online","og_image":[{"width":791,"height":800,"url":"https:\/\/abaa.mx\/tienda\/wp-content\/uploads\/2023\/09\/323.jpeg","type":"image\/jpeg"}],"twitter_card":"summary_large_image","twitter_misc":{"Tiempo de lectura":"2 minutos"},"schema":{"@context":"https:\/\/schema.org","@graph":[{"@type":"WebPage","@id":"https:\/\/abaa.mx\/tienda\/pinza-amperimetrica-fluke-323-true-rms-400-a\/","url":"https:\/\/abaa.mx\/tienda\/pinza-amperimetrica-fluke-323-true-rms-400-a\/","name":"pinza amperim\u00e9trica fluke 323 true rms, 400 a - Abaa tienda online","isPartOf":{"@id":"https:\/\/abaa.mx\/tienda\/#website"},"primaryImageOfPage":{"@id":"https:\/\/abaa.mx\/tienda\/pinza-amperimetrica-fluke-323-true-rms-400-a\/#primaryimage"},"image":{"@id":"https:\/\/abaa.mx\/tienda\/pinza-amperimetrica-fluke-323-true-rms-400-a\/#primaryimage"},"thumbnailUrl":"https:\/\/abaa.mx\/tienda\/wp-content\/uploads\/2023\/09\/323.jpeg","datePublished":"2023-09-19T19:55:30+00:00","breadcrumb":{"@id":"https:\/\/abaa.mx\/tienda\/pinza-amperimetrica-fluke-323-true-rms-400-a\/#breadcrumb"},"inLanguage":"es","potentialAction":[{"@type":"ReadAction","target":["https:\/\/abaa.mx\/tienda\/pinza-amperimetrica-fluke-323-true-rms-400-a\/"]}]},{"@type":"ImageObject","inLanguage":"es","@id":"https:\/\/abaa.mx\/tienda\/pinza-amperimetrica-fluke-323-true-rms-400-a\/#primaryimage","url":"https:\/\/abaa.mx\/tienda\/wp-content\/uploads\/2023\/09\/323.jpeg","contentUrl":"https:\/\/abaa.mx\/tienda\/wp-content\/uploads\/2023\/09\/323.jpeg","width":791,"height":800,"caption":"323"},{"@type":"BreadcrumbList","@id":"https:\/\/abaa.mx\/tienda\/pinza-amperimetrica-fluke-323-true-rms-400-a\/#breadcrumb","itemListElement":[{"@type":"ListItem","position":1,"name":"Inicio","item":"https:\/\/abaa.mx\/tienda\/"},{"@type":"ListItem","position":2,"name":"Tienda","item":"https:\/\/abaa.mx\/tienda\/"},{"@type":"ListItem","position":3,"name":"pinza amperim\u00e9trica fluke 323 true rms, 400 a"}]},{"@type":"WebSite","@id":"https:\/\/abaa.mx\/tienda\/#website","url":"https:\/\/abaa.mx\/tienda\/","name":"Abaa tienda online","description":"Instrumentos de medici\u00f3n","publisher":{"@id":"https:\/\/abaa.mx\/tienda\/#organization"},"potentialAction":[{"@type":"SearchAction","target":{"@type":"EntryPoint","urlTemplate":"https:\/\/abaa.mx\/tienda\/?s={search_term_string}"},"query-input":{"@type":"PropertyValueSpecification","valueRequired":true,"valueName":"search_term_string"}}],"inLanguage":"es"},{"@type":"Organization","@id":"https:\/\/abaa.mx\/tienda\/#organization","name":"Abaa tienda online","url":"https:\/\/abaa.mx\/tienda\/","logo":{"@type":"ImageObject","inLanguage":"es","@id":"https:\/\/abaa.mx\/tienda\/#\/schema\/logo\/image\/","url":"https:\/\/abaa.mx\/tienda\/wp-content\/uploads\/2024\/01\/abaa-metrologia-tienda.png","contentUrl":"https:\/\/abaa.mx\/tienda\/wp-content\/uploads\/2024\/01\/abaa-metrologia-tienda.png","width":300,"height":141,"caption":"Abaa tienda online"},"image":{"@id":"https:\/\/abaa.mx\/tienda\/#\/schema\/logo\/image\/"}}]}},"_links":{"self":[{"href":"https:\/\/abaa.mx\/tienda\/wp-json\/wp\/v2\/product\/2068","targetHints":{"allow":["GET"]}}],"collection":[{"href":"https:\/\/abaa.mx\/tienda\/wp-json\/wp\/v2\/product"}],"about":[{"href":"https:\/\/abaa.mx\/tienda\/wp-json\/wp\/v2\/types\/product"}],"replies":[{"embeddable":true,"href":"https:\/\/abaa.mx\/tienda\/wp-json\/wp\/v2\/comments?post=2068"}],"wp:featuredmedia":[{"embeddable":true,"href":"https:\/\/abaa.mx\/tienda\/wp-json\/wp\/v2\/media\/2080"}],"wp:attachment":[{"href":"https:\/\/abaa.mx\/tienda\/wp-json\/wp\/v2\/media?parent=2068"}],"wp:term":[{"taxonomy":"product_brand","embeddable":true,"href":"https:\/\/abaa.mx\/tienda\/wp-json\/wp\/v2\/product_brand?post=2068"},{"taxonomy":"product_cat","embeddable":true,"href":"https:\/\/abaa.mx\/tienda\/wp-json\/wp\/v2\/product_cat?post=2068"},{"taxonomy":"product_tag","embeddable":true,"href":"https:\/\/abaa.mx\/tienda\/wp-json\/wp\/v2\/product_tag?post=2068"}],"curies":[{"name":"wp","href":"https:\/\/api.w.org\/{rel}","templated":true}]}}