{"id":2045,"date":"2023-09-19T19:08:10","date_gmt":"2023-09-19T19:08:10","guid":{"rendered":"https:\/\/abaa.mx\/tienda\/?post_type=product&#038;p=2045"},"modified":"2023-09-19T19:08:10","modified_gmt":"2023-09-19T19:08:10","slug":"campana-de-captura-de-flujo-de-aire-kanomax-6720-tabmaster","status":"publish","type":"product","link":"https:\/\/abaa.mx\/tienda\/campana-de-captura-de-flujo-de-aire-kanomax-6720-tabmaster\/","title":{"rendered":"Campana de captura de flujo de aire Kanomax 6720 TABmaster"},"content":{"rendered":"<h1>Campana de captura de flujo de aire Kanomax 6720 TABmaster<\/h1>\n<p>&nbsp;<\/p>\n<h4>Kanomax 6720 Ofertas<\/h4>\n<p>La campana de captura de flujo de aire Kanomax 6720 TABmaster combina una construcci\u00f3n liviana con robustez, lo que permite mediciones de flujo de aire fluidas y productivas. Est\u00e1 equipado con un mango c\u00f3modo para un posicionamiento sin esfuerzo y una interfaz f\u00e1cil de usar para una operaci\u00f3n sencilla. El dispositivo proporciona lecturas inmediatas y legibles, convenientemente exhibidas en una espaciosa pantalla digital, lo que permite un an\u00e1lisis r\u00e1pido de la informaci\u00f3n del flujo de aire. El 6720 es una herramienta ideal para mediciones precisas del flujo de aire de suministro y retorno, ofreciendo flexibilidad y comodidad con su cap\u00f3 intercambiable y man\u00f3metro digital desmontable. Este instrumento multifuncional mide y muestra simult\u00e1neamente el flujo de aire, la temperatura y la humedad, al tiempo que indica la direcci\u00f3n y la velocidad del flujo de aire. Adem\u00e1s, el microman\u00f3metro de mano extra\u00edble proporciona lecturas precisas de flujo de aire y presi\u00f3n, lo que lo convierte en una adici\u00f3n vers\u00e1til a su kit de herramientas de medici\u00f3n.<\/p>\n<h3><strong>Funciones<\/strong><\/h3>\n<ul>\n<li>Rango de 23 a 2500 CFM (40 a 4250 m3\/h)<\/li>\n<li>Toma el control de tu Flow Hood de forma remota con nuestra APP TAB VIEWER (Android)<\/li>\n<li>Microman\u00f3metro de mano extra\u00edble con capacidad inal\u00e1mbrica Bluetooth<\/li>\n<li>Instrumento de prueba aprobado por HERS (Home Energy Rating System)<\/li>\n<li>Mide y muestra simult\u00e1neamente el flujo de aire, la temperatura y la humedad<\/li>\n<li>Certificado de calibraci\u00f3n trazable NIST incluido*<\/li>\n<li>Muestra la direcci\u00f3n del flujo de aire, as\u00ed como la velocidad<\/li>\n<li>Almacene hasta 8.000 mediciones<\/li>\n<li>La funci\u00f3n de almacenamiento avanzado le permite almacenar m\u00faltiples mediciones bajo un solo n\u00famero de identificaci\u00f3n<\/li>\n<li>Dos aplicaciones disponibles: Kanomax TAB Viewer (para Android\/iOS) y Building Start AirNAB (para iOS)<\/li>\n<li>Esta es la herramienta perfecta para mediciones precisas del flujo de aire de suministro y retorno<\/li>\n<li>Nuestras campanas intercambiables opcionales hacen que sea muy f\u00e1cil tomar muestras del aire para cualquier tama\u00f1o de conducto<\/li>\n<li>La unidad es ligera y f\u00e1cil de manejar<\/li>\n<li>Mide y muestra simult\u00e1neamente el flujo de aire, la temperatura y la humedad<\/li>\n<li>Cuenta con un microman\u00f3metro de mano extra\u00edble que es un instrumento multifuncional que mide el flujo de aire y las lecturas de presi\u00f3n<\/li>\n<\/ul>\n<h3><strong>Aplicaciones<\/strong><\/h3>\n<ul>\n<li>Pruebas, ajuste y equilibrio de HVAC<\/li>\n<li>Medici\u00f3n de la velocidad del aire en el conducto<\/li>\n<li>Mediciones de caudal volum\u00e9trico de aire a trav\u00e9s de registros, difusores y rejillas<\/li>\n<li>Lectura directa en el flujo de aire de suministro y retorno<\/li>\n<\/ul>\n<h4>Kanomax 6720 Especificaciones<\/h4>\n<table class=\"table table-striped\">\n<tbody>\n<tr>\n<td>Rango de flujo de aire<\/td>\n<td>23 a 2531 CFM (40 a 4300 m3\/h)<\/td>\n<\/tr>\n<tr>\n<td>Precisi\u00f3n de presi\u00f3n diferencial<\/td>\n<td>Lecturas +\/-1.5% | +\/-25Pa<\/td>\n<\/tr>\n<tr>\n<td>Resoluci\u00f3n de humedad<\/td>\n<td>.1%HR<\/td>\n<\/tr>\n<tr>\n<td>Precisi\u00f3n del flujo de aire<\/td>\n<td>+\/- 3% de lectura +\/-8m3\/h (&gt;85m3\/h)<\/td>\n<\/tr>\n<tr>\n<td>Resoluci\u00f3n de presi\u00f3n diferencial<\/td>\n<td>0.001Pa<\/td>\n<\/tr>\n<tr>\n<td>Soluci\u00f3n del flujo de aire<\/td>\n<td>1 m3\/h<\/td>\n<\/tr>\n<tr>\n<td>Rango de temperatura<\/td>\n<td>32 a 140\u00b0F )0 a 60\u00b0C<\/td>\n<\/tr>\n<tr>\n<td>Rango de velocidad<\/td>\n<td>0.15 ~ 40 m \/ s (tubo de Pitot), 015 ~ 15 m \/ s (cuadr\u00edcula de velocidad)<\/td>\n<\/tr>\n<tr>\n<td>Precisi\u00f3n de temperatura<\/td>\n<td>+\/-0,5\u00b0C<\/td>\n<\/tr>\n<tr>\n<td>Precisi\u00f3n de velocidad<\/td>\n<td>lectura +\/-3% +\/- 0.05m\/s | 025m\/s<\/td>\n<\/tr>\n<tr>\n<td>Resoluci\u00f3n de temperatura<\/td>\n<td>0.1\u00b0C<\/td>\n<\/tr>\n<tr>\n<td>Resoluci\u00f3n de velocidad<\/td>\n<td>0,01 m\/s<\/td>\n<\/tr>\n<tr>\n<td>Rango de humedad<\/td>\n<td>0 a 100% HR<\/td>\n<\/tr>\n<tr>\n<td>Rango de presi\u00f3n diferencial<\/td>\n<td>-2500~2500pa<\/td>\n<\/tr>\n<tr>\n<td>Precisi\u00f3n de humedad<\/td>\n<td>+\/- 3.0% HR (10 a 90% HR)<\/td>\n<\/tr>\n<\/tbody>\n<\/table>\n","protected":false},"excerpt":{"rendered":"<p>Las mediciones del flujo de aire para el suministro y el retorno son altamente precisas. El cambio de campanas permite un f\u00e1cil muestreo de aire de conductos de cualquier tama\u00f1o. Esta unidad es ligera y f\u00e1cil de manejar. La pantalla a todo color se puede ajustar al \u00e1ngulo de visi\u00f3n perfecto a cualquier altura. El modelo 6720 incluye un microman\u00f3metro de mano desmontable con tecnolog\u00eda inal\u00e1mbrica Bluetooth.<\/p>\n","protected":false},"featured_media":2050,"comment_status":"open","ping_status":"closed","template":"","meta":{"_joinchat":[]},"product_brand":[],"product_cat":[15],"product_tag":[],"class_list":{"0":"post-2045","1":"product","2":"type-product","3":"status-publish","4":"has-post-thumbnail","6":"product_cat-sin-categorizar","8":"first","9":"instock","10":"shipping-taxable","11":"product-type-simple"},"yoast_head":"<!-- This site is optimized with the Yoast SEO plugin v26.4 - https:\/\/yoast.com\/wordpress\/plugins\/seo\/ -->\n<title>Campana de captura de flujo de aire Kanomax 6720 TABmaster - Abaa tienda online<\/title>\n<meta name=\"robots\" content=\"index, follow, max-snippet:-1, max-image-preview:large, max-video-preview:-1\" \/>\n<link rel=\"canonical\" href=\"https:\/\/abaa.mx\/tienda\/campana-de-captura-de-flujo-de-aire-kanomax-6720-tabmaster\/\" \/>\n<meta property=\"og:locale\" content=\"es_MX\" \/>\n<meta property=\"og:type\" content=\"article\" \/>\n<meta property=\"og:title\" content=\"Campana de captura de flujo de aire Kanomax 6720 TABmaster - Abaa tienda online\" \/>\n<meta property=\"og:description\" content=\"Las mediciones del flujo de aire para el suministro y el retorno son altamente precisas. El cambio de campanas permite un f\u00e1cil muestreo de aire de conductos de cualquier tama\u00f1o. Esta unidad es ligera y f\u00e1cil de manejar. La pantalla a todo color se puede ajustar al \u00e1ngulo de visi\u00f3n perfecto a cualquier altura. El modelo 6720 incluye un microman\u00f3metro de mano desmontable con tecnolog\u00eda inal\u00e1mbrica Bluetooth.\" \/>\n<meta property=\"og:url\" content=\"https:\/\/abaa.mx\/tienda\/campana-de-captura-de-flujo-de-aire-kanomax-6720-tabmaster\/\" \/>\n<meta property=\"og:site_name\" content=\"Abaa tienda online\" \/>\n<meta property=\"og:image\" content=\"https:\/\/abaa.mx\/tienda\/wp-content\/uploads\/2023\/09\/6720.jpg\" \/>\n\t<meta property=\"og:image:width\" content=\"474\" \/>\n\t<meta property=\"og:image:height\" content=\"474\" \/>\n\t<meta property=\"og:image:type\" content=\"image\/jpeg\" \/>\n<meta name=\"twitter:card\" content=\"summary_large_image\" \/>\n<meta name=\"twitter:label1\" content=\"Tiempo de lectura\" \/>\n\t<meta name=\"twitter:data1\" content=\"3 minutos\" \/>\n<script type=\"application\/ld+json\" class=\"yoast-schema-graph\">{\"@context\":\"https:\/\/schema.org\",\"@graph\":[{\"@type\":\"WebPage\",\"@id\":\"https:\/\/abaa.mx\/tienda\/campana-de-captura-de-flujo-de-aire-kanomax-6720-tabmaster\/\",\"url\":\"https:\/\/abaa.mx\/tienda\/campana-de-captura-de-flujo-de-aire-kanomax-6720-tabmaster\/\",\"name\":\"Campana de captura de flujo de aire Kanomax 6720 TABmaster - Abaa tienda online\",\"isPartOf\":{\"@id\":\"https:\/\/abaa.mx\/tienda\/#website\"},\"primaryImageOfPage\":{\"@id\":\"https:\/\/abaa.mx\/tienda\/campana-de-captura-de-flujo-de-aire-kanomax-6720-tabmaster\/#primaryimage\"},\"image\":{\"@id\":\"https:\/\/abaa.mx\/tienda\/campana-de-captura-de-flujo-de-aire-kanomax-6720-tabmaster\/#primaryimage\"},\"thumbnailUrl\":\"https:\/\/abaa.mx\/tienda\/wp-content\/uploads\/2023\/09\/6720.jpg\",\"datePublished\":\"2023-09-19T19:08:10+00:00\",\"breadcrumb\":{\"@id\":\"https:\/\/abaa.mx\/tienda\/campana-de-captura-de-flujo-de-aire-kanomax-6720-tabmaster\/#breadcrumb\"},\"inLanguage\":\"es\",\"potentialAction\":[{\"@type\":\"ReadAction\",\"target\":[\"https:\/\/abaa.mx\/tienda\/campana-de-captura-de-flujo-de-aire-kanomax-6720-tabmaster\/\"]}]},{\"@type\":\"ImageObject\",\"inLanguage\":\"es\",\"@id\":\"https:\/\/abaa.mx\/tienda\/campana-de-captura-de-flujo-de-aire-kanomax-6720-tabmaster\/#primaryimage\",\"url\":\"https:\/\/abaa.mx\/tienda\/wp-content\/uploads\/2023\/09\/6720.jpg\",\"contentUrl\":\"https:\/\/abaa.mx\/tienda\/wp-content\/uploads\/2023\/09\/6720.jpg\",\"width\":474,\"height\":474,\"caption\":\"campana-de-captura-de-flujo-de-aire-kanomax-6720-tabmaster\"},{\"@type\":\"BreadcrumbList\",\"@id\":\"https:\/\/abaa.mx\/tienda\/campana-de-captura-de-flujo-de-aire-kanomax-6720-tabmaster\/#breadcrumb\",\"itemListElement\":[{\"@type\":\"ListItem\",\"position\":1,\"name\":\"Inicio\",\"item\":\"https:\/\/abaa.mx\/tienda\/\"},{\"@type\":\"ListItem\",\"position\":2,\"name\":\"Tienda\",\"item\":\"https:\/\/abaa.mx\/tienda\/\"},{\"@type\":\"ListItem\",\"position\":3,\"name\":\"Campana de captura de flujo de aire Kanomax 6720 TABmaster\"}]},{\"@type\":\"WebSite\",\"@id\":\"https:\/\/abaa.mx\/tienda\/#website\",\"url\":\"https:\/\/abaa.mx\/tienda\/\",\"name\":\"Abaa tienda online\",\"description\":\"Instrumentos de medici\u00f3n\",\"publisher\":{\"@id\":\"https:\/\/abaa.mx\/tienda\/#organization\"},\"potentialAction\":[{\"@type\":\"SearchAction\",\"target\":{\"@type\":\"EntryPoint\",\"urlTemplate\":\"https:\/\/abaa.mx\/tienda\/?s={search_term_string}\"},\"query-input\":{\"@type\":\"PropertyValueSpecification\",\"valueRequired\":true,\"valueName\":\"search_term_string\"}}],\"inLanguage\":\"es\"},{\"@type\":\"Organization\",\"@id\":\"https:\/\/abaa.mx\/tienda\/#organization\",\"name\":\"Abaa tienda online\",\"url\":\"https:\/\/abaa.mx\/tienda\/\",\"logo\":{\"@type\":\"ImageObject\",\"inLanguage\":\"es\",\"@id\":\"https:\/\/abaa.mx\/tienda\/#\/schema\/logo\/image\/\",\"url\":\"https:\/\/abaa.mx\/tienda\/wp-content\/uploads\/2024\/01\/abaa-metrologia-tienda.png\",\"contentUrl\":\"https:\/\/abaa.mx\/tienda\/wp-content\/uploads\/2024\/01\/abaa-metrologia-tienda.png\",\"width\":300,\"height\":141,\"caption\":\"Abaa tienda online\"},\"image\":{\"@id\":\"https:\/\/abaa.mx\/tienda\/#\/schema\/logo\/image\/\"}}]}<\/script>\n<!-- \/ Yoast SEO plugin. -->","yoast_head_json":{"title":"Campana de captura de flujo de aire Kanomax 6720 TABmaster - Abaa tienda online","robots":{"index":"index","follow":"follow","max-snippet":"max-snippet:-1","max-image-preview":"max-image-preview:large","max-video-preview":"max-video-preview:-1"},"canonical":"https:\/\/abaa.mx\/tienda\/campana-de-captura-de-flujo-de-aire-kanomax-6720-tabmaster\/","og_locale":"es_MX","og_type":"article","og_title":"Campana de captura de flujo de aire Kanomax 6720 TABmaster - Abaa tienda online","og_description":"Las mediciones del flujo de aire para el suministro y el retorno son altamente precisas. El cambio de campanas permite un f\u00e1cil muestreo de aire de conductos de cualquier tama\u00f1o. Esta unidad es ligera y f\u00e1cil de manejar. La pantalla a todo color se puede ajustar al \u00e1ngulo de visi\u00f3n perfecto a cualquier altura. El modelo 6720 incluye un microman\u00f3metro de mano desmontable con tecnolog\u00eda inal\u00e1mbrica Bluetooth.","og_url":"https:\/\/abaa.mx\/tienda\/campana-de-captura-de-flujo-de-aire-kanomax-6720-tabmaster\/","og_site_name":"Abaa tienda online","og_image":[{"width":474,"height":474,"url":"https:\/\/abaa.mx\/tienda\/wp-content\/uploads\/2023\/09\/6720.jpg","type":"image\/jpeg"}],"twitter_card":"summary_large_image","twitter_misc":{"Tiempo de lectura":"3 minutos"},"schema":{"@context":"https:\/\/schema.org","@graph":[{"@type":"WebPage","@id":"https:\/\/abaa.mx\/tienda\/campana-de-captura-de-flujo-de-aire-kanomax-6720-tabmaster\/","url":"https:\/\/abaa.mx\/tienda\/campana-de-captura-de-flujo-de-aire-kanomax-6720-tabmaster\/","name":"Campana de captura de flujo de aire Kanomax 6720 TABmaster - Abaa tienda online","isPartOf":{"@id":"https:\/\/abaa.mx\/tienda\/#website"},"primaryImageOfPage":{"@id":"https:\/\/abaa.mx\/tienda\/campana-de-captura-de-flujo-de-aire-kanomax-6720-tabmaster\/#primaryimage"},"image":{"@id":"https:\/\/abaa.mx\/tienda\/campana-de-captura-de-flujo-de-aire-kanomax-6720-tabmaster\/#primaryimage"},"thumbnailUrl":"https:\/\/abaa.mx\/tienda\/wp-content\/uploads\/2023\/09\/6720.jpg","datePublished":"2023-09-19T19:08:10+00:00","breadcrumb":{"@id":"https:\/\/abaa.mx\/tienda\/campana-de-captura-de-flujo-de-aire-kanomax-6720-tabmaster\/#breadcrumb"},"inLanguage":"es","potentialAction":[{"@type":"ReadAction","target":["https:\/\/abaa.mx\/tienda\/campana-de-captura-de-flujo-de-aire-kanomax-6720-tabmaster\/"]}]},{"@type":"ImageObject","inLanguage":"es","@id":"https:\/\/abaa.mx\/tienda\/campana-de-captura-de-flujo-de-aire-kanomax-6720-tabmaster\/#primaryimage","url":"https:\/\/abaa.mx\/tienda\/wp-content\/uploads\/2023\/09\/6720.jpg","contentUrl":"https:\/\/abaa.mx\/tienda\/wp-content\/uploads\/2023\/09\/6720.jpg","width":474,"height":474,"caption":"campana-de-captura-de-flujo-de-aire-kanomax-6720-tabmaster"},{"@type":"BreadcrumbList","@id":"https:\/\/abaa.mx\/tienda\/campana-de-captura-de-flujo-de-aire-kanomax-6720-tabmaster\/#breadcrumb","itemListElement":[{"@type":"ListItem","position":1,"name":"Inicio","item":"https:\/\/abaa.mx\/tienda\/"},{"@type":"ListItem","position":2,"name":"Tienda","item":"https:\/\/abaa.mx\/tienda\/"},{"@type":"ListItem","position":3,"name":"Campana de captura de flujo de aire Kanomax 6720 TABmaster"}]},{"@type":"WebSite","@id":"https:\/\/abaa.mx\/tienda\/#website","url":"https:\/\/abaa.mx\/tienda\/","name":"Abaa tienda online","description":"Instrumentos de medici\u00f3n","publisher":{"@id":"https:\/\/abaa.mx\/tienda\/#organization"},"potentialAction":[{"@type":"SearchAction","target":{"@type":"EntryPoint","urlTemplate":"https:\/\/abaa.mx\/tienda\/?s={search_term_string}"},"query-input":{"@type":"PropertyValueSpecification","valueRequired":true,"valueName":"search_term_string"}}],"inLanguage":"es"},{"@type":"Organization","@id":"https:\/\/abaa.mx\/tienda\/#organization","name":"Abaa tienda online","url":"https:\/\/abaa.mx\/tienda\/","logo":{"@type":"ImageObject","inLanguage":"es","@id":"https:\/\/abaa.mx\/tienda\/#\/schema\/logo\/image\/","url":"https:\/\/abaa.mx\/tienda\/wp-content\/uploads\/2024\/01\/abaa-metrologia-tienda.png","contentUrl":"https:\/\/abaa.mx\/tienda\/wp-content\/uploads\/2024\/01\/abaa-metrologia-tienda.png","width":300,"height":141,"caption":"Abaa tienda online"},"image":{"@id":"https:\/\/abaa.mx\/tienda\/#\/schema\/logo\/image\/"}}]}},"_links":{"self":[{"href":"https:\/\/abaa.mx\/tienda\/wp-json\/wp\/v2\/product\/2045","targetHints":{"allow":["GET"]}}],"collection":[{"href":"https:\/\/abaa.mx\/tienda\/wp-json\/wp\/v2\/product"}],"about":[{"href":"https:\/\/abaa.mx\/tienda\/wp-json\/wp\/v2\/types\/product"}],"replies":[{"embeddable":true,"href":"https:\/\/abaa.mx\/tienda\/wp-json\/wp\/v2\/comments?post=2045"}],"wp:featuredmedia":[{"embeddable":true,"href":"https:\/\/abaa.mx\/tienda\/wp-json\/wp\/v2\/media\/2050"}],"wp:attachment":[{"href":"https:\/\/abaa.mx\/tienda\/wp-json\/wp\/v2\/media?parent=2045"}],"wp:term":[{"taxonomy":"product_brand","embeddable":true,"href":"https:\/\/abaa.mx\/tienda\/wp-json\/wp\/v2\/product_brand?post=2045"},{"taxonomy":"product_cat","embeddable":true,"href":"https:\/\/abaa.mx\/tienda\/wp-json\/wp\/v2\/product_cat?post=2045"},{"taxonomy":"product_tag","embeddable":true,"href":"https:\/\/abaa.mx\/tienda\/wp-json\/wp\/v2\/product_tag?post=2045"}],"curies":[{"name":"wp","href":"https:\/\/api.w.org\/{rel}","templated":true}]}}