{"id":2034,"date":"2023-09-19T17:58:31","date_gmt":"2023-09-19T17:58:31","guid":{"rendered":"https:\/\/abaa.mx\/tienda\/?post_type=product&#038;p=2034"},"modified":"2023-09-19T17:58:32","modified_gmt":"2023-09-19T17:58:32","slug":"e-instruments-dbm-620-kit-estandar-medidor-electronico-de-flujo-de-aire","status":"publish","type":"product","link":"https:\/\/abaa.mx\/tienda\/e-instruments-dbm-620-kit-estandar-medidor-electronico-de-flujo-de-aire\/","title":{"rendered":"E instruments dbm 620 kit est\u00e1ndar medidor electr\u00f3nico de flujo de aire"},"content":{"rendered":"<h1>E instruments dbm 620 kit est\u00e1ndar medidor electr\u00f3nico de flujo de aire<\/h1>\n<p>&nbsp;<\/p>\n<h4>Ofertas del kit est\u00e1ndar DBM 620 de E Instruments<\/h4>\n<p>Tome lecturas directas del volumen de aire de las salidas de aire y m\u00e1s con el medidor electr\u00f3nico de flujo de aire del kit est\u00e1ndar DBM 620 de E Instruments. Esta herramienta es compacta y ligera, pero produce una gran cantidad de mediciones, incluidas las de \u00b0C, % HR, Pa, hPa, m\/s y m\u00b3\/h. Al ofrecer 5 configuraciones de cap\u00f3 diferentes, obtendr\u00e1 m\u00e1s cosas con este instrumento de equilibrio de aire. Se conecta con la aplicaci\u00f3n m\u00f3vil SmartKapp.<\/p>\n<h3><strong>Funciones<\/strong><\/h3>\n<ul>\n<li>Funciona convenientemente como bar\u00f3metro, microman\u00f3metro y anem\u00f3metro (diferentes sondas se venden por separado)<\/li>\n<li>Compatible con la aplicaci\u00f3n m\u00f3vil SmartKapp para un an\u00e1lisis de datos optimizado (se requiere descarga adicional)<\/li>\n<li>Proporciona lecturas de cambios de aire por hora (ACPH)<\/li>\n<li>Se adapta a 5 configuraciones de campana diferentes<\/li>\n<li>Construcci\u00f3n ligera y compacta para un transporte simplificado<\/li>\n<li>Tr\u00edpode extensible para objetivos dif\u00edciles de alcanzar<\/li>\n<li>Carcasa duradera con clasificaci\u00f3n IP40<\/li>\n<\/ul>\n<h4 style=\"text-align: center;\">Especificaciones del kit est\u00e1ndar DBM 620 de E Instruments<\/h4>\n<table class=\"table table-striped\">\n<tbody>\n<tr>\n<td>Rango de medici\u00f3n de temperatura<\/td>\n<td>-20 a 70\u00b0C<\/td>\n<\/tr>\n<tr>\n<td>Rango de medici\u00f3n de velocidad<\/td>\n<td>De 0,2 a 10 m\/s<\/td>\n<\/tr>\n<tr>\n<td>Rango de medici\u00f3n de presi\u00f3n de aire<\/td>\n<td>-2.500 a 2.500 Pa; 700 a 1.100 hPa atmosf\u00e9rico<\/td>\n<\/tr>\n<tr>\n<td>Rango de medici\u00f3n del flujo de aire<\/td>\n<td>De 35 a 4.250 m\u00b3\/h<\/td>\n<\/tr>\n<tr>\n<td>Rango de humedad relativa<\/td>\n<td>0 a 100% HR<\/td>\n<\/tr>\n<tr>\n<td>Temperatura de funcionamiento<\/td>\n<td>De 32 a 122 \u00b0C (de 0 a 50 \u00b0F)<\/td>\n<\/tr>\n<tr>\n<td>Temperatura de almacenamiento<\/td>\n<td>-4 a 140\u00b0F (-20 a 60\u00b0C)<\/td>\n<\/tr>\n<tr>\n<td>Tipo de pantalla<\/td>\n<td>Ninguno<\/td>\n<\/tr>\n<tr>\n<td>Fuente de alimentaci\u00f3n<\/td>\n<td>Alimentado por bater\u00eda<\/td>\n<\/tr>\n<tr>\n<td>Tipo de bater\u00eda<\/td>\n<td>AA<\/td>\n<\/tr>\n<tr>\n<td>Duraci\u00f3n de la bater\u00eda<\/td>\n<td>30 horas<\/td>\n<\/tr>\n<tr>\n<td>N\u00famero de bater\u00edas requeridas<\/td>\n<td>4<\/td>\n<\/tr>\n<tr>\n<td>Compatibilidad de software<\/td>\n<td>Aplicaci\u00f3n m\u00f3vil SmartKapp<\/td>\n<\/tr>\n<tr>\n<td>Impermeable<\/td>\n<td>No<\/td>\n<\/tr>\n<tr>\n<td>Longitud del producto<\/td>\n<td>18 mm (7,475&#8243;)<\/td>\n<\/tr>\n<tr>\n<td>Ancho del producto<\/td>\n<td>17 mm (9,455&#8243;)<\/td>\n<\/tr>\n<tr>\n<td>Altura del producto<\/td>\n<td>10 mm (255&#8243;)<\/td>\n<\/tr>\n<tr>\n<td>Peso del producto<\/td>\n<td>6,4 libras (2.900 g)<\/td>\n<\/tr>\n<\/tbody>\n<\/table>\n","protected":false},"excerpt":{"rendered":"<h3><strong>Funciones:<\/strong><\/h3>\n<ul>\n<li>Funciona convenientemente como bar\u00f3metro, microman\u00f3metro y anem\u00f3metro (diferentes sondas se venden por separado)<\/li>\n<li>Compatible con la aplicaci\u00f3n m\u00f3vil SmartKapp para un an\u00e1lisis de datos optimizado (se requiere descarga adicional)<\/li>\n<li>Proporciona lecturas de cambios de aire por hora (ACPH)<\/li>\n<li>Se adapta a 5 configuraciones de campana diferentes<\/li>\n<li>Construcci\u00f3n ligera y compacta para un transporte simplificado<\/li>\n<li>Tr\u00edpode extensible para objetivos dif\u00edciles de alcanzar<\/li>\n<li>Carcasa duradera con clasificaci\u00f3n IP40<\/li>\n<\/ul>\n","protected":false},"featured_media":2036,"comment_status":"open","ping_status":"closed","template":"","meta":{"_joinchat":[]},"product_brand":[],"product_cat":[15],"product_tag":[],"class_list":{"0":"post-2034","1":"product","2":"type-product","3":"status-publish","4":"has-post-thumbnail","6":"product_cat-sin-categorizar","8":"first","9":"instock","10":"shipping-taxable","11":"product-type-simple"},"yoast_head":"<!-- This site is optimized with the Yoast SEO plugin v26.4 - https:\/\/yoast.com\/wordpress\/plugins\/seo\/ -->\n<title>E instruments dbm 620 kit est\u00e1ndar medidor electr\u00f3nico de flujo de aire - Abaa tienda online<\/title>\n<meta name=\"robots\" content=\"index, follow, max-snippet:-1, max-image-preview:large, max-video-preview:-1\" \/>\n<link rel=\"canonical\" href=\"https:\/\/abaa.mx\/tienda\/e-instruments-dbm-620-kit-estandar-medidor-electronico-de-flujo-de-aire\/\" \/>\n<meta property=\"og:locale\" content=\"es_MX\" \/>\n<meta property=\"og:type\" content=\"article\" \/>\n<meta property=\"og:title\" content=\"E instruments dbm 620 kit est\u00e1ndar medidor electr\u00f3nico de flujo de aire - Abaa tienda online\" \/>\n<meta property=\"og:description\" content=\"Funciones:   Funciona convenientemente como bar\u00f3metro, microman\u00f3metro y anem\u00f3metro (diferentes sondas se venden por separado)  Compatible con la aplicaci\u00f3n m\u00f3vil SmartKapp para un an\u00e1lisis de datos optimizado (se requiere descarga adicional)  Proporciona lecturas de cambios de aire por hora (ACPH)  Se adapta a 5 configuraciones de campana diferentes  Construcci\u00f3n ligera y compacta para un transporte simplificado  Tr\u00edpode extensible para objetivos dif\u00edciles de alcanzar  Carcasa duradera con clasificaci\u00f3n IP40\" \/>\n<meta property=\"og:url\" content=\"https:\/\/abaa.mx\/tienda\/e-instruments-dbm-620-kit-estandar-medidor-electronico-de-flujo-de-aire\/\" \/>\n<meta property=\"og:site_name\" content=\"Abaa tienda online\" \/>\n<meta property=\"article:modified_time\" content=\"2023-09-19T17:58:32+00:00\" \/>\n<meta property=\"og:image\" content=\"https:\/\/abaa.mx\/tienda\/wp-content\/uploads\/2023\/09\/DBM-620-Standard-Kit.jpg\" \/>\n\t<meta property=\"og:image:width\" content=\"270\" \/>\n\t<meta property=\"og:image:height\" content=\"341\" \/>\n\t<meta property=\"og:image:type\" content=\"image\/jpeg\" \/>\n<meta name=\"twitter:card\" content=\"summary_large_image\" \/>\n<meta name=\"twitter:label1\" content=\"Tiempo de lectura\" \/>\n\t<meta name=\"twitter:data1\" content=\"2 minutos\" \/>\n<script type=\"application\/ld+json\" class=\"yoast-schema-graph\">{\"@context\":\"https:\/\/schema.org\",\"@graph\":[{\"@type\":\"WebPage\",\"@id\":\"https:\/\/abaa.mx\/tienda\/e-instruments-dbm-620-kit-estandar-medidor-electronico-de-flujo-de-aire\/\",\"url\":\"https:\/\/abaa.mx\/tienda\/e-instruments-dbm-620-kit-estandar-medidor-electronico-de-flujo-de-aire\/\",\"name\":\"E instruments dbm 620 kit est\u00e1ndar medidor electr\u00f3nico de flujo de aire - Abaa tienda online\",\"isPartOf\":{\"@id\":\"https:\/\/abaa.mx\/tienda\/#website\"},\"primaryImageOfPage\":{\"@id\":\"https:\/\/abaa.mx\/tienda\/e-instruments-dbm-620-kit-estandar-medidor-electronico-de-flujo-de-aire\/#primaryimage\"},\"image\":{\"@id\":\"https:\/\/abaa.mx\/tienda\/e-instruments-dbm-620-kit-estandar-medidor-electronico-de-flujo-de-aire\/#primaryimage\"},\"thumbnailUrl\":\"https:\/\/abaa.mx\/tienda\/wp-content\/uploads\/2023\/09\/DBM-620-Standard-Kit.jpg\",\"datePublished\":\"2023-09-19T17:58:31+00:00\",\"dateModified\":\"2023-09-19T17:58:32+00:00\",\"breadcrumb\":{\"@id\":\"https:\/\/abaa.mx\/tienda\/e-instruments-dbm-620-kit-estandar-medidor-electronico-de-flujo-de-aire\/#breadcrumb\"},\"inLanguage\":\"es\",\"potentialAction\":[{\"@type\":\"ReadAction\",\"target\":[\"https:\/\/abaa.mx\/tienda\/e-instruments-dbm-620-kit-estandar-medidor-electronico-de-flujo-de-aire\/\"]}]},{\"@type\":\"ImageObject\",\"inLanguage\":\"es\",\"@id\":\"https:\/\/abaa.mx\/tienda\/e-instruments-dbm-620-kit-estandar-medidor-electronico-de-flujo-de-aire\/#primaryimage\",\"url\":\"https:\/\/abaa.mx\/tienda\/wp-content\/uploads\/2023\/09\/DBM-620-Standard-Kit.jpg\",\"contentUrl\":\"https:\/\/abaa.mx\/tienda\/wp-content\/uploads\/2023\/09\/DBM-620-Standard-Kit.jpg\",\"width\":270,\"height\":341,\"caption\":\"e-instruments-dbm-620-kit-estandar-medidor-electronico-de-flujo-de-aire\"},{\"@type\":\"BreadcrumbList\",\"@id\":\"https:\/\/abaa.mx\/tienda\/e-instruments-dbm-620-kit-estandar-medidor-electronico-de-flujo-de-aire\/#breadcrumb\",\"itemListElement\":[{\"@type\":\"ListItem\",\"position\":1,\"name\":\"Inicio\",\"item\":\"https:\/\/abaa.mx\/tienda\/\"},{\"@type\":\"ListItem\",\"position\":2,\"name\":\"Tienda\",\"item\":\"https:\/\/abaa.mx\/tienda\/\"},{\"@type\":\"ListItem\",\"position\":3,\"name\":\"E instruments dbm 620 kit est\u00e1ndar medidor electr\u00f3nico de flujo de aire\"}]},{\"@type\":\"WebSite\",\"@id\":\"https:\/\/abaa.mx\/tienda\/#website\",\"url\":\"https:\/\/abaa.mx\/tienda\/\",\"name\":\"Abaa tienda online\",\"description\":\"Instrumentos de medici\u00f3n\",\"publisher\":{\"@id\":\"https:\/\/abaa.mx\/tienda\/#organization\"},\"potentialAction\":[{\"@type\":\"SearchAction\",\"target\":{\"@type\":\"EntryPoint\",\"urlTemplate\":\"https:\/\/abaa.mx\/tienda\/?s={search_term_string}\"},\"query-input\":{\"@type\":\"PropertyValueSpecification\",\"valueRequired\":true,\"valueName\":\"search_term_string\"}}],\"inLanguage\":\"es\"},{\"@type\":\"Organization\",\"@id\":\"https:\/\/abaa.mx\/tienda\/#organization\",\"name\":\"Abaa tienda online\",\"url\":\"https:\/\/abaa.mx\/tienda\/\",\"logo\":{\"@type\":\"ImageObject\",\"inLanguage\":\"es\",\"@id\":\"https:\/\/abaa.mx\/tienda\/#\/schema\/logo\/image\/\",\"url\":\"https:\/\/abaa.mx\/tienda\/wp-content\/uploads\/2024\/01\/abaa-metrologia-tienda.png\",\"contentUrl\":\"https:\/\/abaa.mx\/tienda\/wp-content\/uploads\/2024\/01\/abaa-metrologia-tienda.png\",\"width\":300,\"height\":141,\"caption\":\"Abaa tienda online\"},\"image\":{\"@id\":\"https:\/\/abaa.mx\/tienda\/#\/schema\/logo\/image\/\"}}]}<\/script>\n<!-- \/ Yoast SEO plugin. -->","yoast_head_json":{"title":"E instruments dbm 620 kit est\u00e1ndar medidor electr\u00f3nico de flujo de aire - Abaa tienda online","robots":{"index":"index","follow":"follow","max-snippet":"max-snippet:-1","max-image-preview":"max-image-preview:large","max-video-preview":"max-video-preview:-1"},"canonical":"https:\/\/abaa.mx\/tienda\/e-instruments-dbm-620-kit-estandar-medidor-electronico-de-flujo-de-aire\/","og_locale":"es_MX","og_type":"article","og_title":"E instruments dbm 620 kit est\u00e1ndar medidor electr\u00f3nico de flujo de aire - Abaa tienda online","og_description":"Funciones:   Funciona convenientemente como bar\u00f3metro, microman\u00f3metro y anem\u00f3metro (diferentes sondas se venden por separado)  Compatible con la aplicaci\u00f3n m\u00f3vil SmartKapp para un an\u00e1lisis de datos optimizado (se requiere descarga adicional)  Proporciona lecturas de cambios de aire por hora (ACPH)  Se adapta a 5 configuraciones de campana diferentes  Construcci\u00f3n ligera y compacta para un transporte simplificado  Tr\u00edpode extensible para objetivos dif\u00edciles de alcanzar  Carcasa duradera con clasificaci\u00f3n IP40","og_url":"https:\/\/abaa.mx\/tienda\/e-instruments-dbm-620-kit-estandar-medidor-electronico-de-flujo-de-aire\/","og_site_name":"Abaa tienda online","article_modified_time":"2023-09-19T17:58:32+00:00","og_image":[{"width":270,"height":341,"url":"https:\/\/abaa.mx\/tienda\/wp-content\/uploads\/2023\/09\/DBM-620-Standard-Kit.jpg","type":"image\/jpeg"}],"twitter_card":"summary_large_image","twitter_misc":{"Tiempo de lectura":"2 minutos"},"schema":{"@context":"https:\/\/schema.org","@graph":[{"@type":"WebPage","@id":"https:\/\/abaa.mx\/tienda\/e-instruments-dbm-620-kit-estandar-medidor-electronico-de-flujo-de-aire\/","url":"https:\/\/abaa.mx\/tienda\/e-instruments-dbm-620-kit-estandar-medidor-electronico-de-flujo-de-aire\/","name":"E instruments dbm 620 kit est\u00e1ndar medidor electr\u00f3nico de flujo de aire - Abaa tienda online","isPartOf":{"@id":"https:\/\/abaa.mx\/tienda\/#website"},"primaryImageOfPage":{"@id":"https:\/\/abaa.mx\/tienda\/e-instruments-dbm-620-kit-estandar-medidor-electronico-de-flujo-de-aire\/#primaryimage"},"image":{"@id":"https:\/\/abaa.mx\/tienda\/e-instruments-dbm-620-kit-estandar-medidor-electronico-de-flujo-de-aire\/#primaryimage"},"thumbnailUrl":"https:\/\/abaa.mx\/tienda\/wp-content\/uploads\/2023\/09\/DBM-620-Standard-Kit.jpg","datePublished":"2023-09-19T17:58:31+00:00","dateModified":"2023-09-19T17:58:32+00:00","breadcrumb":{"@id":"https:\/\/abaa.mx\/tienda\/e-instruments-dbm-620-kit-estandar-medidor-electronico-de-flujo-de-aire\/#breadcrumb"},"inLanguage":"es","potentialAction":[{"@type":"ReadAction","target":["https:\/\/abaa.mx\/tienda\/e-instruments-dbm-620-kit-estandar-medidor-electronico-de-flujo-de-aire\/"]}]},{"@type":"ImageObject","inLanguage":"es","@id":"https:\/\/abaa.mx\/tienda\/e-instruments-dbm-620-kit-estandar-medidor-electronico-de-flujo-de-aire\/#primaryimage","url":"https:\/\/abaa.mx\/tienda\/wp-content\/uploads\/2023\/09\/DBM-620-Standard-Kit.jpg","contentUrl":"https:\/\/abaa.mx\/tienda\/wp-content\/uploads\/2023\/09\/DBM-620-Standard-Kit.jpg","width":270,"height":341,"caption":"e-instruments-dbm-620-kit-estandar-medidor-electronico-de-flujo-de-aire"},{"@type":"BreadcrumbList","@id":"https:\/\/abaa.mx\/tienda\/e-instruments-dbm-620-kit-estandar-medidor-electronico-de-flujo-de-aire\/#breadcrumb","itemListElement":[{"@type":"ListItem","position":1,"name":"Inicio","item":"https:\/\/abaa.mx\/tienda\/"},{"@type":"ListItem","position":2,"name":"Tienda","item":"https:\/\/abaa.mx\/tienda\/"},{"@type":"ListItem","position":3,"name":"E instruments dbm 620 kit est\u00e1ndar medidor electr\u00f3nico de flujo de aire"}]},{"@type":"WebSite","@id":"https:\/\/abaa.mx\/tienda\/#website","url":"https:\/\/abaa.mx\/tienda\/","name":"Abaa tienda online","description":"Instrumentos de medici\u00f3n","publisher":{"@id":"https:\/\/abaa.mx\/tienda\/#organization"},"potentialAction":[{"@type":"SearchAction","target":{"@type":"EntryPoint","urlTemplate":"https:\/\/abaa.mx\/tienda\/?s={search_term_string}"},"query-input":{"@type":"PropertyValueSpecification","valueRequired":true,"valueName":"search_term_string"}}],"inLanguage":"es"},{"@type":"Organization","@id":"https:\/\/abaa.mx\/tienda\/#organization","name":"Abaa tienda online","url":"https:\/\/abaa.mx\/tienda\/","logo":{"@type":"ImageObject","inLanguage":"es","@id":"https:\/\/abaa.mx\/tienda\/#\/schema\/logo\/image\/","url":"https:\/\/abaa.mx\/tienda\/wp-content\/uploads\/2024\/01\/abaa-metrologia-tienda.png","contentUrl":"https:\/\/abaa.mx\/tienda\/wp-content\/uploads\/2024\/01\/abaa-metrologia-tienda.png","width":300,"height":141,"caption":"Abaa tienda online"},"image":{"@id":"https:\/\/abaa.mx\/tienda\/#\/schema\/logo\/image\/"}}]}},"_links":{"self":[{"href":"https:\/\/abaa.mx\/tienda\/wp-json\/wp\/v2\/product\/2034","targetHints":{"allow":["GET"]}}],"collection":[{"href":"https:\/\/abaa.mx\/tienda\/wp-json\/wp\/v2\/product"}],"about":[{"href":"https:\/\/abaa.mx\/tienda\/wp-json\/wp\/v2\/types\/product"}],"replies":[{"embeddable":true,"href":"https:\/\/abaa.mx\/tienda\/wp-json\/wp\/v2\/comments?post=2034"}],"wp:featuredmedia":[{"embeddable":true,"href":"https:\/\/abaa.mx\/tienda\/wp-json\/wp\/v2\/media\/2036"}],"wp:attachment":[{"href":"https:\/\/abaa.mx\/tienda\/wp-json\/wp\/v2\/media?parent=2034"}],"wp:term":[{"taxonomy":"product_brand","embeddable":true,"href":"https:\/\/abaa.mx\/tienda\/wp-json\/wp\/v2\/product_brand?post=2034"},{"taxonomy":"product_cat","embeddable":true,"href":"https:\/\/abaa.mx\/tienda\/wp-json\/wp\/v2\/product_cat?post=2034"},{"taxonomy":"product_tag","embeddable":true,"href":"https:\/\/abaa.mx\/tienda\/wp-json\/wp\/v2\/product_tag?post=2034"}],"curies":[{"name":"wp","href":"https:\/\/api.w.org\/{rel}","templated":true}]}}