{"id":2013,"date":"2023-09-19T16:45:13","date_gmt":"2023-09-19T16:45:13","guid":{"rendered":"https:\/\/abaa.mx\/tienda\/?post_type=product&#038;p=2013"},"modified":"2024-01-05T20:32:05","modified_gmt":"2024-01-05T20:32:05","slug":"campana-de-captura-del-balometro-loflo-tsi-alnor-6200","status":"publish","type":"product","link":"https:\/\/abaa.mx\/tienda\/campana-de-captura-del-balometro-loflo-tsi-alnor-6200\/","title":{"rendered":"Campana de captura del bal\u00f3metro loflo tsi-alnor 6200"},"content":{"rendered":"<h4>Ofertas TSI\/Alnor 6200<\/h4>\n<ul>\n<li>Pesa solo 6 kg (5,3 lb) con capucha adjunta<\/li>\n<li>La pantalla anal\u00f3gica simulada muestra las tendencias del aire y las lecturas digitales<\/li>\n<li>Utiliza 4 pilas alcalinas de tama\u00f1o C; M\u00ednimo 10 horas de uso continuo<\/li>\n<li>Para difusores peque\u00f1os, la base se puede usar sin capucha<\/li>\n<\/ul>\n<h4>Especificaciones de TSI\/Alnor 6200<\/h4>\n<table class=\"table table-striped\">\n<tbody>\n<tr>\n<td>Gama<\/td>\n<td>10 a 500 cfm (17 a 850 m3\/h) (4,7 a 236 l\/s)<\/td>\n<\/tr>\n<tr>\n<td>Exactitud<\/td>\n<td>\u00b1(3% + 5 cfm) (\u00b1[3% + 8,5 m3\/h, 2,4 l\/s])<\/td>\n<\/tr>\n<tr>\n<td>Altura<\/td>\n<td>22 mm (559&#8243;)<\/td>\n<\/tr>\n<tr>\n<td>Abertura<\/td>\n<td>13,3&#8243; (338 mm) de di\u00e1metro<\/td>\n<\/tr>\n<tr>\n<td>Tama\u00f1o de la capucha<\/td>\n<td>16 x 16&#8243; (406 x 406 mm)<\/td>\n<\/tr>\n<tr>\n<td>Monitor<\/td>\n<td>Pantalla digital de 3,5 d\u00edgitos y 0 mm (44,11&#8243; (alto) con pantalla anal\u00f3gica simulada de 26 segmentos<\/td>\n<\/tr>\n<tr>\n<td>Resoluci\u00f3n<\/td>\n<td>1 cfm de 10 a 500 cfm<br \/>\n(0.1 l\/s de 4.7 a 9.9 ) (1 l\/s de 10 a 236 l\/s)<\/td>\n<\/tr>\n<tr>\n<td>Peso<\/td>\n<td>Aproximadamente 6 lbs (2.7 kg) con capucha de<br \/>\n4.6 lbs (2.1 kg) base solamente<\/td>\n<\/tr>\n<tr>\n<td>Fuente de alimentaci\u00f3n<\/td>\n<td>4 pilas alcalinas C 1.5V<\/td>\n<\/tr>\n<tr>\n<td>Duraci\u00f3n de la bater\u00eda<\/td>\n<td>10 horas m\u00ednimo con uso continuo<\/td>\n<\/tr>\n<\/tbody>\n<\/table>\n","protected":false},"excerpt":{"rendered":"<h3>Ofertas TSI\/Alnor 6200<\/h3>\n<ul>\n<li>Pesa solo 6 kg (5,3 lb) con capucha adjunta<\/li>\n<li>La pantalla anal\u00f3gica simulada muestra las tendencias del aire y las lecturas digitales<\/li>\n<li>Utiliza 4 pilas alcalinas de tama\u00f1o C; M\u00ednimo 10 horas de uso continuo<\/li>\n<li>Para difusores peque\u00f1os, la base se puede usar sin capucha<\/li>\n<\/ul>\n","protected":false},"featured_media":2015,"comment_status":"open","ping_status":"closed","template":"","meta":{"_joinchat":[]},"product_brand":[],"product_cat":[15],"product_tag":[],"class_list":{"0":"post-2013","1":"product","2":"type-product","3":"status-publish","4":"has-post-thumbnail","6":"product_cat-sin-categorizar","8":"first","9":"instock","10":"shipping-taxable","11":"product-type-simple"},"yoast_head":"<!-- This site is optimized with the Yoast SEO plugin v26.4 - https:\/\/yoast.com\/wordpress\/plugins\/seo\/ -->\n<title>Campana de captura del bal\u00f3metro loflo tsi-alnor 6200 - Abaa tienda online<\/title>\n<meta name=\"robots\" content=\"index, follow, max-snippet:-1, max-image-preview:large, max-video-preview:-1\" \/>\n<link rel=\"canonical\" href=\"https:\/\/abaa.mx\/tienda\/campana-de-captura-del-balometro-loflo-tsi-alnor-6200\/\" \/>\n<meta property=\"og:locale\" content=\"es_MX\" \/>\n<meta property=\"og:type\" content=\"article\" \/>\n<meta property=\"og:title\" content=\"Campana de captura del bal\u00f3metro loflo tsi-alnor 6200 - Abaa tienda online\" \/>\n<meta property=\"og:description\" content=\"Ofertas TSI\/Alnor 6200   Pesa solo 6 kg (5,3 lb) con capucha adjunta  La pantalla anal\u00f3gica simulada muestra las tendencias del aire y las lecturas digitales  Utiliza 4 pilas alcalinas de tama\u00f1o C; M\u00ednimo 10 horas de uso continuo  Para difusores peque\u00f1os, la base se puede usar sin capucha\" \/>\n<meta property=\"og:url\" content=\"https:\/\/abaa.mx\/tienda\/campana-de-captura-del-balometro-loflo-tsi-alnor-6200\/\" \/>\n<meta property=\"og:site_name\" content=\"Abaa tienda online\" \/>\n<meta property=\"article:modified_time\" content=\"2024-01-05T20:32:05+00:00\" \/>\n<meta property=\"og:image\" content=\"https:\/\/abaa.mx\/tienda\/wp-content\/uploads\/2023\/09\/6200.jpg\" \/>\n\t<meta property=\"og:image:width\" content=\"270\" \/>\n\t<meta property=\"og:image:height\" content=\"328\" \/>\n\t<meta property=\"og:image:type\" content=\"image\/jpeg\" \/>\n<meta name=\"twitter:card\" content=\"summary_large_image\" \/>\n<meta name=\"twitter:label1\" content=\"Tiempo de lectura\" \/>\n\t<meta name=\"twitter:data1\" content=\"1 minuto\" \/>\n<script type=\"application\/ld+json\" class=\"yoast-schema-graph\">{\"@context\":\"https:\/\/schema.org\",\"@graph\":[{\"@type\":\"WebPage\",\"@id\":\"https:\/\/abaa.mx\/tienda\/campana-de-captura-del-balometro-loflo-tsi-alnor-6200\/\",\"url\":\"https:\/\/abaa.mx\/tienda\/campana-de-captura-del-balometro-loflo-tsi-alnor-6200\/\",\"name\":\"Campana de captura del bal\u00f3metro loflo tsi-alnor 6200 - Abaa tienda online\",\"isPartOf\":{\"@id\":\"https:\/\/abaa.mx\/tienda\/#website\"},\"primaryImageOfPage\":{\"@id\":\"https:\/\/abaa.mx\/tienda\/campana-de-captura-del-balometro-loflo-tsi-alnor-6200\/#primaryimage\"},\"image\":{\"@id\":\"https:\/\/abaa.mx\/tienda\/campana-de-captura-del-balometro-loflo-tsi-alnor-6200\/#primaryimage\"},\"thumbnailUrl\":\"https:\/\/abaa.mx\/tienda\/wp-content\/uploads\/2023\/09\/6200.jpg\",\"datePublished\":\"2023-09-19T16:45:13+00:00\",\"dateModified\":\"2024-01-05T20:32:05+00:00\",\"breadcrumb\":{\"@id\":\"https:\/\/abaa.mx\/tienda\/campana-de-captura-del-balometro-loflo-tsi-alnor-6200\/#breadcrumb\"},\"inLanguage\":\"es\",\"potentialAction\":[{\"@type\":\"ReadAction\",\"target\":[\"https:\/\/abaa.mx\/tienda\/campana-de-captura-del-balometro-loflo-tsi-alnor-6200\/\"]}]},{\"@type\":\"ImageObject\",\"inLanguage\":\"es\",\"@id\":\"https:\/\/abaa.mx\/tienda\/campana-de-captura-del-balometro-loflo-tsi-alnor-6200\/#primaryimage\",\"url\":\"https:\/\/abaa.mx\/tienda\/wp-content\/uploads\/2023\/09\/6200.jpg\",\"contentUrl\":\"https:\/\/abaa.mx\/tienda\/wp-content\/uploads\/2023\/09\/6200.jpg\",\"width\":270,\"height\":328,\"caption\":\"campana-de-captura-del-balometro-loflo-tsi-alnor-6200\"},{\"@type\":\"BreadcrumbList\",\"@id\":\"https:\/\/abaa.mx\/tienda\/campana-de-captura-del-balometro-loflo-tsi-alnor-6200\/#breadcrumb\",\"itemListElement\":[{\"@type\":\"ListItem\",\"position\":1,\"name\":\"Inicio\",\"item\":\"https:\/\/abaa.mx\/tienda\/\"},{\"@type\":\"ListItem\",\"position\":2,\"name\":\"Tienda\",\"item\":\"https:\/\/abaa.mx\/tienda\/\"},{\"@type\":\"ListItem\",\"position\":3,\"name\":\"Campana de captura del bal\u00f3metro loflo tsi-alnor 6200\"}]},{\"@type\":\"WebSite\",\"@id\":\"https:\/\/abaa.mx\/tienda\/#website\",\"url\":\"https:\/\/abaa.mx\/tienda\/\",\"name\":\"Abaa tienda online\",\"description\":\"Instrumentos de medici\u00f3n\",\"publisher\":{\"@id\":\"https:\/\/abaa.mx\/tienda\/#organization\"},\"potentialAction\":[{\"@type\":\"SearchAction\",\"target\":{\"@type\":\"EntryPoint\",\"urlTemplate\":\"https:\/\/abaa.mx\/tienda\/?s={search_term_string}\"},\"query-input\":{\"@type\":\"PropertyValueSpecification\",\"valueRequired\":true,\"valueName\":\"search_term_string\"}}],\"inLanguage\":\"es\"},{\"@type\":\"Organization\",\"@id\":\"https:\/\/abaa.mx\/tienda\/#organization\",\"name\":\"Abaa tienda online\",\"url\":\"https:\/\/abaa.mx\/tienda\/\",\"logo\":{\"@type\":\"ImageObject\",\"inLanguage\":\"es\",\"@id\":\"https:\/\/abaa.mx\/tienda\/#\/schema\/logo\/image\/\",\"url\":\"https:\/\/abaa.mx\/tienda\/wp-content\/uploads\/2024\/01\/abaa-metrologia-tienda.png\",\"contentUrl\":\"https:\/\/abaa.mx\/tienda\/wp-content\/uploads\/2024\/01\/abaa-metrologia-tienda.png\",\"width\":300,\"height\":141,\"caption\":\"Abaa tienda online\"},\"image\":{\"@id\":\"https:\/\/abaa.mx\/tienda\/#\/schema\/logo\/image\/\"}}]}<\/script>\n<!-- \/ Yoast SEO plugin. -->","yoast_head_json":{"title":"Campana de captura del bal\u00f3metro loflo tsi-alnor 6200 - Abaa tienda online","robots":{"index":"index","follow":"follow","max-snippet":"max-snippet:-1","max-image-preview":"max-image-preview:large","max-video-preview":"max-video-preview:-1"},"canonical":"https:\/\/abaa.mx\/tienda\/campana-de-captura-del-balometro-loflo-tsi-alnor-6200\/","og_locale":"es_MX","og_type":"article","og_title":"Campana de captura del bal\u00f3metro loflo tsi-alnor 6200 - Abaa tienda online","og_description":"Ofertas TSI\/Alnor 6200   Pesa solo 6 kg (5,3 lb) con capucha adjunta  La pantalla anal\u00f3gica simulada muestra las tendencias del aire y las lecturas digitales  Utiliza 4 pilas alcalinas de tama\u00f1o C; M\u00ednimo 10 horas de uso continuo  Para difusores peque\u00f1os, la base se puede usar sin capucha","og_url":"https:\/\/abaa.mx\/tienda\/campana-de-captura-del-balometro-loflo-tsi-alnor-6200\/","og_site_name":"Abaa tienda online","article_modified_time":"2024-01-05T20:32:05+00:00","og_image":[{"width":270,"height":328,"url":"https:\/\/abaa.mx\/tienda\/wp-content\/uploads\/2023\/09\/6200.jpg","type":"image\/jpeg"}],"twitter_card":"summary_large_image","twitter_misc":{"Tiempo de lectura":"1 minuto"},"schema":{"@context":"https:\/\/schema.org","@graph":[{"@type":"WebPage","@id":"https:\/\/abaa.mx\/tienda\/campana-de-captura-del-balometro-loflo-tsi-alnor-6200\/","url":"https:\/\/abaa.mx\/tienda\/campana-de-captura-del-balometro-loflo-tsi-alnor-6200\/","name":"Campana de captura del bal\u00f3metro loflo tsi-alnor 6200 - Abaa tienda online","isPartOf":{"@id":"https:\/\/abaa.mx\/tienda\/#website"},"primaryImageOfPage":{"@id":"https:\/\/abaa.mx\/tienda\/campana-de-captura-del-balometro-loflo-tsi-alnor-6200\/#primaryimage"},"image":{"@id":"https:\/\/abaa.mx\/tienda\/campana-de-captura-del-balometro-loflo-tsi-alnor-6200\/#primaryimage"},"thumbnailUrl":"https:\/\/abaa.mx\/tienda\/wp-content\/uploads\/2023\/09\/6200.jpg","datePublished":"2023-09-19T16:45:13+00:00","dateModified":"2024-01-05T20:32:05+00:00","breadcrumb":{"@id":"https:\/\/abaa.mx\/tienda\/campana-de-captura-del-balometro-loflo-tsi-alnor-6200\/#breadcrumb"},"inLanguage":"es","potentialAction":[{"@type":"ReadAction","target":["https:\/\/abaa.mx\/tienda\/campana-de-captura-del-balometro-loflo-tsi-alnor-6200\/"]}]},{"@type":"ImageObject","inLanguage":"es","@id":"https:\/\/abaa.mx\/tienda\/campana-de-captura-del-balometro-loflo-tsi-alnor-6200\/#primaryimage","url":"https:\/\/abaa.mx\/tienda\/wp-content\/uploads\/2023\/09\/6200.jpg","contentUrl":"https:\/\/abaa.mx\/tienda\/wp-content\/uploads\/2023\/09\/6200.jpg","width":270,"height":328,"caption":"campana-de-captura-del-balometro-loflo-tsi-alnor-6200"},{"@type":"BreadcrumbList","@id":"https:\/\/abaa.mx\/tienda\/campana-de-captura-del-balometro-loflo-tsi-alnor-6200\/#breadcrumb","itemListElement":[{"@type":"ListItem","position":1,"name":"Inicio","item":"https:\/\/abaa.mx\/tienda\/"},{"@type":"ListItem","position":2,"name":"Tienda","item":"https:\/\/abaa.mx\/tienda\/"},{"@type":"ListItem","position":3,"name":"Campana de captura del bal\u00f3metro loflo tsi-alnor 6200"}]},{"@type":"WebSite","@id":"https:\/\/abaa.mx\/tienda\/#website","url":"https:\/\/abaa.mx\/tienda\/","name":"Abaa tienda online","description":"Instrumentos de medici\u00f3n","publisher":{"@id":"https:\/\/abaa.mx\/tienda\/#organization"},"potentialAction":[{"@type":"SearchAction","target":{"@type":"EntryPoint","urlTemplate":"https:\/\/abaa.mx\/tienda\/?s={search_term_string}"},"query-input":{"@type":"PropertyValueSpecification","valueRequired":true,"valueName":"search_term_string"}}],"inLanguage":"es"},{"@type":"Organization","@id":"https:\/\/abaa.mx\/tienda\/#organization","name":"Abaa tienda online","url":"https:\/\/abaa.mx\/tienda\/","logo":{"@type":"ImageObject","inLanguage":"es","@id":"https:\/\/abaa.mx\/tienda\/#\/schema\/logo\/image\/","url":"https:\/\/abaa.mx\/tienda\/wp-content\/uploads\/2024\/01\/abaa-metrologia-tienda.png","contentUrl":"https:\/\/abaa.mx\/tienda\/wp-content\/uploads\/2024\/01\/abaa-metrologia-tienda.png","width":300,"height":141,"caption":"Abaa tienda online"},"image":{"@id":"https:\/\/abaa.mx\/tienda\/#\/schema\/logo\/image\/"}}]}},"_links":{"self":[{"href":"https:\/\/abaa.mx\/tienda\/wp-json\/wp\/v2\/product\/2013","targetHints":{"allow":["GET"]}}],"collection":[{"href":"https:\/\/abaa.mx\/tienda\/wp-json\/wp\/v2\/product"}],"about":[{"href":"https:\/\/abaa.mx\/tienda\/wp-json\/wp\/v2\/types\/product"}],"replies":[{"embeddable":true,"href":"https:\/\/abaa.mx\/tienda\/wp-json\/wp\/v2\/comments?post=2013"}],"wp:featuredmedia":[{"embeddable":true,"href":"https:\/\/abaa.mx\/tienda\/wp-json\/wp\/v2\/media\/2015"}],"wp:attachment":[{"href":"https:\/\/abaa.mx\/tienda\/wp-json\/wp\/v2\/media?parent=2013"}],"wp:term":[{"taxonomy":"product_brand","embeddable":true,"href":"https:\/\/abaa.mx\/tienda\/wp-json\/wp\/v2\/product_brand?post=2013"},{"taxonomy":"product_cat","embeddable":true,"href":"https:\/\/abaa.mx\/tienda\/wp-json\/wp\/v2\/product_cat?post=2013"},{"taxonomy":"product_tag","embeddable":true,"href":"https:\/\/abaa.mx\/tienda\/wp-json\/wp\/v2\/product_tag?post=2013"}],"curies":[{"name":"wp","href":"https:\/\/api.w.org\/{rel}","templated":true}]}}