{"id":1994,"date":"2023-09-19T16:02:13","date_gmt":"2023-09-19T16:02:13","guid":{"rendered":"https:\/\/abaa.mx\/tienda\/?post_type=product&#038;p=1994"},"modified":"2023-09-19T16:02:13","modified_gmt":"2023-09-19T16:02:13","slug":"testo-460-tacometro","status":"publish","type":"product","link":"https:\/\/abaa.mx\/tienda\/testo-460-tacometro\/","title":{"rendered":"testo 460 &#8211; Tac\u00f3metro"},"content":{"rendered":"<div class=\"c2a-tabSection m-tabs\">\n<div id=\"tab-main\" class=\"large-12 column\">\n<div class=\"row\">\n<div class=\"large-6 medium-12 column m-pdp-txt\">\n<section class=\"m-pdp-txt-position\">\n<article class=\"child-1\">\n<div class=\"m-list\">\n<ul class=\"list-elements\">\n<li>Medici\u00f3n visual de las revoluciones por minuto.<\/li>\n<li>Punto de medici\u00f3n LED<\/li>\n<li>Valores de medici\u00f3n de f\u00e1cil lectura gracias a la pantalla iluminada incluso en condiciones de mala visibilidad<\/li>\n<li>Accesorios incluidos como marcas de reflexi\u00f3n, tapa protectora y estuche para cintur\u00f3n<\/li>\n<\/ul>\n<\/div>\n<p class=\"text\">Medici\u00f3n sin contacto con el manejable tac\u00f3metro testo 460 y las marcas reflectantes autoadhesivas. Incluye punto de medici\u00f3n LED y accesorios de alta calidad.<\/p>\n<\/article>\n<\/section>\n<\/div>\n<\/div>\n<\/div>\n<\/div>\n<div class=\"medium-6 column m-pdp-txt\">\n<div class=\"yCmsContentSlot\"><\/div>\n<\/div>\n<div class=\"c2a-tabSection m-tabs\">\n<div id=\"tab-details\" class=\"large-12 column m-tab-pdp\">\n<h2>Detalles<\/h2>\n<div class=\"medium-8\">\n<h3>Descripci\u00f3n del producto<\/h3>\n<article class=\"child-1 paragraph\">El compacto tac\u00f3metro testo 460 proporciona resultados de medici\u00f3n r\u00e1pidos y precisos. Para ventiladores, ejes o motores: gracias al proceso de medici\u00f3n \u00f3ptico sin contacto, la medici\u00f3n de la velocidad de rotaci\u00f3n no supone ning\u00fan problema durante el funcionamiento de la maquinaria.<\/p>\n<h3>As\u00ed funciona la medici\u00f3n con el tac\u00f3metro testo 460<\/h3>\n<p>El tac\u00f3metro est\u00e1 siempre a mano en el pr\u00e1ctico estuche para cintur\u00f3n. Adem\u00e1s, est\u00e1 provisto de una correa de mano para sujetarlo durante la medici\u00f3n. Este peque\u00f1o y manejable instrumento est\u00e1 inmediatamente listo para el uso.<\/p>\n<p>Las marcas de reflexi\u00f3n suministradas y disponibles como recambio se adhieren en el objeto a medir. El tac\u00f3metro emite un punto de medici\u00f3n LED que marca el punto central de la superficie de medici\u00f3n. A continuaci\u00f3n se ajusta el punto de medici\u00f3n sobre la marca de reflexi\u00f3n y ya puede el tac\u00f3metro testo 460 medir la velocidad de rotaci\u00f3n del objeto en una distancia de entre 10 y 40 cm.<\/p>\n<p>El resultado de la medici\u00f3n se puede mantener en la pantalla mediante la funci\u00f3n de retenci\u00f3n y leerse as\u00ed de forma especialmente c\u00f3moda. En caso necesario los valores m\u00e1ximos y m\u00ednimos se pueden mostrar con pulsar una tecla. La pantalla iluminada permite leer \u00f3ptimamente los resultados de medici\u00f3n incluso en la oscuridad.<\/p>\n<p>Tras la medici\u00f3n, el tac\u00f3metro se conserva con seguridad gracias a la tapa protectora desmontable y al estuche para cintur\u00f3n.<\/p>\n<\/article>\n<h3>Volumen de suministro<\/h3>\n<article class=\"child-2 paragraph\">Tac\u00f3metro testo 460 con cinco marcas de reflexi\u00f3n, tapa protectora, protocolo de calibraci\u00f3n, estuche para cintur\u00f3n y pilas.<\/p>\n<\/article>\n<\/div>\n<div class=\"medium-4\">\n<div class=\"m-cert large-12 column\"><\/div>\n<\/div>\n<\/div>\n<\/div>\n<div class=\"c2a-tabSection m-tabs\">\n<div id=\"tab-technicalData\" class=\"large-12 column m-data-tab\">\n<h2>Datos t\u00e9cnicos<\/h2>\n<table>\n<colgroup>\n<col class=\"colWidth25\" \/>\n<col \/><\/colgroup>\n<thead>\n<tr>\n<th colspan=\"2\">Datos t\u00e9cnicos generales<\/th>\n<\/tr>\n<\/thead>\n<tbody>\n<tr>\n<td class=\"table-bold\">Unidades seleccionables<\/td>\n<td>rpm, rps<\/td>\n<\/tr>\n<tr>\n<td class=\"table-bold\">Intervalo de medici\u00f3n<\/td>\n<td>0,5 s<\/td>\n<\/tr>\n<\/tbody>\n<\/table>\n<table>\n<colgroup>\n<col class=\"colWidth25\" \/>\n<col \/><\/colgroup>\n<thead>\n<tr>\n<th colspan=\"2\">rpm &#8211; \u00f3ptico<\/th>\n<\/tr>\n<\/thead>\n<tbody>\n<tr>\n<td class=\"table-bold\">Rango<\/td>\n<td>100 hasta 29999 rpm<\/td>\n<\/tr>\n<tr>\n<td class=\"table-bold\">Exactitud<\/td>\n<td>\u00b1(0,02 % del v.m.)<\/td>\n<\/tr>\n<tr>\n<td class=\"table-bold\">Resoluci\u00f3n<\/td>\n<td>0,1 rpm (100 hasta 999,9 rpm)<\/p>\n<p>1 rpm (1000 hasta 29999 rpm)<\/td>\n<\/tr>\n<\/tbody>\n<\/table>\n<\/div>\n<\/div>\n","protected":false},"excerpt":{"rendered":"<p>El compacto tac\u00f3metro testo 460 proporciona resultados de medici\u00f3n r\u00e1pidos y precisos. Para ventiladores, ejes o motores: gracias al proceso de medici\u00f3n \u00f3ptico sin contacto, la medici\u00f3n de la velocidad de rotaci\u00f3n no supone ning\u00fan problema durante el funcionamiento de la maquinaria.<\/p>\n","protected":false},"featured_media":2000,"comment_status":"open","ping_status":"closed","template":"","meta":{"_joinchat":[]},"product_brand":[],"product_cat":[15],"product_tag":[],"class_list":{"0":"post-1994","1":"product","2":"type-product","3":"status-publish","4":"has-post-thumbnail","6":"product_cat-sin-categorizar","8":"first","9":"instock","10":"shipping-taxable","11":"product-type-simple"},"yoast_head":"<!-- This site is optimized with the Yoast SEO plugin v26.4 - https:\/\/yoast.com\/wordpress\/plugins\/seo\/ -->\n<title>testo 460 - Tac\u00f3metro - Abaa tienda online<\/title>\n<meta name=\"robots\" content=\"index, follow, max-snippet:-1, max-image-preview:large, max-video-preview:-1\" \/>\n<link rel=\"canonical\" href=\"https:\/\/abaa.mx\/tienda\/testo-460-tacometro\/\" \/>\n<meta property=\"og:locale\" content=\"es_MX\" \/>\n<meta property=\"og:type\" content=\"article\" \/>\n<meta property=\"og:title\" content=\"testo 460 - Tac\u00f3metro - Abaa tienda online\" \/>\n<meta property=\"og:description\" content=\"El compacto tac\u00f3metro testo 460 proporciona resultados de medici\u00f3n r\u00e1pidos y precisos. Para ventiladores, ejes o motores: gracias al proceso de medici\u00f3n \u00f3ptico sin contacto, la medici\u00f3n de la velocidad de rotaci\u00f3n no supone ning\u00fan problema durante el funcionamiento de la maquinaria.\" \/>\n<meta property=\"og:url\" content=\"https:\/\/abaa.mx\/tienda\/testo-460-tacometro\/\" \/>\n<meta property=\"og:site_name\" content=\"Abaa tienda online\" \/>\n<meta property=\"og:image\" content=\"https:\/\/abaa.mx\/tienda\/wp-content\/uploads\/2023\/09\/testo-460.jpg\" \/>\n\t<meta property=\"og:image:width\" content=\"337\" \/>\n\t<meta property=\"og:image:height\" content=\"660\" \/>\n\t<meta property=\"og:image:type\" content=\"image\/jpeg\" \/>\n<meta name=\"twitter:card\" content=\"summary_large_image\" \/>\n<meta name=\"twitter:label1\" content=\"Tiempo de lectura\" \/>\n\t<meta name=\"twitter:data1\" content=\"2 minutos\" \/>\n<script type=\"application\/ld+json\" class=\"yoast-schema-graph\">{\"@context\":\"https:\/\/schema.org\",\"@graph\":[{\"@type\":\"WebPage\",\"@id\":\"https:\/\/abaa.mx\/tienda\/testo-460-tacometro\/\",\"url\":\"https:\/\/abaa.mx\/tienda\/testo-460-tacometro\/\",\"name\":\"testo 460 - Tac\u00f3metro - Abaa tienda online\",\"isPartOf\":{\"@id\":\"https:\/\/abaa.mx\/tienda\/#website\"},\"primaryImageOfPage\":{\"@id\":\"https:\/\/abaa.mx\/tienda\/testo-460-tacometro\/#primaryimage\"},\"image\":{\"@id\":\"https:\/\/abaa.mx\/tienda\/testo-460-tacometro\/#primaryimage\"},\"thumbnailUrl\":\"https:\/\/abaa.mx\/tienda\/wp-content\/uploads\/2023\/09\/testo-460.jpg\",\"datePublished\":\"2023-09-19T16:02:13+00:00\",\"breadcrumb\":{\"@id\":\"https:\/\/abaa.mx\/tienda\/testo-460-tacometro\/#breadcrumb\"},\"inLanguage\":\"es\",\"potentialAction\":[{\"@type\":\"ReadAction\",\"target\":[\"https:\/\/abaa.mx\/tienda\/testo-460-tacometro\/\"]}]},{\"@type\":\"ImageObject\",\"inLanguage\":\"es\",\"@id\":\"https:\/\/abaa.mx\/tienda\/testo-460-tacometro\/#primaryimage\",\"url\":\"https:\/\/abaa.mx\/tienda\/wp-content\/uploads\/2023\/09\/testo-460.jpg\",\"contentUrl\":\"https:\/\/abaa.mx\/tienda\/wp-content\/uploads\/2023\/09\/testo-460.jpg\",\"width\":337,\"height\":660,\"caption\":\"testo 460\"},{\"@type\":\"BreadcrumbList\",\"@id\":\"https:\/\/abaa.mx\/tienda\/testo-460-tacometro\/#breadcrumb\",\"itemListElement\":[{\"@type\":\"ListItem\",\"position\":1,\"name\":\"Inicio\",\"item\":\"https:\/\/abaa.mx\/tienda\/\"},{\"@type\":\"ListItem\",\"position\":2,\"name\":\"Tienda\",\"item\":\"https:\/\/abaa.mx\/tienda\/\"},{\"@type\":\"ListItem\",\"position\":3,\"name\":\"testo 460 &#8211; Tac\u00f3metro\"}]},{\"@type\":\"WebSite\",\"@id\":\"https:\/\/abaa.mx\/tienda\/#website\",\"url\":\"https:\/\/abaa.mx\/tienda\/\",\"name\":\"Abaa tienda online\",\"description\":\"Instrumentos de medici\u00f3n\",\"publisher\":{\"@id\":\"https:\/\/abaa.mx\/tienda\/#organization\"},\"potentialAction\":[{\"@type\":\"SearchAction\",\"target\":{\"@type\":\"EntryPoint\",\"urlTemplate\":\"https:\/\/abaa.mx\/tienda\/?s={search_term_string}\"},\"query-input\":{\"@type\":\"PropertyValueSpecification\",\"valueRequired\":true,\"valueName\":\"search_term_string\"}}],\"inLanguage\":\"es\"},{\"@type\":\"Organization\",\"@id\":\"https:\/\/abaa.mx\/tienda\/#organization\",\"name\":\"Abaa tienda online\",\"url\":\"https:\/\/abaa.mx\/tienda\/\",\"logo\":{\"@type\":\"ImageObject\",\"inLanguage\":\"es\",\"@id\":\"https:\/\/abaa.mx\/tienda\/#\/schema\/logo\/image\/\",\"url\":\"https:\/\/abaa.mx\/tienda\/wp-content\/uploads\/2024\/01\/abaa-metrologia-tienda.png\",\"contentUrl\":\"https:\/\/abaa.mx\/tienda\/wp-content\/uploads\/2024\/01\/abaa-metrologia-tienda.png\",\"width\":300,\"height\":141,\"caption\":\"Abaa tienda online\"},\"image\":{\"@id\":\"https:\/\/abaa.mx\/tienda\/#\/schema\/logo\/image\/\"}}]}<\/script>\n<!-- \/ Yoast SEO plugin. -->","yoast_head_json":{"title":"testo 460 - Tac\u00f3metro - Abaa tienda online","robots":{"index":"index","follow":"follow","max-snippet":"max-snippet:-1","max-image-preview":"max-image-preview:large","max-video-preview":"max-video-preview:-1"},"canonical":"https:\/\/abaa.mx\/tienda\/testo-460-tacometro\/","og_locale":"es_MX","og_type":"article","og_title":"testo 460 - Tac\u00f3metro - Abaa tienda online","og_description":"El compacto tac\u00f3metro testo 460 proporciona resultados de medici\u00f3n r\u00e1pidos y precisos. Para ventiladores, ejes o motores: gracias al proceso de medici\u00f3n \u00f3ptico sin contacto, la medici\u00f3n de la velocidad de rotaci\u00f3n no supone ning\u00fan problema durante el funcionamiento de la maquinaria.","og_url":"https:\/\/abaa.mx\/tienda\/testo-460-tacometro\/","og_site_name":"Abaa tienda online","og_image":[{"width":337,"height":660,"url":"https:\/\/abaa.mx\/tienda\/wp-content\/uploads\/2023\/09\/testo-460.jpg","type":"image\/jpeg"}],"twitter_card":"summary_large_image","twitter_misc":{"Tiempo de lectura":"2 minutos"},"schema":{"@context":"https:\/\/schema.org","@graph":[{"@type":"WebPage","@id":"https:\/\/abaa.mx\/tienda\/testo-460-tacometro\/","url":"https:\/\/abaa.mx\/tienda\/testo-460-tacometro\/","name":"testo 460 - Tac\u00f3metro - Abaa tienda online","isPartOf":{"@id":"https:\/\/abaa.mx\/tienda\/#website"},"primaryImageOfPage":{"@id":"https:\/\/abaa.mx\/tienda\/testo-460-tacometro\/#primaryimage"},"image":{"@id":"https:\/\/abaa.mx\/tienda\/testo-460-tacometro\/#primaryimage"},"thumbnailUrl":"https:\/\/abaa.mx\/tienda\/wp-content\/uploads\/2023\/09\/testo-460.jpg","datePublished":"2023-09-19T16:02:13+00:00","breadcrumb":{"@id":"https:\/\/abaa.mx\/tienda\/testo-460-tacometro\/#breadcrumb"},"inLanguage":"es","potentialAction":[{"@type":"ReadAction","target":["https:\/\/abaa.mx\/tienda\/testo-460-tacometro\/"]}]},{"@type":"ImageObject","inLanguage":"es","@id":"https:\/\/abaa.mx\/tienda\/testo-460-tacometro\/#primaryimage","url":"https:\/\/abaa.mx\/tienda\/wp-content\/uploads\/2023\/09\/testo-460.jpg","contentUrl":"https:\/\/abaa.mx\/tienda\/wp-content\/uploads\/2023\/09\/testo-460.jpg","width":337,"height":660,"caption":"testo 460"},{"@type":"BreadcrumbList","@id":"https:\/\/abaa.mx\/tienda\/testo-460-tacometro\/#breadcrumb","itemListElement":[{"@type":"ListItem","position":1,"name":"Inicio","item":"https:\/\/abaa.mx\/tienda\/"},{"@type":"ListItem","position":2,"name":"Tienda","item":"https:\/\/abaa.mx\/tienda\/"},{"@type":"ListItem","position":3,"name":"testo 460 &#8211; Tac\u00f3metro"}]},{"@type":"WebSite","@id":"https:\/\/abaa.mx\/tienda\/#website","url":"https:\/\/abaa.mx\/tienda\/","name":"Abaa tienda online","description":"Instrumentos de medici\u00f3n","publisher":{"@id":"https:\/\/abaa.mx\/tienda\/#organization"},"potentialAction":[{"@type":"SearchAction","target":{"@type":"EntryPoint","urlTemplate":"https:\/\/abaa.mx\/tienda\/?s={search_term_string}"},"query-input":{"@type":"PropertyValueSpecification","valueRequired":true,"valueName":"search_term_string"}}],"inLanguage":"es"},{"@type":"Organization","@id":"https:\/\/abaa.mx\/tienda\/#organization","name":"Abaa tienda online","url":"https:\/\/abaa.mx\/tienda\/","logo":{"@type":"ImageObject","inLanguage":"es","@id":"https:\/\/abaa.mx\/tienda\/#\/schema\/logo\/image\/","url":"https:\/\/abaa.mx\/tienda\/wp-content\/uploads\/2024\/01\/abaa-metrologia-tienda.png","contentUrl":"https:\/\/abaa.mx\/tienda\/wp-content\/uploads\/2024\/01\/abaa-metrologia-tienda.png","width":300,"height":141,"caption":"Abaa tienda online"},"image":{"@id":"https:\/\/abaa.mx\/tienda\/#\/schema\/logo\/image\/"}}]}},"_links":{"self":[{"href":"https:\/\/abaa.mx\/tienda\/wp-json\/wp\/v2\/product\/1994","targetHints":{"allow":["GET"]}}],"collection":[{"href":"https:\/\/abaa.mx\/tienda\/wp-json\/wp\/v2\/product"}],"about":[{"href":"https:\/\/abaa.mx\/tienda\/wp-json\/wp\/v2\/types\/product"}],"replies":[{"embeddable":true,"href":"https:\/\/abaa.mx\/tienda\/wp-json\/wp\/v2\/comments?post=1994"}],"wp:featuredmedia":[{"embeddable":true,"href":"https:\/\/abaa.mx\/tienda\/wp-json\/wp\/v2\/media\/2000"}],"wp:attachment":[{"href":"https:\/\/abaa.mx\/tienda\/wp-json\/wp\/v2\/media?parent=1994"}],"wp:term":[{"taxonomy":"product_brand","embeddable":true,"href":"https:\/\/abaa.mx\/tienda\/wp-json\/wp\/v2\/product_brand?post=1994"},{"taxonomy":"product_cat","embeddable":true,"href":"https:\/\/abaa.mx\/tienda\/wp-json\/wp\/v2\/product_cat?post=1994"},{"taxonomy":"product_tag","embeddable":true,"href":"https:\/\/abaa.mx\/tienda\/wp-json\/wp\/v2\/product_tag?post=1994"}],"curies":[{"name":"wp","href":"https:\/\/api.w.org\/{rel}","templated":true}]}}