{"id":1987,"date":"2023-09-19T15:41:20","date_gmt":"2023-09-19T15:41:20","guid":{"rendered":"https:\/\/abaa.mx\/tienda\/?post_type=product&#038;p=1987"},"modified":"2023-09-19T15:41:20","modified_gmt":"2023-09-19T15:41:20","slug":"testo-815-medidor-de-ruido","status":"publish","type":"product","link":"https:\/\/abaa.mx\/tienda\/testo-815-medidor-de-ruido\/","title":{"rendered":"testo 815 &#8211; medidor de ruido"},"content":{"rendered":"<p>El medidor de ruido testo 815 puede utilizarse para mediciones de control en el \u00e1rea de calefacci\u00f3n y aire acondicionado, en plantas de combusti\u00f3n o en cualquier puesto de trabajo. Adem\u00e1s, tambi\u00e9n es posible determinar el ruido de cualquier maquinaria o discoteca nocturna de forma r\u00e1pida y precisa.<\/p>\n<div class=\"m-list\">\n<ul class=\"list-elements\">\n<li>Evaluaci\u00f3n de las frecuencias seg\u00fan la curva caracter\u00edstica A y C<\/li>\n<li>Ajuste sencillo (destornillador de ajuste incluido en el volumen de suministro)<\/li>\n<li>Memoria m\u00edn. \/ m\u00e1x.<\/li>\n<li>Tornillo del tr\u00edpode incorporado (1\/4 pulgada)<\/li>\n<\/ul>\n<\/div>\n<p class=\"text\">Determine el nivel de ruido en el trabajo diario de forma r\u00e1pida, sencilla y confiable con el medidor de ruido testo 815.<\/p>\n<div class=\"c2a-tabSection m-tabs\">\n<div id=\"tab-details\" class=\"large-12 column m-tab-pdp\">\n<div class=\"medium-8\">\n<article class=\"child-1 paragraph\">\n<h3>Aplicaciones del medidor de ruido testo 815<\/h3>\n<ul>\n<li><strong>Tecnolog\u00eda de calefacci\u00f3n:<\/strong>\u00a0Medici\u00f3n del volumen de los quemadores<\/li>\n<li><strong>Industria y comercio:\u00a0<\/strong>Medici\u00f3n del ruido de las m\u00e1quinas<\/li>\n<li><strong>Tecnolog\u00eda escenogr\u00e1fica o autoridades p\u00fablicas:\u00a0<\/strong>Niveles de ruido en eventos<\/li>\n<li><strong>Mantenimiento de edificios:<\/strong>\u00a0Mediciones simples por parte de los conserjes en caso de quejas<\/li>\n<li><strong>Construcci\u00f3n:\u00a0<\/strong>Comprobaci\u00f3n de compresores y agregados<\/li>\n<\/ul>\n<\/article>\n<h3>Volumen de suministro<\/h3>\n<article class=\"child-2 paragraph\">Medidor de ruido testo 815, incl. destornillador para calibraci\u00f3n, pantalla antiviento y pila.<\/article>\n<\/div>\n<div class=\"medium-4\">\n<div class=\"m-cert large-12 column\"><\/div>\n<\/div>\n<\/div>\n<\/div>\n<hr \/>\n<div class=\"c2a-tabSection m-tabs\">\n<div id=\"tab-technicalData\" class=\"large-12 column m-data-tab\">\n<h2>Datos t\u00e9cnicos<\/h2>\n<table>\n<colgroup>\n<col class=\"colWidth25\" \/>\n<col \/><\/colgroup>\n<thead>\n<tr>\n<th colspan=\"2\">Datos t\u00e9cnicos generales<\/th>\n<\/tr>\n<\/thead>\n<tbody>\n<tr>\n<td class=\"table-bold\">Peso<\/td>\n<td>195 g<\/td>\n<\/tr>\n<tr>\n<td class=\"table-bold\">Medidas<\/td>\n<td>255 X 55 X 43 mm<\/td>\n<\/tr>\n<tr>\n<td class=\"table-bold\">Temperatura de funcionamiento<\/td>\n<td>0 hasta +40 \u00baC<\/td>\n<\/tr>\n<tr>\n<td class=\"table-bold\">Material de la carcasa \/ del producto<\/td>\n<td>Pl\u00e1stico (ABS)<\/td>\n<\/tr>\n<tr>\n<td class=\"table-bold\">Evaluaci\u00f3n de las frecuencias<\/td>\n<td>A\/C<\/td>\n<\/tr>\n<tr>\n<td class=\"table-bold\">Rangos de medici\u00f3n por secciones<\/td>\n<td>30 &#8211; 80 dB; 50 &#8211; 100 dB; 80 &#8211; 130 dB<\/td>\n<\/tr>\n<tr>\n<td class=\"table-bold\">Ponderaci\u00f3n temporal<\/td>\n<td>r\u00e1pido 125 ms \/ lento 1s<\/td>\n<\/tr>\n<tr>\n<td class=\"table-bold\">Dependencia de la presi\u00f3n<\/td>\n<td>-0,002 dB\/hPa<\/td>\n<\/tr>\n<tr>\n<td class=\"table-bold\">Tipo de bater\u00eda<\/td>\n<td>Pila cuadrada (9 V, 6F22)<\/td>\n<\/tr>\n<tr>\n<td class=\"table-bold\">Autonom\u00eda<\/td>\n<td>70 h<\/td>\n<\/tr>\n<tr>\n<td class=\"table-bold\">Temperatura de almacenamiento<\/td>\n<td>-10 hasta +60 \u00baC<\/td>\n<\/tr>\n<\/tbody>\n<\/table>\n<table>\n<colgroup>\n<col class=\"colWidth25\" \/>\n<col \/><\/colgroup>\n<thead>\n<tr>\n<th colspan=\"2\">Presi\u00f3n ac\u00fastica<\/th>\n<\/tr>\n<\/thead>\n<tbody>\n<tr>\n<td class=\"table-bold\">Rango de frecuencias<\/td>\n<td>31,5 Hz hasta 8 kHz<\/td>\n<\/tr>\n<tr>\n<td class=\"table-bold\">Rango<\/td>\n<td>+32 hasta +130 dB<\/td>\n<\/tr>\n<tr>\n<td class=\"table-bold\">Exactitud<\/td>\n<td>\u00b11,0 dB<\/td>\n<\/tr>\n<tr>\n<td class=\"table-bold\">Resoluci\u00f3n<\/td>\n<td>0,1 dB<\/td>\n<\/tr>\n<tr>\n<td class=\"table-bold\">C\u00edclo de medici\u00f3n<\/td>\n<td>5 s<\/td>\n<\/tr>\n<\/tbody>\n<\/table>\n<\/div>\n<\/div>\n","protected":false},"excerpt":{"rendered":"<p>El medidor de ruido testo 815 puede utilizarse para mediciones de control en el \u00e1rea de calefacci\u00f3n y aire acondicionado, en plantas de combusti\u00f3n o en cualquier puesto de trabajo. Adem\u00e1s, tambi\u00e9n es posible determinar el ruido de cualquier maquinaria o discoteca nocturna de forma r\u00e1pida y precisa.<\/p>\n","protected":false},"featured_media":1989,"comment_status":"open","ping_status":"closed","template":"","meta":{"_joinchat":[]},"product_brand":[],"product_cat":[15],"product_tag":[],"class_list":{"0":"post-1987","1":"product","2":"type-product","3":"status-publish","4":"has-post-thumbnail","6":"product_cat-sin-categorizar","8":"first","9":"instock","10":"shipping-taxable","11":"product-type-simple"},"yoast_head":"<!-- This site is optimized with the Yoast SEO plugin v26.4 - https:\/\/yoast.com\/wordpress\/plugins\/seo\/ -->\n<title>testo 815 - medidor de ruido - Abaa tienda online<\/title>\n<meta name=\"robots\" content=\"index, follow, max-snippet:-1, max-image-preview:large, max-video-preview:-1\" \/>\n<link rel=\"canonical\" href=\"https:\/\/abaa.mx\/tienda\/testo-815-medidor-de-ruido\/\" \/>\n<meta property=\"og:locale\" content=\"es_MX\" \/>\n<meta property=\"og:type\" content=\"article\" \/>\n<meta property=\"og:title\" content=\"testo 815 - medidor de ruido - Abaa tienda online\" \/>\n<meta property=\"og:description\" content=\"El medidor de ruido testo 815 puede utilizarse para mediciones de control en el \u00e1rea de calefacci\u00f3n y aire acondicionado, en plantas de combusti\u00f3n o en cualquier puesto de trabajo. Adem\u00e1s, tambi\u00e9n es posible determinar el ruido de cualquier maquinaria o discoteca nocturna de forma r\u00e1pida y precisa.\" \/>\n<meta property=\"og:url\" content=\"https:\/\/abaa.mx\/tienda\/testo-815-medidor-de-ruido\/\" \/>\n<meta property=\"og:site_name\" content=\"Abaa tienda online\" \/>\n<meta property=\"og:image\" content=\"https:\/\/abaa.mx\/tienda\/wp-content\/uploads\/2023\/09\/tesdto-815.jpg\" \/>\n\t<meta property=\"og:image:width\" content=\"640\" \/>\n\t<meta property=\"og:image:height\" content=\"640\" \/>\n\t<meta property=\"og:image:type\" content=\"image\/jpeg\" \/>\n<meta name=\"twitter:card\" content=\"summary_large_image\" \/>\n<meta name=\"twitter:label1\" content=\"Tiempo de lectura\" \/>\n\t<meta name=\"twitter:data1\" content=\"2 minutos\" \/>\n<script type=\"application\/ld+json\" class=\"yoast-schema-graph\">{\"@context\":\"https:\/\/schema.org\",\"@graph\":[{\"@type\":\"WebPage\",\"@id\":\"https:\/\/abaa.mx\/tienda\/testo-815-medidor-de-ruido\/\",\"url\":\"https:\/\/abaa.mx\/tienda\/testo-815-medidor-de-ruido\/\",\"name\":\"testo 815 - medidor de ruido - Abaa tienda online\",\"isPartOf\":{\"@id\":\"https:\/\/abaa.mx\/tienda\/#website\"},\"primaryImageOfPage\":{\"@id\":\"https:\/\/abaa.mx\/tienda\/testo-815-medidor-de-ruido\/#primaryimage\"},\"image\":{\"@id\":\"https:\/\/abaa.mx\/tienda\/testo-815-medidor-de-ruido\/#primaryimage\"},\"thumbnailUrl\":\"https:\/\/abaa.mx\/tienda\/wp-content\/uploads\/2023\/09\/tesdto-815.jpg\",\"datePublished\":\"2023-09-19T15:41:20+00:00\",\"breadcrumb\":{\"@id\":\"https:\/\/abaa.mx\/tienda\/testo-815-medidor-de-ruido\/#breadcrumb\"},\"inLanguage\":\"es\",\"potentialAction\":[{\"@type\":\"ReadAction\",\"target\":[\"https:\/\/abaa.mx\/tienda\/testo-815-medidor-de-ruido\/\"]}]},{\"@type\":\"ImageObject\",\"inLanguage\":\"es\",\"@id\":\"https:\/\/abaa.mx\/tienda\/testo-815-medidor-de-ruido\/#primaryimage\",\"url\":\"https:\/\/abaa.mx\/tienda\/wp-content\/uploads\/2023\/09\/tesdto-815.jpg\",\"contentUrl\":\"https:\/\/abaa.mx\/tienda\/wp-content\/uploads\/2023\/09\/tesdto-815.jpg\",\"width\":640,\"height\":640,\"caption\":\"testo 815\"},{\"@type\":\"BreadcrumbList\",\"@id\":\"https:\/\/abaa.mx\/tienda\/testo-815-medidor-de-ruido\/#breadcrumb\",\"itemListElement\":[{\"@type\":\"ListItem\",\"position\":1,\"name\":\"Inicio\",\"item\":\"https:\/\/abaa.mx\/tienda\/\"},{\"@type\":\"ListItem\",\"position\":2,\"name\":\"Tienda\",\"item\":\"https:\/\/abaa.mx\/tienda\/\"},{\"@type\":\"ListItem\",\"position\":3,\"name\":\"testo 815 &#8211; medidor de ruido\"}]},{\"@type\":\"WebSite\",\"@id\":\"https:\/\/abaa.mx\/tienda\/#website\",\"url\":\"https:\/\/abaa.mx\/tienda\/\",\"name\":\"Abaa tienda online\",\"description\":\"Instrumentos de medici\u00f3n\",\"publisher\":{\"@id\":\"https:\/\/abaa.mx\/tienda\/#organization\"},\"potentialAction\":[{\"@type\":\"SearchAction\",\"target\":{\"@type\":\"EntryPoint\",\"urlTemplate\":\"https:\/\/abaa.mx\/tienda\/?s={search_term_string}\"},\"query-input\":{\"@type\":\"PropertyValueSpecification\",\"valueRequired\":true,\"valueName\":\"search_term_string\"}}],\"inLanguage\":\"es\"},{\"@type\":\"Organization\",\"@id\":\"https:\/\/abaa.mx\/tienda\/#organization\",\"name\":\"Abaa tienda online\",\"url\":\"https:\/\/abaa.mx\/tienda\/\",\"logo\":{\"@type\":\"ImageObject\",\"inLanguage\":\"es\",\"@id\":\"https:\/\/abaa.mx\/tienda\/#\/schema\/logo\/image\/\",\"url\":\"https:\/\/abaa.mx\/tienda\/wp-content\/uploads\/2024\/01\/abaa-metrologia-tienda.png\",\"contentUrl\":\"https:\/\/abaa.mx\/tienda\/wp-content\/uploads\/2024\/01\/abaa-metrologia-tienda.png\",\"width\":300,\"height\":141,\"caption\":\"Abaa tienda online\"},\"image\":{\"@id\":\"https:\/\/abaa.mx\/tienda\/#\/schema\/logo\/image\/\"}}]}<\/script>\n<!-- \/ Yoast SEO plugin. -->","yoast_head_json":{"title":"testo 815 - medidor de ruido - Abaa tienda online","robots":{"index":"index","follow":"follow","max-snippet":"max-snippet:-1","max-image-preview":"max-image-preview:large","max-video-preview":"max-video-preview:-1"},"canonical":"https:\/\/abaa.mx\/tienda\/testo-815-medidor-de-ruido\/","og_locale":"es_MX","og_type":"article","og_title":"testo 815 - medidor de ruido - Abaa tienda online","og_description":"El medidor de ruido testo 815 puede utilizarse para mediciones de control en el \u00e1rea de calefacci\u00f3n y aire acondicionado, en plantas de combusti\u00f3n o en cualquier puesto de trabajo. Adem\u00e1s, tambi\u00e9n es posible determinar el ruido de cualquier maquinaria o discoteca nocturna de forma r\u00e1pida y precisa.","og_url":"https:\/\/abaa.mx\/tienda\/testo-815-medidor-de-ruido\/","og_site_name":"Abaa tienda online","og_image":[{"width":640,"height":640,"url":"https:\/\/abaa.mx\/tienda\/wp-content\/uploads\/2023\/09\/tesdto-815.jpg","type":"image\/jpeg"}],"twitter_card":"summary_large_image","twitter_misc":{"Tiempo de lectura":"2 minutos"},"schema":{"@context":"https:\/\/schema.org","@graph":[{"@type":"WebPage","@id":"https:\/\/abaa.mx\/tienda\/testo-815-medidor-de-ruido\/","url":"https:\/\/abaa.mx\/tienda\/testo-815-medidor-de-ruido\/","name":"testo 815 - medidor de ruido - Abaa tienda online","isPartOf":{"@id":"https:\/\/abaa.mx\/tienda\/#website"},"primaryImageOfPage":{"@id":"https:\/\/abaa.mx\/tienda\/testo-815-medidor-de-ruido\/#primaryimage"},"image":{"@id":"https:\/\/abaa.mx\/tienda\/testo-815-medidor-de-ruido\/#primaryimage"},"thumbnailUrl":"https:\/\/abaa.mx\/tienda\/wp-content\/uploads\/2023\/09\/tesdto-815.jpg","datePublished":"2023-09-19T15:41:20+00:00","breadcrumb":{"@id":"https:\/\/abaa.mx\/tienda\/testo-815-medidor-de-ruido\/#breadcrumb"},"inLanguage":"es","potentialAction":[{"@type":"ReadAction","target":["https:\/\/abaa.mx\/tienda\/testo-815-medidor-de-ruido\/"]}]},{"@type":"ImageObject","inLanguage":"es","@id":"https:\/\/abaa.mx\/tienda\/testo-815-medidor-de-ruido\/#primaryimage","url":"https:\/\/abaa.mx\/tienda\/wp-content\/uploads\/2023\/09\/tesdto-815.jpg","contentUrl":"https:\/\/abaa.mx\/tienda\/wp-content\/uploads\/2023\/09\/tesdto-815.jpg","width":640,"height":640,"caption":"testo 815"},{"@type":"BreadcrumbList","@id":"https:\/\/abaa.mx\/tienda\/testo-815-medidor-de-ruido\/#breadcrumb","itemListElement":[{"@type":"ListItem","position":1,"name":"Inicio","item":"https:\/\/abaa.mx\/tienda\/"},{"@type":"ListItem","position":2,"name":"Tienda","item":"https:\/\/abaa.mx\/tienda\/"},{"@type":"ListItem","position":3,"name":"testo 815 &#8211; medidor de ruido"}]},{"@type":"WebSite","@id":"https:\/\/abaa.mx\/tienda\/#website","url":"https:\/\/abaa.mx\/tienda\/","name":"Abaa tienda online","description":"Instrumentos de medici\u00f3n","publisher":{"@id":"https:\/\/abaa.mx\/tienda\/#organization"},"potentialAction":[{"@type":"SearchAction","target":{"@type":"EntryPoint","urlTemplate":"https:\/\/abaa.mx\/tienda\/?s={search_term_string}"},"query-input":{"@type":"PropertyValueSpecification","valueRequired":true,"valueName":"search_term_string"}}],"inLanguage":"es"},{"@type":"Organization","@id":"https:\/\/abaa.mx\/tienda\/#organization","name":"Abaa tienda online","url":"https:\/\/abaa.mx\/tienda\/","logo":{"@type":"ImageObject","inLanguage":"es","@id":"https:\/\/abaa.mx\/tienda\/#\/schema\/logo\/image\/","url":"https:\/\/abaa.mx\/tienda\/wp-content\/uploads\/2024\/01\/abaa-metrologia-tienda.png","contentUrl":"https:\/\/abaa.mx\/tienda\/wp-content\/uploads\/2024\/01\/abaa-metrologia-tienda.png","width":300,"height":141,"caption":"Abaa tienda online"},"image":{"@id":"https:\/\/abaa.mx\/tienda\/#\/schema\/logo\/image\/"}}]}},"_links":{"self":[{"href":"https:\/\/abaa.mx\/tienda\/wp-json\/wp\/v2\/product\/1987","targetHints":{"allow":["GET"]}}],"collection":[{"href":"https:\/\/abaa.mx\/tienda\/wp-json\/wp\/v2\/product"}],"about":[{"href":"https:\/\/abaa.mx\/tienda\/wp-json\/wp\/v2\/types\/product"}],"replies":[{"embeddable":true,"href":"https:\/\/abaa.mx\/tienda\/wp-json\/wp\/v2\/comments?post=1987"}],"wp:featuredmedia":[{"embeddable":true,"href":"https:\/\/abaa.mx\/tienda\/wp-json\/wp\/v2\/media\/1989"}],"wp:attachment":[{"href":"https:\/\/abaa.mx\/tienda\/wp-json\/wp\/v2\/media?parent=1987"}],"wp:term":[{"taxonomy":"product_brand","embeddable":true,"href":"https:\/\/abaa.mx\/tienda\/wp-json\/wp\/v2\/product_brand?post=1987"},{"taxonomy":"product_cat","embeddable":true,"href":"https:\/\/abaa.mx\/tienda\/wp-json\/wp\/v2\/product_cat?post=1987"},{"taxonomy":"product_tag","embeddable":true,"href":"https:\/\/abaa.mx\/tienda\/wp-json\/wp\/v2\/product_tag?post=1987"}],"curies":[{"name":"wp","href":"https:\/\/api.w.org\/{rel}","templated":true}]}}