{"id":1952,"date":"2023-09-18T22:00:27","date_gmt":"2023-09-18T22:00:27","guid":{"rendered":"https:\/\/abaa.mx\/tienda\/?post_type=product&#038;p=1952"},"modified":"2023-09-18T22:00:27","modified_gmt":"2023-09-18T22:00:27","slug":"termometro-lo-tox-20-a-150c-inmersion-parcial-brannan","status":"publish","type":"product","link":"https:\/\/abaa.mx\/tienda\/termometro-lo-tox-20-a-150c-inmersion-parcial-brannan\/","title":{"rendered":"Term\u00f3metro Lo-tox -20 A 150\u00b0c Inmersi\u00f3n Parcial Brannan"},"content":{"rendered":"<h1 class=\"ui-pdp-title\">Term\u00f3metro Lo-tox -20 A 150\u00b0c Inmersi\u00f3n Parcial Brannan<\/h1>\n<h2 class=\"ui-pdp-description__title\">Descripci\u00f3n<\/h2>\n<p class=\"ui-pdp-description__content\">Brannan Term\u00f3metro de inmersi\u00f3n parcial para laboratorio relleno Lo Tox<br \/>\nTerm\u00f3metro de uso general\/agitaci\u00f3n con un relleno azul de baja toxicidad y respetuoso con el medio ambiente. Los term\u00f3metros con relleno de alcohol azul sin mercurio Brannan Lo-Tox est\u00e1n fabricados conforme a patrones trazables.<\/p>\n<p>TERM\u00d3METRO BRANNA LO-TOX DE ALCOHOL AZUL -20 A 150\u00b0C<\/p>\n<p>Especificaciones:<\/p>\n<p class=\"ui-pdp-description__content\">\nRelleno del frasco &#8211; Alcohol azul<br \/>\nPara utilizar con (aplicaci\u00f3n) &#8211; Uso general<br \/>\nLongitud de inmersi\u00f3n -76 mm<br \/>\nTipo de inmersi\u00f3n &#8211; Parcial<br \/>\nIncluye &#8211; Tap\u00f3n de cierre no enrollable Brannan<\/p>\n<h5><strong>Modelos\u00a0<\/strong><\/h5>\n<table class=\"andes-table\">\n<tbody class=\"andes-table__body\">\n<tr class=\"andes-table__row ui-vpp-striped-specs__row\">\n<th class=\"andes-table__header andes-table__header--left ui-vpp-striped-specs__row__column ui-vpp-striped-specs__row__column--id\" scope=\"col\">\n<div class=\"andes-table__header__container\">Marca<\/div>\n<\/th>\n<td id=\":R56van9lacd:\" class=\"andes-table__column andes-table__column--left andes-table__column--vertical-align-center ui-vpp-striped-specs__row__column\" title=\"Brannan\"><span class=\"andes-table__column--value\">Brannan<\/span><\/td>\n<\/tr>\n<tr class=\"andes-table__row ui-vpp-striped-specs__row\">\n<th class=\"andes-table__header andes-table__header--left ui-vpp-striped-specs__row__column ui-vpp-striped-specs__row__column--id\" scope=\"col\">\n<div class=\"andes-table__header__container\">Modelo<\/div>\n<\/th>\n<td id=\":R57fan9lacd:\" class=\"andes-table__column andes-table__column--left andes-table__column--vertical-align-center ui-vpp-striped-specs__row__column\" title=\"44\/811\/8\"><span class=\"andes-table__column--value\">44\/811\/8<\/span><\/td>\n<\/tr>\n<\/tbody>\n<\/table>\n","protected":false},"excerpt":{"rendered":"<p>Temperatura m\u00e1xima:\u00a0<strong>150 \u00b0C<\/strong><\/p>\n<p>Altura: 305 mm Descripci\u00f3n Term\u00f3metro de Inmersi\u00f3n Total de Alcohol Marca: Brannan Color Azul Lo-Tox No t\u00f3xico Utilizado para medir la temperatura en diferentes muestras l\u00edquidas, tambi\u00e9n para llevar un control de la temperatura en diferentes equipos, por ejemplo incubadoras, hornos, congeladores, refrigeradores.<\/p>\n","protected":false},"featured_media":1956,"comment_status":"open","ping_status":"closed","template":"","meta":{"_joinchat":[]},"product_brand":[],"product_cat":[15],"product_tag":[],"class_list":{"0":"post-1952","1":"product","2":"type-product","3":"status-publish","4":"has-post-thumbnail","6":"product_cat-sin-categorizar","8":"first","9":"instock","10":"shipping-taxable","11":"product-type-simple"},"yoast_head":"<!-- This site is optimized with the Yoast SEO plugin v26.4 - https:\/\/yoast.com\/wordpress\/plugins\/seo\/ -->\n<title>Term\u00f3metro Lo-tox -20 A 150\u00b0c Inmersi\u00f3n Parcial Brannan - Abaa tienda online<\/title>\n<meta name=\"robots\" content=\"index, follow, max-snippet:-1, max-image-preview:large, max-video-preview:-1\" \/>\n<link rel=\"canonical\" href=\"https:\/\/abaa.mx\/tienda\/termometro-lo-tox-20-a-150c-inmersion-parcial-brannan\/\" \/>\n<meta property=\"og:locale\" content=\"es_MX\" \/>\n<meta property=\"og:type\" content=\"article\" \/>\n<meta property=\"og:title\" content=\"Term\u00f3metro Lo-tox -20 A 150\u00b0c Inmersi\u00f3n Parcial Brannan - Abaa tienda online\" \/>\n<meta property=\"og:description\" content=\"Temperatura m\u00e1xima:\u00a0150 \u00b0C  Altura: 305 mm Descripci\u00f3n Term\u00f3metro de Inmersi\u00f3n Total de Alcohol Marca: Brannan Color Azul Lo-Tox No t\u00f3xico Utilizado para medir la temperatura en diferentes muestras l\u00edquidas, tambi\u00e9n para llevar un control de la temperatura en diferentes equipos, por ejemplo incubadoras, hornos, congeladores, refrigeradores.\" \/>\n<meta property=\"og:url\" content=\"https:\/\/abaa.mx\/tienda\/termometro-lo-tox-20-a-150c-inmersion-parcial-brannan\/\" \/>\n<meta property=\"og:site_name\" content=\"Abaa tienda online\" \/>\n<meta property=\"og:image\" content=\"https:\/\/abaa.mx\/tienda\/wp-content\/uploads\/2023\/09\/20-a-150\u00b0.jpg\" \/>\n\t<meta property=\"og:image:width\" content=\"1200\" \/>\n\t<meta property=\"og:image:height\" content=\"800\" \/>\n\t<meta property=\"og:image:type\" content=\"image\/jpeg\" \/>\n<meta name=\"twitter:card\" content=\"summary_large_image\" \/>\n<meta name=\"twitter:label1\" content=\"Tiempo de lectura\" \/>\n\t<meta name=\"twitter:data1\" content=\"1 minuto\" \/>\n<script type=\"application\/ld+json\" class=\"yoast-schema-graph\">{\"@context\":\"https:\/\/schema.org\",\"@graph\":[{\"@type\":\"WebPage\",\"@id\":\"https:\/\/abaa.mx\/tienda\/termometro-lo-tox-20-a-150c-inmersion-parcial-brannan\/\",\"url\":\"https:\/\/abaa.mx\/tienda\/termometro-lo-tox-20-a-150c-inmersion-parcial-brannan\/\",\"name\":\"Term\u00f3metro Lo-tox -20 A 150\u00b0c Inmersi\u00f3n Parcial Brannan - Abaa tienda online\",\"isPartOf\":{\"@id\":\"https:\/\/abaa.mx\/tienda\/#website\"},\"primaryImageOfPage\":{\"@id\":\"https:\/\/abaa.mx\/tienda\/termometro-lo-tox-20-a-150c-inmersion-parcial-brannan\/#primaryimage\"},\"image\":{\"@id\":\"https:\/\/abaa.mx\/tienda\/termometro-lo-tox-20-a-150c-inmersion-parcial-brannan\/#primaryimage\"},\"thumbnailUrl\":\"https:\/\/abaa.mx\/tienda\/wp-content\/uploads\/2023\/09\/20-a-150\u00b0.jpg\",\"datePublished\":\"2023-09-18T22:00:27+00:00\",\"breadcrumb\":{\"@id\":\"https:\/\/abaa.mx\/tienda\/termometro-lo-tox-20-a-150c-inmersion-parcial-brannan\/#breadcrumb\"},\"inLanguage\":\"es\",\"potentialAction\":[{\"@type\":\"ReadAction\",\"target\":[\"https:\/\/abaa.mx\/tienda\/termometro-lo-tox-20-a-150c-inmersion-parcial-brannan\/\"]}]},{\"@type\":\"ImageObject\",\"inLanguage\":\"es\",\"@id\":\"https:\/\/abaa.mx\/tienda\/termometro-lo-tox-20-a-150c-inmersion-parcial-brannan\/#primaryimage\",\"url\":\"https:\/\/abaa.mx\/tienda\/wp-content\/uploads\/2023\/09\/20-a-150\u00b0.jpg\",\"contentUrl\":\"https:\/\/abaa.mx\/tienda\/wp-content\/uploads\/2023\/09\/20-a-150\u00b0.jpg\",\"width\":1200,\"height\":800,\"caption\":\"termometro-lo-tox-20-a-150c-inmersion-parcial-brannan\"},{\"@type\":\"BreadcrumbList\",\"@id\":\"https:\/\/abaa.mx\/tienda\/termometro-lo-tox-20-a-150c-inmersion-parcial-brannan\/#breadcrumb\",\"itemListElement\":[{\"@type\":\"ListItem\",\"position\":1,\"name\":\"Inicio\",\"item\":\"https:\/\/abaa.mx\/tienda\/\"},{\"@type\":\"ListItem\",\"position\":2,\"name\":\"Tienda\",\"item\":\"https:\/\/abaa.mx\/tienda\/\"},{\"@type\":\"ListItem\",\"position\":3,\"name\":\"Term\u00f3metro Lo-tox -20 A 150\u00b0c Inmersi\u00f3n Parcial Brannan\"}]},{\"@type\":\"WebSite\",\"@id\":\"https:\/\/abaa.mx\/tienda\/#website\",\"url\":\"https:\/\/abaa.mx\/tienda\/\",\"name\":\"Abaa tienda online\",\"description\":\"Instrumentos de medici\u00f3n\",\"publisher\":{\"@id\":\"https:\/\/abaa.mx\/tienda\/#organization\"},\"potentialAction\":[{\"@type\":\"SearchAction\",\"target\":{\"@type\":\"EntryPoint\",\"urlTemplate\":\"https:\/\/abaa.mx\/tienda\/?s={search_term_string}\"},\"query-input\":{\"@type\":\"PropertyValueSpecification\",\"valueRequired\":true,\"valueName\":\"search_term_string\"}}],\"inLanguage\":\"es\"},{\"@type\":\"Organization\",\"@id\":\"https:\/\/abaa.mx\/tienda\/#organization\",\"name\":\"Abaa tienda online\",\"url\":\"https:\/\/abaa.mx\/tienda\/\",\"logo\":{\"@type\":\"ImageObject\",\"inLanguage\":\"es\",\"@id\":\"https:\/\/abaa.mx\/tienda\/#\/schema\/logo\/image\/\",\"url\":\"https:\/\/abaa.mx\/tienda\/wp-content\/uploads\/2024\/01\/abaa-metrologia-tienda.png\",\"contentUrl\":\"https:\/\/abaa.mx\/tienda\/wp-content\/uploads\/2024\/01\/abaa-metrologia-tienda.png\",\"width\":300,\"height\":141,\"caption\":\"Abaa tienda online\"},\"image\":{\"@id\":\"https:\/\/abaa.mx\/tienda\/#\/schema\/logo\/image\/\"}}]}<\/script>\n<!-- \/ Yoast SEO plugin. -->","yoast_head_json":{"title":"Term\u00f3metro Lo-tox -20 A 150\u00b0c Inmersi\u00f3n Parcial Brannan - Abaa tienda online","robots":{"index":"index","follow":"follow","max-snippet":"max-snippet:-1","max-image-preview":"max-image-preview:large","max-video-preview":"max-video-preview:-1"},"canonical":"https:\/\/abaa.mx\/tienda\/termometro-lo-tox-20-a-150c-inmersion-parcial-brannan\/","og_locale":"es_MX","og_type":"article","og_title":"Term\u00f3metro Lo-tox -20 A 150\u00b0c Inmersi\u00f3n Parcial Brannan - Abaa tienda online","og_description":"Temperatura m\u00e1xima:\u00a0150 \u00b0C  Altura: 305 mm Descripci\u00f3n Term\u00f3metro de Inmersi\u00f3n Total de Alcohol Marca: Brannan Color Azul Lo-Tox No t\u00f3xico Utilizado para medir la temperatura en diferentes muestras l\u00edquidas, tambi\u00e9n para llevar un control de la temperatura en diferentes equipos, por ejemplo incubadoras, hornos, congeladores, refrigeradores.","og_url":"https:\/\/abaa.mx\/tienda\/termometro-lo-tox-20-a-150c-inmersion-parcial-brannan\/","og_site_name":"Abaa tienda online","og_image":[{"width":1200,"height":800,"url":"https:\/\/abaa.mx\/tienda\/wp-content\/uploads\/2023\/09\/20-a-150\u00b0.jpg","type":"image\/jpeg"}],"twitter_card":"summary_large_image","twitter_misc":{"Tiempo de lectura":"1 minuto"},"schema":{"@context":"https:\/\/schema.org","@graph":[{"@type":"WebPage","@id":"https:\/\/abaa.mx\/tienda\/termometro-lo-tox-20-a-150c-inmersion-parcial-brannan\/","url":"https:\/\/abaa.mx\/tienda\/termometro-lo-tox-20-a-150c-inmersion-parcial-brannan\/","name":"Term\u00f3metro Lo-tox -20 A 150\u00b0c Inmersi\u00f3n Parcial Brannan - Abaa tienda online","isPartOf":{"@id":"https:\/\/abaa.mx\/tienda\/#website"},"primaryImageOfPage":{"@id":"https:\/\/abaa.mx\/tienda\/termometro-lo-tox-20-a-150c-inmersion-parcial-brannan\/#primaryimage"},"image":{"@id":"https:\/\/abaa.mx\/tienda\/termometro-lo-tox-20-a-150c-inmersion-parcial-brannan\/#primaryimage"},"thumbnailUrl":"https:\/\/abaa.mx\/tienda\/wp-content\/uploads\/2023\/09\/20-a-150\u00b0.jpg","datePublished":"2023-09-18T22:00:27+00:00","breadcrumb":{"@id":"https:\/\/abaa.mx\/tienda\/termometro-lo-tox-20-a-150c-inmersion-parcial-brannan\/#breadcrumb"},"inLanguage":"es","potentialAction":[{"@type":"ReadAction","target":["https:\/\/abaa.mx\/tienda\/termometro-lo-tox-20-a-150c-inmersion-parcial-brannan\/"]}]},{"@type":"ImageObject","inLanguage":"es","@id":"https:\/\/abaa.mx\/tienda\/termometro-lo-tox-20-a-150c-inmersion-parcial-brannan\/#primaryimage","url":"https:\/\/abaa.mx\/tienda\/wp-content\/uploads\/2023\/09\/20-a-150\u00b0.jpg","contentUrl":"https:\/\/abaa.mx\/tienda\/wp-content\/uploads\/2023\/09\/20-a-150\u00b0.jpg","width":1200,"height":800,"caption":"termometro-lo-tox-20-a-150c-inmersion-parcial-brannan"},{"@type":"BreadcrumbList","@id":"https:\/\/abaa.mx\/tienda\/termometro-lo-tox-20-a-150c-inmersion-parcial-brannan\/#breadcrumb","itemListElement":[{"@type":"ListItem","position":1,"name":"Inicio","item":"https:\/\/abaa.mx\/tienda\/"},{"@type":"ListItem","position":2,"name":"Tienda","item":"https:\/\/abaa.mx\/tienda\/"},{"@type":"ListItem","position":3,"name":"Term\u00f3metro Lo-tox -20 A 150\u00b0c Inmersi\u00f3n Parcial Brannan"}]},{"@type":"WebSite","@id":"https:\/\/abaa.mx\/tienda\/#website","url":"https:\/\/abaa.mx\/tienda\/","name":"Abaa tienda online","description":"Instrumentos de medici\u00f3n","publisher":{"@id":"https:\/\/abaa.mx\/tienda\/#organization"},"potentialAction":[{"@type":"SearchAction","target":{"@type":"EntryPoint","urlTemplate":"https:\/\/abaa.mx\/tienda\/?s={search_term_string}"},"query-input":{"@type":"PropertyValueSpecification","valueRequired":true,"valueName":"search_term_string"}}],"inLanguage":"es"},{"@type":"Organization","@id":"https:\/\/abaa.mx\/tienda\/#organization","name":"Abaa tienda online","url":"https:\/\/abaa.mx\/tienda\/","logo":{"@type":"ImageObject","inLanguage":"es","@id":"https:\/\/abaa.mx\/tienda\/#\/schema\/logo\/image\/","url":"https:\/\/abaa.mx\/tienda\/wp-content\/uploads\/2024\/01\/abaa-metrologia-tienda.png","contentUrl":"https:\/\/abaa.mx\/tienda\/wp-content\/uploads\/2024\/01\/abaa-metrologia-tienda.png","width":300,"height":141,"caption":"Abaa tienda online"},"image":{"@id":"https:\/\/abaa.mx\/tienda\/#\/schema\/logo\/image\/"}}]}},"_links":{"self":[{"href":"https:\/\/abaa.mx\/tienda\/wp-json\/wp\/v2\/product\/1952","targetHints":{"allow":["GET"]}}],"collection":[{"href":"https:\/\/abaa.mx\/tienda\/wp-json\/wp\/v2\/product"}],"about":[{"href":"https:\/\/abaa.mx\/tienda\/wp-json\/wp\/v2\/types\/product"}],"replies":[{"embeddable":true,"href":"https:\/\/abaa.mx\/tienda\/wp-json\/wp\/v2\/comments?post=1952"}],"wp:featuredmedia":[{"embeddable":true,"href":"https:\/\/abaa.mx\/tienda\/wp-json\/wp\/v2\/media\/1956"}],"wp:attachment":[{"href":"https:\/\/abaa.mx\/tienda\/wp-json\/wp\/v2\/media?parent=1952"}],"wp:term":[{"taxonomy":"product_brand","embeddable":true,"href":"https:\/\/abaa.mx\/tienda\/wp-json\/wp\/v2\/product_brand?post=1952"},{"taxonomy":"product_cat","embeddable":true,"href":"https:\/\/abaa.mx\/tienda\/wp-json\/wp\/v2\/product_cat?post=1952"},{"taxonomy":"product_tag","embeddable":true,"href":"https:\/\/abaa.mx\/tienda\/wp-json\/wp\/v2\/product_tag?post=1952"}],"curies":[{"name":"wp","href":"https:\/\/api.w.org\/{rel}","templated":true}]}}