{"id":1937,"date":"2023-09-18T21:34:24","date_gmt":"2023-09-18T21:34:24","guid":{"rendered":"https:\/\/abaa.mx\/tienda\/?post_type=product&#038;p=1937"},"modified":"2023-09-18T21:34:25","modified_gmt":"2023-09-18T21:34:25","slug":"termo-anemometro-extech-an100","status":"publish","type":"product","link":"https:\/\/abaa.mx\/tienda\/termo-anemometro-extech-an100\/","title":{"rendered":"Termo anemometro extech an100"},"content":{"rendered":"<h1><strong>Termo anemometro extech an100<\/strong><\/h1>\n<ul id=\"features\">\n<li>Visualizaci\u00f3n simult\u00e1nea del flujo de aire o la velocidad del aire m\u00e1s la temperatura ambiente<\/li>\n<li>Las dimensiones del \u00e1rea (ft\u00b2 o m\u00b2) f\u00e1ciles de configurar se almacenan en la memoria interna del medidor para el pr\u00f3ximo encendido<\/li>\n<li>20 puntos promedio para el flujo de aire<\/li>\n<li>3% de precisi\u00f3n de velocidad a trav\u00e9s de una rueda de paletas con cojinete de bolas de 2.83 &#8220;D (72 mm) de baja fricci\u00f3n en un cable de 3.9 pies (120 cm)<\/li>\n<\/ul>\n<p class=\"h6\">Ficha t\u00e9cnica<\/p>\n<dl class=\"data-sheet\">\n<dt class=\"name\">Velocidad Del Aire:<\/dt>\n<dd class=\"value\">*Distancia: 0.8 A 58.3 Nudos &#8211; *Resoluci\u00f3n: 0.1 Nudos &#8211; *Exactitud: \u00b1 3% Nudos<br \/>\n*Distancia: 0.9 A 67.2 Mph &#8211; *Resoluci\u00f3n: 0.1 Mph &#8211; *Exactitud: \u00b1 3% Mph<br \/>\n*Distancia: 0.40 A 30.00 M \/ S &#8211; *Resoluci\u00f3n: 0.01 M \/ S &#8211; *Exactitud: \u00b1 3% M \/ S<br \/>\n*Distancia: 1.4 A 108.0 Km \/ H &#8211; *Resoluci\u00f3n: 0.1 Km \/ H &#8211; *Exactitud: \u00b1 3% Km \/ H<br \/>\n*Distancia: 80 A 5906 Pies \/ Min &#8211; *Resoluci\u00f3n: 1 Pie \/ Min &#8211; *Exactitud: \u00b1 3% Ft \/ Min<\/dd>\n<dt class=\"name\">Temperatura Del Aire:<\/dt>\n<dd class=\"value\">*Rango: 14 A 140\u02daF (-10 A 60\u02daC) &#8211; *Resoluci\u00f3n: 0.1\u02daF \/ C &#8211; *Exactitud: \u00b1 6.0\u02daF (3\u02daC)<\/dd>\n<dt class=\"name\">Flujo De Aire:<\/dt>\n<dd class=\"value\">*Distancia: 0 A 9999 CMM (M3 \/ Min) &#8211; *Resoluci\u00f3n: 0.1 ; *Distancia: 0 A 9999 CFM (Ft 3 \/ Min) &#8211; *Resoluci\u00f3n: 0.1<\/dd>\n<dt class=\"name\">Dimensiones Y Peso:<\/dt>\n<dd class=\"value\">7 X 2.9 X 1.3 &#8220;(178 X 74 X 33 Mm) \/ 1.6 Libras (700 G)<\/dd>\n<\/dl>\n","protected":false},"excerpt":{"rendered":"<h2>Gran pantalla de flujo de aire o velocidad del aire<\/h2>\n<ul id=\"features\">\n<li>Visualizaci\u00f3n simult\u00e1nea del flujo de aire o la velocidad del aire m\u00e1s la temperatura ambiente<\/li>\n<li>Las dimensiones del \u00e1rea (ft\u00b2 o m\u00b2) f\u00e1ciles de configurar se almacenan en la memoria interna del medidor para el pr\u00f3ximo encendido<\/li>\n<li>20 puntos promedio para el flujo de aire<\/li>\n<li>3% de precisi\u00f3n de velocidad a trav\u00e9s de una rueda de paletas con cojinete de bolas de 2.83 &#8220;D (72 mm) de baja fricci\u00f3n en un cable de 3.9 pies (120 cm)<\/li>\n<\/ul>\n","protected":false},"featured_media":1940,"comment_status":"open","ping_status":"closed","template":"","meta":{"_joinchat":[]},"product_brand":[],"product_cat":[15],"product_tag":[],"class_list":{"0":"post-1937","1":"product","2":"type-product","3":"status-publish","4":"has-post-thumbnail","6":"product_cat-sin-categorizar","8":"first","9":"instock","10":"shipping-taxable","11":"product-type-simple"},"yoast_head":"<!-- This site is optimized with the Yoast SEO plugin v26.4 - https:\/\/yoast.com\/wordpress\/plugins\/seo\/ -->\n<title>Termo anemometro extech an100 - Abaa tienda online<\/title>\n<meta name=\"robots\" content=\"index, follow, max-snippet:-1, max-image-preview:large, max-video-preview:-1\" \/>\n<link rel=\"canonical\" href=\"https:\/\/abaa.mx\/tienda\/termo-anemometro-extech-an100\/\" \/>\n<meta property=\"og:locale\" content=\"es_MX\" \/>\n<meta property=\"og:type\" content=\"article\" \/>\n<meta property=\"og:title\" content=\"Termo anemometro extech an100 - Abaa tienda online\" \/>\n<meta property=\"og:description\" content=\"Gran pantalla de flujo de aire o velocidad del aire   Visualizaci\u00f3n simult\u00e1nea del flujo de aire o la velocidad del aire m\u00e1s la temperatura ambiente  Las dimensiones del \u00e1rea (ft\u00b2 o m\u00b2) f\u00e1ciles de configurar se almacenan en la memoria interna del medidor para el pr\u00f3ximo encendido  20 puntos promedio para el flujo de aire  3% de precisi\u00f3n de velocidad a trav\u00e9s de una rueda de paletas con cojinete de bolas de 2.83 &quot;D (72 mm) de baja fricci\u00f3n en un cable de 3.9 pies (120 cm)\" \/>\n<meta property=\"og:url\" content=\"https:\/\/abaa.mx\/tienda\/termo-anemometro-extech-an100\/\" \/>\n<meta property=\"og:site_name\" content=\"Abaa tienda online\" \/>\n<meta property=\"article:modified_time\" content=\"2023-09-18T21:34:25+00:00\" \/>\n<meta property=\"og:image\" content=\"https:\/\/abaa.mx\/tienda\/wp-content\/uploads\/2023\/09\/AN-100.jpg\" \/>\n\t<meta property=\"og:image:width\" content=\"480\" \/>\n\t<meta property=\"og:image:height\" content=\"480\" \/>\n\t<meta property=\"og:image:type\" content=\"image\/jpeg\" \/>\n<meta name=\"twitter:card\" content=\"summary_large_image\" \/>\n<meta name=\"twitter:label1\" content=\"Tiempo de lectura\" \/>\n\t<meta name=\"twitter:data1\" content=\"2 minutos\" \/>\n<script type=\"application\/ld+json\" class=\"yoast-schema-graph\">{\"@context\":\"https:\/\/schema.org\",\"@graph\":[{\"@type\":\"WebPage\",\"@id\":\"https:\/\/abaa.mx\/tienda\/termo-anemometro-extech-an100\/\",\"url\":\"https:\/\/abaa.mx\/tienda\/termo-anemometro-extech-an100\/\",\"name\":\"Termo anemometro extech an100 - Abaa tienda online\",\"isPartOf\":{\"@id\":\"https:\/\/abaa.mx\/tienda\/#website\"},\"primaryImageOfPage\":{\"@id\":\"https:\/\/abaa.mx\/tienda\/termo-anemometro-extech-an100\/#primaryimage\"},\"image\":{\"@id\":\"https:\/\/abaa.mx\/tienda\/termo-anemometro-extech-an100\/#primaryimage\"},\"thumbnailUrl\":\"https:\/\/abaa.mx\/tienda\/wp-content\/uploads\/2023\/09\/AN-100.jpg\",\"datePublished\":\"2023-09-18T21:34:24+00:00\",\"dateModified\":\"2023-09-18T21:34:25+00:00\",\"breadcrumb\":{\"@id\":\"https:\/\/abaa.mx\/tienda\/termo-anemometro-extech-an100\/#breadcrumb\"},\"inLanguage\":\"es\",\"potentialAction\":[{\"@type\":\"ReadAction\",\"target\":[\"https:\/\/abaa.mx\/tienda\/termo-anemometro-extech-an100\/\"]}]},{\"@type\":\"ImageObject\",\"inLanguage\":\"es\",\"@id\":\"https:\/\/abaa.mx\/tienda\/termo-anemometro-extech-an100\/#primaryimage\",\"url\":\"https:\/\/abaa.mx\/tienda\/wp-content\/uploads\/2023\/09\/AN-100.jpg\",\"contentUrl\":\"https:\/\/abaa.mx\/tienda\/wp-content\/uploads\/2023\/09\/AN-100.jpg\",\"width\":480,\"height\":480,\"caption\":\"termo-anemometro-extech-an100\"},{\"@type\":\"BreadcrumbList\",\"@id\":\"https:\/\/abaa.mx\/tienda\/termo-anemometro-extech-an100\/#breadcrumb\",\"itemListElement\":[{\"@type\":\"ListItem\",\"position\":1,\"name\":\"Inicio\",\"item\":\"https:\/\/abaa.mx\/tienda\/\"},{\"@type\":\"ListItem\",\"position\":2,\"name\":\"Tienda\",\"item\":\"https:\/\/abaa.mx\/tienda\/\"},{\"@type\":\"ListItem\",\"position\":3,\"name\":\"Termo anemometro extech an100\"}]},{\"@type\":\"WebSite\",\"@id\":\"https:\/\/abaa.mx\/tienda\/#website\",\"url\":\"https:\/\/abaa.mx\/tienda\/\",\"name\":\"Abaa tienda online\",\"description\":\"Instrumentos de medici\u00f3n\",\"publisher\":{\"@id\":\"https:\/\/abaa.mx\/tienda\/#organization\"},\"potentialAction\":[{\"@type\":\"SearchAction\",\"target\":{\"@type\":\"EntryPoint\",\"urlTemplate\":\"https:\/\/abaa.mx\/tienda\/?s={search_term_string}\"},\"query-input\":{\"@type\":\"PropertyValueSpecification\",\"valueRequired\":true,\"valueName\":\"search_term_string\"}}],\"inLanguage\":\"es\"},{\"@type\":\"Organization\",\"@id\":\"https:\/\/abaa.mx\/tienda\/#organization\",\"name\":\"Abaa tienda online\",\"url\":\"https:\/\/abaa.mx\/tienda\/\",\"logo\":{\"@type\":\"ImageObject\",\"inLanguage\":\"es\",\"@id\":\"https:\/\/abaa.mx\/tienda\/#\/schema\/logo\/image\/\",\"url\":\"https:\/\/abaa.mx\/tienda\/wp-content\/uploads\/2024\/01\/abaa-metrologia-tienda.png\",\"contentUrl\":\"https:\/\/abaa.mx\/tienda\/wp-content\/uploads\/2024\/01\/abaa-metrologia-tienda.png\",\"width\":300,\"height\":141,\"caption\":\"Abaa tienda online\"},\"image\":{\"@id\":\"https:\/\/abaa.mx\/tienda\/#\/schema\/logo\/image\/\"}}]}<\/script>\n<!-- \/ Yoast SEO plugin. -->","yoast_head_json":{"title":"Termo anemometro extech an100 - Abaa tienda online","robots":{"index":"index","follow":"follow","max-snippet":"max-snippet:-1","max-image-preview":"max-image-preview:large","max-video-preview":"max-video-preview:-1"},"canonical":"https:\/\/abaa.mx\/tienda\/termo-anemometro-extech-an100\/","og_locale":"es_MX","og_type":"article","og_title":"Termo anemometro extech an100 - Abaa tienda online","og_description":"Gran pantalla de flujo de aire o velocidad del aire   Visualizaci\u00f3n simult\u00e1nea del flujo de aire o la velocidad del aire m\u00e1s la temperatura ambiente  Las dimensiones del \u00e1rea (ft\u00b2 o m\u00b2) f\u00e1ciles de configurar se almacenan en la memoria interna del medidor para el pr\u00f3ximo encendido  20 puntos promedio para el flujo de aire  3% de precisi\u00f3n de velocidad a trav\u00e9s de una rueda de paletas con cojinete de bolas de 2.83 \"D (72 mm) de baja fricci\u00f3n en un cable de 3.9 pies (120 cm)","og_url":"https:\/\/abaa.mx\/tienda\/termo-anemometro-extech-an100\/","og_site_name":"Abaa tienda online","article_modified_time":"2023-09-18T21:34:25+00:00","og_image":[{"width":480,"height":480,"url":"https:\/\/abaa.mx\/tienda\/wp-content\/uploads\/2023\/09\/AN-100.jpg","type":"image\/jpeg"}],"twitter_card":"summary_large_image","twitter_misc":{"Tiempo de lectura":"2 minutos"},"schema":{"@context":"https:\/\/schema.org","@graph":[{"@type":"WebPage","@id":"https:\/\/abaa.mx\/tienda\/termo-anemometro-extech-an100\/","url":"https:\/\/abaa.mx\/tienda\/termo-anemometro-extech-an100\/","name":"Termo anemometro extech an100 - Abaa tienda online","isPartOf":{"@id":"https:\/\/abaa.mx\/tienda\/#website"},"primaryImageOfPage":{"@id":"https:\/\/abaa.mx\/tienda\/termo-anemometro-extech-an100\/#primaryimage"},"image":{"@id":"https:\/\/abaa.mx\/tienda\/termo-anemometro-extech-an100\/#primaryimage"},"thumbnailUrl":"https:\/\/abaa.mx\/tienda\/wp-content\/uploads\/2023\/09\/AN-100.jpg","datePublished":"2023-09-18T21:34:24+00:00","dateModified":"2023-09-18T21:34:25+00:00","breadcrumb":{"@id":"https:\/\/abaa.mx\/tienda\/termo-anemometro-extech-an100\/#breadcrumb"},"inLanguage":"es","potentialAction":[{"@type":"ReadAction","target":["https:\/\/abaa.mx\/tienda\/termo-anemometro-extech-an100\/"]}]},{"@type":"ImageObject","inLanguage":"es","@id":"https:\/\/abaa.mx\/tienda\/termo-anemometro-extech-an100\/#primaryimage","url":"https:\/\/abaa.mx\/tienda\/wp-content\/uploads\/2023\/09\/AN-100.jpg","contentUrl":"https:\/\/abaa.mx\/tienda\/wp-content\/uploads\/2023\/09\/AN-100.jpg","width":480,"height":480,"caption":"termo-anemometro-extech-an100"},{"@type":"BreadcrumbList","@id":"https:\/\/abaa.mx\/tienda\/termo-anemometro-extech-an100\/#breadcrumb","itemListElement":[{"@type":"ListItem","position":1,"name":"Inicio","item":"https:\/\/abaa.mx\/tienda\/"},{"@type":"ListItem","position":2,"name":"Tienda","item":"https:\/\/abaa.mx\/tienda\/"},{"@type":"ListItem","position":3,"name":"Termo anemometro extech an100"}]},{"@type":"WebSite","@id":"https:\/\/abaa.mx\/tienda\/#website","url":"https:\/\/abaa.mx\/tienda\/","name":"Abaa tienda online","description":"Instrumentos de medici\u00f3n","publisher":{"@id":"https:\/\/abaa.mx\/tienda\/#organization"},"potentialAction":[{"@type":"SearchAction","target":{"@type":"EntryPoint","urlTemplate":"https:\/\/abaa.mx\/tienda\/?s={search_term_string}"},"query-input":{"@type":"PropertyValueSpecification","valueRequired":true,"valueName":"search_term_string"}}],"inLanguage":"es"},{"@type":"Organization","@id":"https:\/\/abaa.mx\/tienda\/#organization","name":"Abaa tienda online","url":"https:\/\/abaa.mx\/tienda\/","logo":{"@type":"ImageObject","inLanguage":"es","@id":"https:\/\/abaa.mx\/tienda\/#\/schema\/logo\/image\/","url":"https:\/\/abaa.mx\/tienda\/wp-content\/uploads\/2024\/01\/abaa-metrologia-tienda.png","contentUrl":"https:\/\/abaa.mx\/tienda\/wp-content\/uploads\/2024\/01\/abaa-metrologia-tienda.png","width":300,"height":141,"caption":"Abaa tienda online"},"image":{"@id":"https:\/\/abaa.mx\/tienda\/#\/schema\/logo\/image\/"}}]}},"_links":{"self":[{"href":"https:\/\/abaa.mx\/tienda\/wp-json\/wp\/v2\/product\/1937","targetHints":{"allow":["GET"]}}],"collection":[{"href":"https:\/\/abaa.mx\/tienda\/wp-json\/wp\/v2\/product"}],"about":[{"href":"https:\/\/abaa.mx\/tienda\/wp-json\/wp\/v2\/types\/product"}],"replies":[{"embeddable":true,"href":"https:\/\/abaa.mx\/tienda\/wp-json\/wp\/v2\/comments?post=1937"}],"wp:featuredmedia":[{"embeddable":true,"href":"https:\/\/abaa.mx\/tienda\/wp-json\/wp\/v2\/media\/1940"}],"wp:attachment":[{"href":"https:\/\/abaa.mx\/tienda\/wp-json\/wp\/v2\/media?parent=1937"}],"wp:term":[{"taxonomy":"product_brand","embeddable":true,"href":"https:\/\/abaa.mx\/tienda\/wp-json\/wp\/v2\/product_brand?post=1937"},{"taxonomy":"product_cat","embeddable":true,"href":"https:\/\/abaa.mx\/tienda\/wp-json\/wp\/v2\/product_cat?post=1937"},{"taxonomy":"product_tag","embeddable":true,"href":"https:\/\/abaa.mx\/tienda\/wp-json\/wp\/v2\/product_tag?post=1937"}],"curies":[{"name":"wp","href":"https:\/\/api.w.org\/{rel}","templated":true}]}}