{"id":1931,"date":"2023-09-18T21:46:37","date_gmt":"2023-09-18T21:46:37","guid":{"rendered":"https:\/\/abaa.mx\/tienda\/?post_type=product&#038;p=1931"},"modified":"2023-09-18T21:46:37","modified_gmt":"2023-09-18T21:46:37","slug":"set-para-el-nivel-de-confort-testo-400-con-tripode","status":"publish","type":"product","link":"https:\/\/abaa.mx\/tienda\/set-para-el-nivel-de-confort-testo-400-con-tripode\/","title":{"rendered":"set para el nivel de confort testo 400 con tr\u00edpode"},"content":{"rendered":"<article class=\"child-1 paragraph\">Set ideal para profesionales de la climatizaci\u00f3n con \u00e9nfasis en la calidad del aire interior y el nivel de confort. Obtendr\u00e1 el medidor para climatizaci\u00f3n universal testo 400 con men\u00fas de medici\u00f3n intuitivos, una sonda de CO\u2082 (con empu\u00f1adura Bluetooth<sup>\u00ae<\/sup>), una sonda de grado de turbulencia y un term\u00f3metro de globo \u00d8 150 mm (ambos con un cable conectado fijamente). Utilice el tr\u00edpode de medici\u00f3n para el posicionamiento conforme a las normativas de las sondas. Las mediciones a largo plazo de hasta 2 semanas pueden grabarse con el registrador de datos IAQ, el cual puede solicitarse por separado, sin el medidor para climatizaci\u00f3n.<\/article>\n<article>\n<ul class=\"list-elements\">\n<li>C\u00e1lculo conforme a las normativas del nivel de confort: PMV y PPD as\u00ed como la corriente de aire y el grado de turbulencia seg\u00fan EN ISO 7730 y ASHRAE 55<\/li>\n<li>Supervisi\u00f3n de la calidad del aire interior: C\u00e1lculo de la concentraci\u00f3n de CO<sub>2<\/sub>, humedad ambiental, temperatura ambiente y grado de turbulencia en el lugar de trabajo, incl. medici\u00f3n a largo plazo<\/li>\n<li>Programas de medici\u00f3n inteligentes e intuitivos, finalizaci\u00f3n de la medici\u00f3n con documentaci\u00f3n completa directamente en las instalaciones del cliente o valoraci\u00f3n con el software de gesti\u00f3n de datos de medici\u00f3n y an\u00e1lisis testo DataControl<\/li>\n<li>En el set: Medidor para climatizaci\u00f3n universal testo\u00a0400, sonda de CO<sub>2<\/sub>\u00a0(con empu\u00f1adura Bluetooth<sup>\u00ae<\/sup>), sonda de grado de turbulencia con cable, term\u00f3metro de globo (\u00d8 150 mm) con cable, tr\u00edpode de medici\u00f3n con bolsa, malet\u00edn.<br \/>\n<h3>Volumen de suministro<\/h3>\n<article class=\"child-2 paragraph\">\n<ul>\n<li>Medidor para climatizaci\u00f3n universal testo\u00a0400, mangueras de silicona, fuente de alimentaci\u00f3n con cable USB, protocolo de calibraci\u00f3n, manual de instrucciones (0560 0400)<\/li>\n<li>Sonda de CO2 con Bluetooth<sup>\u00ae<\/sup>\u00a0incl. sensor de humedad y temperatura (compuesto por un cabezal de la sonda de CO2 y empu\u00f1adura Bluetooth<sup>\u00ae<\/sup>), 4 pilas AA, soporte de mesa y protocolo de calibraci\u00f3n (0632 1551) No usar la sonda en atm\u00f3sferas con condensaci\u00f3n. Para el uso continuo en rangos de alta humedad<br \/>\n&gt; 80\u00a0%HR a \u2264 30\u00a0\u00b0C por &gt; 12 h<br \/>\n&gt; 60\u00a0%HR a &gt; 30\u00a0\u00b0C por &gt; 12 h<br \/>\nDir\u00edjase al servicio t\u00e9cnico de Testo o p\u00f3ngase en contacto con nosotros a trav\u00e9s del sitio web de Testo<\/li>\n<li>Sonda de grado de turbulencia con cable fijo y protocolo de calibraci\u00f3n (0628 0152)<\/li>\n<li>Term\u00f3metro de globo (\u00d8 150\u00a0mm, TP tipo K) con cable fijo (0602 0743)<\/li>\n<li>Tr\u00edpode de medici\u00f3n del nivel de confort compuesto por un soporte de mesa plegable, barra de sujeci\u00f3n,\u00a0elemento de fijaci\u00f3n para<br \/>\nel analizador manual, 4 soportes para sondas, incl. bolsa (0554 1591)<\/li>\n<li>Malet\u00edn de transporte para la medici\u00f3n del nivel de confort (0516 2400).<br \/>\n<h2>Aplicaciones<\/h2>\n<div class=\"large-12\">\n<div class=\"medium-6\">\n<div class=\"m-paragraph\">\n<h2 class=\"s4 title\">Ideal para mediciones relacionadas con las instalaciones de sistemas de climatizaci\u00f3n y ventilaci\u00f3n<\/h2>\n<ul>\n<li>Sensor de presi\u00f3n diferencial integrado, altamente preciso e independiente de la ubicaci\u00f3n, programas de medici\u00f3n inteligentes e intuitivos para mediciones de climatizaci\u00f3n seg\u00fan las normativas, creaci\u00f3n de documentaci\u00f3n in situ, env\u00edo de protocolos por correo electr\u00f3nico, distintas posibilidades de combinaci\u00f3n con sondas para climatizaci\u00f3n.<br \/>\n<h2 class=\"s4 title\">Mediciones en el sector de climatizaci\u00f3n y ventilaci\u00f3n<\/h2>\n<p>Combine su medidor para climatizaci\u00f3n de Testo individualmente con sondas de climatizaci\u00f3n y accesorios para su aplicaci\u00f3n.<\/p>\n<div>Con los productos adecuados podr\u00e1 gestionar todas las aplicaciones de climatizaci\u00f3n:<\/div>\n<div><\/div>\n<ul>\n<li>Medici\u00f3n de caudal volum\u00e9trico: Medici\u00f3n de caudal en canales, salidas y filtros seg\u00fan EN ISO 12599 y ASHRAE 111<\/li>\n<li>Medici\u00f3n del nivel de confort: Medici\u00f3n de la calidad del aire interior o grado de turbulencia seg\u00fan EN ISO 7730 y ASHRAE 55, medici\u00f3n NET seg\u00fan DIN 33403, PMV\/PPD seg\u00fan EN ISO 7730 y ASHRAE 55, medici\u00f3n WBGT conforme a DIN 33403 y EN ISO 7243<\/li>\n<li>Mediciones en laboratorios y salas blancas: Medici\u00f3n de caudal en la campana de laboratorio seg\u00fan DIN EN 14175-3\/-4, medici\u00f3n de presi\u00f3n diferencial y mediciones del flujo laminar en salas blancas, mediciones de humedad en salas blancas.<\/li>\n<\/ul>\n<\/li>\n<\/ul>\n<\/div>\n<\/div>\n<\/div>\n<\/li>\n<\/ul>\n<\/article>\n<\/li>\n<\/ul>\n<\/article>\n","protected":false},"excerpt":{"rendered":"<article class=\"child-1 paragraph\">Set ideal para profesionales de la climatizaci\u00f3n con \u00e9nfasis en la calidad del aire interior y el nivel de confort. Obtendr\u00e1 el medidor para climatizaci\u00f3n universal testo 400 con men\u00fas de medici\u00f3n intuitivos, una sonda de CO\u2082 (con empu\u00f1adura Bluetooth<sup>\u00ae<\/sup>), una sonda de grado de turbulencia y un term\u00f3metro de globo \u00d8 150 mm (ambos con un cable conectado fijamente). Utilice el tr\u00edpode de medici\u00f3n para el posicionamiento conforme a las normativas de las sondas. Las mediciones a largo plazo de hasta 2 semanas pueden grabarse con el registrador de datos IAQ, el cual puede solicitarse por separado, sin el medidor para climatizaci\u00f3n.<\/article>\n","protected":false},"featured_media":1946,"comment_status":"open","ping_status":"closed","template":"","meta":{"_joinchat":[]},"product_brand":[],"product_cat":[15],"product_tag":[],"class_list":{"0":"post-1931","1":"product","2":"type-product","3":"status-publish","4":"has-post-thumbnail","6":"product_cat-sin-categorizar","8":"first","9":"instock","10":"shipping-taxable","11":"product-type-simple"},"yoast_head":"<!-- This site is optimized with the Yoast SEO plugin v26.4 - https:\/\/yoast.com\/wordpress\/plugins\/seo\/ -->\n<title>set para el nivel de confort testo 400 con tr\u00edpode - Abaa tienda online<\/title>\n<meta name=\"robots\" content=\"index, follow, max-snippet:-1, max-image-preview:large, max-video-preview:-1\" \/>\n<link rel=\"canonical\" href=\"https:\/\/abaa.mx\/tienda\/set-para-el-nivel-de-confort-testo-400-con-tripode\/\" \/>\n<meta property=\"og:locale\" content=\"es_MX\" \/>\n<meta property=\"og:type\" content=\"article\" \/>\n<meta property=\"og:title\" content=\"set para el nivel de confort testo 400 con tr\u00edpode - Abaa tienda online\" \/>\n<meta property=\"og:description\" content=\"Set ideal para profesionales de la climatizaci\u00f3n con \u00e9nfasis en la calidad del aire interior y el nivel de confort. Obtendr\u00e1 el medidor para climatizaci\u00f3n universal testo 400 con men\u00fas de medici\u00f3n intuitivos, una sonda de CO\u2082 (con empu\u00f1adura Bluetooth\u00ae), una sonda de grado de turbulencia y un term\u00f3metro de globo \u00d8 150 mm (ambos con un cable conectado fijamente). Utilice el tr\u00edpode de medici\u00f3n para el posicionamiento conforme a las normativas de las sondas. Las mediciones a largo plazo de hasta 2 semanas pueden grabarse con el registrador de datos IAQ, el cual puede solicitarse por separado, sin el medidor para climatizaci\u00f3n.\" \/>\n<meta property=\"og:url\" content=\"https:\/\/abaa.mx\/tienda\/set-para-el-nivel-de-confort-testo-400-con-tripode\/\" \/>\n<meta property=\"og:site_name\" content=\"Abaa tienda online\" \/>\n<meta property=\"og:image\" content=\"https:\/\/abaa.mx\/tienda\/wp-content\/uploads\/2023\/09\/Set-para-el-nivel-de-confort-testo-400-con-tripode.jpg\" \/>\n\t<meta property=\"og:image:width\" content=\"660\" \/>\n\t<meta property=\"og:image:height\" content=\"495\" \/>\n\t<meta property=\"og:image:type\" content=\"image\/jpeg\" \/>\n<meta name=\"twitter:card\" content=\"summary_large_image\" \/>\n<meta name=\"twitter:label1\" content=\"Tiempo de lectura\" \/>\n\t<meta name=\"twitter:data1\" content=\"3 minutos\" \/>\n<script type=\"application\/ld+json\" class=\"yoast-schema-graph\">{\"@context\":\"https:\/\/schema.org\",\"@graph\":[{\"@type\":\"WebPage\",\"@id\":\"https:\/\/abaa.mx\/tienda\/set-para-el-nivel-de-confort-testo-400-con-tripode\/\",\"url\":\"https:\/\/abaa.mx\/tienda\/set-para-el-nivel-de-confort-testo-400-con-tripode\/\",\"name\":\"set para el nivel de confort testo 400 con tr\u00edpode - Abaa tienda online\",\"isPartOf\":{\"@id\":\"https:\/\/abaa.mx\/tienda\/#website\"},\"primaryImageOfPage\":{\"@id\":\"https:\/\/abaa.mx\/tienda\/set-para-el-nivel-de-confort-testo-400-con-tripode\/#primaryimage\"},\"image\":{\"@id\":\"https:\/\/abaa.mx\/tienda\/set-para-el-nivel-de-confort-testo-400-con-tripode\/#primaryimage\"},\"thumbnailUrl\":\"https:\/\/abaa.mx\/tienda\/wp-content\/uploads\/2023\/09\/Set-para-el-nivel-de-confort-testo-400-con-tripode.jpg\",\"datePublished\":\"2023-09-18T21:46:37+00:00\",\"breadcrumb\":{\"@id\":\"https:\/\/abaa.mx\/tienda\/set-para-el-nivel-de-confort-testo-400-con-tripode\/#breadcrumb\"},\"inLanguage\":\"es\",\"potentialAction\":[{\"@type\":\"ReadAction\",\"target\":[\"https:\/\/abaa.mx\/tienda\/set-para-el-nivel-de-confort-testo-400-con-tripode\/\"]}]},{\"@type\":\"ImageObject\",\"inLanguage\":\"es\",\"@id\":\"https:\/\/abaa.mx\/tienda\/set-para-el-nivel-de-confort-testo-400-con-tripode\/#primaryimage\",\"url\":\"https:\/\/abaa.mx\/tienda\/wp-content\/uploads\/2023\/09\/Set-para-el-nivel-de-confort-testo-400-con-tripode.jpg\",\"contentUrl\":\"https:\/\/abaa.mx\/tienda\/wp-content\/uploads\/2023\/09\/Set-para-el-nivel-de-confort-testo-400-con-tripode.jpg\",\"width\":660,\"height\":495,\"caption\":\"Set para el nivel de confort testo 400 con tr\u00edpode\"},{\"@type\":\"BreadcrumbList\",\"@id\":\"https:\/\/abaa.mx\/tienda\/set-para-el-nivel-de-confort-testo-400-con-tripode\/#breadcrumb\",\"itemListElement\":[{\"@type\":\"ListItem\",\"position\":1,\"name\":\"Inicio\",\"item\":\"https:\/\/abaa.mx\/tienda\/\"},{\"@type\":\"ListItem\",\"position\":2,\"name\":\"Tienda\",\"item\":\"https:\/\/abaa.mx\/tienda\/\"},{\"@type\":\"ListItem\",\"position\":3,\"name\":\"set para el nivel de confort testo 400 con tr\u00edpode\"}]},{\"@type\":\"WebSite\",\"@id\":\"https:\/\/abaa.mx\/tienda\/#website\",\"url\":\"https:\/\/abaa.mx\/tienda\/\",\"name\":\"Abaa tienda online\",\"description\":\"Instrumentos de medici\u00f3n\",\"publisher\":{\"@id\":\"https:\/\/abaa.mx\/tienda\/#organization\"},\"potentialAction\":[{\"@type\":\"SearchAction\",\"target\":{\"@type\":\"EntryPoint\",\"urlTemplate\":\"https:\/\/abaa.mx\/tienda\/?s={search_term_string}\"},\"query-input\":{\"@type\":\"PropertyValueSpecification\",\"valueRequired\":true,\"valueName\":\"search_term_string\"}}],\"inLanguage\":\"es\"},{\"@type\":\"Organization\",\"@id\":\"https:\/\/abaa.mx\/tienda\/#organization\",\"name\":\"Abaa tienda online\",\"url\":\"https:\/\/abaa.mx\/tienda\/\",\"logo\":{\"@type\":\"ImageObject\",\"inLanguage\":\"es\",\"@id\":\"https:\/\/abaa.mx\/tienda\/#\/schema\/logo\/image\/\",\"url\":\"https:\/\/abaa.mx\/tienda\/wp-content\/uploads\/2024\/01\/abaa-metrologia-tienda.png\",\"contentUrl\":\"https:\/\/abaa.mx\/tienda\/wp-content\/uploads\/2024\/01\/abaa-metrologia-tienda.png\",\"width\":300,\"height\":141,\"caption\":\"Abaa tienda online\"},\"image\":{\"@id\":\"https:\/\/abaa.mx\/tienda\/#\/schema\/logo\/image\/\"}}]}<\/script>\n<!-- \/ Yoast SEO plugin. -->","yoast_head_json":{"title":"set para el nivel de confort testo 400 con tr\u00edpode - Abaa tienda online","robots":{"index":"index","follow":"follow","max-snippet":"max-snippet:-1","max-image-preview":"max-image-preview:large","max-video-preview":"max-video-preview:-1"},"canonical":"https:\/\/abaa.mx\/tienda\/set-para-el-nivel-de-confort-testo-400-con-tripode\/","og_locale":"es_MX","og_type":"article","og_title":"set para el nivel de confort testo 400 con tr\u00edpode - Abaa tienda online","og_description":"Set ideal para profesionales de la climatizaci\u00f3n con \u00e9nfasis en la calidad del aire interior y el nivel de confort. Obtendr\u00e1 el medidor para climatizaci\u00f3n universal testo 400 con men\u00fas de medici\u00f3n intuitivos, una sonda de CO\u2082 (con empu\u00f1adura Bluetooth\u00ae), una sonda de grado de turbulencia y un term\u00f3metro de globo \u00d8 150 mm (ambos con un cable conectado fijamente). Utilice el tr\u00edpode de medici\u00f3n para el posicionamiento conforme a las normativas de las sondas. Las mediciones a largo plazo de hasta 2 semanas pueden grabarse con el registrador de datos IAQ, el cual puede solicitarse por separado, sin el medidor para climatizaci\u00f3n.","og_url":"https:\/\/abaa.mx\/tienda\/set-para-el-nivel-de-confort-testo-400-con-tripode\/","og_site_name":"Abaa tienda online","og_image":[{"width":660,"height":495,"url":"https:\/\/abaa.mx\/tienda\/wp-content\/uploads\/2023\/09\/Set-para-el-nivel-de-confort-testo-400-con-tripode.jpg","type":"image\/jpeg"}],"twitter_card":"summary_large_image","twitter_misc":{"Tiempo de lectura":"3 minutos"},"schema":{"@context":"https:\/\/schema.org","@graph":[{"@type":"WebPage","@id":"https:\/\/abaa.mx\/tienda\/set-para-el-nivel-de-confort-testo-400-con-tripode\/","url":"https:\/\/abaa.mx\/tienda\/set-para-el-nivel-de-confort-testo-400-con-tripode\/","name":"set para el nivel de confort testo 400 con tr\u00edpode - Abaa tienda online","isPartOf":{"@id":"https:\/\/abaa.mx\/tienda\/#website"},"primaryImageOfPage":{"@id":"https:\/\/abaa.mx\/tienda\/set-para-el-nivel-de-confort-testo-400-con-tripode\/#primaryimage"},"image":{"@id":"https:\/\/abaa.mx\/tienda\/set-para-el-nivel-de-confort-testo-400-con-tripode\/#primaryimage"},"thumbnailUrl":"https:\/\/abaa.mx\/tienda\/wp-content\/uploads\/2023\/09\/Set-para-el-nivel-de-confort-testo-400-con-tripode.jpg","datePublished":"2023-09-18T21:46:37+00:00","breadcrumb":{"@id":"https:\/\/abaa.mx\/tienda\/set-para-el-nivel-de-confort-testo-400-con-tripode\/#breadcrumb"},"inLanguage":"es","potentialAction":[{"@type":"ReadAction","target":["https:\/\/abaa.mx\/tienda\/set-para-el-nivel-de-confort-testo-400-con-tripode\/"]}]},{"@type":"ImageObject","inLanguage":"es","@id":"https:\/\/abaa.mx\/tienda\/set-para-el-nivel-de-confort-testo-400-con-tripode\/#primaryimage","url":"https:\/\/abaa.mx\/tienda\/wp-content\/uploads\/2023\/09\/Set-para-el-nivel-de-confort-testo-400-con-tripode.jpg","contentUrl":"https:\/\/abaa.mx\/tienda\/wp-content\/uploads\/2023\/09\/Set-para-el-nivel-de-confort-testo-400-con-tripode.jpg","width":660,"height":495,"caption":"Set para el nivel de confort testo 400 con tr\u00edpode"},{"@type":"BreadcrumbList","@id":"https:\/\/abaa.mx\/tienda\/set-para-el-nivel-de-confort-testo-400-con-tripode\/#breadcrumb","itemListElement":[{"@type":"ListItem","position":1,"name":"Inicio","item":"https:\/\/abaa.mx\/tienda\/"},{"@type":"ListItem","position":2,"name":"Tienda","item":"https:\/\/abaa.mx\/tienda\/"},{"@type":"ListItem","position":3,"name":"set para el nivel de confort testo 400 con tr\u00edpode"}]},{"@type":"WebSite","@id":"https:\/\/abaa.mx\/tienda\/#website","url":"https:\/\/abaa.mx\/tienda\/","name":"Abaa tienda online","description":"Instrumentos de medici\u00f3n","publisher":{"@id":"https:\/\/abaa.mx\/tienda\/#organization"},"potentialAction":[{"@type":"SearchAction","target":{"@type":"EntryPoint","urlTemplate":"https:\/\/abaa.mx\/tienda\/?s={search_term_string}"},"query-input":{"@type":"PropertyValueSpecification","valueRequired":true,"valueName":"search_term_string"}}],"inLanguage":"es"},{"@type":"Organization","@id":"https:\/\/abaa.mx\/tienda\/#organization","name":"Abaa tienda online","url":"https:\/\/abaa.mx\/tienda\/","logo":{"@type":"ImageObject","inLanguage":"es","@id":"https:\/\/abaa.mx\/tienda\/#\/schema\/logo\/image\/","url":"https:\/\/abaa.mx\/tienda\/wp-content\/uploads\/2024\/01\/abaa-metrologia-tienda.png","contentUrl":"https:\/\/abaa.mx\/tienda\/wp-content\/uploads\/2024\/01\/abaa-metrologia-tienda.png","width":300,"height":141,"caption":"Abaa tienda online"},"image":{"@id":"https:\/\/abaa.mx\/tienda\/#\/schema\/logo\/image\/"}}]}},"_links":{"self":[{"href":"https:\/\/abaa.mx\/tienda\/wp-json\/wp\/v2\/product\/1931","targetHints":{"allow":["GET"]}}],"collection":[{"href":"https:\/\/abaa.mx\/tienda\/wp-json\/wp\/v2\/product"}],"about":[{"href":"https:\/\/abaa.mx\/tienda\/wp-json\/wp\/v2\/types\/product"}],"replies":[{"embeddable":true,"href":"https:\/\/abaa.mx\/tienda\/wp-json\/wp\/v2\/comments?post=1931"}],"wp:featuredmedia":[{"embeddable":true,"href":"https:\/\/abaa.mx\/tienda\/wp-json\/wp\/v2\/media\/1946"}],"wp:attachment":[{"href":"https:\/\/abaa.mx\/tienda\/wp-json\/wp\/v2\/media?parent=1931"}],"wp:term":[{"taxonomy":"product_brand","embeddable":true,"href":"https:\/\/abaa.mx\/tienda\/wp-json\/wp\/v2\/product_brand?post=1931"},{"taxonomy":"product_cat","embeddable":true,"href":"https:\/\/abaa.mx\/tienda\/wp-json\/wp\/v2\/product_cat?post=1931"},{"taxonomy":"product_tag","embeddable":true,"href":"https:\/\/abaa.mx\/tienda\/wp-json\/wp\/v2\/product_tag?post=1931"}],"curies":[{"name":"wp","href":"https:\/\/api.w.org\/{rel}","templated":true}]}}