{"id":1918,"date":"2023-09-18T20:53:50","date_gmt":"2023-09-18T20:53:50","guid":{"rendered":"https:\/\/abaa.mx\/tienda\/?post_type=product&#038;p=1918"},"modified":"2023-09-18T20:53:50","modified_gmt":"2023-09-18T20:53:50","slug":"set-testo-510-manometro-diferencial","status":"publish","type":"product","link":"https:\/\/abaa.mx\/tienda\/set-testo-510-manometro-diferencial\/","title":{"rendered":"Set testo 510 &#8211; Man\u00f3metro diferencial"},"content":{"rendered":"<p>Con el man\u00f3metro diferencial testo 510 los instaladores de calefacci\u00f3n y los t\u00e9cnicos en climatizaci\u00f3n est\u00e1n perfectamente equipados: Mide la presi\u00f3n diferencial de 0 a 100 hPa y le ayuda, por ejemplo, cuando se comprueban los filtros del aire acondicionado o cuando se mide la presi\u00f3n est\u00e1tica y la presi\u00f3n de flujo del gas en las instalaciones de calefacci\u00f3n.<\/p>\n<div class=\"m-list\">\n<ul class=\"list-elements\">\n<li>Medici\u00f3n de la presi\u00f3n diferencial de 0 a 100 hPa<\/li>\n<li>Posibilidad de medici\u00f3n de caudal con tubo de Pitot (disponible opcionalmente)<\/li>\n<li>El instrumento est\u00e1 equipado con imanes en la parte posterior, lo que permite un trabajo con las manos libres<\/li>\n<li>10 unidades para seleccionar, visualizaci\u00f3n en Pascal seleccionable<\/li>\n<\/ul>\n<\/div>\n<p class=\"text\">Medici\u00f3n de la presi\u00f3n diferencial en calderas de gas o en filtros de los sistemas de climatizaci\u00f3n as\u00ed como medici\u00f3n de caudal en el canal de ventilaci\u00f3n por medio de un tubo de Pitot: El compacto man\u00f3metro diferencial testo 510 incluyendo una manguera de conexi\u00f3n de silicona y otros accesorios \u00fatiles le ayudar\u00e1 en el mantenimiento e instalaci\u00f3n de las instalaciones en el sector de calefacci\u00f3n y climatizaci\u00f3n.<\/p>\n<article class=\"child-1 paragraph\">En el man\u00f3metro diferencial testo 510 puede elegir entre las siguientes unidades:<\/p>\n<ul>\n<li>Pa<\/li>\n<li>hPa<\/li>\n<li>mbar<\/li>\n<li>mmH2O<\/li>\n<li>mmHg<\/li>\n<li>inH2O<\/li>\n<li>inHg<\/li>\n<li>psi<\/li>\n<li>m\/s<\/li>\n<li>fpm<\/li>\n<\/ul>\n<p>Con un tubo de Pitot disponible opcionalmente puede medir el caudal en el canal de ventilaci\u00f3n &#8211; de 10 hasta 100 m\/s.<\/p>\n<h3>Pr\u00e1ctico y exacto: Ventajas del man\u00f3metro diferencial<\/h3>\n<ul>\n<li><strong>Exacto:<\/strong>\u00a0Esta medici\u00f3n est\u00e1 compensada en temperatura y densidad del aire para una mayor precisi\u00f3n<\/li>\n<li><strong>F\u00e1cil:\u00a0<\/strong>peque\u00f1o, manejable y con solo tres botones f\u00e1ciles de usar<\/li>\n<li><strong>Inteligente:<\/strong>\u00a0Los imanes ubicados en la parte posterior le permiten trabajar sin manos. En condiciones de poca visibilidad, tales como sitios oscuros, la pantalla iluminada le facilitar\u00e1 el trabajo<\/li>\n<li><strong>Seguro:<\/strong>\u00a0Con el estuche de cintur\u00f3n y la tapa de protecci\u00f3n desmontable, el man\u00f3metro diferencial se guarda de forma segura y la correa de mu\u00f1eca permite asegurarlo durante la medici\u00f3n<\/li>\n<li><strong>Listo para usarse:<\/strong>\u00a0La manguera de conexi\u00f3n de silicona se incluye con el set testo 510. As\u00ed podr\u00e1 comenzar la medici\u00f3n de inmediato<\/li>\n<\/ul>\n<\/article>\n<h3>Volumen de suministro<\/h3>\n<article class=\"child-2 paragraph\">El set testo 510 del man\u00f3metro diferencial incluyendo manguera de conexi\u00f3n de silicona, tapa de protecci\u00f3n, protocolo de calibraci\u00f3n, estuche de cintur\u00f3n y pilas.<\/article>\n<article>\n<h2>Datos t\u00e9cnicos<\/h2>\n<table>\n<colgroup>\n<col class=\"colWidth25\" \/>\n<col \/><\/colgroup>\n<thead>\n<tr>\n<th colspan=\"2\">Datos t\u00e9cnicos generales<\/th>\n<\/tr>\n<\/thead>\n<tbody>\n<tr>\n<td class=\"table-bold\">Medidas<\/td>\n<td>119 X 46 X 25 mm<\/td>\n<\/tr>\n<tr>\n<td class=\"table-bold\">Temperatura de funcionamiento<\/td>\n<td>0 hasta +50 \u00baC<\/td>\n<\/tr>\n<tr>\n<td class=\"table-bold\">Clase de protecci\u00f3n<\/td>\n<td>IP40<\/td>\n<\/tr>\n<tr>\n<td class=\"table-bold\">Unidades seleccionables<\/td>\n<td>hPa, mbar, Pa, mmH2O, inH2O, inHg, mmHg, psi, m\/s, fpm<\/td>\n<\/tr>\n<tr>\n<td class=\"table-bold\">Presi\u00f3n est\u00e1tica m\u00e1x<\/td>\n<td>500 mbar<\/td>\n<\/tr>\n<tr>\n<td class=\"table-bold\">Intervalo de medici\u00f3n<\/td>\n<td>0,5 s<\/td>\n<\/tr>\n<tr>\n<td class=\"table-bold\">Tipo de bater\u00eda<\/td>\n<td>2 pilas AAA<\/td>\n<\/tr>\n<tr>\n<td class=\"table-bold\">Autonom\u00eda<\/td>\n<td>50 h (t\u00edpico con pantalla sin iluminaci\u00f3n)<\/td>\n<\/tr>\n<tr>\n<td class=\"table-bold\">Temperatura de almacenamiento<\/td>\n<td>-40 hasta +70 \u00baC<\/td>\n<\/tr>\n<tr>\n<td class=\"table-bold\">Peso<\/td>\n<td>90 g (incl. pilas y tapa de protecci\u00f3n)<\/td>\n<\/tr>\n<\/tbody>\n<\/table>\n<table>\n<colgroup>\n<col class=\"colWidth25\" \/>\n<col \/><\/colgroup>\n<thead>\n<tr>\n<th colspan=\"2\">Presi\u00f3n diferencial &#8211; piezoresistiva<\/th>\n<\/tr>\n<\/thead>\n<tbody>\n<tr>\n<td class=\"table-bold\">Rango<\/td>\n<td>0 hasta 100 hPa<\/td>\n<\/tr>\n<tr>\n<td class=\"table-bold\">Exactitud<\/td>\n<td>\u00b10,03 hPa (0 hasta 0,30 hPa)<\/p>\n<p>\u00b10,05 hPa (0,31 hasta 1,00 hPa)<\/p>\n<p>\u00b1(0,1 hPa + 1,5 % del v.m.) (1,01 hasta 100 hPa)<\/td>\n<\/tr>\n<tr>\n<td class=\"table-bold\">Resoluci\u00f3n<\/td>\n<td>0,01 hPa<\/td>\n<\/tr>\n<\/tbody>\n<\/table>\n<\/article>\n","protected":false},"excerpt":{"rendered":"<p>Con el man\u00f3metro diferencial testo 510 los instaladores de calefacci\u00f3n y los t\u00e9cnicos en climatizaci\u00f3n est\u00e1n perfectamente equipados: Mide la presi\u00f3n diferencial de 0 a 100 hPa y le ayuda, por ejemplo, cuando se comprueban los filtros del aire acondicionado o cuando se mide la presi\u00f3n est\u00e1tica y la presi\u00f3n de flujo del gas en las instalaciones de calefacci\u00f3n.<\/p>\n","protected":false},"featured_media":1925,"comment_status":"open","ping_status":"closed","template":"","meta":{"_joinchat":[]},"product_brand":[],"product_cat":[15],"product_tag":[],"class_list":{"0":"post-1918","1":"product","2":"type-product","3":"status-publish","4":"has-post-thumbnail","6":"product_cat-sin-categorizar","8":"first","9":"instock","10":"shipping-taxable","11":"product-type-simple"},"yoast_head":"<!-- This site is optimized with the Yoast SEO plugin v26.4 - https:\/\/yoast.com\/wordpress\/plugins\/seo\/ -->\n<title>Set testo 510 - Man\u00f3metro diferencial - Abaa tienda online<\/title>\n<meta name=\"robots\" content=\"index, follow, max-snippet:-1, max-image-preview:large, max-video-preview:-1\" \/>\n<link rel=\"canonical\" href=\"https:\/\/abaa.mx\/tienda\/set-testo-510-manometro-diferencial\/\" \/>\n<meta property=\"og:locale\" content=\"es_MX\" \/>\n<meta property=\"og:type\" content=\"article\" \/>\n<meta property=\"og:title\" content=\"Set testo 510 - Man\u00f3metro diferencial - Abaa tienda online\" \/>\n<meta property=\"og:description\" content=\"Con el man\u00f3metro diferencial testo 510 los instaladores de calefacci\u00f3n y los t\u00e9cnicos en climatizaci\u00f3n est\u00e1n perfectamente equipados: Mide la presi\u00f3n diferencial de 0 a 100 hPa y le ayuda, por ejemplo, cuando se comprueban los filtros del aire acondicionado o cuando se mide la presi\u00f3n est\u00e1tica y la presi\u00f3n de flujo del gas en las instalaciones de calefacci\u00f3n.\" \/>\n<meta property=\"og:url\" content=\"https:\/\/abaa.mx\/tienda\/set-testo-510-manometro-diferencial\/\" \/>\n<meta property=\"og:site_name\" content=\"Abaa tienda online\" \/>\n<meta property=\"og:image\" content=\"https:\/\/abaa.mx\/tienda\/wp-content\/uploads\/2023\/09\/set-testo-510.jpg\" \/>\n\t<meta property=\"og:image:width\" content=\"537\" \/>\n\t<meta property=\"og:image:height\" content=\"660\" \/>\n\t<meta property=\"og:image:type\" content=\"image\/jpeg\" \/>\n<meta name=\"twitter:card\" content=\"summary_large_image\" \/>\n<meta name=\"twitter:label1\" content=\"Tiempo de lectura\" \/>\n\t<meta name=\"twitter:data1\" content=\"3 minutos\" \/>\n<script type=\"application\/ld+json\" class=\"yoast-schema-graph\">{\"@context\":\"https:\/\/schema.org\",\"@graph\":[{\"@type\":\"WebPage\",\"@id\":\"https:\/\/abaa.mx\/tienda\/set-testo-510-manometro-diferencial\/\",\"url\":\"https:\/\/abaa.mx\/tienda\/set-testo-510-manometro-diferencial\/\",\"name\":\"Set testo 510 - Man\u00f3metro diferencial - Abaa tienda online\",\"isPartOf\":{\"@id\":\"https:\/\/abaa.mx\/tienda\/#website\"},\"primaryImageOfPage\":{\"@id\":\"https:\/\/abaa.mx\/tienda\/set-testo-510-manometro-diferencial\/#primaryimage\"},\"image\":{\"@id\":\"https:\/\/abaa.mx\/tienda\/set-testo-510-manometro-diferencial\/#primaryimage\"},\"thumbnailUrl\":\"https:\/\/abaa.mx\/tienda\/wp-content\/uploads\/2023\/09\/set-testo-510.jpg\",\"datePublished\":\"2023-09-18T20:53:50+00:00\",\"breadcrumb\":{\"@id\":\"https:\/\/abaa.mx\/tienda\/set-testo-510-manometro-diferencial\/#breadcrumb\"},\"inLanguage\":\"es\",\"potentialAction\":[{\"@type\":\"ReadAction\",\"target\":[\"https:\/\/abaa.mx\/tienda\/set-testo-510-manometro-diferencial\/\"]}]},{\"@type\":\"ImageObject\",\"inLanguage\":\"es\",\"@id\":\"https:\/\/abaa.mx\/tienda\/set-testo-510-manometro-diferencial\/#primaryimage\",\"url\":\"https:\/\/abaa.mx\/tienda\/wp-content\/uploads\/2023\/09\/set-testo-510.jpg\",\"contentUrl\":\"https:\/\/abaa.mx\/tienda\/wp-content\/uploads\/2023\/09\/set-testo-510.jpg\",\"width\":537,\"height\":660,\"caption\":\"set testo 510\"},{\"@type\":\"BreadcrumbList\",\"@id\":\"https:\/\/abaa.mx\/tienda\/set-testo-510-manometro-diferencial\/#breadcrumb\",\"itemListElement\":[{\"@type\":\"ListItem\",\"position\":1,\"name\":\"Inicio\",\"item\":\"https:\/\/abaa.mx\/tienda\/\"},{\"@type\":\"ListItem\",\"position\":2,\"name\":\"Tienda\",\"item\":\"https:\/\/abaa.mx\/tienda\/\"},{\"@type\":\"ListItem\",\"position\":3,\"name\":\"Set testo 510 &#8211; Man\u00f3metro diferencial\"}]},{\"@type\":\"WebSite\",\"@id\":\"https:\/\/abaa.mx\/tienda\/#website\",\"url\":\"https:\/\/abaa.mx\/tienda\/\",\"name\":\"Abaa tienda online\",\"description\":\"Instrumentos de medici\u00f3n\",\"publisher\":{\"@id\":\"https:\/\/abaa.mx\/tienda\/#organization\"},\"potentialAction\":[{\"@type\":\"SearchAction\",\"target\":{\"@type\":\"EntryPoint\",\"urlTemplate\":\"https:\/\/abaa.mx\/tienda\/?s={search_term_string}\"},\"query-input\":{\"@type\":\"PropertyValueSpecification\",\"valueRequired\":true,\"valueName\":\"search_term_string\"}}],\"inLanguage\":\"es\"},{\"@type\":\"Organization\",\"@id\":\"https:\/\/abaa.mx\/tienda\/#organization\",\"name\":\"Abaa tienda online\",\"url\":\"https:\/\/abaa.mx\/tienda\/\",\"logo\":{\"@type\":\"ImageObject\",\"inLanguage\":\"es\",\"@id\":\"https:\/\/abaa.mx\/tienda\/#\/schema\/logo\/image\/\",\"url\":\"https:\/\/abaa.mx\/tienda\/wp-content\/uploads\/2024\/01\/abaa-metrologia-tienda.png\",\"contentUrl\":\"https:\/\/abaa.mx\/tienda\/wp-content\/uploads\/2024\/01\/abaa-metrologia-tienda.png\",\"width\":300,\"height\":141,\"caption\":\"Abaa tienda online\"},\"image\":{\"@id\":\"https:\/\/abaa.mx\/tienda\/#\/schema\/logo\/image\/\"}}]}<\/script>\n<!-- \/ Yoast SEO plugin. -->","yoast_head_json":{"title":"Set testo 510 - Man\u00f3metro diferencial - Abaa tienda online","robots":{"index":"index","follow":"follow","max-snippet":"max-snippet:-1","max-image-preview":"max-image-preview:large","max-video-preview":"max-video-preview:-1"},"canonical":"https:\/\/abaa.mx\/tienda\/set-testo-510-manometro-diferencial\/","og_locale":"es_MX","og_type":"article","og_title":"Set testo 510 - Man\u00f3metro diferencial - Abaa tienda online","og_description":"Con el man\u00f3metro diferencial testo 510 los instaladores de calefacci\u00f3n y los t\u00e9cnicos en climatizaci\u00f3n est\u00e1n perfectamente equipados: Mide la presi\u00f3n diferencial de 0 a 100 hPa y le ayuda, por ejemplo, cuando se comprueban los filtros del aire acondicionado o cuando se mide la presi\u00f3n est\u00e1tica y la presi\u00f3n de flujo del gas en las instalaciones de calefacci\u00f3n.","og_url":"https:\/\/abaa.mx\/tienda\/set-testo-510-manometro-diferencial\/","og_site_name":"Abaa tienda online","og_image":[{"width":537,"height":660,"url":"https:\/\/abaa.mx\/tienda\/wp-content\/uploads\/2023\/09\/set-testo-510.jpg","type":"image\/jpeg"}],"twitter_card":"summary_large_image","twitter_misc":{"Tiempo de lectura":"3 minutos"},"schema":{"@context":"https:\/\/schema.org","@graph":[{"@type":"WebPage","@id":"https:\/\/abaa.mx\/tienda\/set-testo-510-manometro-diferencial\/","url":"https:\/\/abaa.mx\/tienda\/set-testo-510-manometro-diferencial\/","name":"Set testo 510 - Man\u00f3metro diferencial - Abaa tienda online","isPartOf":{"@id":"https:\/\/abaa.mx\/tienda\/#website"},"primaryImageOfPage":{"@id":"https:\/\/abaa.mx\/tienda\/set-testo-510-manometro-diferencial\/#primaryimage"},"image":{"@id":"https:\/\/abaa.mx\/tienda\/set-testo-510-manometro-diferencial\/#primaryimage"},"thumbnailUrl":"https:\/\/abaa.mx\/tienda\/wp-content\/uploads\/2023\/09\/set-testo-510.jpg","datePublished":"2023-09-18T20:53:50+00:00","breadcrumb":{"@id":"https:\/\/abaa.mx\/tienda\/set-testo-510-manometro-diferencial\/#breadcrumb"},"inLanguage":"es","potentialAction":[{"@type":"ReadAction","target":["https:\/\/abaa.mx\/tienda\/set-testo-510-manometro-diferencial\/"]}]},{"@type":"ImageObject","inLanguage":"es","@id":"https:\/\/abaa.mx\/tienda\/set-testo-510-manometro-diferencial\/#primaryimage","url":"https:\/\/abaa.mx\/tienda\/wp-content\/uploads\/2023\/09\/set-testo-510.jpg","contentUrl":"https:\/\/abaa.mx\/tienda\/wp-content\/uploads\/2023\/09\/set-testo-510.jpg","width":537,"height":660,"caption":"set testo 510"},{"@type":"BreadcrumbList","@id":"https:\/\/abaa.mx\/tienda\/set-testo-510-manometro-diferencial\/#breadcrumb","itemListElement":[{"@type":"ListItem","position":1,"name":"Inicio","item":"https:\/\/abaa.mx\/tienda\/"},{"@type":"ListItem","position":2,"name":"Tienda","item":"https:\/\/abaa.mx\/tienda\/"},{"@type":"ListItem","position":3,"name":"Set testo 510 &#8211; Man\u00f3metro diferencial"}]},{"@type":"WebSite","@id":"https:\/\/abaa.mx\/tienda\/#website","url":"https:\/\/abaa.mx\/tienda\/","name":"Abaa tienda online","description":"Instrumentos de medici\u00f3n","publisher":{"@id":"https:\/\/abaa.mx\/tienda\/#organization"},"potentialAction":[{"@type":"SearchAction","target":{"@type":"EntryPoint","urlTemplate":"https:\/\/abaa.mx\/tienda\/?s={search_term_string}"},"query-input":{"@type":"PropertyValueSpecification","valueRequired":true,"valueName":"search_term_string"}}],"inLanguage":"es"},{"@type":"Organization","@id":"https:\/\/abaa.mx\/tienda\/#organization","name":"Abaa tienda online","url":"https:\/\/abaa.mx\/tienda\/","logo":{"@type":"ImageObject","inLanguage":"es","@id":"https:\/\/abaa.mx\/tienda\/#\/schema\/logo\/image\/","url":"https:\/\/abaa.mx\/tienda\/wp-content\/uploads\/2024\/01\/abaa-metrologia-tienda.png","contentUrl":"https:\/\/abaa.mx\/tienda\/wp-content\/uploads\/2024\/01\/abaa-metrologia-tienda.png","width":300,"height":141,"caption":"Abaa tienda online"},"image":{"@id":"https:\/\/abaa.mx\/tienda\/#\/schema\/logo\/image\/"}}]}},"_links":{"self":[{"href":"https:\/\/abaa.mx\/tienda\/wp-json\/wp\/v2\/product\/1918","targetHints":{"allow":["GET"]}}],"collection":[{"href":"https:\/\/abaa.mx\/tienda\/wp-json\/wp\/v2\/product"}],"about":[{"href":"https:\/\/abaa.mx\/tienda\/wp-json\/wp\/v2\/types\/product"}],"replies":[{"embeddable":true,"href":"https:\/\/abaa.mx\/tienda\/wp-json\/wp\/v2\/comments?post=1918"}],"wp:featuredmedia":[{"embeddable":true,"href":"https:\/\/abaa.mx\/tienda\/wp-json\/wp\/v2\/media\/1925"}],"wp:attachment":[{"href":"https:\/\/abaa.mx\/tienda\/wp-json\/wp\/v2\/media?parent=1918"}],"wp:term":[{"taxonomy":"product_brand","embeddable":true,"href":"https:\/\/abaa.mx\/tienda\/wp-json\/wp\/v2\/product_brand?post=1918"},{"taxonomy":"product_cat","embeddable":true,"href":"https:\/\/abaa.mx\/tienda\/wp-json\/wp\/v2\/product_cat?post=1918"},{"taxonomy":"product_tag","embeddable":true,"href":"https:\/\/abaa.mx\/tienda\/wp-json\/wp\/v2\/product_tag?post=1918"}],"curies":[{"name":"wp","href":"https:\/\/api.w.org\/{rel}","templated":true}]}}