{"id":1905,"date":"2023-09-18T20:23:37","date_gmt":"2023-09-18T20:23:37","guid":{"rendered":"https:\/\/abaa.mx\/tienda\/?post_type=product&#038;p=1905"},"modified":"2023-09-18T20:23:37","modified_gmt":"2023-09-18T20:23:37","slug":"set-de-hilo-caliente-testo-440","status":"publish","type":"product","link":"https:\/\/abaa.mx\/tienda\/set-de-hilo-caliente-testo-440\/","title":{"rendered":"Set de hilo caliente testo 440"},"content":{"rendered":"<p>Set para mediciones en canales de ventilaci\u00f3n: El medidor para climatizaci\u00f3n testo 440 y la sonda de hilo caliente (\u00d8 9 mm) incl. sensor de temperatura se entregan en un malet\u00edn seguro. \u00a1De este modo puede comenzar directamente con su trabajo!<\/p>\n<ul class=\"list-elements\">\n<li>Intuitivo: Men\u00fa de medici\u00f3n claramente estructurado para el caudal volum\u00e9trico as\u00ed como la determinaci\u00f3n paralela de la velocidad de flujo, el caudal volum\u00e9trico y la temperatura del aire en canales de ventilaci\u00f3n<\/li>\n<li>C\u00f3modo: El brazo telesc\u00f3pico integrado hasta 0,85 m con escala permite una medici\u00f3n c\u00f3moda<\/li>\n<li>Confiable: Compensaci\u00f3n de presi\u00f3n absoluta, memoria interna y puerto USB para la exportaci\u00f3n de datos<\/li>\n<li>Tan vers\u00e1til como sus desaf\u00edos: El medidor para climatizaci\u00f3n puede ampliarse mediante una gran gama de sondas digitales<\/li>\n<li>\n<h3>Volumen de suministro<\/h3>\n<article class=\"child-2 paragraph\">\n<ul>\n<li>Medidor para climatizaci\u00f3n testo 440, 3 pilas del tipo AA, cable USB y protocolo de calibraci\u00f3n<\/li>\n<li>Sonda de hilo caliente (\u00d8 9 mm) con cable fijo (longitud 1,7 m), incl. sensor de temperatura con brazo telesc\u00f3pico (extensible hasta 0,85 m) y protocolo de calibraci\u00f3n (0635 1032)<\/li>\n<li>Malet\u00edn b\u00e1sico para el testo 440 y 1 sonda<br \/>\n<h2>Aplicaciones<\/h2>\n<div class=\"large-12\">\n<div class=\"medium-6\">\n<div class=\"m-paragraph\">\n<h2 class=\"s4 title\">Confort y m\u00e1xima flexibilidad para mediciones en canales y salidas de aire<\/h2>\n<p>Con nuestra gran oferta de sondas de velocidad (solicitar por separado) tambi\u00e9n es posible medir de forma c\u00f3moda en lugares de dif\u00edcil acceso en canales de ventilaci\u00f3n o en salidas de aire:<br \/>\nIncluso en canales de gran tama\u00f1o es posible ejecutar mediciones de forma c\u00f3moda. En este caso, el brazo telesc\u00f3pico extensible de la sonda de hilo caliente y de molinete (\u00d8 16 mm) con empu\u00f1adura universal puede prolongarse adicionalmente con la extensi\u00f3n del telescopio alcanzando una longitud total de 2 metros.<br \/>\nTambi\u00e9n es posible ejecutar mediciones en las salidas de aire\/salidas de techo sin complicaciones y sin necesidad de escaleras. Equipe su sonda de molinete (\u00d8 100 mm) con el telescopio con \u00e1ngulo de 90\u00b0 y, si es necesario, con la extensi\u00f3n del telescopio (solicitar por separado).<br \/>\nM\u00e1s libertad gracias a Bluetooth: Las sondas de velocidad con Bluetooth no tienen una conexi\u00f3n de cable molesta hacia el analizador y transmiten valores medidos hasta una distancia de 20 m. El analizador se maneja accionando la tecla en la sonda, por ejemplo, para iniciar y detener una serie de medici\u00f3n (generaci\u00f3n temporal del valor medio).<br \/>\nSujete el medidor para climatizaci\u00f3n testo 440 sin complicaciones a las superficies met\u00e1licas con los pr\u00e1cticos imanes (p. ej. en canales de flujo).<br \/>\nAproveche el c\u00e1lculo r\u00e1pido del caudal volum\u00e9trico: En el men\u00fa de medici\u00f3n &#8220;Caudal volum\u00e9trico&#8221; del medidor multifuncional es posible configurar la dimensi\u00f3n y la geometr\u00eda de la secci\u00f3n del canal; el analizador le indica directamente el caudal volum\u00e9trico.<\/p><\/div>\n<\/div>\n<div class=\"medium-6\">\n<div class=\"m-image\">\n<div class=\"image_tn start-gallery\"><\/div>\n<\/div>\n<\/div>\n<\/div>\n<div class=\"large-12\">\n<div class=\"medium-6\">\n<div class=\"m-paragraph\">\n<h2 class=\"s4 title\">Monitorizaci\u00f3n a largo plazo de la calidad del aire interior<\/h2>\n<p>La mala calidad del aire en interiores a causa una alta concentraci\u00f3n de CO<sub>2<\/sub>\u00a0produce cansancio, falta de concentraci\u00f3n e incluso puede provocar enfermedades. El medidor para climatizaci\u00f3n testo 440 es ideal para la supervisi\u00f3n de la calidad del aire interior con su men\u00fa para registrar los valores medidos. Introduzca la hora y el ciclo de medici\u00f3n y, por ejemplo, siga el cambio de la concentraci\u00f3n de CO<sub>2<\/sub>\u00a0o los valores de humedad y temperatura en el historial diario. Simplemente seleccione entre sondas con Bluetooth o con cable fijo para CO<sub>2<\/sub>, CO o humedad (solicitar las sondas por separado).<\/div>\n<\/div>\n<div class=\"medium-6\">\n<div class=\"m-image\">\n<div class=\"image_tn start-gallery\"><\/div>\n<\/div>\n<\/div>\n<\/div>\n<div class=\"large-12\">\n<div class=\"medium-6\">\n<div class=\"m-paragraph\">\n<h2 class=\"s4 title\">Medici\u00f3n delgrado de turbulencia seg\u00fan EN ISO 7730 \/ ASHRAE 55<\/h2>\n<p>C\u00e1lculo del grado de turbulencia y riesgo de corrientes de aire en el lugar de trabajo: Las corrientes de aire limitan el nivel de confort y representan el motivo m\u00e1s frecuente de quejas sobre las condiciones ambientales. La sonda de grado de turbulencia (solicitar por separado) mide la velocidad y la temperatura del aire y calcula autom\u00e1ticamente el riesgo de corrientes de aire y el grado de turbulencia seg\u00fan EN ISO 7730\/ASHRAE 55.<br \/>\nPara realizar mediciones c\u00f3modas en diferentes alturas recomendamos el uso de nuestro tr\u00edpode para mediciones del nivel de confort (solicitar por separado). De este modo, el posicionamiento conforme a la norma de las sondas de grado de turbulencia es especialmente sencillo.<\/p><\/div>\n<\/div>\n<div class=\"medium-6\">\n<div class=\"m-image\">\n<div class=\"image_tn start-gallery\"><\/div>\n<\/div>\n<\/div>\n<\/div>\n<div class=\"large-12\">\n<div class=\"medium-6\">\n<div class=\"m-paragraph\">\n<h2 class=\"s4 title\">Gama de sondas para salas blancas y laboratorios<\/h2>\n<p>El instrumento para climatizaci\u00f3n testo\u00a0440 tambi\u00e9n es ideal para diversas aplicaciones en salas blancas y en el laboratorio en combinaci\u00f3n con las siguientes sondas:<\/p>\n<ul>\n<li>Precisa medici\u00f3n de velocidad en la campana de laboratorio con la sonda de campana de laboratorio<\/li>\n<li>La sonda de molinete de alta precisi\u00f3n (\u00d8 100 mm) es ideal para ejecutar mediciones de flujo laminar en salas blancas gracias a la baja velocidad de arranque de 0,1 m\/s. Disponible opcionalmente con Bluetooth o cable fijo<\/li>\n<li>Para medir la humedad en las salas blancas recomendamos la sonda de temperatura y humedad de alta precisi\u00f3n (0636 9771 o 0636 9772). Con la exactitud: \u00b1(0,6\u00a0%HR + 0,7\u00a0% del v.m.) (0\u00a0\u2026\u00a090\u00a0%HR) tambi\u00e9n cumple con las exigencias expuestas a las mediciones de humedad en esta zona tan sensible<\/li>\n<li>Utilice la sonda de temperatura digital de alta precisi\u00f3n Pt100, por ejemplo para mediciones de comparaci\u00f3n de precisi\u00f3n en el laboratorio de calibraci\u00f3n, mediciones de temperatura en el laboratorio qu\u00edmico o en la industria cosm\u00e9tica as\u00ed como para determinar la distribuci\u00f3n de temperatura en refrigeradores y armarios de climatizaci\u00f3n.<\/li>\n<\/ul>\n<\/div>\n<\/div>\n<\/div>\n<\/li>\n<\/ul>\n<\/article>\n<\/li>\n<\/ul>\n","protected":false},"excerpt":{"rendered":"<p>Set para mediciones en canales de ventilaci\u00f3n: El medidor para climatizaci\u00f3n testo 440 y la sonda de hilo caliente (\u00d8 9 mm) incl. sensor de temperatura se entregan en un malet\u00edn seguro. \u00a1De este modo puede comenzar directamente con su trabajo!<\/p>\n","protected":false},"featured_media":1915,"comment_status":"open","ping_status":"closed","template":"","meta":{"_joinchat":[]},"product_brand":[],"product_cat":[15],"product_tag":[],"class_list":{"0":"post-1905","1":"product","2":"type-product","3":"status-publish","4":"has-post-thumbnail","6":"product_cat-sin-categorizar","8":"first","9":"instock","10":"shipping-taxable","11":"product-type-simple"},"yoast_head":"<!-- This site is optimized with the Yoast SEO plugin v26.4 - https:\/\/yoast.com\/wordpress\/plugins\/seo\/ -->\n<title>Set de hilo caliente testo 440 - Abaa tienda online<\/title>\n<meta name=\"robots\" content=\"index, follow, max-snippet:-1, max-image-preview:large, max-video-preview:-1\" \/>\n<link rel=\"canonical\" href=\"https:\/\/abaa.mx\/tienda\/set-de-hilo-caliente-testo-440\/\" \/>\n<meta property=\"og:locale\" content=\"es_MX\" \/>\n<meta property=\"og:type\" content=\"article\" \/>\n<meta property=\"og:title\" content=\"Set de hilo caliente testo 440 - Abaa tienda online\" \/>\n<meta property=\"og:description\" content=\"Set para mediciones en canales de ventilaci\u00f3n: El medidor para climatizaci\u00f3n testo 440 y la sonda de hilo caliente (\u00d8 9 mm) incl. sensor de temperatura se entregan en un malet\u00edn seguro. \u00a1De este modo puede comenzar directamente con su trabajo!\" \/>\n<meta property=\"og:url\" content=\"https:\/\/abaa.mx\/tienda\/set-de-hilo-caliente-testo-440\/\" \/>\n<meta property=\"og:site_name\" content=\"Abaa tienda online\" \/>\n<meta property=\"og:image\" content=\"https:\/\/abaa.mx\/tienda\/wp-content\/uploads\/2023\/09\/set-de-hilo-caliente-testo-440.jpg\" \/>\n\t<meta property=\"og:image:width\" content=\"660\" \/>\n\t<meta property=\"og:image:height\" content=\"507\" \/>\n\t<meta property=\"og:image:type\" content=\"image\/jpeg\" \/>\n<meta name=\"twitter:card\" content=\"summary_large_image\" \/>\n<meta name=\"twitter:label1\" content=\"Tiempo de lectura\" \/>\n\t<meta name=\"twitter:data1\" content=\"4 minutos\" \/>\n<script type=\"application\/ld+json\" class=\"yoast-schema-graph\">{\"@context\":\"https:\/\/schema.org\",\"@graph\":[{\"@type\":\"WebPage\",\"@id\":\"https:\/\/abaa.mx\/tienda\/set-de-hilo-caliente-testo-440\/\",\"url\":\"https:\/\/abaa.mx\/tienda\/set-de-hilo-caliente-testo-440\/\",\"name\":\"Set de hilo caliente testo 440 - Abaa tienda online\",\"isPartOf\":{\"@id\":\"https:\/\/abaa.mx\/tienda\/#website\"},\"primaryImageOfPage\":{\"@id\":\"https:\/\/abaa.mx\/tienda\/set-de-hilo-caliente-testo-440\/#primaryimage\"},\"image\":{\"@id\":\"https:\/\/abaa.mx\/tienda\/set-de-hilo-caliente-testo-440\/#primaryimage\"},\"thumbnailUrl\":\"https:\/\/abaa.mx\/tienda\/wp-content\/uploads\/2023\/09\/set-de-hilo-caliente-testo-440.jpg\",\"datePublished\":\"2023-09-18T20:23:37+00:00\",\"breadcrumb\":{\"@id\":\"https:\/\/abaa.mx\/tienda\/set-de-hilo-caliente-testo-440\/#breadcrumb\"},\"inLanguage\":\"es\",\"potentialAction\":[{\"@type\":\"ReadAction\",\"target\":[\"https:\/\/abaa.mx\/tienda\/set-de-hilo-caliente-testo-440\/\"]}]},{\"@type\":\"ImageObject\",\"inLanguage\":\"es\",\"@id\":\"https:\/\/abaa.mx\/tienda\/set-de-hilo-caliente-testo-440\/#primaryimage\",\"url\":\"https:\/\/abaa.mx\/tienda\/wp-content\/uploads\/2023\/09\/set-de-hilo-caliente-testo-440.jpg\",\"contentUrl\":\"https:\/\/abaa.mx\/tienda\/wp-content\/uploads\/2023\/09\/set-de-hilo-caliente-testo-440.jpg\",\"width\":660,\"height\":507,\"caption\":\"set de hilo caliente testo 440\"},{\"@type\":\"BreadcrumbList\",\"@id\":\"https:\/\/abaa.mx\/tienda\/set-de-hilo-caliente-testo-440\/#breadcrumb\",\"itemListElement\":[{\"@type\":\"ListItem\",\"position\":1,\"name\":\"Inicio\",\"item\":\"https:\/\/abaa.mx\/tienda\/\"},{\"@type\":\"ListItem\",\"position\":2,\"name\":\"Tienda\",\"item\":\"https:\/\/abaa.mx\/tienda\/\"},{\"@type\":\"ListItem\",\"position\":3,\"name\":\"Set de hilo caliente testo 440\"}]},{\"@type\":\"WebSite\",\"@id\":\"https:\/\/abaa.mx\/tienda\/#website\",\"url\":\"https:\/\/abaa.mx\/tienda\/\",\"name\":\"Abaa tienda online\",\"description\":\"Instrumentos de medici\u00f3n\",\"publisher\":{\"@id\":\"https:\/\/abaa.mx\/tienda\/#organization\"},\"potentialAction\":[{\"@type\":\"SearchAction\",\"target\":{\"@type\":\"EntryPoint\",\"urlTemplate\":\"https:\/\/abaa.mx\/tienda\/?s={search_term_string}\"},\"query-input\":{\"@type\":\"PropertyValueSpecification\",\"valueRequired\":true,\"valueName\":\"search_term_string\"}}],\"inLanguage\":\"es\"},{\"@type\":\"Organization\",\"@id\":\"https:\/\/abaa.mx\/tienda\/#organization\",\"name\":\"Abaa tienda online\",\"url\":\"https:\/\/abaa.mx\/tienda\/\",\"logo\":{\"@type\":\"ImageObject\",\"inLanguage\":\"es\",\"@id\":\"https:\/\/abaa.mx\/tienda\/#\/schema\/logo\/image\/\",\"url\":\"https:\/\/abaa.mx\/tienda\/wp-content\/uploads\/2024\/01\/abaa-metrologia-tienda.png\",\"contentUrl\":\"https:\/\/abaa.mx\/tienda\/wp-content\/uploads\/2024\/01\/abaa-metrologia-tienda.png\",\"width\":300,\"height\":141,\"caption\":\"Abaa tienda online\"},\"image\":{\"@id\":\"https:\/\/abaa.mx\/tienda\/#\/schema\/logo\/image\/\"}}]}<\/script>\n<!-- \/ Yoast SEO plugin. -->","yoast_head_json":{"title":"Set de hilo caliente testo 440 - Abaa tienda online","robots":{"index":"index","follow":"follow","max-snippet":"max-snippet:-1","max-image-preview":"max-image-preview:large","max-video-preview":"max-video-preview:-1"},"canonical":"https:\/\/abaa.mx\/tienda\/set-de-hilo-caliente-testo-440\/","og_locale":"es_MX","og_type":"article","og_title":"Set de hilo caliente testo 440 - Abaa tienda online","og_description":"Set para mediciones en canales de ventilaci\u00f3n: El medidor para climatizaci\u00f3n testo 440 y la sonda de hilo caliente (\u00d8 9 mm) incl. sensor de temperatura se entregan en un malet\u00edn seguro. \u00a1De este modo puede comenzar directamente con su trabajo!","og_url":"https:\/\/abaa.mx\/tienda\/set-de-hilo-caliente-testo-440\/","og_site_name":"Abaa tienda online","og_image":[{"width":660,"height":507,"url":"https:\/\/abaa.mx\/tienda\/wp-content\/uploads\/2023\/09\/set-de-hilo-caliente-testo-440.jpg","type":"image\/jpeg"}],"twitter_card":"summary_large_image","twitter_misc":{"Tiempo de lectura":"4 minutos"},"schema":{"@context":"https:\/\/schema.org","@graph":[{"@type":"WebPage","@id":"https:\/\/abaa.mx\/tienda\/set-de-hilo-caliente-testo-440\/","url":"https:\/\/abaa.mx\/tienda\/set-de-hilo-caliente-testo-440\/","name":"Set de hilo caliente testo 440 - Abaa tienda online","isPartOf":{"@id":"https:\/\/abaa.mx\/tienda\/#website"},"primaryImageOfPage":{"@id":"https:\/\/abaa.mx\/tienda\/set-de-hilo-caliente-testo-440\/#primaryimage"},"image":{"@id":"https:\/\/abaa.mx\/tienda\/set-de-hilo-caliente-testo-440\/#primaryimage"},"thumbnailUrl":"https:\/\/abaa.mx\/tienda\/wp-content\/uploads\/2023\/09\/set-de-hilo-caliente-testo-440.jpg","datePublished":"2023-09-18T20:23:37+00:00","breadcrumb":{"@id":"https:\/\/abaa.mx\/tienda\/set-de-hilo-caliente-testo-440\/#breadcrumb"},"inLanguage":"es","potentialAction":[{"@type":"ReadAction","target":["https:\/\/abaa.mx\/tienda\/set-de-hilo-caliente-testo-440\/"]}]},{"@type":"ImageObject","inLanguage":"es","@id":"https:\/\/abaa.mx\/tienda\/set-de-hilo-caliente-testo-440\/#primaryimage","url":"https:\/\/abaa.mx\/tienda\/wp-content\/uploads\/2023\/09\/set-de-hilo-caliente-testo-440.jpg","contentUrl":"https:\/\/abaa.mx\/tienda\/wp-content\/uploads\/2023\/09\/set-de-hilo-caliente-testo-440.jpg","width":660,"height":507,"caption":"set de hilo caliente testo 440"},{"@type":"BreadcrumbList","@id":"https:\/\/abaa.mx\/tienda\/set-de-hilo-caliente-testo-440\/#breadcrumb","itemListElement":[{"@type":"ListItem","position":1,"name":"Inicio","item":"https:\/\/abaa.mx\/tienda\/"},{"@type":"ListItem","position":2,"name":"Tienda","item":"https:\/\/abaa.mx\/tienda\/"},{"@type":"ListItem","position":3,"name":"Set de hilo caliente testo 440"}]},{"@type":"WebSite","@id":"https:\/\/abaa.mx\/tienda\/#website","url":"https:\/\/abaa.mx\/tienda\/","name":"Abaa tienda online","description":"Instrumentos de medici\u00f3n","publisher":{"@id":"https:\/\/abaa.mx\/tienda\/#organization"},"potentialAction":[{"@type":"SearchAction","target":{"@type":"EntryPoint","urlTemplate":"https:\/\/abaa.mx\/tienda\/?s={search_term_string}"},"query-input":{"@type":"PropertyValueSpecification","valueRequired":true,"valueName":"search_term_string"}}],"inLanguage":"es"},{"@type":"Organization","@id":"https:\/\/abaa.mx\/tienda\/#organization","name":"Abaa tienda online","url":"https:\/\/abaa.mx\/tienda\/","logo":{"@type":"ImageObject","inLanguage":"es","@id":"https:\/\/abaa.mx\/tienda\/#\/schema\/logo\/image\/","url":"https:\/\/abaa.mx\/tienda\/wp-content\/uploads\/2024\/01\/abaa-metrologia-tienda.png","contentUrl":"https:\/\/abaa.mx\/tienda\/wp-content\/uploads\/2024\/01\/abaa-metrologia-tienda.png","width":300,"height":141,"caption":"Abaa tienda online"},"image":{"@id":"https:\/\/abaa.mx\/tienda\/#\/schema\/logo\/image\/"}}]}},"_links":{"self":[{"href":"https:\/\/abaa.mx\/tienda\/wp-json\/wp\/v2\/product\/1905","targetHints":{"allow":["GET"]}}],"collection":[{"href":"https:\/\/abaa.mx\/tienda\/wp-json\/wp\/v2\/product"}],"about":[{"href":"https:\/\/abaa.mx\/tienda\/wp-json\/wp\/v2\/types\/product"}],"replies":[{"embeddable":true,"href":"https:\/\/abaa.mx\/tienda\/wp-json\/wp\/v2\/comments?post=1905"}],"wp:featuredmedia":[{"embeddable":true,"href":"https:\/\/abaa.mx\/tienda\/wp-json\/wp\/v2\/media\/1915"}],"wp:attachment":[{"href":"https:\/\/abaa.mx\/tienda\/wp-json\/wp\/v2\/media?parent=1905"}],"wp:term":[{"taxonomy":"product_brand","embeddable":true,"href":"https:\/\/abaa.mx\/tienda\/wp-json\/wp\/v2\/product_brand?post=1905"},{"taxonomy":"product_cat","embeddable":true,"href":"https:\/\/abaa.mx\/tienda\/wp-json\/wp\/v2\/product_cat?post=1905"},{"taxonomy":"product_tag","embeddable":true,"href":"https:\/\/abaa.mx\/tienda\/wp-json\/wp\/v2\/product_tag?post=1905"}],"curies":[{"name":"wp","href":"https:\/\/api.w.org\/{rel}","templated":true}]}}